[INFO] fetching crate komodo_client 1.16.5...
[INFO] testing komodo_client-1.16.5 against nightly-2024-10-28+rustflags=-Zrandomize-layout for randomize-layout
[INFO] extracting crate komodo_client 1.16.5 into /workspace/builds/worker-1-tc2/source
[INFO] validating manifest of crates.io crate komodo_client 1.16.5 on toolchain nightly-2024-10-28
[INFO] running `Command { std: CARGO_HOME="/workspace/cargo-home" RUSTUP_HOME="/workspace/rustup-home" "/workspace/cargo-home/bin/cargo" "+nightly-2024-10-28" "metadata" "--manifest-path" "Cargo.toml" "--no-deps", kill_on_drop: false }`
[INFO] started tweaking crates.io crate komodo_client 1.16.5
[INFO] finished tweaking crates.io crate komodo_client 1.16.5
[INFO] tweaked toml for crates.io crate komodo_client 1.16.5 written to /workspace/builds/worker-1-tc2/source/Cargo.toml
[INFO] running `Command { std: CARGO_HOME="/workspace/cargo-home" RUSTUP_HOME="/workspace/rustup-home" "/workspace/cargo-home/bin/cargo" "+nightly-2024-10-28" "generate-lockfile" "--manifest-path" "Cargo.toml", kill_on_drop: false }`
[INFO] [stderr]     Updating crates.io index
[INFO] [stderr]      Locking 285 packages to latest compatible versions
[INFO] [stderr]       Adding resolver_api v1.1.1 (available: v3.0.0)
[INFO] running `Command { std: CARGO_HOME="/workspace/cargo-home" RUSTUP_HOME="/workspace/rustup-home" "/workspace/cargo-home/bin/cargo" "+nightly-2024-10-28" "fetch" "--manifest-path" "Cargo.toml", kill_on_drop: false }`
[INFO] running `Command { std: "docker" "create" "-v" "/var/lib/crater-agent-workspace/builds/worker-1-tc2/target:/opt/rustwide/target:rw,Z" "-v" "/var/lib/crater-agent-workspace/builds/worker-1-tc2/source:/opt/rustwide/workdir:ro,Z" "-v" "/var/lib/crater-agent-workspace/cargo-home:/opt/rustwide/cargo-home:ro,Z" "-v" "/var/lib/crater-agent-workspace/rustup-home:/opt/rustwide/rustup-home:ro,Z" "-e" "SOURCE_DIR=/opt/rustwide/workdir" "-e" "CARGO_TARGET_DIR=/opt/rustwide/target" "-e" "CARGO_HOME=/opt/rustwide/cargo-home" "-e" "RUSTUP_HOME=/opt/rustwide/rustup-home" "-w" "/opt/rustwide/workdir" "-m" "1610612736" "--user" "0:0" "--network" "none" "ghcr.io/rust-lang/crates-build-env/linux@sha256:4a844ea9eb2546a2d2c7022eacef16ef2e8229c7fbb2c7d4d55a9ceca922f72d" "/opt/rustwide/cargo-home/bin/cargo" "+nightly-2024-10-28" "metadata" "--no-deps" "--format-version=1", kill_on_drop: false }`
[INFO] [stdout] 6875086d580881eb7723f043c20312d0dbff23411ec1653bddf82381f8c8ebff
[INFO] running `Command { std: "docker" "start" "-a" "6875086d580881eb7723f043c20312d0dbff23411ec1653bddf82381f8c8ebff", kill_on_drop: false }`
[INFO] running `Command { std: "docker" "inspect" "6875086d580881eb7723f043c20312d0dbff23411ec1653bddf82381f8c8ebff", kill_on_drop: false }`
[INFO] running `Command { std: "docker" "rm" "-f" "6875086d580881eb7723f043c20312d0dbff23411ec1653bddf82381f8c8ebff", kill_on_drop: false }`
[INFO] [stdout] 6875086d580881eb7723f043c20312d0dbff23411ec1653bddf82381f8c8ebff
[INFO] running `Command { std: "docker" "create" "-v" "/var/lib/crater-agent-workspace/builds/worker-1-tc2/target:/opt/rustwide/target:rw,Z" "-v" "/var/lib/crater-agent-workspace/builds/worker-1-tc2/source:/opt/rustwide/workdir:ro,Z" "-v" "/var/lib/crater-agent-workspace/cargo-home:/opt/rustwide/cargo-home:ro,Z" "-v" "/var/lib/crater-agent-workspace/rustup-home:/opt/rustwide/rustup-home:ro,Z" "-e" "SOURCE_DIR=/opt/rustwide/workdir" "-e" "CARGO_TARGET_DIR=/opt/rustwide/target" "-e" "CARGO_INCREMENTAL=0" "-e" "RUST_BACKTRACE=full" "-e" "RUSTFLAGS=--cap-lints=forbid -Zrandomize-layout" "-e" "RUSTDOCFLAGS=--cap-lints=forbid" "-e" "CARGO_HOME=/opt/rustwide/cargo-home" "-e" "RUSTUP_HOME=/opt/rustwide/rustup-home" "-w" "/opt/rustwide/workdir" "-m" "1610612736" "--user" "0:0" "--network" "none" "ghcr.io/rust-lang/crates-build-env/linux@sha256:4a844ea9eb2546a2d2c7022eacef16ef2e8229c7fbb2c7d4d55a9ceca922f72d" "/opt/rustwide/cargo-home/bin/cargo" "+nightly-2024-10-28" "build" "--frozen" "--message-format=json", kill_on_drop: false }`
[INFO] [stdout] 8baee7a63097fbb02f6302930328e78124de7c58c8ca272f0d080d425c3db2dc
[INFO] running `Command { std: "docker" "start" "-a" "8baee7a63097fbb02f6302930328e78124de7c58c8ca272f0d080d425c3db2dc", kill_on_drop: false }`
[INFO] [stderr]    Compiling pin-project-lite v0.2.15
[INFO] [stderr]    Compiling bytes v1.8.0
[INFO] [stderr]    Compiling futures-core v0.3.31
[INFO] [stderr]    Compiling futures-sink v0.3.31
[INFO] [stderr]    Compiling lock_api v0.4.12
[INFO] [stderr]    Compiling slab v0.4.9
[INFO] [stderr]    Compiling smallvec v1.13.2
[INFO] [stderr]    Compiling hashbrown v0.15.0
[INFO] [stderr]    Compiling futures-io v0.3.31
[INFO] [stderr]    Compiling syn v2.0.86
[INFO] [stderr]    Compiling signal-hook-registry v1.4.2
[INFO] [stderr]    Compiling mio v1.0.2
[INFO] [stderr]    Compiling socket2 v0.5.7
[INFO] [stderr]    Compiling openssl-sys v0.9.104
[INFO] [stderr]    Compiling futures-task v0.3.31
[INFO] [stderr]    Compiling generic-array v0.14.7
[INFO] [stderr]    Compiling httparse v1.9.5
[INFO] [stderr]    Compiling serde_json v1.0.132
[INFO] [stderr]    Compiling futures-channel v0.3.31
[INFO] [stderr]    Compiling parking_lot_core v0.9.10
[INFO] [stderr]    Compiling tracing-core v0.1.32
[INFO] [stderr]    Compiling openssl v0.10.68
[INFO] [stderr]    Compiling try-lock v0.2.5
[INFO] [stderr]    Compiling bitflags v2.6.0
[INFO] [stderr]    Compiling atomic-waker v1.1.2
[INFO] [stderr]    Compiling native-tls v0.2.12
[INFO] [stderr]    Compiling http v1.1.0
[INFO] [stderr]    Compiling want v0.3.1
[INFO] [stderr]    Compiling radium v0.7.0
[INFO] [stderr]    Compiling anstyle-parse v0.2.6
[INFO] [stderr]    Compiling parking_lot v0.12.3
[INFO] [stderr]    Compiling indexmap v2.6.0
[INFO] [stderr]    Compiling ahash v0.8.11
[INFO] [stderr]    Compiling tap v1.0.1
[INFO] [stderr]    Compiling colorchoice v1.0.3
[INFO] [stderr]    Compiling tower-service v0.3.3
[INFO] [stderr]    Compiling anstyle v1.0.9
[INFO] [stderr]    Compiling anstyle-query v1.1.2
[INFO] [stderr]    Compiling wyz v0.5.1
[INFO] [stderr]    Compiling time-macros v0.2.18
[INFO] [stderr]    Compiling funty v2.0.0
[INFO] [stderr]    Compiling utf-8 v0.7.6
[INFO] [stderr]    Compiling rustls-pki-types v1.10.0
[INFO] [stderr]    Compiling data-encoding v2.6.0
[INFO] [stderr]    Compiling anstream v0.6.17
[INFO] [stderr]    Compiling chrono v0.4.38
[INFO] [stderr]    Compiling sync_wrapper v1.0.1
[INFO] [stderr]    Compiling block-buffer v0.10.4
[INFO] [stderr]    Compiling crypto-common v0.1.6
[INFO] [stderr]    Compiling ipnet v2.10.1
[INFO] [stderr]    Compiling digest v0.10.7
[INFO] [stderr]    Compiling rustls-pemfile v2.2.0
[INFO] [stderr]    Compiling clap_builder v4.5.20
[INFO] [stderr]    Compiling bitvec v1.0.1
[INFO] [stderr]    Compiling sha1 v0.10.6
[INFO] [stderr]    Compiling http-body v1.0.1
[INFO] [stderr]    Compiling time v0.3.36
[INFO] [stderr]    Compiling darling_core v0.20.10
[INFO] [stderr]    Compiling serde_derive v1.0.214
[INFO] [stderr]    Compiling tokio-macros v2.4.0
[INFO] [stderr]    Compiling zerocopy-derive v0.7.35
[INFO] [stderr]    Compiling futures-macro v0.3.31
[INFO] [stderr]    Compiling tracing-attributes v0.1.27
[INFO] [stderr]    Compiling thiserror-impl v1.0.66
[INFO] [stderr]    Compiling openssl-macros v0.1.1
[INFO] [stderr]    Compiling strum_macros v0.26.4
[INFO] [stderr]    Compiling clap_derive v4.5.18
[INFO] [stderr]    Compiling resolver_api_derive v1.1.0
[INFO] [stderr]    Compiling derive_variants_derive v1.0.0
[INFO] [stderr]    Compiling partial_derive2_derive v0.4.3
[INFO] [stderr]    Compiling derive_default_builder_derive v0.1.8
[INFO] [stderr]    Compiling typeshare-annotation v1.0.4
[INFO] [stderr]    Compiling derive_default_builder v0.1.8
[INFO] [stderr]    Compiling derive_empty_traits v0.1.0
[INFO] [stderr]    Compiling partial_derive2 v0.4.3
[INFO] [stderr]    Compiling zerocopy v0.7.35
[INFO] [stderr]    Compiling tokio v1.41.0
[INFO] [stderr]    Compiling futures-util v0.3.31
[INFO] [stderr]    Compiling thiserror v1.0.66
[INFO] [stderr]    Compiling tracing v0.1.40
[INFO] [stderr]    Compiling derive_variants v1.0.0
[INFO] [stderr]    Compiling ppv-lite86 v0.2.20
[INFO] [stderr]    Compiling clap v4.5.20
[INFO] [stderr]    Compiling strum v0.26.3
[INFO] [stderr]    Compiling darling_macro v0.20.10
[INFO] [stderr]    Compiling rand_chacha v0.3.1
[INFO] [stderr]    Compiling darling v0.20.10
[INFO] [stderr]    Compiling derive_builder_core v0.20.2
[INFO] [stderr]    Compiling rand v0.8.5
[INFO] [stderr]    Compiling serde v1.0.214
[INFO] [stderr]    Compiling derive_builder_macro v0.20.2
[INFO] [stderr]    Compiling tungstenite v0.24.0
[INFO] [stderr]    Compiling derive_builder v0.20.2
[INFO] [stderr]    Compiling http-body-util v0.1.2
[INFO] [stderr]    Compiling futures-executor v0.3.31
[INFO] [stderr]    Compiling futures v0.3.31
[INFO] [stderr]    Compiling tokio-util v0.7.12
[INFO] [stderr]    Compiling tokio-native-tls v0.3.1
[INFO] [stderr]    Compiling tokio-tungstenite v0.24.0
[INFO] [stderr]    Compiling serde_urlencoded v0.7.1
[INFO] [stderr]    Compiling uuid v1.11.0
[INFO] [stderr]    Compiling serde_bytes v0.11.15
[INFO] [stderr]    Compiling async_timing_util v1.0.0
[INFO] [stderr]    Compiling envy v0.4.2
[INFO] [stderr]    Compiling h2 v0.4.6
[INFO] [stderr]    Compiling resolver_api v1.1.1
[INFO] [stderr]    Compiling serror v0.4.7
[INFO] [stderr]    Compiling typeshare v1.0.4
[INFO] [stderr]    Compiling bson v2.13.0
[INFO] [stderr]    Compiling hyper v1.5.0
[INFO] [stderr]    Compiling hyper-util v0.1.10
[INFO] [stderr]    Compiling hyper-tls v0.6.0
[INFO] [stderr]    Compiling reqwest v0.12.9
[INFO] [stderr]    Compiling komodo_client v1.16.5 (/opt/rustwide/workdir)
[INFO] [stderr]     Finished `dev` profile [unoptimized + debuginfo] target(s) in 39.98s
[INFO] running `Command { std: "docker" "inspect" "8baee7a63097fbb02f6302930328e78124de7c58c8ca272f0d080d425c3db2dc", kill_on_drop: false }`
[INFO] running `Command { std: "docker" "rm" "-f" "8baee7a63097fbb02f6302930328e78124de7c58c8ca272f0d080d425c3db2dc", kill_on_drop: false }`
[INFO] [stdout] 8baee7a63097fbb02f6302930328e78124de7c58c8ca272f0d080d425c3db2dc
[INFO] running `Command { std: "docker" "create" "-v" "/var/lib/crater-agent-workspace/builds/worker-1-tc2/target:/opt/rustwide/target:rw,Z" "-v" "/var/lib/crater-agent-workspace/builds/worker-1-tc2/source:/opt/rustwide/workdir:ro,Z" "-v" "/var/lib/crater-agent-workspace/cargo-home:/opt/rustwide/cargo-home:ro,Z" "-v" "/var/lib/crater-agent-workspace/rustup-home:/opt/rustwide/rustup-home:ro,Z" "-e" "SOURCE_DIR=/opt/rustwide/workdir" "-e" "CARGO_TARGET_DIR=/opt/rustwide/target" "-e" "CARGO_INCREMENTAL=0" "-e" "RUST_BACKTRACE=full" "-e" "RUSTFLAGS=--cap-lints=forbid -Zrandomize-layout" "-e" "RUSTDOCFLAGS=--cap-lints=forbid" "-e" "CARGO_HOME=/opt/rustwide/cargo-home" "-e" "RUSTUP_HOME=/opt/rustwide/rustup-home" "-w" "/opt/rustwide/workdir" "-m" "1610612736" "--user" "0:0" "--network" "none" "ghcr.io/rust-lang/crates-build-env/linux@sha256:4a844ea9eb2546a2d2c7022eacef16ef2e8229c7fbb2c7d4d55a9ceca922f72d" "/opt/rustwide/cargo-home/bin/cargo" "+nightly-2024-10-28" "test" "--frozen" "--no-run" "--message-format=json", kill_on_drop: false }`
[INFO] [stdout] 7b2a61d23ebb3892637f2da1d8bc2bf4cf0e55bc83d13922601d2008e32ffc8b
[INFO] running `Command { std: "docker" "start" "-a" "7b2a61d23ebb3892637f2da1d8bc2bf4cf0e55bc83d13922601d2008e32ffc8b", kill_on_drop: false }`
[INFO] [stderr]    Compiling komodo_client v1.16.5 (/opt/rustwide/workdir)
[INFO] [stderr]     Finished `test` profile [unoptimized + debuginfo] target(s) in 26.24s
[INFO] running `Command { std: "docker" "inspect" "7b2a61d23ebb3892637f2da1d8bc2bf4cf0e55bc83d13922601d2008e32ffc8b", kill_on_drop: false }`
[INFO] running `Command { std: "docker" "rm" "-f" "7b2a61d23ebb3892637f2da1d8bc2bf4cf0e55bc83d13922601d2008e32ffc8b", kill_on_drop: false }`
[INFO] [stdout] 7b2a61d23ebb3892637f2da1d8bc2bf4cf0e55bc83d13922601d2008e32ffc8b
[INFO] running `Command { std: "docker" "create" "-v" "/var/lib/crater-agent-workspace/builds/worker-1-tc2/target:/opt/rustwide/target:rw,Z" "-v" "/var/lib/crater-agent-workspace/builds/worker-1-tc2/source:/opt/rustwide/workdir:ro,Z" "-v" "/var/lib/crater-agent-workspace/cargo-home:/opt/rustwide/cargo-home:ro,Z" "-v" "/var/lib/crater-agent-workspace/rustup-home:/opt/rustwide/rustup-home:ro,Z" "-e" "SOURCE_DIR=/opt/rustwide/workdir" "-e" "CARGO_TARGET_DIR=/opt/rustwide/target" "-e" "CARGO_INCREMENTAL=0" "-e" "RUST_BACKTRACE=full" "-e" "RUSTFLAGS=--cap-lints=forbid -Zrandomize-layout" "-e" "RUSTDOCFLAGS=--cap-lints=forbid" "-e" "CARGO_HOME=/opt/rustwide/cargo-home" "-e" "RUSTUP_HOME=/opt/rustwide/rustup-home" "-w" "/opt/rustwide/workdir" "-m" "1610612736" "--user" "0:0" "--network" "none" "ghcr.io/rust-lang/crates-build-env/linux@sha256:4a844ea9eb2546a2d2c7022eacef16ef2e8229c7fbb2c7d4d55a9ceca922f72d" "/opt/rustwide/cargo-home/bin/cargo" "+nightly-2024-10-28" "test" "--frozen", kill_on_drop: false }`
[INFO] [stdout] 52c92e354f628d0a1e0aee48f258dc04a30f5e7896ff0334014a99391f90ae33
[INFO] running `Command { std: "docker" "start" "-a" "52c92e354f628d0a1e0aee48f258dc04a30f5e7896ff0334014a99391f90ae33", kill_on_drop: false }`
[INFO] [stderr]     Finished `test` profile [unoptimized + debuginfo] target(s) in 0.25s
[INFO] [stderr]      Running unittests src/lib.rs (/opt/rustwide/target/debug/deps/komodo_client-22806fc13930171c)
[INFO] [stdout] 
[INFO] [stdout] running 0 tests
[INFO] [stderr]    Doc-tests komodo_client
[INFO] [stdout] 
[INFO] [stdout] test result: ok. 0 passed; 0 failed; 0 ignored; 0 measured; 0 filtered out; finished in 0.00s
[INFO] [stdout] 
[INFO] [stdout] 
[INFO] [stdout] running 19 tests
[INFO] [stdout] test src/api/execute/deployment.rs - api::execute::deployment::BatchDeploy::pattern (line 63) ... FAILED
[INFO] [stdout] test src/api/execute/procedure.rs - api::execute::procedure::BatchRunProcedure::pattern (line 49) ... FAILED
[INFO] [stdout] test src/api/execute/build.rs - api::execute::build::BatchRunBuild::pattern (line 58) ... FAILED
[INFO] [stdout] test src/api/execute/repo.rs - api::execute::repo::BatchBuildRepo::pattern (line 177) ... FAILED
[INFO] [stdout] test src/api/execute/repo.rs - api::execute::repo::BatchPullRepo::pattern (line 117) ... FAILED
[INFO] [stdout] test src/api/execute/action.rs - api::execute::action::BatchRunAction::pattern (line 49) ... FAILED
[INFO] [stdout] test src/api/execute/repo.rs - api::execute::repo::BatchCloneRepo::pattern (line 61) ... FAILED
[INFO] [stdout] test src/api/execute/stack.rs - api::execute::stack::BatchDeployStackIfChanged::pattern (line 110) ... FAILED
[INFO] [stdout] test src/api/mod.rs - api (line 23) ... FAILED
[INFO] [stdout] test src/entities/build.rs - entities::build::BuildConfigBuilder::secret_args (line 258) ... FAILED
[INFO] [stdout] test src/api/execute/stack.rs - api::execute::stack::BatchDestroyStack::pattern (line 285) ... FAILED
[INFO] [stdout] test src/api/mod.rs - api (line 59) ... FAILED
[INFO] [stdout] test src/api/read/alert.rs - api::read::alert::ListAlerts::query (line 22) ... FAILED
[INFO] [stdout] test src/api/execute/deployment.rs - api::execute::deployment::BatchDestroyDeployment::pattern (line 242) ... FAILED
[INFO] [stdout] test src/api/execute/stack.rs - api::execute::stack::BatchDeployStack::pattern (line 54) ... FAILED
[INFO] [stdout] test src/entities/build.rs - entities::build::BuildConfig::secret_args (line 258) ... FAILED
[INFO] [stdout] test src/entities/build.rs - entities::build::BuildConfigBuilder::secret_args (line 258) ... FAILED
[INFO] [stdout] test src/lib.rs - KomodoClient::with_healthcheck (line 111) ... FAILED
[INFO] [stdout] test src/lib.rs - (line 18) ... FAILED
[INFO] [stdout] 
[INFO] [stdout] failures:
[INFO] [stdout] 
[INFO] [stdout] ---- src/api/execute/deployment.rs - api::execute::deployment::BatchDeploy::pattern (line 63) stdout ----
[INFO] [stdout] error: expected one of `!`, `.`, `::`, `?`, `{`, or an operator, found `foo`
[INFO] [stdout]  --> src/api/execute/deployment.rs:64:11
[INFO] [stdout]   |
[INFO] [stdout] 3 | match all foo-* deployments
[INFO] [stdout]   | -----     ^^^ expected one of `!`, `.`, `::`, `?`, `{`, or an operator
[INFO] [stdout]   | |
[INFO] [stdout]   | while parsing this `match` expression
[INFO] [stdout] 
[INFO] [stdout] error: aborting due to 1 previous error
[INFO] [stdout] 
[INFO] [stdout] Couldn't compile the test.
[INFO] [stdout] ---- src/api/execute/procedure.rs - api::execute::procedure::BatchRunProcedure::pattern (line 49) stdout ----
[INFO] [stdout] error: expected one of `!`, `.`, `::`, `?`, `{`, or an operator, found `foo`
[INFO] [stdout]  --> src/api/execute/procedure.rs:50:11
[INFO] [stdout]   |
[INFO] [stdout] 3 | match all foo-* procedures
[INFO] [stdout]   | -----     ^^^ expected one of `!`, `.`, `::`, `?`, `{`, or an operator
[INFO] [stdout]   | |
[INFO] [stdout]   | while parsing this `match` expression
[INFO] [stdout] 
[INFO] [stdout] error: aborting due to 1 previous error
[INFO] [stdout] 
[INFO] [stdout] Couldn't compile the test.
[INFO] [stdout] ---- src/api/execute/build.rs - api::execute::build::BatchRunBuild::pattern (line 58) stdout ----
[INFO] [stdout] error: expected one of `!`, `.`, `::`, `?`, `{`, or an operator, found `foo`
[INFO] [stdout]  --> src/api/execute/build.rs:59:11
[INFO] [stdout]   |
[INFO] [stdout] 3 | match all foo-* builds
[INFO] [stdout]   | -----     ^^^ expected one of `!`, `.`, `::`, `?`, `{`, or an operator
[INFO] [stdout]   | |
[INFO] [stdout]   | while parsing this `match` expression
[INFO] [stdout] 
[INFO] [stdout] error: aborting due to 1 previous error
[INFO] [stdout] 
[INFO] [stdout] Couldn't compile the test.
[INFO] [stdout] ---- src/api/execute/repo.rs - api::execute::repo::BatchBuildRepo::pattern (line 177) stdout ----
[INFO] [stdout] error: expected one of `!`, `.`, `::`, `?`, `{`, or an operator, found `foo`
[INFO] [stdout]  --> src/api/execute/repo.rs:178:11
[INFO] [stdout]   |
[INFO] [stdout] 3 | match all foo-* repos
[INFO] [stdout]   | -----     ^^^ expected one of `!`, `.`, `::`, `?`, `{`, or an operator
[INFO] [stdout]   | |
[INFO] [stdout]   | while parsing this `match` expression
[INFO] [stdout] 
[INFO] [stdout] error: aborting due to 1 previous error
[INFO] [stdout] 
[INFO] [stdout] Couldn't compile the test.
[INFO] [stdout] ---- src/api/execute/repo.rs - api::execute::repo::BatchPullRepo::pattern (line 117) stdout ----
[INFO] [stdout] error: expected one of `!`, `.`, `::`, `?`, `{`, or an operator, found `foo`
[INFO] [stdout]  --> src/api/execute/repo.rs:118:11
[INFO] [stdout]   |
[INFO] [stdout] 3 | match all foo-* repos
[INFO] [stdout]   | -----     ^^^ expected one of `!`, `.`, `::`, `?`, `{`, or an operator
[INFO] [stdout]   | |
[INFO] [stdout]   | while parsing this `match` expression
[INFO] [stdout] 
[INFO] [stdout] error: aborting due to 1 previous error
[INFO] [stdout] 
[INFO] [stdout] Couldn't compile the test.
[INFO] [stdout] ---- src/api/execute/action.rs - api::execute::action::BatchRunAction::pattern (line 49) stdout ----
[INFO] [stdout] error: expected one of `!`, `.`, `::`, `?`, `{`, or an operator, found `foo`
[INFO] [stdout]  --> src/api/execute/action.rs:50:11
[INFO] [stdout]   |
[INFO] [stdout] 3 | match all foo-* actions
[INFO] [stdout]   | -----     ^^^ expected one of `!`, `.`, `::`, `?`, `{`, or an operator
[INFO] [stdout]   | |
[INFO] [stdout]   | while parsing this `match` expression
[INFO] [stdout] 
[INFO] [stdout] error: aborting due to 1 previous error
[INFO] [stdout] 
[INFO] [stdout] Couldn't compile the test.
[INFO] [stdout] ---- src/api/execute/repo.rs - api::execute::repo::BatchCloneRepo::pattern (line 61) stdout ----
[INFO] [stdout] error: expected one of `!`, `.`, `::`, `?`, `{`, or an operator, found `foo`
[INFO] [stdout]  --> src/api/execute/repo.rs:62:11
[INFO] [stdout]   |
[INFO] [stdout] 3 | match all foo-* repos
[INFO] [stdout]   | -----     ^^^ expected one of `!`, `.`, `::`, `?`, `{`, or an operator
[INFO] [stdout]   | |
[INFO] [stdout]   | while parsing this `match` expression
[INFO] [stdout] 
[INFO] [stdout] error: aborting due to 1 previous error
[INFO] [stdout] 
[INFO] [stdout] Couldn't compile the test.
[INFO] [stdout] ---- src/api/execute/stack.rs - api::execute::stack::BatchDeployStackIfChanged::pattern (line 110) stdout ----
[INFO] [stdout] error: expected one of `!`, `.`, `::`, `?`, `{`, or an operator, found `foo`
[INFO] [stdout]  --> src/api/execute/stack.rs:111:11
[INFO] [stdout]   |
[INFO] [stdout] 3 | match all foo-* stacks
[INFO] [stdout]   | -----     ^^^ expected one of `!`, `.`, `::`, `?`, `{`, or an operator
[INFO] [stdout]   | |
[INFO] [stdout]   | while parsing this `match` expression
[INFO] [stdout] 
[INFO] [stdout] error: aborting due to 1 previous error
[INFO] [stdout] 
[INFO] [stdout] Couldn't compile the test.
[INFO] [stdout] ---- src/api/mod.rs - api (line 23) stdout ----
[INFO] [stdout] error: expected one of `.`, `;`, `?`, `}`, or an operator, found `:`
[INFO] [stdout]  --> src/api/mod.rs:25:9
[INFO] [stdout]   |
[INFO] [stdout] 4 |   "type": "GetDeployment",
[INFO] [stdout]   |         ^ expected one of `.`, `;`, `?`, `}`, or an operator
[INFO] [stdout] 
[INFO] [stdout] error: aborting due to 1 previous error
[INFO] [stdout] 
[INFO] [stdout] Couldn't compile the test.
[INFO] [stdout] ---- src/entities/build.rs - entities::build::BuildConfigBuilder::secret_args (line 258) stdout ----
[INFO] [stdout] error: unknown start of token: \
[INFO] [stdout]  --> src/entities/build.rs:259:39
[INFO] [stdout]   |
[INFO] [stdout] 3 | RUN --mount=type=secret,id=SECRET_KEY \
[INFO] [stdout]   |                                       ^
[INFO] [stdout] 
[INFO] [stdout] error: expected expression, found keyword `type`
[INFO] [stdout]  --> src/entities/build.rs:259:13
[INFO] [stdout]   |
[INFO] [stdout] 3 | RUN --mount=type=secret,id=SECRET_KEY \
[INFO] [stdout]   |             ^^^^ expected expression
[INFO] [stdout] 
[INFO] [stdout] error: aborting due to 2 previous errors
[INFO] [stdout] 
[INFO] [stdout] Couldn't compile the test.
[INFO] [stdout] ---- src/api/execute/stack.rs - api::execute::stack::BatchDestroyStack::pattern (line 285) stdout ----
[INFO] [stdout] error: expected one of `!`, `.`, `::`, `?`, `{`, or an operator, found `foo`
[INFO] [stdout]  --> src/api/execute/stack.rs:286:11
[INFO] [stdout]   |
[INFO] [stdout] 3 | match all foo-* stacks
[INFO] [stdout]   | -----     ^^^ expected one of `!`, `.`, `::`, `?`, `{`, or an operator
[INFO] [stdout]   | |
[INFO] [stdout]   | while parsing this `match` expression
[INFO] [stdout] 
[INFO] [stdout] error: aborting due to 1 previous error
[INFO] [stdout] 
[INFO] [stdout] Couldn't compile the test.
[INFO] [stdout] ---- src/api/mod.rs - api (line 59) stdout ----
[INFO] [stdout] error: expected one of `.`, `;`, `?`, `}`, or an operator, found `:`
[INFO] [stdout]  --> src/api/mod.rs:61:10
[INFO] [stdout]   |
[INFO] [stdout] 4 |   "error": "top level error message",
[INFO] [stdout]   |          ^ expected one of `.`, `;`, `?`, `}`, or an operator
[INFO] [stdout] 
[INFO] [stdout] error: aborting due to 1 previous error
[INFO] [stdout] 
[INFO] [stdout] Couldn't compile the test.
[INFO] [stdout] ---- src/api/read/alert.rs - api::read::alert::ListAlerts::query (line 22) stdout ----
[INFO] [stdout] error: expected one of `.`, `;`, `?`, `}`, or an operator, found `:`
[INFO] [stdout]  --> src/api/read/alert.rs:24:13
[INFO] [stdout]   |
[INFO] [stdout] 4 |   "resolved": "false",
[INFO] [stdout]   |             ^ expected one of `.`, `;`, `?`, `}`, or an operator
[INFO] [stdout] 
[INFO] [stdout] error: aborting due to 1 previous error
[INFO] [stdout] 
[INFO] [stdout] Couldn't compile the test.
[INFO] [stdout] ---- src/api/execute/deployment.rs - api::execute::deployment::BatchDestroyDeployment::pattern (line 242) stdout ----
[INFO] [stdout] error: expected one of `!`, `.`, `::`, `?`, `{`, or an operator, found `foo`
[INFO] [stdout]  --> src/api/execute/deployment.rs:243:11
[INFO] [stdout]   |
[INFO] [stdout] 3 | match all foo-* deployments
[INFO] [stdout]   | -----     ^^^ expected one of `!`, `.`, `::`, `?`, `{`, or an operator
[INFO] [stdout]   | |
[INFO] [stdout]   | while parsing this `match` expression
[INFO] [stdout] 
[INFO] [stdout] error: aborting due to 1 previous error
[INFO] [stdout] 
[INFO] [stdout] Couldn't compile the test.
[INFO] [stdout] ---- src/api/execute/stack.rs - api::execute::stack::BatchDeployStack::pattern (line 54) stdout ----
[INFO] [stdout] error: expected one of `!`, `.`, `::`, `?`, `{`, or an operator, found `foo`
[INFO] [stdout]  --> src/api/execute/stack.rs:55:11
[INFO] [stdout]   |
[INFO] [stdout] 3 | match all foo-* stacks
[INFO] [stdout]   | -----     ^^^ expected one of `!`, `.`, `::`, `?`, `{`, or an operator
[INFO] [stdout]   | |
[INFO] [stdout]   | while parsing this `match` expression
[INFO] [stdout] 
[INFO] [stdout] error: aborting due to 1 previous error
[INFO] [stdout] 
[INFO] [stdout] Couldn't compile the test.
[INFO] [stdout] ---- src/entities/build.rs - entities::build::BuildConfig::secret_args (line 258) stdout ----
[INFO] [stdout] error: unknown start of token: \
[INFO] [stdout]  --> src/entities/build.rs:259:39
[INFO] [stdout]   |
[INFO] [stdout] 3 | RUN --mount=type=secret,id=SECRET_KEY \
[INFO] [stdout]   |                                       ^
[INFO] [stdout] 
[INFO] [stdout] error: expected expression, found keyword `type`
[INFO] [stdout]  --> src/entities/build.rs:259:13
[INFO] [stdout]   |
[INFO] [stdout] 3 | RUN --mount=type=secret,id=SECRET_KEY \
[INFO] [stdout]   |             ^^^^ expected expression
[INFO] [stdout] 
[INFO] [stdout] error: aborting due to 2 previous errors
[INFO] [stdout] 
[INFO] [stdout] Couldn't compile the test.
[INFO] [stdout] ---- src/entities/build.rs - entities::build::BuildConfigBuilder::secret_args (line 258) stdout ----
[INFO] [stdout] error: unknown start of token: \
[INFO] [stdout]  --> src/entities/build.rs:259:39
[INFO] [stdout]   |
[INFO] [stdout] 3 | RUN --mount=type=secret,id=SECRET_KEY \
[INFO] [stdout]   |                                       ^
[INFO] [stdout] 
[INFO] [stdout] error: expected expression, found keyword `type`
[INFO] [stdout]  --> src/entities/build.rs:259:13
[INFO] [stdout]   |
[INFO] [stdout] 3 | RUN --mount=type=secret,id=SECRET_KEY \
[INFO] [stdout]   |             ^^^^ expected expression
[INFO] [stdout] 
[INFO] [stdout] error: aborting due to 2 previous errors
[INFO] [stdout] 
[INFO] [stdout] Couldn't compile the test.
[INFO] [stdout] ---- src/lib.rs - KomodoClient::with_healthcheck (line 111) stdout ----
[INFO] [stdout] error[E0433]: failed to resolve: use of undeclared type `KomodoClient`
[INFO] [stdout]  --> src/lib.rs:112:14
[INFO] [stdout]   |
[INFO] [stdout] 3 | let komodo = KomodoClient::new_from_env()?
[INFO] [stdout]   |              ^^^^^^^^^^^^ use of undeclared type `KomodoClient`
[INFO] [stdout]   |
[INFO] [stdout] help: consider importing this struct
[INFO] [stdout]   |
[INFO] [stdout] 2 + use komodo_client::KomodoClient;
[INFO] [stdout]   |
[INFO] [stdout] 
[INFO] [stdout] error[E0728]: `await` is only allowed inside `async` functions and blocks
[INFO] [stdout]  --> src/lib.rs:113:23
[INFO] [stdout]   |
[INFO] [stdout] 2 | fn main() { #[allow(non_snake_case)] fn _doctest_main_src_lib_rs_111_0() {
[INFO] [stdout]   |                                      ----------------------------------- this is not `async`
[INFO] [stdout] 3 | let komodo = KomodoClient::new_from_env()?
[INFO] [stdout] 4 |   .with_healthcheck().await?;
[INFO] [stdout]   |                       ^^^^^ only allowed inside `async` functions and blocks
[INFO] [stdout] 
[INFO] [stdout] error: aborting due to 2 previous errors
[INFO] [stdout] 
[INFO] [stdout] Some errors have detailed explanations: E0433, E0728.
[INFO] [stdout] For more information about an error, try `rustc --explain E0433`.
[INFO] [stdout] Couldn't compile the test.
[INFO] [stdout] ---- src/lib.rs - (line 18) stdout ----
[INFO] [stdout] error: statements are terminated with a semicolon
[INFO] [stdout]   --> src/lib.rs:28:81
[INFO] [stdout]    |
[INFO] [stdout] 12 | let update = client.execute(RunBuild { build: "test-build".to_string() }).await?:
[INFO] [stdout]    |                                                                                 ^
[INFO] [stdout]    |
[INFO] [stdout]    = note: if you meant to annotate an expression with a type, the type ascription syntax has been removed, see issue #101728 <https://github.com/rust-lang/rust/issues/101728>
[INFO] [stdout] help: use a semicolon instead
[INFO] [stdout]    |
[INFO] [stdout] 12 | let update = client.execute(RunBuild { build: "test-build".to_string() }).await?;
[INFO] [stdout]    |                                                                                 ~
[INFO] [stdout] 
[INFO] [stdout] error[E0433]: failed to resolve: use of undeclared type `KomodoClient`
[INFO] [stdout]  --> src/lib.rs:21:14
[INFO] [stdout]   |
[INFO] [stdout] 5 | let client = KomodoClient::new_from_env()?;
[INFO] [stdout]   |              ^^^^^^^^^^^^ use of undeclared type `KomodoClient`
[INFO] [stdout]   |
[INFO] [stdout] help: consider importing this struct
[INFO] [stdout]   |
[INFO] [stdout] 2 + use komodo_client::KomodoClient;
[INFO] [stdout]   |
[INFO] [stdout] 
[INFO] [stdout] error[E0433]: failed to resolve: use of undeclared type `ListDeployments`
[INFO] [stdout]  --> src/lib.rs:24:31
[INFO] [stdout]   |
[INFO] [stdout] 8 | let deployments = client.read(ListDeployments::default()).await?;
[INFO] [stdout]   |                               ^^^^^^^^^^^^^^^ use of undeclared type `ListDeployments`
[INFO] [stdout]   |
[INFO] [stdout] help: consider importing this struct
[INFO] [stdout]   |
[INFO] [stdout] 2 + use komodo_client::api::read::ListDeployments;
[INFO] [stdout]   |
[INFO] [stdout] 
[INFO] [stdout] error[E0422]: cannot find struct, variant or union type `RunBuild` in this scope
[INFO] [stdout]   --> src/lib.rs:28:29
[INFO] [stdout]    |
[INFO] [stdout] 12 | let update = client.execute(RunBuild { build: "test-build".to_string() }).await?:
[INFO] [stdout]    |                             ^^^^^^^^ not found in this scope
[INFO] [stdout]    |
[INFO] [stdout] help: consider importing one of these items
[INFO] [stdout]    |
[INFO] [stdout] 2  + use komodo_client::api::execute::Execution::RunBuild;
[INFO] [stdout]    |
[INFO] [stdout] 2  + use komodo_client::api::execute::ExecutionVariant::RunBuild;
[INFO] [stdout]    |
[INFO] [stdout] 2  + use komodo_client::api::execute::RunBuild;
[INFO] [stdout]    |
[INFO] [stdout] 2  + use komodo_client::entities::Operation::RunBuild;
[INFO] [stdout]    |
[INFO] [stdout] 
[INFO] [stdout] error[E0728]: `await` is only allowed inside `async` functions and blocks
[INFO] [stdout]  --> src/lib.rs:24:59
[INFO] [stdout]   |
[INFO] [stdout] 2 | fn main() { #[allow(non_snake_case)] fn _doctest_main_src_lib_rs_18_0() {
[INFO] [stdout]   |                                      ---------------------------------- this is not `async`
[INFO] [stdout] ...
[INFO] [stdout] 8 | let deployments = client.read(ListDeployments::default()).await?;
[INFO] [stdout]   |                                                           ^^^^^ only allowed inside `async` functions and blocks
[INFO] [stdout] 
[INFO] [stdout] error[E0728]: `await` is only allowed inside `async` functions and blocks
[INFO] [stdout]   --> src/lib.rs:28:75
[INFO] [stdout]    |
[INFO] [stdout] 2  | fn main() { #[allow(non_snake_case)] fn _doctest_main_src_lib_rs_18_0() {
[INFO] [stdout]    |                                      ---------------------------------- this is not `async`
[INFO] [stdout] ...
[INFO] [stdout] 12 | let update = client.execute(RunBuild { build: "test-build".to_string() }).await?:
[INFO] [stdout]    |                                                                           ^^^^^ only allowed inside `async` functions and blocks
[INFO] [stdout] 
[INFO] [stdout] error[E0433]: failed to resolve: use of undeclared crate or module `dotenvy`
[INFO] [stdout]  --> src/lib.rs:19:1
[INFO] [stdout]   |
[INFO] [stdout] 3 | dotenvy::dotenv().ok();
[INFO] [stdout]   | ^^^^^^^ use of undeclared crate or module `dotenvy`
[INFO] [stdout] 
[INFO] [stdout] error: aborting due to 7 previous errors
[INFO] [stdout] 
[INFO] [stdout] Some errors have detailed explanations: E0422, E0433, E0728.
[INFO] [stdout] For more information about an error, try `rustc --explain E0422`.
[INFO] [stdout] Couldn't compile the test.
[INFO] [stdout] 
[INFO] [stdout] failures:
[INFO] [stdout]     src/api/execute/action.rs - api::execute::action::BatchRunAction::pattern (line 49)
[INFO] [stdout]     src/api/execute/build.rs - api::execute::build::BatchRunBuild::pattern (line 58)
[INFO] [stdout]     src/api/execute/deployment.rs - api::execute::deployment::BatchDeploy::pattern (line 63)
[INFO] [stdout]     src/api/execute/deployment.rs - api::execute::deployment::BatchDestroyDeployment::pattern (line 242)
[INFO] [stdout]     src/api/execute/procedure.rs - api::execute::procedure::BatchRunProcedure::pattern (line 49)
[INFO] [stdout]     src/api/execute/repo.rs - api::execute::repo::BatchBuildRepo::pattern (line 177)
[INFO] [stdout]     src/api/execute/repo.rs - api::execute::repo::BatchCloneRepo::pattern (line 61)
[INFO] [stdout]     src/api/execute/repo.rs - api::execute::repo::BatchPullRepo::pattern (line 117)
[INFO] [stdout]     src/api/execute/stack.rs - api::execute::stack::BatchDeployStack::pattern (line 54)
[INFO] [stdout]     src/api/execute/stack.rs - api::execute::stack::BatchDeployStackIfChanged::pattern (line 110)
[INFO] [stdout]     src/api/execute/stack.rs - api::execute::stack::BatchDestroyStack::pattern (line 285)
[INFO] [stdout]     src/api/mod.rs - api (line 23)
[INFO] [stdout]     src/api/mod.rs - api (line 59)
[INFO] [stdout]     src/api/read/alert.rs - api::read::alert::ListAlerts::query (line 22)
[INFO] [stdout]     src/entities/build.rs - entities::build::BuildConfig::secret_args (line 258)
[INFO] [stdout]     src/entities/build.rs - entities::build::BuildConfigBuilder::secret_args (line 258)
[INFO] [stdout]     src/entities/build.rs - entities::build::BuildConfigBuilder::secret_args (line 258)
[INFO] [stdout]     src/lib.rs - (line 18)
[INFO] [stdout]     src/lib.rs - KomodoClient::with_healthcheck (line 111)
[INFO] [stdout] 
[INFO] [stdout] test result: FAILED. 0 passed; 19 failed; 0 ignored; 0 measured; 0 filtered out; finished in 0.19s
[INFO] [stdout] 
[INFO] [stderr] error: doctest failed, to rerun pass `--doc`
[INFO] running `Command { std: "docker" "inspect" "52c92e354f628d0a1e0aee48f258dc04a30f5e7896ff0334014a99391f90ae33", kill_on_drop: false }`
[INFO] running `Command { std: "docker" "rm" "-f" "52c92e354f628d0a1e0aee48f258dc04a30f5e7896ff0334014a99391f90ae33", kill_on_drop: false }`
[INFO] [stdout] 52c92e354f628d0a1e0aee48f258dc04a30f5e7896ff0334014a99391f90ae33
