[INFO] fetching crate kokoro 0.0.6...
[INFO] testing kokoro-0.0.6 against nightly-2024-10-28+rustflags=-Zrandomize-layout for randomize-layout
[INFO] extracting crate kokoro 0.0.6 into /workspace/builds/worker-0-tc2/source
[INFO] validating manifest of crates.io crate kokoro 0.0.6 on toolchain nightly-2024-10-28
[INFO] running `Command { std: CARGO_HOME="/workspace/cargo-home" RUSTUP_HOME="/workspace/rustup-home" "/workspace/cargo-home/bin/cargo" "+nightly-2024-10-28" "metadata" "--manifest-path" "Cargo.toml" "--no-deps", kill_on_drop: false }`
[INFO] started tweaking crates.io crate kokoro 0.0.6
[INFO] finished tweaking crates.io crate kokoro 0.0.6
[INFO] tweaked toml for crates.io crate kokoro 0.0.6 written to /workspace/builds/worker-0-tc2/source/Cargo.toml
[INFO] crate crates.io crate kokoro 0.0.6 already has a lockfile, it will not be regenerated
[INFO] running `Command { std: CARGO_HOME="/workspace/cargo-home" RUSTUP_HOME="/workspace/rustup-home" "/workspace/cargo-home/bin/cargo" "+nightly-2024-10-28" "fetch" "--manifest-path" "Cargo.toml", kill_on_drop: false }`
[INFO] running `Command { std: "docker" "create" "-v" "/var/lib/crater-agent-workspace/builds/worker-0-tc2/target:/opt/rustwide/target:rw,Z" "-v" "/var/lib/crater-agent-workspace/builds/worker-0-tc2/source:/opt/rustwide/workdir:ro,Z" "-v" "/var/lib/crater-agent-workspace/cargo-home:/opt/rustwide/cargo-home:ro,Z" "-v" "/var/lib/crater-agent-workspace/rustup-home:/opt/rustwide/rustup-home:ro,Z" "-e" "SOURCE_DIR=/opt/rustwide/workdir" "-e" "CARGO_TARGET_DIR=/opt/rustwide/target" "-e" "CARGO_HOME=/opt/rustwide/cargo-home" "-e" "RUSTUP_HOME=/opt/rustwide/rustup-home" "-w" "/opt/rustwide/workdir" "-m" "1610612736" "--user" "0:0" "--network" "none" "ghcr.io/rust-lang/crates-build-env/linux@sha256:4a844ea9eb2546a2d2c7022eacef16ef2e8229c7fbb2c7d4d55a9ceca922f72d" "/opt/rustwide/cargo-home/bin/cargo" "+nightly-2024-10-28" "metadata" "--no-deps" "--format-version=1", kill_on_drop: false }`
[INFO] [stdout] f4ff54a341ba39707efa334c921ec15724f91e0c46edd43263d8d54fe6861331
[INFO] running `Command { std: "docker" "start" "-a" "f4ff54a341ba39707efa334c921ec15724f91e0c46edd43263d8d54fe6861331", kill_on_drop: false }`
[INFO] running `Command { std: "docker" "inspect" "f4ff54a341ba39707efa334c921ec15724f91e0c46edd43263d8d54fe6861331", kill_on_drop: false }`
[INFO] running `Command { std: "docker" "rm" "-f" "f4ff54a341ba39707efa334c921ec15724f91e0c46edd43263d8d54fe6861331", kill_on_drop: false }`
[INFO] [stdout] f4ff54a341ba39707efa334c921ec15724f91e0c46edd43263d8d54fe6861331
[INFO] running `Command { std: "docker" "create" "-v" "/var/lib/crater-agent-workspace/builds/worker-0-tc2/target:/opt/rustwide/target:rw,Z" "-v" "/var/lib/crater-agent-workspace/builds/worker-0-tc2/source:/opt/rustwide/workdir:ro,Z" "-v" "/var/lib/crater-agent-workspace/cargo-home:/opt/rustwide/cargo-home:ro,Z" "-v" "/var/lib/crater-agent-workspace/rustup-home:/opt/rustwide/rustup-home:ro,Z" "-e" "SOURCE_DIR=/opt/rustwide/workdir" "-e" "CARGO_TARGET_DIR=/opt/rustwide/target" "-e" "CARGO_INCREMENTAL=0" "-e" "RUST_BACKTRACE=full" "-e" "RUSTFLAGS=--cap-lints=forbid -Zrandomize-layout" "-e" "RUSTDOCFLAGS=--cap-lints=forbid" "-e" "CARGO_HOME=/opt/rustwide/cargo-home" "-e" "RUSTUP_HOME=/opt/rustwide/rustup-home" "-w" "/opt/rustwide/workdir" "-m" "1610612736" "--user" "0:0" "--network" "none" "ghcr.io/rust-lang/crates-build-env/linux@sha256:4a844ea9eb2546a2d2c7022eacef16ef2e8229c7fbb2c7d4d55a9ceca922f72d" "/opt/rustwide/cargo-home/bin/cargo" "+nightly-2024-10-28" "build" "--frozen" "--message-format=json", kill_on_drop: false }`
[INFO] [stdout] 71dd1a734088968f8c279796cc671b8643cd1d696217fe024884f6f3d23cd8ea
[INFO] running `Command { std: "docker" "start" "-a" "71dd1a734088968f8c279796cc671b8643cd1d696217fe024884f6f3d23cd8ea", kill_on_drop: false }`
[INFO] [stderr]    Compiling libc v0.2.153
[INFO] [stderr]    Compiling crossbeam-utils v0.8.19
[INFO] [stderr]    Compiling hashbrown v0.14.3
[INFO] [stderr]    Compiling smallvec v1.13.1
[INFO] [stderr]    Compiling serde v1.0.197
[INFO] [stderr]    Compiling either v1.10.0
[INFO] [stderr]    Compiling once_cell v1.19.0
[INFO] [stderr]    Compiling proc-macro2 v1.0.78
[INFO] [stderr]    Compiling ppv-lite86 v0.2.17
[INFO] [stderr]    Compiling unicode-ident v1.0.12
[INFO] [stderr]    Compiling equivalent v1.0.1
[INFO] [stderr]    Compiling anyhow v1.0.80
[INFO] [stderr]    Compiling winnow v0.6.1
[INFO] [stderr]    Compiling futures-sink v0.3.30
[INFO] [stderr]    Compiling futures-core v0.3.30
[INFO] [stderr]    Compiling spin v0.9.8
[INFO] [stderr]    Compiling libloading v0.8.1
[INFO] [stderr]    Compiling quote v1.0.35
[INFO] [stderr]    Compiling crossbeam-epoch v0.9.18
[INFO] [stderr]    Compiling indexmap v2.2.3
[INFO] [stderr]    Compiling syn v2.0.48
[INFO] [stderr]    Compiling crossbeam-deque v0.8.5
[INFO] [stderr]    Compiling getrandom v0.2.12
[INFO] [stderr]    Compiling parking_lot_core v0.9.9
[INFO] [stderr]    Compiling rand_core v0.6.4
[INFO] [stderr]    Compiling nanorand v0.7.0
[INFO] [stderr]    Compiling rayon-core v1.12.1
[INFO] [stderr]    Compiling parking_lot v0.12.1
[INFO] [stderr]    Compiling rand_chacha v0.3.1
[INFO] [stderr]    Compiling flume v0.11.0
[INFO] [stderr]    Compiling rand v0.8.5
[INFO] [stderr]    Compiling rayon v1.8.1
[INFO] [stderr]    Compiling kokoro-macros v0.0.6
[INFO] [stderr]    Compiling toml_datetime v0.6.5
[INFO] [stderr]    Compiling serde_spanned v0.6.5
[INFO] [stderr]    Compiling toml_edit v0.22.6
[INFO] [stderr]    Compiling dashmap v5.5.3
[INFO] [stderr]    Compiling kokoro-core v0.0.6
[INFO] [stderr]    Compiling kokoro-default-impl v0.0.6
[INFO] [stderr]    Compiling kokoro-flume-channel v0.0.4
[INFO] [stderr]    Compiling toml v0.8.10
[INFO] [stderr]    Compiling kokoro-dynamic-plugin v0.0.6
[INFO] [stderr]    Compiling kokoro v0.0.6 (/opt/rustwide/workdir)
[INFO] [stderr]     Finished `dev` profile [unoptimized + debuginfo] target(s) in 4.87s
[INFO] running `Command { std: "docker" "inspect" "71dd1a734088968f8c279796cc671b8643cd1d696217fe024884f6f3d23cd8ea", kill_on_drop: false }`
[INFO] running `Command { std: "docker" "rm" "-f" "71dd1a734088968f8c279796cc671b8643cd1d696217fe024884f6f3d23cd8ea", kill_on_drop: false }`
[INFO] [stdout] 71dd1a734088968f8c279796cc671b8643cd1d696217fe024884f6f3d23cd8ea
[INFO] running `Command { std: "docker" "create" "-v" "/var/lib/crater-agent-workspace/builds/worker-0-tc2/target:/opt/rustwide/target:rw,Z" "-v" "/var/lib/crater-agent-workspace/builds/worker-0-tc2/source:/opt/rustwide/workdir:ro,Z" "-v" "/var/lib/crater-agent-workspace/cargo-home:/opt/rustwide/cargo-home:ro,Z" "-v" "/var/lib/crater-agent-workspace/rustup-home:/opt/rustwide/rustup-home:ro,Z" "-e" "SOURCE_DIR=/opt/rustwide/workdir" "-e" "CARGO_TARGET_DIR=/opt/rustwide/target" "-e" "CARGO_INCREMENTAL=0" "-e" "RUST_BACKTRACE=full" "-e" "RUSTFLAGS=--cap-lints=forbid -Zrandomize-layout" "-e" "RUSTDOCFLAGS=--cap-lints=forbid" "-e" "CARGO_HOME=/opt/rustwide/cargo-home" "-e" "RUSTUP_HOME=/opt/rustwide/rustup-home" "-w" "/opt/rustwide/workdir" "-m" "1610612736" "--user" "0:0" "--network" "none" "ghcr.io/rust-lang/crates-build-env/linux@sha256:4a844ea9eb2546a2d2c7022eacef16ef2e8229c7fbb2c7d4d55a9ceca922f72d" "/opt/rustwide/cargo-home/bin/cargo" "+nightly-2024-10-28" "test" "--frozen" "--no-run" "--message-format=json", kill_on_drop: false }`
[INFO] [stdout] d6e8282f83660eacdcd7a7fe760be0c109e002b79536131f3c0739bc147263a3
[INFO] running `Command { std: "docker" "start" "-a" "d6e8282f83660eacdcd7a7fe760be0c109e002b79536131f3c0739bc147263a3", kill_on_drop: false }`
[INFO] [stderr]    Compiling kokoro v0.0.6 (/opt/rustwide/workdir)
[INFO] [stderr]     Finished `test` profile [unoptimized + debuginfo] target(s) in 0.70s
[INFO] running `Command { std: "docker" "inspect" "d6e8282f83660eacdcd7a7fe760be0c109e002b79536131f3c0739bc147263a3", kill_on_drop: false }`
[INFO] running `Command { std: "docker" "rm" "-f" "d6e8282f83660eacdcd7a7fe760be0c109e002b79536131f3c0739bc147263a3", kill_on_drop: false }`
[INFO] [stdout] d6e8282f83660eacdcd7a7fe760be0c109e002b79536131f3c0739bc147263a3
[INFO] running `Command { std: "docker" "create" "-v" "/var/lib/crater-agent-workspace/builds/worker-0-tc2/target:/opt/rustwide/target:rw,Z" "-v" "/var/lib/crater-agent-workspace/builds/worker-0-tc2/source:/opt/rustwide/workdir:ro,Z" "-v" "/var/lib/crater-agent-workspace/cargo-home:/opt/rustwide/cargo-home:ro,Z" "-v" "/var/lib/crater-agent-workspace/rustup-home:/opt/rustwide/rustup-home:ro,Z" "-e" "SOURCE_DIR=/opt/rustwide/workdir" "-e" "CARGO_TARGET_DIR=/opt/rustwide/target" "-e" "CARGO_INCREMENTAL=0" "-e" "RUST_BACKTRACE=full" "-e" "RUSTFLAGS=--cap-lints=forbid -Zrandomize-layout" "-e" "RUSTDOCFLAGS=--cap-lints=forbid" "-e" "CARGO_HOME=/opt/rustwide/cargo-home" "-e" "RUSTUP_HOME=/opt/rustwide/rustup-home" "-w" "/opt/rustwide/workdir" "-m" "1610612736" "--user" "0:0" "--network" "none" "ghcr.io/rust-lang/crates-build-env/linux@sha256:4a844ea9eb2546a2d2c7022eacef16ef2e8229c7fbb2c7d4d55a9ceca922f72d" "/opt/rustwide/cargo-home/bin/cargo" "+nightly-2024-10-28" "test" "--frozen", kill_on_drop: false }`
[INFO] [stdout] 79e6c8ee9d0b0dd37d452981b6ff5d0ff9e1dc4943a58ebf3dcad86d3d0355d2
[INFO] running `Command { std: "docker" "start" "-a" "79e6c8ee9d0b0dd37d452981b6ff5d0ff9e1dc4943a58ebf3dcad86d3d0355d2", kill_on_drop: false }`
[INFO] [stderr]     Finished `test` profile [unoptimized + debuginfo] target(s) in 0.04s
[INFO] [stderr]      Running unittests src/lib.rs (/opt/rustwide/target/debug/deps/kokoro-977f84c21d10e028)
[INFO] [stdout] 
[INFO] [stdout] running 0 tests
[INFO] [stdout] 
[INFO] [stdout] test result: ok. 0 passed; 0 failed; 0 ignored; 0 measured; 0 filtered out; finished in 0.00s
[INFO] [stdout] 
[INFO] [stderr]    Doc-tests kokoro
[INFO] [stdout] 
[INFO] [stdout] running 3 tests
[INFO] [stdout] test src/../README.md - (line 58) ... FAILED
[INFO] [stdout] test src/../README.md - (line 80) ... FAILED
[INFO] [stdout] test src/../README.md - (line 20) has been running for over 60 seconds
[ERROR] error running command: no output for 300 seconds
[INFO] running `Command { std: "docker" "inspect" "79e6c8ee9d0b0dd37d452981b6ff5d0ff9e1dc4943a58ebf3dcad86d3d0355d2", kill_on_drop: false }`
[INFO] running `Command { std: "docker" "rm" "-f" "79e6c8ee9d0b0dd37d452981b6ff5d0ff9e1dc4943a58ebf3dcad86d3d0355d2", kill_on_drop: false }`
[INFO] [stdout] 79e6c8ee9d0b0dd37d452981b6ff5d0ff9e1dc4943a58ebf3dcad86d3d0355d2
