[INFO] fetching crate kokoro-core 0.0.6...
[INFO] testing kokoro-core-0.0.6 against nightly-2024-10-28+rustflags=-Zrandomize-layout for randomize-layout
[INFO] extracting crate kokoro-core 0.0.6 into /workspace/builds/worker-4-tc2/source
[INFO] validating manifest of crates.io crate kokoro-core 0.0.6 on toolchain nightly-2024-10-28
[INFO] running `Command { std: CARGO_HOME="/workspace/cargo-home" RUSTUP_HOME="/workspace/rustup-home" "/workspace/cargo-home/bin/cargo" "+nightly-2024-10-28" "metadata" "--manifest-path" "Cargo.toml" "--no-deps", kill_on_drop: false }`
[INFO] started tweaking crates.io crate kokoro-core 0.0.6
[INFO] finished tweaking crates.io crate kokoro-core 0.0.6
[INFO] tweaked toml for crates.io crate kokoro-core 0.0.6 written to /workspace/builds/worker-4-tc2/source/Cargo.toml
[INFO] running `Command { std: CARGO_HOME="/workspace/cargo-home" RUSTUP_HOME="/workspace/rustup-home" "/workspace/cargo-home/bin/cargo" "+nightly-2024-10-28" "generate-lockfile" "--manifest-path" "Cargo.toml", kill_on_drop: false }`
[INFO] [stderr]     Updating crates.io index
[INFO] [stderr]      Locking 28 packages to latest compatible versions
[INFO] [stderr]       Adding dashmap v5.5.3 (available: v6.1.0)
[INFO] running `Command { std: CARGO_HOME="/workspace/cargo-home" RUSTUP_HOME="/workspace/rustup-home" "/workspace/cargo-home/bin/cargo" "+nightly-2024-10-28" "fetch" "--manifest-path" "Cargo.toml", kill_on_drop: false }`
[INFO] running `Command { std: "docker" "create" "-v" "/var/lib/crater-agent-workspace/builds/worker-4-tc2/target:/opt/rustwide/target:rw,Z" "-v" "/var/lib/crater-agent-workspace/builds/worker-4-tc2/source:/opt/rustwide/workdir:ro,Z" "-v" "/var/lib/crater-agent-workspace/cargo-home:/opt/rustwide/cargo-home:ro,Z" "-v" "/var/lib/crater-agent-workspace/rustup-home:/opt/rustwide/rustup-home:ro,Z" "-e" "SOURCE_DIR=/opt/rustwide/workdir" "-e" "CARGO_TARGET_DIR=/opt/rustwide/target" "-e" "CARGO_HOME=/opt/rustwide/cargo-home" "-e" "RUSTUP_HOME=/opt/rustwide/rustup-home" "-w" "/opt/rustwide/workdir" "-m" "1610612736" "--user" "0:0" "--network" "none" "ghcr.io/rust-lang/crates-build-env/linux@sha256:4a844ea9eb2546a2d2c7022eacef16ef2e8229c7fbb2c7d4d55a9ceca922f72d" "/opt/rustwide/cargo-home/bin/cargo" "+nightly-2024-10-28" "metadata" "--no-deps" "--format-version=1", kill_on_drop: false }`
[INFO] [stdout] b1b67f24e1804160d1846b4ab9489e4e1c7a6c1cd53ef33db1480099129d21e3
[INFO] running `Command { std: "docker" "start" "-a" "b1b67f24e1804160d1846b4ab9489e4e1c7a6c1cd53ef33db1480099129d21e3", kill_on_drop: false }`
[INFO] running `Command { std: "docker" "inspect" "b1b67f24e1804160d1846b4ab9489e4e1c7a6c1cd53ef33db1480099129d21e3", kill_on_drop: false }`
[INFO] running `Command { std: "docker" "rm" "-f" "b1b67f24e1804160d1846b4ab9489e4e1c7a6c1cd53ef33db1480099129d21e3", kill_on_drop: false }`
[INFO] [stdout] b1b67f24e1804160d1846b4ab9489e4e1c7a6c1cd53ef33db1480099129d21e3
[INFO] running `Command { std: "docker" "create" "-v" "/var/lib/crater-agent-workspace/builds/worker-4-tc2/target:/opt/rustwide/target:rw,Z" "-v" "/var/lib/crater-agent-workspace/builds/worker-4-tc2/source:/opt/rustwide/workdir:ro,Z" "-v" "/var/lib/crater-agent-workspace/cargo-home:/opt/rustwide/cargo-home:ro,Z" "-v" "/var/lib/crater-agent-workspace/rustup-home:/opt/rustwide/rustup-home:ro,Z" "-e" "SOURCE_DIR=/opt/rustwide/workdir" "-e" "CARGO_TARGET_DIR=/opt/rustwide/target" "-e" "CARGO_INCREMENTAL=0" "-e" "RUST_BACKTRACE=full" "-e" "RUSTFLAGS=--cap-lints=forbid -Zrandomize-layout" "-e" "RUSTDOCFLAGS=--cap-lints=forbid" "-e" "CARGO_HOME=/opt/rustwide/cargo-home" "-e" "RUSTUP_HOME=/opt/rustwide/rustup-home" "-w" "/opt/rustwide/workdir" "-m" "1610612736" "--user" "0:0" "--network" "none" "ghcr.io/rust-lang/crates-build-env/linux@sha256:4a844ea9eb2546a2d2c7022eacef16ef2e8229c7fbb2c7d4d55a9ceca922f72d" "/opt/rustwide/cargo-home/bin/cargo" "+nightly-2024-10-28" "build" "--frozen" "--message-format=json", kill_on_drop: false }`
[INFO] [stdout] fa2fc8c934ec8f44d577d0f0622f8d2eedc6352a6eae983a1988757649fba498
[INFO] running `Command { std: "docker" "start" "-a" "fa2fc8c934ec8f44d577d0f0622f8d2eedc6352a6eae983a1988757649fba498", kill_on_drop: false }`
[INFO] [stderr]    Compiling either v1.13.0
[INFO] [stderr]    Compiling hashbrown v0.14.5
[INFO] [stderr]    Compiling parking_lot_core v0.9.10
[INFO] [stderr]    Compiling rayon v1.10.0
[INFO] [stderr]    Compiling parking_lot v0.12.3
[INFO] [stderr]    Compiling dashmap v5.5.3
[INFO] [stderr]    Compiling kokoro-core v0.0.6 (/opt/rustwide/workdir)
[INFO] [stderr]     Finished `dev` profile [unoptimized + debuginfo] target(s) in 2.36s
[INFO] running `Command { std: "docker" "inspect" "fa2fc8c934ec8f44d577d0f0622f8d2eedc6352a6eae983a1988757649fba498", kill_on_drop: false }`
[INFO] running `Command { std: "docker" "rm" "-f" "fa2fc8c934ec8f44d577d0f0622f8d2eedc6352a6eae983a1988757649fba498", kill_on_drop: false }`
[INFO] [stdout] fa2fc8c934ec8f44d577d0f0622f8d2eedc6352a6eae983a1988757649fba498
[INFO] running `Command { std: "docker" "create" "-v" "/var/lib/crater-agent-workspace/builds/worker-4-tc2/target:/opt/rustwide/target:rw,Z" "-v" "/var/lib/crater-agent-workspace/builds/worker-4-tc2/source:/opt/rustwide/workdir:ro,Z" "-v" "/var/lib/crater-agent-workspace/cargo-home:/opt/rustwide/cargo-home:ro,Z" "-v" "/var/lib/crater-agent-workspace/rustup-home:/opt/rustwide/rustup-home:ro,Z" "-e" "SOURCE_DIR=/opt/rustwide/workdir" "-e" "CARGO_TARGET_DIR=/opt/rustwide/target" "-e" "CARGO_INCREMENTAL=0" "-e" "RUST_BACKTRACE=full" "-e" "RUSTFLAGS=--cap-lints=forbid -Zrandomize-layout" "-e" "RUSTDOCFLAGS=--cap-lints=forbid" "-e" "CARGO_HOME=/opt/rustwide/cargo-home" "-e" "RUSTUP_HOME=/opt/rustwide/rustup-home" "-w" "/opt/rustwide/workdir" "-m" "1610612736" "--user" "0:0" "--network" "none" "ghcr.io/rust-lang/crates-build-env/linux@sha256:4a844ea9eb2546a2d2c7022eacef16ef2e8229c7fbb2c7d4d55a9ceca922f72d" "/opt/rustwide/cargo-home/bin/cargo" "+nightly-2024-10-28" "test" "--frozen" "--no-run" "--message-format=json", kill_on_drop: false }`
[INFO] [stdout] f5df9b4d99cd34f5069eb987f84f371ba17040419c19efedad4081a84a525964
[INFO] running `Command { std: "docker" "start" "-a" "f5df9b4d99cd34f5069eb987f84f371ba17040419c19efedad4081a84a525964", kill_on_drop: false }`
[INFO] [stderr]    Compiling kokoro-core v0.0.6 (/opt/rustwide/workdir)
[INFO] [stderr]     Finished `test` profile [unoptimized + debuginfo] target(s) in 0.24s
[INFO] running `Command { std: "docker" "inspect" "f5df9b4d99cd34f5069eb987f84f371ba17040419c19efedad4081a84a525964", kill_on_drop: false }`
[INFO] running `Command { std: "docker" "rm" "-f" "f5df9b4d99cd34f5069eb987f84f371ba17040419c19efedad4081a84a525964", kill_on_drop: false }`
[INFO] [stdout] f5df9b4d99cd34f5069eb987f84f371ba17040419c19efedad4081a84a525964
[INFO] running `Command { std: "docker" "create" "-v" "/var/lib/crater-agent-workspace/builds/worker-4-tc2/target:/opt/rustwide/target:rw,Z" "-v" "/var/lib/crater-agent-workspace/builds/worker-4-tc2/source:/opt/rustwide/workdir:ro,Z" "-v" "/var/lib/crater-agent-workspace/cargo-home:/opt/rustwide/cargo-home:ro,Z" "-v" "/var/lib/crater-agent-workspace/rustup-home:/opt/rustwide/rustup-home:ro,Z" "-e" "SOURCE_DIR=/opt/rustwide/workdir" "-e" "CARGO_TARGET_DIR=/opt/rustwide/target" "-e" "CARGO_INCREMENTAL=0" "-e" "RUST_BACKTRACE=full" "-e" "RUSTFLAGS=--cap-lints=forbid -Zrandomize-layout" "-e" "RUSTDOCFLAGS=--cap-lints=forbid" "-e" "CARGO_HOME=/opt/rustwide/cargo-home" "-e" "RUSTUP_HOME=/opt/rustwide/rustup-home" "-w" "/opt/rustwide/workdir" "-m" "1610612736" "--user" "0:0" "--network" "none" "ghcr.io/rust-lang/crates-build-env/linux@sha256:4a844ea9eb2546a2d2c7022eacef16ef2e8229c7fbb2c7d4d55a9ceca922f72d" "/opt/rustwide/cargo-home/bin/cargo" "+nightly-2024-10-28" "test" "--frozen", kill_on_drop: false }`
[INFO] [stdout] e427b37fea5359676c751681d86014d36e4efdeae39ca6403a53fec8fe6f111b
[INFO] running `Command { std: "docker" "start" "-a" "e427b37fea5359676c751681d86014d36e4efdeae39ca6403a53fec8fe6f111b", kill_on_drop: false }`
[INFO] [stderr]     Finished `test` profile [unoptimized + debuginfo] target(s) in 0.02s
[INFO] [stderr]      Running unittests src/lib.rs (/opt/rustwide/target/debug/deps/kokoro_core-3f98b041b78f41e6)
[INFO] [stdout] 
[INFO] [stdout] running 0 tests
[INFO] [stdout] 
[INFO] [stdout] test result: ok. 0 passed; 0 failed; 0 ignored; 0 measured; 0 filtered out; finished in 0.00s
[INFO] [stdout] 
[INFO] [stderr]      Running tests/tests.rs (/opt/rustwide/target/debug/deps/tests-a303c11e546f2603)
[INFO] [stdout] 
[INFO] [stdout] running 1 test
[INFO] [stdout] test create_context ... ok
[INFO] [stdout] 
[INFO] [stdout] test result: ok. 1 passed; 0 failed; 0 ignored; 0 measured; 0 filtered out; finished in 0.00s
[INFO] [stdout] 
[INFO] [stderr]    Doc-tests kokoro_core
[INFO] [stdout] 
[INFO] [stdout] running 3 tests
[INFO] [stdout] test src/../README.md - (line 58) ... FAILED
[INFO] [stdout] test src/../README.md - (line 20) ... FAILED
[INFO] [stdout] test src/../README.md - (line 80) ... FAILED
[INFO] [stdout] 
[INFO] [stdout] failures:
[INFO] [stdout] 
[INFO] [stdout] ---- src/../README.md - (line 58) stdout ----
[INFO] [stdout] error[E0433]: failed to resolve: use of undeclared crate or module `kokoro`
[INFO] [stdout]  --> src/../README.md:59:5
[INFO] [stdout]   |
[INFO] [stdout] 2 | use kokoro::prelude::*;
[INFO] [stdout]   |     ^^^^^^ use of undeclared crate or module `kokoro`
[INFO] [stdout] 
[INFO] [stdout] error[E0433]: failed to resolve: use of undeclared crate or module `toml`
[INFO] [stdout]  --> src/../README.md:66:18
[INFO] [stdout]   |
[INFO] [stdout] 9 |     let config = toml::toml! {
[INFO] [stdout]   |                  ^^^^ use of undeclared crate or module `toml`
[INFO] [stdout] 
[INFO] [stdout] error[E0425]: cannot find value `content` in this scope
[INFO] [stdout]   --> src/../README.md:69:34
[INFO] [stdout]    |
[INFO] [stdout] 12 |     ctx.plugin_dynamic(dyp, Some(content.into()))?;
[INFO] [stdout]    |                                  ^^^^^^^ not found in this scope
[INFO] [stdout] 
[INFO] [stdout] error[E0425]: cannot find value `PhantomEvent` in this scope
[INFO] [stdout]   --> src/../README.md:70:17
[INFO] [stdout]    |
[INFO] [stdout] 13 |     ctx.publish(PhantomEvent);
[INFO] [stdout]    |                 ^^^^^^^^^^^^ not found in this scope
[INFO] [stdout]    |
[INFO] [stdout] help: consider importing this unit struct
[INFO] [stdout]    |
[INFO] [stdout] 2  + use kokoro_core::event::PhantomEvent;
[INFO] [stdout]    |
[INFO] [stdout] 
[INFO] [stdout] error[E0107]: enum takes 2 generic arguments but 1 generic argument was supplied
[INFO] [stdout]  --> src/../README.md:61:14
[INFO] [stdout]   |
[INFO] [stdout] 4 | fn main() -> Result<()> {
[INFO] [stdout]   |              ^^^^^^ -- supplied 1 generic argument
[INFO] [stdout]   |              |
[INFO] [stdout]   |              expected 2 generic arguments
[INFO] [stdout]   |
[INFO] [stdout] help: add missing generic argument
[INFO] [stdout]   |
[INFO] [stdout] 4 | fn main() -> Result<(), E> {
[INFO] [stdout]   |                       +++
[INFO] [stdout] 
[INFO] [stdout] error[E0425]: cannot find function `channel_ctx` in this scope
[INFO] [stdout]  --> src/../README.md:62:15
[INFO] [stdout]   |
[INFO] [stdout] 5 |     let ctx = channel_ctx();
[INFO] [stdout]   |               ^^^^^^^^^^^ not found in this scope
[INFO] [stdout] 
[INFO] [stdout] error: aborting due to 6 previous errors
[INFO] [stdout] 
[INFO] [stdout] Some errors have detailed explanations: E0107, E0425, E0433.
[INFO] [stdout] For more information about an error, try `rustc --explain E0107`.
[INFO] [stdout] Couldn't compile the test.
[INFO] [stdout] ---- src/../README.md - (line 20) stdout ----
[INFO] [stdout] error[E0433]: failed to resolve: use of undeclared crate or module `kokoro`
[INFO] [stdout]  --> src/../README.md:22:5
[INFO] [stdout]   |
[INFO] [stdout] 3 | use kokoro::prelude::*;
[INFO] [stdout]   |     ^^^^^^ use of undeclared crate or module `kokoro`
[INFO] [stdout] 
[INFO] [stdout] error: cannot find derive macro `Event` in this scope
[INFO] [stdout]   --> src/../README.md:43:10
[INFO] [stdout]    |
[INFO] [stdout] 24 | #[derive(Event)]
[INFO] [stdout]    |          ^^^^^
[INFO] [stdout] 
[INFO] [stdout] error[E0425]: cannot find function `channel_ctx` in this scope
[INFO] [stdout]  --> src/../README.md:24:15
[INFO] [stdout]   |
[INFO] [stdout] 5 |     let ctx = channel_ctx();
[INFO] [stdout]   |               ^^^^^^^^^^^ not found in this scope
[INFO] [stdout] 
[INFO] [stdout] error: aborting due to 3 previous errors
[INFO] [stdout] 
[INFO] [stdout] Some errors have detailed explanations: E0425, E0433.
[INFO] [stdout] For more information about an error, try `rustc --explain E0425`.
[INFO] [stdout] Couldn't compile the test.
[INFO] [stdout] ---- src/../README.md - (line 80) stdout ----
[INFO] [stdout] error[E0433]: failed to resolve: use of undeclared crate or module `kokoro`
[INFO] [stdout]  --> src/../README.md:81:5
[INFO] [stdout]   |
[INFO] [stdout] 3 | use kokoro::prelude::*;
[INFO] [stdout]   |     ^^^^^^ use of undeclared crate or module `kokoro`
[INFO] [stdout] 
[INFO] [stdout] error[E0433]: failed to resolve: use of undeclared crate or module `kokoro`
[INFO] [stdout]  --> src/../README.md:82:5
[INFO] [stdout]   |
[INFO] [stdout] 4 | use kokoro::dynamic_plugin::toml::Value;
[INFO] [stdout]   |     ^^^^^^ use of undeclared crate or module `kokoro`
[INFO] [stdout] 
[INFO] [stdout] error[E0432]: unresolved import `serde`
[INFO] [stdout]  --> src/../README.md:83:5
[INFO] [stdout]   |
[INFO] [stdout] 5 | use serde::Deserialize;
[INFO] [stdout]   |     ^^^^^ use of undeclared crate or module `serde`
[INFO] [stdout] 
[INFO] [stdout] error: cannot find derive macro `DynamicPlugin` in this scope
[INFO] [stdout]  --> src/../README.md:85:10
[INFO] [stdout]   |
[INFO] [stdout] 7 | #[derive(DynamicPlugin, Deserialize)]
[INFO] [stdout]   |          ^^^^^^^^^^^^^
[INFO] [stdout] 
[INFO] [stdout] error: cannot find macro `anyhow` in this scope
[INFO] [stdout]   --> src/../README.md:105:17
[INFO] [stdout]    |
[INFO] [stdout] 27 |             Err(anyhow!("Required Config"))
[INFO] [stdout]    |                 ^^^^^^
[INFO] [stdout] 
[INFO] [stdout] error[E0405]: cannot find trait `Plugin` in this scope
[INFO] [stdout]   --> src/../README.md:90:6
[INFO] [stdout]    |
[INFO] [stdout] 12 | impl Plugin for MyPlugin {
[INFO] [stdout]    |      ^^^^^^ not found in this scope
[INFO] [stdout] 
[INFO] [stdout] error[E0412]: cannot find type `MPSC` in this scope
[INFO] [stdout]   --> src/../README.md:91:17
[INFO] [stdout]    |
[INFO] [stdout] 13 |     type MODE = MPSC;
[INFO] [stdout]    |                 ^^^^ not found in this scope
[INFO] [stdout] 
[INFO] [stdout] error[E0412]: cannot find type `Context` in this scope
[INFO] [stdout]   --> src/../README.md:93:19
[INFO] [stdout]    |
[INFO] [stdout] 15 |     fn apply(ctx: Context<Self, MPSC>) -> Result<()> {
[INFO] [stdout]    |                   ^^^^^^^ not found in this scope
[INFO] [stdout]    |
[INFO] [stdout] help: consider importing one of these structs
[INFO] [stdout]    |
[INFO] [stdout] 2  + use std::task::Context;
[INFO] [stdout]    |
[INFO] [stdout] 2  + use kokoro_core::context::Context;
[INFO] [stdout]    |
[INFO] [stdout] 
[INFO] [stdout] error[E0412]: cannot find type `MPSC` in this scope
[INFO] [stdout]   --> src/../README.md:93:33
[INFO] [stdout]    |
[INFO] [stdout] 15 |     fn apply(ctx: Context<Self, MPSC>) -> Result<()> {
[INFO] [stdout]    |                                 ^^^^ not found in this scope
[INFO] [stdout]    |
[INFO] [stdout] help: you might be missing a type parameter
[INFO] [stdout]    |
[INFO] [stdout] 12 | impl<MPSC> Plugin for MyPlugin {
[INFO] [stdout]    |     ++++++
[INFO] [stdout] 
[INFO] [stdout] error[E0405]: cannot find trait `Create` in this scope
[INFO] [stdout]   --> src/../README.md:99:6
[INFO] [stdout]    |
[INFO] [stdout] 21 | impl Create for MyPlugin {
[INFO] [stdout]    |      ^^^^^^ not found in this scope
[INFO] [stdout] 
[INFO] [stdout] error[E0412]: cannot find type `Context` in this scope
[INFO] [stdout]   --> src/../README.md:110:14
[INFO] [stdout]    |
[INFO] [stdout] 32 | fn sub(ctx: &Context<MyPlugin, MPSC>) {
[INFO] [stdout]    |              ^^^^^^^ not found in this scope
[INFO] [stdout]    |
[INFO] [stdout] help: consider importing one of these structs
[INFO] [stdout]    |
[INFO] [stdout] 2  + use std::task::Context;
[INFO] [stdout]    |
[INFO] [stdout] 2  + use kokoro_core::context::Context;
[INFO] [stdout]    |
[INFO] [stdout] 
[INFO] [stdout] error[E0412]: cannot find type `MPSC` in this scope
[INFO] [stdout]   --> src/../README.md:110:32
[INFO] [stdout]    |
[INFO] [stdout] 32 | fn sub(ctx: &Context<MyPlugin, MPSC>) {
[INFO] [stdout]    |                                ^^^^ not found in this scope
[INFO] [stdout]    |
[INFO] [stdout] help: you might be missing a type parameter
[INFO] [stdout]    |
[INFO] [stdout] 32 | fn sub<MPSC>(ctx: &Context<MyPlugin, MPSC>) {
[INFO] [stdout]    |       ++++++
[INFO] [stdout] 
[INFO] [stdout] error: aborting due to 12 previous errors
[INFO] [stdout] 
[INFO] [stdout] Some errors have detailed explanations: E0405, E0412, E0432, E0433.
[INFO] [stdout] For more information about an error, try `rustc --explain E0405`.
[INFO] [stdout] Couldn't compile the test.
[INFO] [stdout] 
[INFO] [stdout] failures:
[INFO] [stdout]     src/../README.md - (line 20)
[INFO] [stdout]     src/../README.md - (line 58)
[INFO] [stdout]     src/../README.md - (line 80)
[INFO] [stdout] 
[INFO] [stdout] test result: FAILED. 0 passed; 3 failed; 0 ignored; 0 measured; 0 filtered out; finished in 0.06s
[INFO] [stdout] 
[INFO] [stderr] error: doctest failed, to rerun pass `--doc`
[INFO] running `Command { std: "docker" "inspect" "e427b37fea5359676c751681d86014d36e4efdeae39ca6403a53fec8fe6f111b", kill_on_drop: false }`
[INFO] running `Command { std: "docker" "rm" "-f" "e427b37fea5359676c751681d86014d36e4efdeae39ca6403a53fec8fe6f111b", kill_on_drop: false }`
[INFO] [stdout] e427b37fea5359676c751681d86014d36e4efdeae39ca6403a53fec8fe6f111b
