[INFO] fetching crate kmmp-structure 0.1.2...
[INFO] testing kmmp-structure-0.1.2 against nightly-2024-10-28+rustflags=-Zrandomize-layout for randomize-layout
[INFO] extracting crate kmmp-structure 0.1.2 into /workspace/builds/worker-5-tc2/source
[INFO] validating manifest of crates.io crate kmmp-structure 0.1.2 on toolchain nightly-2024-10-28
[INFO] running `Command { std: CARGO_HOME="/workspace/cargo-home" RUSTUP_HOME="/workspace/rustup-home" "/workspace/cargo-home/bin/cargo" "+nightly-2024-10-28" "metadata" "--manifest-path" "Cargo.toml" "--no-deps", kill_on_drop: false }`
[INFO] started tweaking crates.io crate kmmp-structure 0.1.2
[INFO] finished tweaking crates.io crate kmmp-structure 0.1.2
[INFO] tweaked toml for crates.io crate kmmp-structure 0.1.2 written to /workspace/builds/worker-5-tc2/source/Cargo.toml
[INFO] running `Command { std: CARGO_HOME="/workspace/cargo-home" RUSTUP_HOME="/workspace/rustup-home" "/workspace/cargo-home/bin/cargo" "+nightly-2024-10-28" "generate-lockfile" "--manifest-path" "Cargo.toml", kill_on_drop: false }`
[INFO] [stderr]     Updating crates.io index
[INFO] [stderr]      Locking 6 packages to latest compatible versions
[INFO] running `Command { std: CARGO_HOME="/workspace/cargo-home" RUSTUP_HOME="/workspace/rustup-home" "/workspace/cargo-home/bin/cargo" "+nightly-2024-10-28" "fetch" "--manifest-path" "Cargo.toml", kill_on_drop: false }`
[INFO] running `Command { std: "docker" "create" "-v" "/var/lib/crater-agent-workspace/builds/worker-5-tc2/target:/opt/rustwide/target:rw,Z" "-v" "/var/lib/crater-agent-workspace/builds/worker-5-tc2/source:/opt/rustwide/workdir:ro,Z" "-v" "/var/lib/crater-agent-workspace/cargo-home:/opt/rustwide/cargo-home:ro,Z" "-v" "/var/lib/crater-agent-workspace/rustup-home:/opt/rustwide/rustup-home:ro,Z" "-e" "SOURCE_DIR=/opt/rustwide/workdir" "-e" "CARGO_TARGET_DIR=/opt/rustwide/target" "-e" "CARGO_HOME=/opt/rustwide/cargo-home" "-e" "RUSTUP_HOME=/opt/rustwide/rustup-home" "-w" "/opt/rustwide/workdir" "-m" "1610612736" "--user" "0:0" "--network" "none" "ghcr.io/rust-lang/crates-build-env/linux@sha256:4a844ea9eb2546a2d2c7022eacef16ef2e8229c7fbb2c7d4d55a9ceca922f72d" "/opt/rustwide/cargo-home/bin/cargo" "+nightly-2024-10-28" "metadata" "--no-deps" "--format-version=1", kill_on_drop: false }`
[INFO] [stdout] 7b45abfb6d005ed4c4aaf6baa2ceb8350a25d09b308505607bc56da0a0341d9a
[INFO] running `Command { std: "docker" "start" "-a" "7b45abfb6d005ed4c4aaf6baa2ceb8350a25d09b308505607bc56da0a0341d9a", kill_on_drop: false }`
[INFO] running `Command { std: "docker" "inspect" "7b45abfb6d005ed4c4aaf6baa2ceb8350a25d09b308505607bc56da0a0341d9a", kill_on_drop: false }`
[INFO] running `Command { std: "docker" "rm" "-f" "7b45abfb6d005ed4c4aaf6baa2ceb8350a25d09b308505607bc56da0a0341d9a", kill_on_drop: false }`
[INFO] [stdout] 7b45abfb6d005ed4c4aaf6baa2ceb8350a25d09b308505607bc56da0a0341d9a
[INFO] running `Command { std: "docker" "create" "-v" "/var/lib/crater-agent-workspace/builds/worker-5-tc2/target:/opt/rustwide/target:rw,Z" "-v" "/var/lib/crater-agent-workspace/builds/worker-5-tc2/source:/opt/rustwide/workdir:ro,Z" "-v" "/var/lib/crater-agent-workspace/cargo-home:/opt/rustwide/cargo-home:ro,Z" "-v" "/var/lib/crater-agent-workspace/rustup-home:/opt/rustwide/rustup-home:ro,Z" "-e" "SOURCE_DIR=/opt/rustwide/workdir" "-e" "CARGO_TARGET_DIR=/opt/rustwide/target" "-e" "CARGO_INCREMENTAL=0" "-e" "RUST_BACKTRACE=full" "-e" "RUSTFLAGS=--cap-lints=forbid -Zrandomize-layout" "-e" "RUSTDOCFLAGS=--cap-lints=forbid" "-e" "CARGO_HOME=/opt/rustwide/cargo-home" "-e" "RUSTUP_HOME=/opt/rustwide/rustup-home" "-w" "/opt/rustwide/workdir" "-m" "1610612736" "--user" "0:0" "--network" "none" "ghcr.io/rust-lang/crates-build-env/linux@sha256:4a844ea9eb2546a2d2c7022eacef16ef2e8229c7fbb2c7d4d55a9ceca922f72d" "/opt/rustwide/cargo-home/bin/cargo" "+nightly-2024-10-28" "build" "--frozen" "--message-format=json", kill_on_drop: false }`
[INFO] [stdout] 7e503d908ed63d6542d0ed12298b378b7def4ed7b2eada58739f58c3eca74f61
[INFO] running `Command { std: "docker" "start" "-a" "7e503d908ed63d6542d0ed12298b378b7def4ed7b2eada58739f58c3eca74f61", kill_on_drop: false }`
[INFO] [stderr]    Compiling proc-macro2 v1.0.89
[INFO] [stderr]    Compiling unicode-ident v1.0.13
[INFO] [stderr]    Compiling serde v1.0.214
[INFO] [stderr]    Compiling quote v1.0.37
[INFO] [stderr]    Compiling syn v2.0.86
[INFO] [stderr]    Compiling serde_derive v1.0.214
[INFO] [stderr]    Compiling kmmp-structure v0.1.2 (/opt/rustwide/workdir)
[INFO] [stderr]     Finished `dev` profile [unoptimized + debuginfo] target(s) in 4.92s
[INFO] running `Command { std: "docker" "inspect" "7e503d908ed63d6542d0ed12298b378b7def4ed7b2eada58739f58c3eca74f61", kill_on_drop: false }`
[INFO] running `Command { std: "docker" "rm" "-f" "7e503d908ed63d6542d0ed12298b378b7def4ed7b2eada58739f58c3eca74f61", kill_on_drop: false }`
[INFO] [stdout] 7e503d908ed63d6542d0ed12298b378b7def4ed7b2eada58739f58c3eca74f61
[INFO] running `Command { std: "docker" "create" "-v" "/var/lib/crater-agent-workspace/builds/worker-5-tc2/target:/opt/rustwide/target:rw,Z" "-v" "/var/lib/crater-agent-workspace/builds/worker-5-tc2/source:/opt/rustwide/workdir:ro,Z" "-v" "/var/lib/crater-agent-workspace/cargo-home:/opt/rustwide/cargo-home:ro,Z" "-v" "/var/lib/crater-agent-workspace/rustup-home:/opt/rustwide/rustup-home:ro,Z" "-e" "SOURCE_DIR=/opt/rustwide/workdir" "-e" "CARGO_TARGET_DIR=/opt/rustwide/target" "-e" "CARGO_INCREMENTAL=0" "-e" "RUST_BACKTRACE=full" "-e" "RUSTFLAGS=--cap-lints=forbid -Zrandomize-layout" "-e" "RUSTDOCFLAGS=--cap-lints=forbid" "-e" "CARGO_HOME=/opt/rustwide/cargo-home" "-e" "RUSTUP_HOME=/opt/rustwide/rustup-home" "-w" "/opt/rustwide/workdir" "-m" "1610612736" "--user" "0:0" "--network" "none" "ghcr.io/rust-lang/crates-build-env/linux@sha256:4a844ea9eb2546a2d2c7022eacef16ef2e8229c7fbb2c7d4d55a9ceca922f72d" "/opt/rustwide/cargo-home/bin/cargo" "+nightly-2024-10-28" "test" "--frozen" "--no-run" "--message-format=json", kill_on_drop: false }`
[INFO] [stdout] 2403d541e67743385e79bb470de36bfd45b935b92e38ed8fc2b8d701087fbca5
[INFO] running `Command { std: "docker" "start" "-a" "2403d541e67743385e79bb470de36bfd45b935b92e38ed8fc2b8d701087fbca5", kill_on_drop: false }`
[INFO] [stderr]    Compiling kmmp-structure v0.1.2 (/opt/rustwide/workdir)
[INFO] [stderr]     Finished `test` profile [unoptimized + debuginfo] target(s) in 0.27s
[INFO] running `Command { std: "docker" "inspect" "2403d541e67743385e79bb470de36bfd45b935b92e38ed8fc2b8d701087fbca5", kill_on_drop: false }`
[INFO] running `Command { std: "docker" "rm" "-f" "2403d541e67743385e79bb470de36bfd45b935b92e38ed8fc2b8d701087fbca5", kill_on_drop: false }`
[INFO] [stdout] 2403d541e67743385e79bb470de36bfd45b935b92e38ed8fc2b8d701087fbca5
[INFO] running `Command { std: "docker" "create" "-v" "/var/lib/crater-agent-workspace/builds/worker-5-tc2/target:/opt/rustwide/target:rw,Z" "-v" "/var/lib/crater-agent-workspace/builds/worker-5-tc2/source:/opt/rustwide/workdir:ro,Z" "-v" "/var/lib/crater-agent-workspace/cargo-home:/opt/rustwide/cargo-home:ro,Z" "-v" "/var/lib/crater-agent-workspace/rustup-home:/opt/rustwide/rustup-home:ro,Z" "-e" "SOURCE_DIR=/opt/rustwide/workdir" "-e" "CARGO_TARGET_DIR=/opt/rustwide/target" "-e" "CARGO_INCREMENTAL=0" "-e" "RUST_BACKTRACE=full" "-e" "RUSTFLAGS=--cap-lints=forbid -Zrandomize-layout" "-e" "RUSTDOCFLAGS=--cap-lints=forbid" "-e" "CARGO_HOME=/opt/rustwide/cargo-home" "-e" "RUSTUP_HOME=/opt/rustwide/rustup-home" "-w" "/opt/rustwide/workdir" "-m" "1610612736" "--user" "0:0" "--network" "none" "ghcr.io/rust-lang/crates-build-env/linux@sha256:4a844ea9eb2546a2d2c7022eacef16ef2e8229c7fbb2c7d4d55a9ceca922f72d" "/opt/rustwide/cargo-home/bin/cargo" "+nightly-2024-10-28" "test" "--frozen", kill_on_drop: false }`
[INFO] [stdout] 62c07b6458213843d308a7602e307c15bfa073fffdd3b341c50693eac3296f79
[INFO] running `Command { std: "docker" "start" "-a" "62c07b6458213843d308a7602e307c15bfa073fffdd3b341c50693eac3296f79", kill_on_drop: false }`
[INFO] [stderr]     Finished `test` profile [unoptimized + debuginfo] target(s) in 0.01s
[INFO] [stderr]      Running unittests src/lib/mod.rs (/opt/rustwide/target/debug/deps/kmmp_structure-69b8433eb1a2f4e7)
[INFO] [stdout] 
[INFO] [stdout] running 0 tests
[INFO] [stdout] 
[INFO] [stdout] test result: ok. 0 passed; 0 failed; 0 ignored; 0 measured; 0 filtered out; finished in 0.00s
[INFO] [stdout] 
[INFO] [stderr]    Doc-tests kmmp_structure
[INFO] [stdout] 
[INFO] [stdout] running 36 tests
[INFO] [stdout] test src/lib/gradle/dependency/dependency.rs - gradle::dependency::dependency::Dependency<'a>::new (line 18) ... FAILED
[INFO] [stdout] test src/lib/gradle/dependency/dependency_type.rs - gradle::dependency::dependency_type::DependencyType::fmt (line 17) ... FAILED
[INFO] [stdout] test src/lib/gradle/dependency/dependency_identifier.rs - gradle::dependency::dependency_identifier::DependencyIdentifier<'_>::fmt (line 31) ... FAILED
[INFO] [stdout] test src/lib/gradle/gradle_file/module_gradle.rs - gradle::gradle_file::module_gradle::ModuleGradle<'_>::fmt (line 48) ... FAILED
[INFO] [stdout] test src/lib/gradle/gradle_file/module_content.rs - gradle::gradle_file::module_content::ModuleContent<'_>::fmt (line 21) ... FAILED
[INFO] [stdout] test src/lib/gradle/dependency/dependencies.rs - gradle::dependency::dependencies::Dependencies<'a>::new (line 13) ... FAILED
[INFO] [stdout] test src/lib/gradle/dependency/dependencies.rs - gradle::dependency::dependencies::Dependencies<'_>::fmt (line 36) ... FAILED
[INFO] [stdout] test src/lib/gradle/metadata/metadata.rs - gradle::metadata::metadata::Metadata<'_>::fmt (line 124) ... FAILED
[INFO] [stdout] test src/lib/gradle/gradle_file/module_gradle.rs - gradle::gradle_file::module_gradle::ModuleGradle<'a>::new (line 27) ... FAILED
[INFO] [stdout] test src/lib/gradle/gradle_file/settings_gradle.rs - gradle::gradle_file::settings_gradle::SettingsGradle<'a>::new (line 27) ... FAILED
[INFO] [stdout] test src/lib/gradle/gradle_file/settings_gradle.rs - gradle::gradle_file::settings_gradle::SettingsGradle<'_>::fmt (line 52) ... FAILED
[INFO] [stdout] test src/lib/gradle/metadata/metadata.rs - gradle::metadata::metadata::Metadata<'a>::new (line 25) ... FAILED
[INFO] [stdout] test src/lib/gradle/metadata/metadata.rs - gradle::metadata::metadata::Metadata<'a>::with_ios_deployment_target (line 69) ... FAILED
[INFO] [stdout] test src/lib/gradle/metadata/metadata.rs - gradle::metadata::metadata::Metadata<'a>::with_java_version (line 50) ... FAILED
[INFO] [stdout] test src/lib/gradle/dependency/dependency.rs - gradle::dependency::dependency::Dependency<'_>::fmt (line 34) ... FAILED
[INFO] [stdout] test src/lib/gradle/metadata/metadata.rs - gradle::metadata::metadata::Metadata<'a>::with_min_sdk (line 88) ... FAILED
[INFO] [stdout] test src/lib/gradle/metadata/metadata.rs - gradle::metadata::metadata::Metadata<'a>::with_max_sdk (line 107) ... FAILED
[INFO] [stdout] test src/lib/gradle/metadata/properties.rs - gradle::metadata::properties::GradleProperties<'a>::new (line 16) ... FAILED
[INFO] [stdout] test src/lib/gradle/metadata/properties.rs - gradle::metadata::properties::GradleProperties<'_>::fmt (line 33) ... FAILED
[INFO] [stdout] test src/lib/gradle/plugin/plugin.rs - gradle::plugin::plugin::Plugins<'a>::new (line 16) ... FAILED
[INFO] [stdout] test src/lib/gradle/plugin/plugin_indentifier.rs - gradle::plugin::plugin_indentifier::PluginIndentifier<'_>::fmt (line 79) ... FAILED
[INFO] [stdout] test src/lib/gradle/plugin/plugin.rs - gradle::plugin::plugin::Plugins<'_>::fmt (line 34) ... FAILED
[INFO] [stdout] test src/lib/gradle/plugin/plugin_indentifier.rs - gradle::plugin::plugin_indentifier::PluginIndentifier<'a>::new (line 20) ... FAILED
[INFO] [stdout] test src/lib/gradle/plugin/plugin_indentifier.rs - gradle::plugin::plugin_indentifier::PluginIndentifier<'a>::with_version (line 42) ... FAILED
[INFO] [stdout] test src/lib/gradle/plugin/plugin_indentifier.rs - gradle::plugin::plugin_indentifier::PluginIndentifier<'a>::with_apply (line 62) ... FAILED
[INFO] [stdout] test src/lib/gradle/repositories/repository_indentifier.rs - gradle::repositories::repository_indentifier::RepositoryIndentifier<'_>::fmt (line 44) ... FAILED
[INFO] [stdout] test src/lib/gradle/repositories/repository_indentifier.rs - gradle::repositories::repository_indentifier::RepositoryIndentifier<'a>::url (line 27) ... FAILED
[INFO] [stdout] test src/lib/gradle/repositories/repository_indentifier.rs - gradle::repositories::repository_indentifier::RepositoryIndentifier<'a>::new (line 14) ... FAILED
[INFO] [stdout] test src/lib/gradle/repositories/repository.rs - gradle::repositories::repository::Repositories<'a>::new (line 16) ... FAILED
[INFO] [stdout] test src/lib/gradle/repositories/repository.rs - gradle::repositories::repository::Repositories<'_>::fmt (line 35) ... FAILED
[INFO] [stdout] test src/lib/gradle/sourcesets/sets.rs - gradle::sourcesets::sets::SourceSets<'a>::new (line 16) ... FAILED
[INFO] [stdout] test src/lib/gradle/sourcesets/set.rs - gradle::sourcesets::set::SourceSet<'_>::fmt (line 60) ... FAILED
[INFO] [stdout] test src/lib/gradle/sourcesets/source_method.rs - gradle::sourcesets::source_method::SourceMethod::fmt (line 13) ... FAILED
[INFO] [stdout] test src/lib/gradle/sourcesets/sets.rs - gradle::sourcesets::sets::SourceSets<'a>::source_sets (line 27) ... FAILED
[INFO] [stdout] test src/lib/gradle/sourcesets/set.rs - gradle::sourcesets::set::SourceSet<'a>::new (line 28) ... FAILED
[INFO] [stdout] test src/lib/gradle/sourcesets/sets.rs - gradle::sourcesets::sets::SourceSets<'_>::fmt (line 41) ... FAILED
[INFO] [stdout] 
[INFO] [stdout] failures:
[INFO] [stdout] 
[INFO] [stdout] ---- src/lib/gradle/dependency/dependency.rs - gradle::dependency::dependency::Dependency<'a>::new (line 18) stdout ----
[INFO] [stdout] error[E0433]: failed to resolve: use of undeclared type `DependencyIdentifier`
[INFO] [stdout]  --> src/lib/gradle/dependency/dependency.rs:19:18
[INFO] [stdout]   |
[INFO] [stdout] 3 | let identifier = DependencyIdentifier::new("group", "version");
[INFO] [stdout]   |                  ^^^^^^^^^^^^^^^^^^^^ use of undeclared type `DependencyIdentifier`
[INFO] [stdout]   |
[INFO] [stdout] help: consider importing this struct
[INFO] [stdout]   |
[INFO] [stdout] 2 + use kmmp_structure::gradle::dependency::DependencyIdentifier;
[INFO] [stdout]   |
[INFO] [stdout] 
[INFO] [stdout] error: aborting due to 1 previous error
[INFO] [stdout] 
[INFO] [stdout] For more information about this error, try `rustc --explain E0433`.
[INFO] [stdout] Couldn't compile the test.
[INFO] [stdout] ---- src/lib/gradle/dependency/dependency_type.rs - gradle::dependency::dependency_type::DependencyType::fmt (line 17) stdout ----
[INFO] [stdout] error[E0432]: unresolved import `kmmp_structure::DependencyType`
[INFO] [stdout]  --> src/lib/gradle/dependency/dependency_type.rs:19:5
[INFO] [stdout]   |
[INFO] [stdout] 5 | use kmmp_structure::DependencyType;
[INFO] [stdout]   |     ^^^^^^^^^^^^^^^^^^^^^^^^^^^^^^ no `DependencyType` in the root
[INFO] [stdout]   |
[INFO] [stdout] help: consider importing this enum instead
[INFO] [stdout]   |
[INFO] [stdout] 5 | use kmmp_structure::gradle::dependency::DependencyType;
[INFO] [stdout]   |     ~~~~~~~~~~~~~~~~~~~~~~~~~~~~~~~~~~~~~~~~~~~~~~~~~~
[INFO] [stdout] 
[INFO] [stdout] error: aborting due to 1 previous error
[INFO] [stdout] 
[INFO] [stdout] For more information about this error, try `rustc --explain E0432`.
[INFO] [stdout] Couldn't compile the test.
[INFO] [stdout] ---- src/lib/gradle/dependency/dependency_identifier.rs - gradle::dependency::dependency_identifier::DependencyIdentifier<'_>::fmt (line 31) stdout ----
[INFO] [stdout] error[E0433]: failed to resolve: use of undeclared type `DependencyIdentifier`
[INFO] [stdout]  --> src/lib/gradle/dependency/dependency_identifier.rs:32:18
[INFO] [stdout]   |
[INFO] [stdout] 3 | let dependency = DependencyIdentifier::new("com.example", "1.0.0");
[INFO] [stdout]   |                  ^^^^^^^^^^^^^^^^^^^^ use of undeclared type `DependencyIdentifier`
[INFO] [stdout]   |
[INFO] [stdout] help: consider importing this struct
[INFO] [stdout]   |
[INFO] [stdout] 2 + use kmmp_structure::gradle::dependency::DependencyIdentifier;
[INFO] [stdout]   |
[INFO] [stdout] 
[INFO] [stdout] error: aborting due to 1 previous error
[INFO] [stdout] 
[INFO] [stdout] For more information about this error, try `rustc --explain E0433`.
[INFO] [stdout] Couldn't compile the test.
[INFO] [stdout] ---- src/lib/gradle/gradle_file/module_gradle.rs - gradle::gradle_file::module_gradle::ModuleGradle<'_>::fmt (line 48) stdout ----
[INFO] [stdout] error[E0433]: failed to resolve: use of undeclared type `Plugins`
[INFO] [stdout]  --> src/lib/gradle/gradle_file/module_gradle.rs:49:15
[INFO] [stdout]   |
[INFO] [stdout] 3 | let plugins = Plugins::new(/* plugins details */);
[INFO] [stdout]   |               ^^^^^^^ use of undeclared type `Plugins`
[INFO] [stdout]   |
[INFO] [stdout] help: consider importing this struct
[INFO] [stdout]   |
[INFO] [stdout] 2 + use kmmp_structure::gradle::plugin::Plugins;
[INFO] [stdout]   |
[INFO] [stdout] 
[INFO] [stdout] error[E0433]: failed to resolve: use of undeclared type `Metadata`
[INFO] [stdout]  --> src/lib/gradle/gradle_file/module_gradle.rs:50:16
[INFO] [stdout]   |
[INFO] [stdout] 4 | let metadata = Metadata::new(/* metadata details */);
[INFO] [stdout]   |                ^^^^^^^^ use of undeclared type `Metadata`
[INFO] [stdout]   |
[INFO] [stdout] help: consider importing one of these structs
[INFO] [stdout]   |
[INFO] [stdout] 2 + use std::fs::Metadata;
[INFO] [stdout]   |
[INFO] [stdout] 2 + use kmmp_structure::gradle::metadata::Metadata;
[INFO] [stdout]   |
[INFO] [stdout] 
[INFO] [stdout] error[E0433]: failed to resolve: use of undeclared type `ModuleContent`
[INFO] [stdout]  --> src/lib/gradle/gradle_file/module_gradle.rs:51:22
[INFO] [stdout]   |
[INFO] [stdout] 5 | let module_content = ModuleContent::SourceSets(/* source sets details */);
[INFO] [stdout]   |                      ^^^^^^^^^^^^^ use of undeclared type `ModuleContent`
[INFO] [stdout]   |
[INFO] [stdout] help: consider importing this enum
[INFO] [stdout]   |
[INFO] [stdout] 2 + use kmmp_structure::gradle::gradle_file::ModuleContent;
[INFO] [stdout]   |
[INFO] [stdout] 
[INFO] [stdout] error[E0433]: failed to resolve: use of undeclared type `ModuleGradle`
[INFO] [stdout]  --> src/lib/gradle/gradle_file/module_gradle.rs:53:21
[INFO] [stdout]   |
[INFO] [stdout] 7 | let module_gradle = ModuleGradle::new(plugins, metadata, module_content);
[INFO] [stdout]   |                     ^^^^^^^^^^^^ use of undeclared type `ModuleGradle`
[INFO] [stdout]   |
[INFO] [stdout] help: consider importing this struct
[INFO] [stdout]   |
[INFO] [stdout] 2 + use kmmp_structure::gradle::gradle_file::ModuleGradle;
[INFO] [stdout]   |
[INFO] [stdout] 
[INFO] [stdout] error: aborting due to 4 previous errors
[INFO] [stdout] 
[INFO] [stdout] For more information about this error, try `rustc --explain E0433`.
[INFO] [stdout] Couldn't compile the test.
[INFO] [stdout] ---- src/lib/gradle/gradle_file/module_content.rs - gradle::gradle_file::module_content::ModuleContent<'_>::fmt (line 21) stdout ----
[INFO] [stdout] error[E0433]: failed to resolve: use of undeclared type `SourceSets`
[INFO] [stdout]  --> src/lib/gradle/gradle_file/module_content.rs:22:19
[INFO] [stdout]   |
[INFO] [stdout] 3 | let source_sets = SourceSets::new(/* source sets details */);
[INFO] [stdout]   |                   ^^^^^^^^^^ use of undeclared type `SourceSets`
[INFO] [stdout]   |
[INFO] [stdout] help: consider importing this struct
[INFO] [stdout]   |
[INFO] [stdout] 2 + use kmmp_structure::gradle::sourcesets::SourceSets;
[INFO] [stdout]   |
[INFO] [stdout] 
[INFO] [stdout] error[E0433]: failed to resolve: use of undeclared type `Dependencies`
[INFO] [stdout]  --> src/lib/gradle/gradle_file/module_content.rs:23:20
[INFO] [stdout]   |
[INFO] [stdout] 4 | let dependencies = Dependencies::new(/* dependencies details */);
[INFO] [stdout]   |                    ^^^^^^^^^^^^ use of undeclared type `Dependencies`
[INFO] [stdout]   |
[INFO] [stdout] help: consider importing this struct
[INFO] [stdout]   |
[INFO] [stdout] 2 + use kmmp_structure::gradle::dependency::Dependencies;
[INFO] [stdout]   |
[INFO] [stdout] 
[INFO] [stdout] error[E0433]: failed to resolve: use of undeclared type `ModuleContent`
[INFO] [stdout]  --> src/lib/gradle/gradle_file/module_content.rs:25:22
[INFO] [stdout]   |
[INFO] [stdout] 6 | let module_content = ModuleContent::SourceSets(source_sets);
[INFO] [stdout]   |                      ^^^^^^^^^^^^^ use of undeclared type `ModuleContent`
[INFO] [stdout]   |
[INFO] [stdout] help: consider importing this enum
[INFO] [stdout]   |
[INFO] [stdout] 2 + use kmmp_structure::gradle::gradle_file::ModuleContent;
[INFO] [stdout]   |
[INFO] [stdout] 
[INFO] [stdout] error[E0433]: failed to resolve: use of undeclared type `ModuleContent`
[INFO] [stdout]  --> src/lib/gradle/gradle_file/module_content.rs:28:22
[INFO] [stdout]   |
[INFO] [stdout] 9 | let module_content = ModuleContent::Dependencies(dependencies);
[INFO] [stdout]   |                      ^^^^^^^^^^^^^ use of undeclared type `ModuleContent`
[INFO] [stdout]   |
[INFO] [stdout] help: consider importing this enum
[INFO] [stdout]   |
[INFO] [stdout] 2 + use kmmp_structure::gradle::gradle_file::ModuleContent;
[INFO] [stdout]   |
[INFO] [stdout] 
[INFO] [stdout] error: aborting due to 4 previous errors
[INFO] [stdout] 
[INFO] [stdout] For more information about this error, try `rustc --explain E0433`.
[INFO] [stdout] Couldn't compile the test.
[INFO] [stdout] ---- src/lib/gradle/dependency/dependencies.rs - gradle::dependency::dependencies::Dependencies<'a>::new (line 13) stdout ----
[INFO] [stdout] error[E0433]: failed to resolve: use of undeclared type `Dependency`
[INFO] [stdout]  --> src/lib/gradle/dependency/dependencies.rs:15:5
[INFO] [stdout]   |
[INFO] [stdout] 4 |     Dependency::new(/* dependency details */),
[INFO] [stdout]   |     ^^^^^^^^^^ use of undeclared type `Dependency`
[INFO] [stdout]   |
[INFO] [stdout] help: consider importing this struct
[INFO] [stdout]   |
[INFO] [stdout] 2 + use kmmp_structure::gradle::dependency::Dependency;
[INFO] [stdout]   |
[INFO] [stdout] 
[INFO] [stdout] error[E0433]: failed to resolve: use of undeclared type `Dependencies`
[INFO] [stdout]  --> src/lib/gradle/dependency/dependencies.rs:19:12
[INFO] [stdout]   |
[INFO] [stdout] 8 | let deps = Dependencies::new(&dependencies);
[INFO] [stdout]   |            ^^^^^^^^^^^^ use of undeclared type `Dependencies`
[INFO] [stdout]   |
[INFO] [stdout] help: consider importing this struct
[INFO] [stdout]   |
[INFO] [stdout] 2 + use kmmp_structure::gradle::dependency::Dependencies;
[INFO] [stdout]   |
[INFO] [stdout] 
[INFO] [stdout] error: aborting due to 2 previous errors
[INFO] [stdout] 
[INFO] [stdout] For more information about this error, try `rustc --explain E0433`.
[INFO] [stdout] Couldn't compile the test.
[INFO] [stdout] ---- src/lib/gradle/dependency/dependencies.rs - gradle::dependency::dependencies::Dependencies<'_>::fmt (line 36) stdout ----
[INFO] [stdout] error[E0433]: failed to resolve: use of undeclared type `Dependency`
[INFO] [stdout]  --> src/lib/gradle/dependency/dependencies.rs:38:5
[INFO] [stdout]   |
[INFO] [stdout] 4 |     Dependency::new(/* dependency details */),
[INFO] [stdout]   |     ^^^^^^^^^^ use of undeclared type `Dependency`
[INFO] [stdout]   |
[INFO] [stdout] help: consider importing this struct
[INFO] [stdout]   |
[INFO] [stdout] 2 + use kmmp_structure::gradle::dependency::Dependency;
[INFO] [stdout]   |
[INFO] [stdout] 
[INFO] [stdout] error[E0433]: failed to resolve: use of undeclared type `Dependencies`
[INFO] [stdout]  --> src/lib/gradle/dependency/dependencies.rs:42:12
[INFO] [stdout]   |
[INFO] [stdout] 8 | let deps = Dependencies::new(&dependencies);
[INFO] [stdout]   |            ^^^^^^^^^^^^ use of undeclared type `Dependencies`
[INFO] [stdout]   |
[INFO] [stdout] help: consider importing this struct
[INFO] [stdout]   |
[INFO] [stdout] 2 + use kmmp_structure::gradle::dependency::Dependencies;
[INFO] [stdout]   |
[INFO] [stdout] 
[INFO] [stdout] error: aborting due to 2 previous errors
[INFO] [stdout] 
[INFO] [stdout] For more information about this error, try `rustc --explain E0433`.
[INFO] [stdout] Couldn't compile the test.
[INFO] [stdout] ---- src/lib/gradle/metadata/metadata.rs - gradle::metadata::metadata::Metadata<'_>::fmt (line 124) stdout ----
[INFO] [stdout] error[E0432]: unresolved import `kmmp_structure::gradle::Metadata`
[INFO] [stdout]  --> src/lib/gradle/metadata/metadata.rs:126:5
[INFO] [stdout]   |
[INFO] [stdout] 5 | use kmmp_structure::gradle::Metadata;
[INFO] [stdout]   |     ^^^^^^^^^^^^^^^^^^^^^^^^^^^^^^^^ no `Metadata` in `gradle`
[INFO] [stdout]   |
[INFO] [stdout] help: a similar name exists in the module
[INFO] [stdout]   |
[INFO] [stdout] 5 | use kmmp_structure::gradle::metadata;
[INFO] [stdout]   |                             ~~~~~~~~
[INFO] [stdout] help: consider importing one of these structs instead
[INFO] [stdout]   |
[INFO] [stdout] 5 | use std::fs::Metadata;
[INFO] [stdout]   |     ~~~~~~~~~~~~~~~~~
[INFO] [stdout] 5 | use kmmp_structure::gradle::metadata::Metadata;
[INFO] [stdout]   |     ~~~~~~~~~~~~~~~~~~~~~~~~~~~~~~~~~~~~~~~~~~
[INFO] [stdout] 
[INFO] [stdout] error: aborting due to 1 previous error
[INFO] [stdout] 
[INFO] [stdout] For more information about this error, try `rustc --explain E0432`.
[INFO] [stdout] Couldn't compile the test.
[INFO] [stdout] ---- src/lib/gradle/gradle_file/module_gradle.rs - gradle::gradle_file::module_gradle::ModuleGradle<'a>::new (line 27) stdout ----
[INFO] [stdout] error[E0433]: failed to resolve: use of undeclared type `Plugins`
[INFO] [stdout]  --> src/lib/gradle/gradle_file/module_gradle.rs:28:15
[INFO] [stdout]   |
[INFO] [stdout] 3 | let plugins = Plugins::new(/* plugins details */);
[INFO] [stdout]   |               ^^^^^^^ use of undeclared type `Plugins`
[INFO] [stdout]   |
[INFO] [stdout] help: consider importing this struct
[INFO] [stdout]   |
[INFO] [stdout] 2 + use kmmp_structure::gradle::plugin::Plugins;
[INFO] [stdout]   |
[INFO] [stdout] 
[INFO] [stdout] error[E0433]: failed to resolve: use of undeclared type `Metadata`
[INFO] [stdout]  --> src/lib/gradle/gradle_file/module_gradle.rs:29:16
[INFO] [stdout]   |
[INFO] [stdout] 4 | let metadata = Metadata::new(/* metadata details */);
[INFO] [stdout]   |                ^^^^^^^^ use of undeclared type `Metadata`
[INFO] [stdout]   |
[INFO] [stdout] help: consider importing one of these structs
[INFO] [stdout]   |
[INFO] [stdout] 2 + use std::fs::Metadata;
[INFO] [stdout]   |
[INFO] [stdout] 2 + use kmmp_structure::gradle::metadata::Metadata;
[INFO] [stdout]   |
[INFO] [stdout] 
[INFO] [stdout] error[E0433]: failed to resolve: use of undeclared type `ModuleContent`
[INFO] [stdout]  --> src/lib/gradle/gradle_file/module_gradle.rs:30:22
[INFO] [stdout]   |
[INFO] [stdout] 5 | let module_content = ModuleContent::SourceSets(/* source sets details */);
[INFO] [stdout]   |                      ^^^^^^^^^^^^^ use of undeclared type `ModuleContent`
[INFO] [stdout]   |
[INFO] [stdout] help: consider importing this enum
[INFO] [stdout]   |
[INFO] [stdout] 2 + use kmmp_structure::gradle::gradle_file::ModuleContent;
[INFO] [stdout]   |
[INFO] [stdout] 
[INFO] [stdout] error[E0433]: failed to resolve: use of undeclared type `ModuleGradle`
[INFO] [stdout]  --> src/lib/gradle/gradle_file/module_gradle.rs:32:21
[INFO] [stdout]   |
[INFO] [stdout] 7 | let module_gradle = ModuleGradle::new(plugins, metadata, module_content);
[INFO] [stdout]   |                     ^^^^^^^^^^^^ use of undeclared type `ModuleGradle`
[INFO] [stdout]   |
[INFO] [stdout] help: consider importing this struct
[INFO] [stdout]   |
[INFO] [stdout] 2 + use kmmp_structure::gradle::gradle_file::ModuleGradle;
[INFO] [stdout]   |
[INFO] [stdout] 
[INFO] [stdout] error: aborting due to 4 previous errors
[INFO] [stdout] 
[INFO] [stdout] For more information about this error, try `rustc --explain E0433`.
[INFO] [stdout] Couldn't compile the test.
[INFO] [stdout] ---- src/lib/gradle/gradle_file/settings_gradle.rs - gradle::gradle_file::settings_gradle::SettingsGradle<'a>::new (line 27) stdout ----
[INFO] [stdout] error[E0433]: failed to resolve: use of undeclared type `Plugins`
[INFO] [stdout]  --> src/lib/gradle/gradle_file/settings_gradle.rs:28:15
[INFO] [stdout]   |
[INFO] [stdout] 3 | let plugins = Plugins::new(/* plugins details */);
[INFO] [stdout]   |               ^^^^^^^ use of undeclared type `Plugins`
[INFO] [stdout]   |
[INFO] [stdout] help: consider importing this struct
[INFO] [stdout]   |
[INFO] [stdout] 2 + use kmmp_structure::gradle::plugin::Plugins;
[INFO] [stdout]   |
[INFO] [stdout] 
[INFO] [stdout] error[E0433]: failed to resolve: use of undeclared type `Repositories`
[INFO] [stdout]  --> src/lib/gradle/gradle_file/settings_gradle.rs:29:27
[INFO] [stdout]   |
[INFO] [stdout] 4 | let plugin_repositories = Repositories::new(/* plugin repositories details */);
[INFO] [stdout]   |                           ^^^^^^^^^^^^ use of undeclared type `Repositories`
[INFO] [stdout]   |
[INFO] [stdout] help: consider importing this struct
[INFO] [stdout]   |
[INFO] [stdout] 2 + use kmmp_structure::gradle::repositories::Repositories;
[INFO] [stdout]   |
[INFO] [stdout] 
[INFO] [stdout] error[E0433]: failed to resolve: use of undeclared type `Repositories`
[INFO] [stdout]  --> src/lib/gradle/gradle_file/settings_gradle.rs:30:31
[INFO] [stdout]   |
[INFO] [stdout] 5 | let dependency_repositories = Repositories::new(/* dependency repositories details */);
[INFO] [stdout]   |                               ^^^^^^^^^^^^ use of undeclared type `Repositories`
[INFO] [stdout]   |
[INFO] [stdout] help: consider importing this struct
[INFO] [stdout]   |
[INFO] [stdout] 2 + use kmmp_structure::gradle::repositories::Repositories;
[INFO] [stdout]   |
[INFO] [stdout] 
[INFO] [stdout] error[E0433]: failed to resolve: use of undeclared type `SettingsGradle`
[INFO] [stdout]  --> src/lib/gradle/gradle_file/settings_gradle.rs:32:23
[INFO] [stdout]   |
[INFO] [stdout] 7 | let settings_gradle = SettingsGradle::new(plugins, plugin_repositories, dependency_repositories);
[INFO] [stdout]   |                       ^^^^^^^^^^^^^^ use of undeclared type `SettingsGradle`
[INFO] [stdout]   |
[INFO] [stdout] help: consider importing this struct
[INFO] [stdout]   |
[INFO] [stdout] 2 + use kmmp_structure::gradle::gradle_file::SettingsGradle;
[INFO] [stdout]   |
[INFO] [stdout] 
[INFO] [stdout] error: aborting due to 4 previous errors
[INFO] [stdout] 
[INFO] [stdout] For more information about this error, try `rustc --explain E0433`.
[INFO] [stdout] Couldn't compile the test.
[INFO] [stdout] ---- src/lib/gradle/gradle_file/settings_gradle.rs - gradle::gradle_file::settings_gradle::SettingsGradle<'_>::fmt (line 52) stdout ----
[INFO] [stdout] error[E0433]: failed to resolve: use of undeclared type `Plugins`
[INFO] [stdout]  --> src/lib/gradle/gradle_file/settings_gradle.rs:53:15
[INFO] [stdout]   |
[INFO] [stdout] 3 | let plugins = Plugins::new(/* plugins details */);
[INFO] [stdout]   |               ^^^^^^^ use of undeclared type `Plugins`
[INFO] [stdout]   |
[INFO] [stdout] help: consider importing this struct
[INFO] [stdout]   |
[INFO] [stdout] 2 + use kmmp_structure::gradle::plugin::Plugins;
[INFO] [stdout]   |
[INFO] [stdout] 
[INFO] [stdout] error[E0433]: failed to resolve: use of undeclared type `Repositories`
[INFO] [stdout]  --> src/lib/gradle/gradle_file/settings_gradle.rs:54:27
[INFO] [stdout]   |
[INFO] [stdout] 4 | let plugin_repositories = Repositories::new(/* plugin repositories details */);
[INFO] [stdout]   |                           ^^^^^^^^^^^^ use of undeclared type `Repositories`
[INFO] [stdout]   |
[INFO] [stdout] help: consider importing this struct
[INFO] [stdout]   |
[INFO] [stdout] 2 + use kmmp_structure::gradle::repositories::Repositories;
[INFO] [stdout]   |
[INFO] [stdout] 
[INFO] [stdout] error[E0433]: failed to resolve: use of undeclared type `Repositories`
[INFO] [stdout]  --> src/lib/gradle/gradle_file/settings_gradle.rs:55:31
[INFO] [stdout]   |
[INFO] [stdout] 5 | let dependency_repositories = Repositories::new(/* dependency repositories details */);
[INFO] [stdout]   |                               ^^^^^^^^^^^^ use of undeclared type `Repositories`
[INFO] [stdout]   |
[INFO] [stdout] help: consider importing this struct
[INFO] [stdout]   |
[INFO] [stdout] 2 + use kmmp_structure::gradle::repositories::Repositories;
[INFO] [stdout]   |
[INFO] [stdout] 
[INFO] [stdout] error[E0433]: failed to resolve: use of undeclared type `SettingsGradle`
[INFO] [stdout]  --> src/lib/gradle/gradle_file/settings_gradle.rs:57:23
[INFO] [stdout]   |
[INFO] [stdout] 7 | let settings_gradle = SettingsGradle::new(plugins, plugin_repositories, dependency_repositories);
[INFO] [stdout]   |                       ^^^^^^^^^^^^^^ use of undeclared type `SettingsGradle`
[INFO] [stdout]   |
[INFO] [stdout] help: consider importing this struct
[INFO] [stdout]   |
[INFO] [stdout] 2 + use kmmp_structure::gradle::gradle_file::SettingsGradle;
[INFO] [stdout]   |
[INFO] [stdout] 
[INFO] [stdout] error: aborting due to 4 previous errors
[INFO] [stdout] 
[INFO] [stdout] For more information about this error, try `rustc --explain E0433`.
[INFO] [stdout] Couldn't compile the test.
[INFO] [stdout] ---- src/lib/gradle/metadata/metadata.rs - gradle::metadata::metadata::Metadata<'a>::new (line 25) stdout ----
[INFO] [stdout] error[E0432]: unresolved import `kmmp_structure::gradle::Metadata`
[INFO] [stdout]  --> src/lib/gradle/metadata/metadata.rs:27:5
[INFO] [stdout]   |
[INFO] [stdout] 5 | use kmmp_structure::gradle::Metadata;
[INFO] [stdout]   |     ^^^^^^^^^^^^^^^^^^^^^^^^^^^^^^^^ no `Metadata` in `gradle`
[INFO] [stdout]   |
[INFO] [stdout] help: a similar name exists in the module
[INFO] [stdout]   |
[INFO] [stdout] 5 | use kmmp_structure::gradle::metadata;
[INFO] [stdout]   |                             ~~~~~~~~
[INFO] [stdout] help: consider importing one of these structs instead
[INFO] [stdout]   |
[INFO] [stdout] 5 | use std::fs::Metadata;
[INFO] [stdout]   |     ~~~~~~~~~~~~~~~~~
[INFO] [stdout] 5 | use kmmp_structure::gradle::metadata::Metadata;
[INFO] [stdout]   |     ~~~~~~~~~~~~~~~~~~~~~~~~~~~~~~~~~~~~~~~~~~
[INFO] [stdout] 
[INFO] [stdout] error: aborting due to 1 previous error
[INFO] [stdout] 
[INFO] [stdout] For more information about this error, try `rustc --explain E0432`.
[INFO] [stdout] Couldn't compile the test.
[INFO] [stdout] ---- src/lib/gradle/metadata/metadata.rs - gradle::metadata::metadata::Metadata<'a>::with_ios_deployment_target (line 69) stdout ----
[INFO] [stdout] error[E0432]: unresolved import `kmmp_structure::gradle::Metadata`
[INFO] [stdout]  --> src/lib/gradle/metadata/metadata.rs:71:5
[INFO] [stdout]   |
[INFO] [stdout] 5 | use kmmp_structure::gradle::Metadata;
[INFO] [stdout]   |     ^^^^^^^^^^^^^^^^^^^^^^^^^^^^^^^^ no `Metadata` in `gradle`
[INFO] [stdout]   |
[INFO] [stdout] help: a similar name exists in the module
[INFO] [stdout]   |
[INFO] [stdout] 5 | use kmmp_structure::gradle::metadata;
[INFO] [stdout]   |                             ~~~~~~~~
[INFO] [stdout] help: consider importing one of these structs instead
[INFO] [stdout]   |
[INFO] [stdout] 5 | use std::fs::Metadata;
[INFO] [stdout]   |     ~~~~~~~~~~~~~~~~~
[INFO] [stdout] 5 | use kmmp_structure::gradle::metadata::Metadata;
[INFO] [stdout]   |     ~~~~~~~~~~~~~~~~~~~~~~~~~~~~~~~~~~~~~~~~~~
[INFO] [stdout] 
[INFO] [stdout] error: aborting due to 1 previous error
[INFO] [stdout] 
[INFO] [stdout] For more information about this error, try `rustc --explain E0432`.
[INFO] [stdout] Couldn't compile the test.
[INFO] [stdout] ---- src/lib/gradle/metadata/metadata.rs - gradle::metadata::metadata::Metadata<'a>::with_java_version (line 50) stdout ----
[INFO] [stdout] error[E0432]: unresolved import `kmmp_structure::gradle::Metadata`
[INFO] [stdout]  --> src/lib/gradle/metadata/metadata.rs:52:5
[INFO] [stdout]   |
[INFO] [stdout] 5 | use kmmp_structure::gradle::Metadata;
[INFO] [stdout]   |     ^^^^^^^^^^^^^^^^^^^^^^^^^^^^^^^^ no `Metadata` in `gradle`
[INFO] [stdout]   |
[INFO] [stdout] help: a similar name exists in the module
[INFO] [stdout]   |
[INFO] [stdout] 5 | use kmmp_structure::gradle::metadata;
[INFO] [stdout]   |                             ~~~~~~~~
[INFO] [stdout] help: consider importing one of these structs instead
[INFO] [stdout]   |
[INFO] [stdout] 5 | use std::fs::Metadata;
[INFO] [stdout]   |     ~~~~~~~~~~~~~~~~~
[INFO] [stdout] 5 | use kmmp_structure::gradle::metadata::Metadata;
[INFO] [stdout]   |     ~~~~~~~~~~~~~~~~~~~~~~~~~~~~~~~~~~~~~~~~~~
[INFO] [stdout] 
[INFO] [stdout] error: aborting due to 1 previous error
[INFO] [stdout] 
[INFO] [stdout] For more information about this error, try `rustc --explain E0432`.
[INFO] [stdout] Couldn't compile the test.
[INFO] [stdout] ---- src/lib/gradle/dependency/dependency.rs - gradle::dependency::dependency::Dependency<'_>::fmt (line 34) stdout ----
[INFO] [stdout] Test executable failed (exit status: 101).
[INFO] [stdout] 
[INFO] [stdout] stderr:
[INFO] [stdout] thread 'main' panicked at src/lib/gradle/dependency/dependency.rs:9:1:
[INFO] [stdout] assertion `left == right` failed
[INFO] [stdout]   left: "implementation(\"group:group\")"
[INFO] [stdout]  right: "implementation(\"group:version\")"
[INFO] [stdout] stack backtrace:
[INFO] [stdout]    0:     0x57e24549f2ea - std::backtrace_rs::backtrace::libunwind::trace::h207520d6e9873551
[INFO] [stdout]                                at /rustc/df4ca44d3fbc9301ee17f30f4d474e6ae4b05252/library/std/src/../../backtrace/src/backtrace/libunwind.rs:116:5
[INFO] [stdout]    1:     0x57e24549f2ea - std::backtrace_rs::backtrace::trace_unsynchronized::h2ed7433f370e3eca
[INFO] [stdout]                                at /rustc/df4ca44d3fbc9301ee17f30f4d474e6ae4b05252/library/std/src/../../backtrace/src/backtrace/mod.rs:66:5
[INFO] [stdout]    2:     0x57e24549f2ea - std::sys::backtrace::_print_fmt::h916fac51166b18d7
[INFO] [stdout]                                at /rustc/df4ca44d3fbc9301ee17f30f4d474e6ae4b05252/library/std/src/sys/backtrace.rs:66:9
[INFO] [stdout]    3:     0x57e24549f2ea - <std::sys::backtrace::BacktraceLock::print::DisplayBacktrace as core::fmt::Display>::fmt::ha0a4c9b8ce3802e6
[INFO] [stdout]                                at /rustc/df4ca44d3fbc9301ee17f30f4d474e6ae4b05252/library/std/src/sys/backtrace.rs:39:26
[INFO] [stdout]    4:     0x57e2454bb433 - core::fmt::rt::Argument::fmt::h4cfc8587d52b3eb5
[INFO] [stdout]                                at /rustc/df4ca44d3fbc9301ee17f30f4d474e6ae4b05252/library/core/src/fmt/rt.rs:177:76
[INFO] [stdout]    5:     0x57e2454bb433 - core::fmt::write::h522cc39e5b36ae9f
[INFO] [stdout]                                at /rustc/df4ca44d3fbc9301ee17f30f4d474e6ae4b05252/library/core/src/fmt/mod.rs:1190:21
[INFO] [stdout]    6:     0x57e24549cd53 - std::io::Write::write_fmt::hf1c1dcc8cc1287f0
[INFO] [stdout]                                at /rustc/df4ca44d3fbc9301ee17f30f4d474e6ae4b05252/library/std/src/io/mod.rs:1839:15
[INFO] [stdout]    7:     0x57e24549f132 - std::sys::backtrace::BacktraceLock::print::h4b9e00b29e9c0942
[INFO] [stdout]                                at /rustc/df4ca44d3fbc9301ee17f30f4d474e6ae4b05252/library/std/src/sys/backtrace.rs:42:9
[INFO] [stdout]    8:     0x57e2454a00fc - std::panicking::default_hook::{{closure}}::hb59b88280d0324d9
[INFO] [stdout]                                at /rustc/df4ca44d3fbc9301ee17f30f4d474e6ae4b05252/library/std/src/panicking.rs:268:22
[INFO] [stdout]    9:     0x57e24549ff42 - std::panicking::default_hook::he1dd496665be4a29
[INFO] [stdout]                                at /rustc/df4ca44d3fbc9301ee17f30f4d474e6ae4b05252/library/std/src/panicking.rs:295:9
[INFO] [stdout]   10:     0x57e2454a06f7 - std::panicking::rust_panic_with_hook::h2ff17fe8f26dfcf8
[INFO] [stdout]                                at /rustc/df4ca44d3fbc9301ee17f30f4d474e6ae4b05252/library/std/src/panicking.rs:801:13
[INFO] [stdout]   11:     0x57e2454a058a - std::panicking::begin_panic_handler::{{closure}}::h4fad77951c07e101
[INFO] [stdout]                                at /rustc/df4ca44d3fbc9301ee17f30f4d474e6ae4b05252/library/std/src/panicking.rs:674:13
[INFO] [stdout]   12:     0x57e24549f7c9 - std::sys::backtrace::__rust_end_short_backtrace::hb1a25b3da5d0ea08
[INFO] [stdout]                                at /rustc/df4ca44d3fbc9301ee17f30f4d474e6ae4b05252/library/std/src/sys/backtrace.rs:170:18
[INFO] [stdout]   13:     0x57e2454a021c - rust_begin_unwind
[INFO] [stdout]                                at /rustc/df4ca44d3fbc9301ee17f30f4d474e6ae4b05252/library/std/src/panicking.rs:665:5
[INFO] [stdout]   14:     0x57e2454ba770 - core::panicking::panic_fmt::ha9db07b529f9b256
[INFO] [stdout]                                at /rustc/df4ca44d3fbc9301ee17f30f4d474e6ae4b05252/library/core/src/panicking.rs:75:14
[INFO] [stdout]   15:     0x57e2454baa62 - core::panicking::assert_failed_inner::h04f38944d74a80a8
[INFO] [stdout]   16:     0x57e24547df97 - core::panicking::assert_failed::h3ee136bcedac6e09
[INFO] [stdout]   17:     0x57e24547e1b0 - rust_out::main::_doctest_main_src_lib_gradle_dependency_dependency_rs_34_0::hdcbb378498029609
[INFO] [stdout]   18:     0x57e24547e0b6 - rust_out::main::ha213a30daa5df4da
[INFO] [stdout]   19:     0x57e24547dda3 - core::ops::function::FnOnce::call_once::hf7edf7132571051c
[INFO] [stdout]   20:     0x57e24547dd26 - std::sys::backtrace::__rust_begin_short_backtrace::h32fd822fd2ba4079
[INFO] [stdout]   21:     0x57e24547dd09 - std::rt::lang_start::{{closure}}::h4039a1c394ed4f7c
[INFO] [stdout]   22:     0x57e24549b237 - core::ops::function::impls::<impl core::ops::function::FnOnce<A> for &F>::call_once::hd87d66b906e0ccaf
[INFO] [stdout]                                at /rustc/df4ca44d3fbc9301ee17f30f4d474e6ae4b05252/library/core/src/ops/function.rs:284:13
[INFO] [stdout]   23:     0x57e24549b237 - std::panicking::try::do_call::hae3703de71fc9e3a
[INFO] [stdout]                                at /rustc/df4ca44d3fbc9301ee17f30f4d474e6ae4b05252/library/std/src/panicking.rs:557:40
[INFO] [stdout]   24:     0x57e24549b237 - std::panicking::try::h1178330e9a2b2645
[INFO] [stdout]                                at /rustc/df4ca44d3fbc9301ee17f30f4d474e6ae4b05252/library/std/src/panicking.rs:520:19
[INFO] [stdout]   25:     0x57e24549b237 - std::panic::catch_unwind::h0acf49d2305d32ad
[INFO] [stdout]                                at /rustc/df4ca44d3fbc9301ee17f30f4d474e6ae4b05252/library/std/src/panic.rs:358:14
[INFO] [stdout]   26:     0x57e24549b237 - std::rt::lang_start_internal::{{closure}}::h2d95182d798177be
[INFO] [stdout]                                at /rustc/df4ca44d3fbc9301ee17f30f4d474e6ae4b05252/library/std/src/rt.rs:174:48
[INFO] [stdout]   27:     0x57e24549b237 - std::panicking::try::do_call::hb506f5bfe11fd30c
[INFO] [stdout]                                at /rustc/df4ca44d3fbc9301ee17f30f4d474e6ae4b05252/library/std/src/panicking.rs:557:40
[INFO] [stdout]   28:     0x57e24549b237 - std::panicking::try::h54d825c46bd0fa95
[INFO] [stdout]                                at /rustc/df4ca44d3fbc9301ee17f30f4d474e6ae4b05252/library/std/src/panicking.rs:520:19
[INFO] [stdout]   29:     0x57e24549b237 - std::panic::catch_unwind::hffbb0ad20c4e9fac
[INFO] [stdout]                                at /rustc/df4ca44d3fbc9301ee17f30f4d474e6ae4b05252/library/std/src/panic.rs:358:14
[INFO] [stdout]   30:     0x57e24549b237 - std::rt::lang_start_internal::h52c291ef1962c925
[INFO] [stdout]                                at /rustc/df4ca44d3fbc9301ee17f30f4d474e6ae4b05252/library/std/src/rt.rs:174:20
[INFO] [stdout]   31:     0x57e24547dce7 - std::rt::lang_start::h8c6075cd6f225ba1
[INFO] [stdout]   32:     0x57e24547e1f5 - main
[INFO] [stdout]   33:     0x7fbf38509d90 - <unknown>
[INFO] [stdout]   34:     0x7fbf38509e40 - __libc_start_main
[INFO] [stdout]   35:     0x57e24547dbf5 - _start
[INFO] [stdout]   36:                0x0 - <unknown>
[INFO] [stdout] 
[INFO] [stdout] 
[INFO] [stdout] ---- src/lib/gradle/metadata/metadata.rs - gradle::metadata::metadata::Metadata<'a>::with_min_sdk (line 88) stdout ----
[INFO] [stdout] error[E0432]: unresolved import `kmmp_structure::gradle::Metadata`
[INFO] [stdout]  --> src/lib/gradle/metadata/metadata.rs:90:5
[INFO] [stdout]   |
[INFO] [stdout] 5 | use kmmp_structure::gradle::Metadata;
[INFO] [stdout]   |     ^^^^^^^^^^^^^^^^^^^^^^^^^^^^^^^^ no `Metadata` in `gradle`
[INFO] [stdout]   |
[INFO] [stdout] help: a similar name exists in the module
[INFO] [stdout]   |
[INFO] [stdout] 5 | use kmmp_structure::gradle::metadata;
[INFO] [stdout]   |                             ~~~~~~~~
[INFO] [stdout] help: consider importing one of these structs instead
[INFO] [stdout]   |
[INFO] [stdout] 5 | use std::fs::Metadata;
[INFO] [stdout]   |     ~~~~~~~~~~~~~~~~~
[INFO] [stdout] 5 | use kmmp_structure::gradle::metadata::Metadata;
[INFO] [stdout]   |     ~~~~~~~~~~~~~~~~~~~~~~~~~~~~~~~~~~~~~~~~~~
[INFO] [stdout] 
[INFO] [stdout] error: aborting due to 1 previous error
[INFO] [stdout] 
[INFO] [stdout] For more information about this error, try `rustc --explain E0432`.
[INFO] [stdout] Couldn't compile the test.
[INFO] [stdout] ---- src/lib/gradle/metadata/metadata.rs - gradle::metadata::metadata::Metadata<'a>::with_max_sdk (line 107) stdout ----
[INFO] [stdout] error[E0432]: unresolved import `kmmp_structure::gradle::Metadata`
[INFO] [stdout]  --> src/lib/gradle/metadata/metadata.rs:109:5
[INFO] [stdout]   |
[INFO] [stdout] 5 | use kmmp_structure::gradle::Metadata;
[INFO] [stdout]   |     ^^^^^^^^^^^^^^^^^^^^^^^^^^^^^^^^ no `Metadata` in `gradle`
[INFO] [stdout]   |
[INFO] [stdout] help: a similar name exists in the module
[INFO] [stdout]   |
[INFO] [stdout] 5 | use kmmp_structure::gradle::metadata;
[INFO] [stdout]   |                             ~~~~~~~~
[INFO] [stdout] help: consider importing one of these structs instead
[INFO] [stdout]   |
[INFO] [stdout] 5 | use std::fs::Metadata;
[INFO] [stdout]   |     ~~~~~~~~~~~~~~~~~
[INFO] [stdout] 5 | use kmmp_structure::gradle::metadata::Metadata;
[INFO] [stdout]   |     ~~~~~~~~~~~~~~~~~~~~~~~~~~~~~~~~~~~~~~~~~~
[INFO] [stdout] 
[INFO] [stdout] error: aborting due to 1 previous error
[INFO] [stdout] 
[INFO] [stdout] For more information about this error, try `rustc --explain E0432`.
[INFO] [stdout] Couldn't compile the test.
[INFO] [stdout] ---- src/lib/gradle/metadata/properties.rs - gradle::metadata::properties::GradleProperties<'a>::new (line 16) stdout ----
[INFO] [stdout] error[E0432]: unresolved import `kmmp_structure::gradle::GradleProperties`
[INFO] [stdout]  --> src/lib/gradle/metadata/properties.rs:19:5
[INFO] [stdout]   |
[INFO] [stdout] 6 | use kmmp_structure::gradle::GradleProperties;
[INFO] [stdout]   |     ^^^^^^^^^^^^^^^^^^^^^^^^^^^^^^^^^^^^^^^^ no `GradleProperties` in `gradle`
[INFO] [stdout]   |
[INFO] [stdout] help: consider importing this struct instead
[INFO] [stdout]   |
[INFO] [stdout] 6 | use kmmp_structure::gradle::metadata::GradleProperties;
[INFO] [stdout]   |     ~~~~~~~~~~~~~~~~~~~~~~~~~~~~~~~~~~~~~~~~~~~~~~~~~~
[INFO] [stdout] 
[INFO] [stdout] error: aborting due to 1 previous error
[INFO] [stdout] 
[INFO] [stdout] For more information about this error, try `rustc --explain E0432`.
[INFO] [stdout] Couldn't compile the test.
[INFO] [stdout] ---- src/lib/gradle/metadata/properties.rs - gradle::metadata::properties::GradleProperties<'_>::fmt (line 33) stdout ----
[INFO] [stdout] error[E0432]: unresolved import `kmmp_structure::gradle::GradleProperties`
[INFO] [stdout]  --> src/lib/gradle/metadata/properties.rs:36:5
[INFO] [stdout]   |
[INFO] [stdout] 6 | use kmmp_structure::gradle::GradleProperties;
[INFO] [stdout]   |     ^^^^^^^^^^^^^^^^^^^^^^^^^^^^^^^^^^^^^^^^ no `GradleProperties` in `gradle`
[INFO] [stdout]   |
[INFO] [stdout] help: consider importing this struct instead
[INFO] [stdout]   |
[INFO] [stdout] 6 | use kmmp_structure::gradle::metadata::GradleProperties;
[INFO] [stdout]   |     ~~~~~~~~~~~~~~~~~~~~~~~~~~~~~~~~~~~~~~~~~~~~~~~~~~
[INFO] [stdout] 
[INFO] [stdout] error: aborting due to 1 previous error
[INFO] [stdout] 
[INFO] [stdout] For more information about this error, try `rustc --explain E0432`.
[INFO] [stdout] Couldn't compile the test.
[INFO] [stdout] ---- src/lib/gradle/plugin/plugin.rs - gradle::plugin::plugin::Plugins<'a>::new (line 16) stdout ----
[INFO] [stdout] error[E0432]: unresolved imports `kmmp_structure::gradle::Plugins`, `kmmp_structure::gradle::PluginIndentifier`
[INFO] [stdout]  --> src/lib/gradle/plugin/plugin.rs:18:30
[INFO] [stdout]   |
[INFO] [stdout] 5 | use kmmp_structure::gradle::{Plugins, PluginIndentifier};
[INFO] [stdout]   |                              ^^^^^^^  ^^^^^^^^^^^^^^^^^ no `PluginIndentifier` in `gradle`
[INFO] [stdout]   |                              |
[INFO] [stdout]   |                              no `Plugins` in `gradle`
[INFO] [stdout]   |                              help: a similar name exists in the module: `plugin`
[INFO] [stdout]   |
[INFO] [stdout]   = help: consider importing this struct instead:
[INFO] [stdout]           kmmp_structure::gradle::plugin::Plugins
[INFO] [stdout]   = help: consider importing this struct instead:
[INFO] [stdout]           kmmp_structure::gradle::plugin::PluginIndentifier
[INFO] [stdout] 
[INFO] [stdout] error: aborting due to 1 previous error
[INFO] [stdout] 
[INFO] [stdout] For more information about this error, try `rustc --explain E0432`.
[INFO] [stdout] Couldn't compile the test.
[INFO] [stdout] ---- src/lib/gradle/plugin/plugin_indentifier.rs - gradle::plugin::plugin_indentifier::PluginIndentifier<'_>::fmt (line 79) stdout ----
[INFO] [stdout] error[E0432]: unresolved import `kmmp_structure::gradle::PluginIndentifier`
[INFO] [stdout]  --> src/lib/gradle/plugin/plugin_indentifier.rs:81:5
[INFO] [stdout]   |
[INFO] [stdout] 5 | use kmmp_structure::gradle::PluginIndentifier;
[INFO] [stdout]   |     ^^^^^^^^^^^^^^^^^^^^^^^^^^^^^^^^^^^^^^^^^ no `PluginIndentifier` in `gradle`
[INFO] [stdout]   |
[INFO] [stdout] help: consider importing this struct instead
[INFO] [stdout]   |
[INFO] [stdout] 5 | use kmmp_structure::gradle::plugin::PluginIndentifier;
[INFO] [stdout]   |     ~~~~~~~~~~~~~~~~~~~~~~~~~~~~~~~~~~~~~~~~~~~~~~~~~
[INFO] [stdout] 
[INFO] [stdout] error: aborting due to 1 previous error
[INFO] [stdout] 
[INFO] [stdout] For more information about this error, try `rustc --explain E0432`.
[INFO] [stdout] Couldn't compile the test.
[INFO] [stdout] ---- src/lib/gradle/plugin/plugin.rs - gradle::plugin::plugin::Plugins<'_>::fmt (line 34) stdout ----
[INFO] [stdout] error[E0432]: unresolved imports `kmmp_structure::gradle::Plugins`, `kmmp_structure::gradle::PluginIndentifier`
[INFO] [stdout]  --> src/lib/gradle/plugin/plugin.rs:36:30
[INFO] [stdout]   |
[INFO] [stdout] 5 | use kmmp_structure::gradle::{Plugins, PluginIndentifier};
[INFO] [stdout]   |                              ^^^^^^^  ^^^^^^^^^^^^^^^^^ no `PluginIndentifier` in `gradle`
[INFO] [stdout]   |                              |
[INFO] [stdout]   |                              no `Plugins` in `gradle`
[INFO] [stdout]   |                              help: a similar name exists in the module: `plugin`
[INFO] [stdout]   |
[INFO] [stdout]   = help: consider importing this struct instead:
[INFO] [stdout]           kmmp_structure::gradle::plugin::Plugins
[INFO] [stdout]   = help: consider importing this struct instead:
[INFO] [stdout]           kmmp_structure::gradle::plugin::PluginIndentifier
[INFO] [stdout] 
[INFO] [stdout] error: aborting due to 1 previous error
[INFO] [stdout] 
[INFO] [stdout] For more information about this error, try `rustc --explain E0432`.
[INFO] [stdout] Couldn't compile the test.
[INFO] [stdout] ---- src/lib/gradle/plugin/plugin_indentifier.rs - gradle::plugin::plugin_indentifier::PluginIndentifier<'a>::new (line 20) stdout ----
[INFO] [stdout] error[E0432]: unresolved import `kmmp_structure::gradle::PluginIndentifier`
[INFO] [stdout]  --> src/lib/gradle/plugin/plugin_indentifier.rs:22:5
[INFO] [stdout]   |
[INFO] [stdout] 5 | use kmmp_structure::gradle::PluginIndentifier;
[INFO] [stdout]   |     ^^^^^^^^^^^^^^^^^^^^^^^^^^^^^^^^^^^^^^^^^ no `PluginIndentifier` in `gradle`
[INFO] [stdout]   |
[INFO] [stdout] help: consider importing this struct instead
[INFO] [stdout]   |
[INFO] [stdout] 5 | use kmmp_structure::gradle::plugin::PluginIndentifier;
[INFO] [stdout]   |     ~~~~~~~~~~~~~~~~~~~~~~~~~~~~~~~~~~~~~~~~~~~~~~~~~
[INFO] [stdout] 
[INFO] [stdout] error: aborting due to 1 previous error
[INFO] [stdout] 
[INFO] [stdout] For more information about this error, try `rustc --explain E0432`.
[INFO] [stdout] Couldn't compile the test.
[INFO] [stdout] ---- src/lib/gradle/plugin/plugin_indentifier.rs - gradle::plugin::plugin_indentifier::PluginIndentifier<'a>::with_version (line 42) stdout ----
[INFO] [stdout] error[E0432]: unresolved import `kmmp_structure::gradle::PluginIndentifier`
[INFO] [stdout]  --> src/lib/gradle/plugin/plugin_indentifier.rs:44:5
[INFO] [stdout]   |
[INFO] [stdout] 5 | use kmmp_structure::gradle::PluginIndentifier;
[INFO] [stdout]   |     ^^^^^^^^^^^^^^^^^^^^^^^^^^^^^^^^^^^^^^^^^ no `PluginIndentifier` in `gradle`
[INFO] [stdout]   |
[INFO] [stdout] help: consider importing this struct instead
[INFO] [stdout]   |
[INFO] [stdout] 5 | use kmmp_structure::gradle::plugin::PluginIndentifier;
[INFO] [stdout]   |     ~~~~~~~~~~~~~~~~~~~~~~~~~~~~~~~~~~~~~~~~~~~~~~~~~
[INFO] [stdout] 
[INFO] [stdout] error: aborting due to 1 previous error
[INFO] [stdout] 
[INFO] [stdout] For more information about this error, try `rustc --explain E0432`.
[INFO] [stdout] Couldn't compile the test.
[INFO] [stdout] ---- src/lib/gradle/plugin/plugin_indentifier.rs - gradle::plugin::plugin_indentifier::PluginIndentifier<'a>::with_apply (line 62) stdout ----
[INFO] [stdout] error[E0432]: unresolved import `kmmp_structure::gradle::PluginIndentifier`
[INFO] [stdout]  --> src/lib/gradle/plugin/plugin_indentifier.rs:64:5
[INFO] [stdout]   |
[INFO] [stdout] 5 | use kmmp_structure::gradle::PluginIndentifier;
[INFO] [stdout]   |     ^^^^^^^^^^^^^^^^^^^^^^^^^^^^^^^^^^^^^^^^^ no `PluginIndentifier` in `gradle`
[INFO] [stdout]   |
[INFO] [stdout] help: consider importing this struct instead
[INFO] [stdout]   |
[INFO] [stdout] 5 | use kmmp_structure::gradle::plugin::PluginIndentifier;
[INFO] [stdout]   |     ~~~~~~~~~~~~~~~~~~~~~~~~~~~~~~~~~~~~~~~~~~~~~~~~~
[INFO] [stdout] 
[INFO] [stdout] error: aborting due to 1 previous error
[INFO] [stdout] 
[INFO] [stdout] For more information about this error, try `rustc --explain E0432`.
[INFO] [stdout] Couldn't compile the test.
[INFO] [stdout] ---- src/lib/gradle/repositories/repository_indentifier.rs - gradle::repositories::repository_indentifier::RepositoryIndentifier<'_>::fmt (line 44) stdout ----
[INFO] [stdout] error[E0432]: unresolved import `kmmp_structure::gradle::RepositoryIndentifier`
[INFO] [stdout]  --> src/lib/gradle/repositories/repository_indentifier.rs:46:5
[INFO] [stdout]   |
[INFO] [stdout] 5 | use kmmp_structure::gradle::RepositoryIndentifier;
[INFO] [stdout]   |     ^^^^^^^^^^^^^^^^^^^^^^^^^^^^^^^^^^^^^^^^^^^^^ no `RepositoryIndentifier` in `gradle`
[INFO] [stdout]   |
[INFO] [stdout] help: consider importing this struct instead
[INFO] [stdout]   |
[INFO] [stdout] 5 | use kmmp_structure::gradle::repositories::RepositoryIndentifier;
[INFO] [stdout]   |     ~~~~~~~~~~~~~~~~~~~~~~~~~~~~~~~~~~~~~~~~~~~~~~~~~~~~~~~~~~~
[INFO] [stdout] 
[INFO] [stdout] error: aborting due to 1 previous error
[INFO] [stdout] 
[INFO] [stdout] For more information about this error, try `rustc --explain E0432`.
[INFO] [stdout] Couldn't compile the test.
[INFO] [stdout] ---- src/lib/gradle/repositories/repository_indentifier.rs - gradle::repositories::repository_indentifier::RepositoryIndentifier<'a>::url (line 27) stdout ----
[INFO] [stdout] error[E0432]: unresolved import `kmmp_structure::gradle::RepositoryIndentifier`
[INFO] [stdout]  --> src/lib/gradle/repositories/repository_indentifier.rs:29:5
[INFO] [stdout]   |
[INFO] [stdout] 5 | use kmmp_structure::gradle::RepositoryIndentifier;
[INFO] [stdout]   |     ^^^^^^^^^^^^^^^^^^^^^^^^^^^^^^^^^^^^^^^^^^^^^ no `RepositoryIndentifier` in `gradle`
[INFO] [stdout]   |
[INFO] [stdout] help: consider importing this struct instead
[INFO] [stdout]   |
[INFO] [stdout] 5 | use kmmp_structure::gradle::repositories::RepositoryIndentifier;
[INFO] [stdout]   |     ~~~~~~~~~~~~~~~~~~~~~~~~~~~~~~~~~~~~~~~~~~~~~~~~~~~~~~~~~~~
[INFO] [stdout] 
[INFO] [stdout] error: aborting due to 1 previous error
[INFO] [stdout] 
[INFO] [stdout] For more information about this error, try `rustc --explain E0432`.
[INFO] [stdout] Couldn't compile the test.
[INFO] [stdout] ---- src/lib/gradle/repositories/repository_indentifier.rs - gradle::repositories::repository_indentifier::RepositoryIndentifier<'a>::new (line 14) stdout ----
[INFO] [stdout] error[E0432]: unresolved import `kmmp_structure::gradle::RepositoryIndentifier`
[INFO] [stdout]  --> src/lib/gradle/repositories/repository_indentifier.rs:16:5
[INFO] [stdout]   |
[INFO] [stdout] 5 | use kmmp_structure::gradle::RepositoryIndentifier;
[INFO] [stdout]   |     ^^^^^^^^^^^^^^^^^^^^^^^^^^^^^^^^^^^^^^^^^^^^^ no `RepositoryIndentifier` in `gradle`
[INFO] [stdout]   |
[INFO] [stdout] help: consider importing this struct instead
[INFO] [stdout]   |
[INFO] [stdout] 5 | use kmmp_structure::gradle::repositories::RepositoryIndentifier;
[INFO] [stdout]   |     ~~~~~~~~~~~~~~~~~~~~~~~~~~~~~~~~~~~~~~~~~~~~~~~~~~~~~~~~~~~
[INFO] [stdout] 
[INFO] [stdout] error: aborting due to 1 previous error
[INFO] [stdout] 
[INFO] [stdout] For more information about this error, try `rustc --explain E0432`.
[INFO] [stdout] Couldn't compile the test.
[INFO] [stdout] ---- src/lib/gradle/repositories/repository.rs - gradle::repositories::repository::Repositories<'a>::new (line 16) stdout ----
[INFO] [stdout] error[E0432]: unresolved imports `kmmp_structure::gradle::Repositories`, `kmmp_structure::gradle::RepositoryIndentifier`
[INFO] [stdout]  --> src/lib/gradle/repositories/repository.rs:18:30
[INFO] [stdout]   |
[INFO] [stdout] 5 | use kmmp_structure::gradle::{Repositories, RepositoryIndentifier};
[INFO] [stdout]   |                              ^^^^^^^^^^^^  ^^^^^^^^^^^^^^^^^^^^^ no `RepositoryIndentifier` in `gradle`
[INFO] [stdout]   |                              |
[INFO] [stdout]   |                              no `Repositories` in `gradle`
[INFO] [stdout]   |                              help: a similar name exists in the module: `repositories`
[INFO] [stdout]   |
[INFO] [stdout]   = help: consider importing this struct instead:
[INFO] [stdout]           kmmp_structure::gradle::repositories::Repositories
[INFO] [stdout]   = help: consider importing this struct instead:
[INFO] [stdout]           kmmp_structure::gradle::repositories::RepositoryIndentifier
[INFO] [stdout] 
[INFO] [stdout] error: aborting due to 1 previous error
[INFO] [stdout] 
[INFO] [stdout] For more information about this error, try `rustc --explain E0432`.
[INFO] [stdout] Couldn't compile the test.
[INFO] [stdout] ---- src/lib/gradle/repositories/repository.rs - gradle::repositories::repository::Repositories<'_>::fmt (line 35) stdout ----
[INFO] [stdout] error[E0432]: unresolved imports `kmmp_structure::gradle::Repositories`, `kmmp_structure::gradle::RepositoryIndentifier`
[INFO] [stdout]  --> src/lib/gradle/repositories/repository.rs:37:30
[INFO] [stdout]   |
[INFO] [stdout] 5 | use kmmp_structure::gradle::{Repositories, RepositoryIndentifier};
[INFO] [stdout]   |                              ^^^^^^^^^^^^  ^^^^^^^^^^^^^^^^^^^^^ no `RepositoryIndentifier` in `gradle`
[INFO] [stdout]   |                              |
[INFO] [stdout]   |                              no `Repositories` in `gradle`
[INFO] [stdout]   |                              help: a similar name exists in the module: `repositories`
[INFO] [stdout]   |
[INFO] [stdout]   = help: consider importing this struct instead:
[INFO] [stdout]           kmmp_structure::gradle::repositories::Repositories
[INFO] [stdout]   = help: consider importing this struct instead:
[INFO] [stdout]           kmmp_structure::gradle::repositories::RepositoryIndentifier
[INFO] [stdout] 
[INFO] [stdout] error: aborting due to 1 previous error
[INFO] [stdout] 
[INFO] [stdout] For more information about this error, try `rustc --explain E0432`.
[INFO] [stdout] Couldn't compile the test.
[INFO] [stdout] ---- src/lib/gradle/sourcesets/sets.rs - gradle::sourcesets::sets::SourceSets<'a>::new (line 16) stdout ----
[INFO] [stdout] error[E0433]: failed to resolve: use of undeclared type `SourceSets`
[INFO] [stdout]  --> src/lib/gradle/sourcesets/sets.rs:17:19
[INFO] [stdout]   |
[INFO] [stdout] 3 | let source_sets = SourceSets::new(&Vec::new());
[INFO] [stdout]   |                   ^^^^^^^^^^ use of undeclared type `SourceSets`
[INFO] [stdout]   |
[INFO] [stdout] help: consider importing this struct
[INFO] [stdout]   |
[INFO] [stdout] 2 + use kmmp_structure::gradle::sourcesets::SourceSets;
[INFO] [stdout]   |
[INFO] [stdout] 
[INFO] [stdout] error: aborting due to 1 previous error
[INFO] [stdout] 
[INFO] [stdout] For more information about this error, try `rustc --explain E0433`.
[INFO] [stdout] Couldn't compile the test.
[INFO] [stdout] ---- src/lib/gradle/sourcesets/set.rs - gradle::sourcesets::set::SourceSet<'_>::fmt (line 60) stdout ----
[INFO] [stdout] error[E0432]: unresolved import `kmmp_structure::gradle::SourceSet`
[INFO] [stdout]  --> src/lib/gradle/sourcesets/set.rs:64:5
[INFO] [stdout]   |
[INFO] [stdout] 7 |     SourceSet,
[INFO] [stdout]   |     ^^^^^^^^^
[INFO] [stdout]   |     |
[INFO] [stdout]   |     no `SourceSet` in `gradle`
[INFO] [stdout]   |     help: a similar name exists in the module: `sourcesets`
[INFO] [stdout]   |
[INFO] [stdout]   = help: consider importing this struct instead:
[INFO] [stdout]           kmmp_structure::gradle::sourcesets::SourceSet
[INFO] [stdout] 
[INFO] [stdout] error[E0308]: mismatched types
[INFO] [stdout]   --> src/lib/gradle/sourcesets/set.rs:70:38
[INFO] [stdout]    |
[INFO] [stdout] 13 | let dependencies = Dependencies::new(&Vec::new());
[INFO] [stdout]    |                    ----------------- ^^^^^^^^^^^ expected `Vec<Dependency<'_>>`, found `&Vec<_>`
[INFO] [stdout]    |                    |
[INFO] [stdout]    |                    arguments to this function are incorrect
[INFO] [stdout]    |
[INFO] [stdout]    = note: expected struct `Vec<Dependency<'_>>`
[INFO] [stdout]            found reference `&Vec<_>`
[INFO] [stdout] note: associated function defined here
[INFO] [stdout]   --> /opt/rustwide/workdir/src/lib/gradle/dependency/dependencies.rs:21:12
[INFO] [stdout]    |
[INFO] [stdout] 21 |     pub fn new(dependencies: Vec<Dependency<'a>>) -> Self {
[INFO] [stdout]    |            ^^^
[INFO] [stdout] help: consider removing the borrow
[INFO] [stdout]    |
[INFO] [stdout] 13 - let dependencies = Dependencies::new(&Vec::new());
[INFO] [stdout] 13 + let dependencies = Dependencies::new(Vec::new());
[INFO] [stdout]    |
[INFO] [stdout] 
[INFO] [stdout] error: aborting due to 2 previous errors
[INFO] [stdout] 
[INFO] [stdout] Some errors have detailed explanations: E0308, E0432.
[INFO] [stdout] For more information about an error, try `rustc --explain E0308`.
[INFO] [stdout] Couldn't compile the test.
[INFO] [stdout] ---- src/lib/gradle/sourcesets/source_method.rs - gradle::sourcesets::source_method::SourceMethod::fmt (line 13) stdout ----
[INFO] [stdout] error[E0432]: unresolved import `kmmp_structure::gradle::SourceMethod`
[INFO] [stdout]  --> src/lib/gradle/sourcesets/source_method.rs:15:5
[INFO] [stdout]   |
[INFO] [stdout] 5 | use kmmp_structure::gradle::SourceMethod;
[INFO] [stdout]   |     ^^^^^^^^^^^^^^^^^^^^^^^^^^^^^^^^^^^^ no `SourceMethod` in `gradle`
[INFO] [stdout]   |
[INFO] [stdout] help: consider importing this enum instead
[INFO] [stdout]   |
[INFO] [stdout] 5 | use kmmp_structure::gradle::sourcesets::SourceMethod;
[INFO] [stdout]   |     ~~~~~~~~~~~~~~~~~~~~~~~~~~~~~~~~~~~~~~~~~~~~~~~~
[INFO] [stdout] 
[INFO] [stdout] error: aborting due to 1 previous error
[INFO] [stdout] 
[INFO] [stdout] For more information about this error, try `rustc --explain E0432`.
[INFO] [stdout] Couldn't compile the test.
[INFO] [stdout] ---- src/lib/gradle/sourcesets/sets.rs - gradle::sourcesets::sets::SourceSets<'a>::source_sets (line 27) stdout ----
[INFO] [stdout] error[E0433]: failed to resolve: use of undeclared type `SourceSets`
[INFO] [stdout]  --> src/lib/gradle/sourcesets/sets.rs:28:19
[INFO] [stdout]   |
[INFO] [stdout] 3 | let source_sets = SourceSets::new(&Vec::new());
[INFO] [stdout]   |                   ^^^^^^^^^^ use of undeclared type `SourceSets`
[INFO] [stdout]   |
[INFO] [stdout] help: consider importing this struct
[INFO] [stdout]   |
[INFO] [stdout] 2 + use kmmp_structure::gradle::sourcesets::SourceSets;
[INFO] [stdout]   |
[INFO] [stdout] 
[INFO] [stdout] error: aborting due to 1 previous error
[INFO] [stdout] 
[INFO] [stdout] For more information about this error, try `rustc --explain E0433`.
[INFO] [stdout] Couldn't compile the test.
[INFO] [stdout] ---- src/lib/gradle/sourcesets/set.rs - gradle::sourcesets::set::SourceSet<'a>::new (line 28) stdout ----
[INFO] [stdout] error[E0432]: unresolved import `kmmp_structure::gradle::SourceSet`
[INFO] [stdout]  --> src/lib/gradle/sourcesets/set.rs:32:5
[INFO] [stdout]   |
[INFO] [stdout] 7 |     SourceSet,
[INFO] [stdout]   |     ^^^^^^^^^
[INFO] [stdout]   |     |
[INFO] [stdout]   |     no `SourceSet` in `gradle`
[INFO] [stdout]   |     help: a similar name exists in the module: `sourcesets`
[INFO] [stdout]   |
[INFO] [stdout]   = help: consider importing this struct instead:
[INFO] [stdout]           kmmp_structure::gradle::sourcesets::SourceSet
[INFO] [stdout] 
[INFO] [stdout] error[E0308]: mismatched types
[INFO] [stdout]   --> src/lib/gradle/sourcesets/set.rs:38:38
[INFO] [stdout]    |
[INFO] [stdout] 13 | let dependencies = Dependencies::new(&Vec::new());
[INFO] [stdout]    |                    ----------------- ^^^^^^^^^^^ expected `Vec<Dependency<'_>>`, found `&Vec<_>`
[INFO] [stdout]    |                    |
[INFO] [stdout]    |                    arguments to this function are incorrect
[INFO] [stdout]    |
[INFO] [stdout]    = note: expected struct `Vec<Dependency<'_>>`
[INFO] [stdout]            found reference `&Vec<_>`
[INFO] [stdout] note: associated function defined here
[INFO] [stdout]   --> /opt/rustwide/workdir/src/lib/gradle/dependency/dependencies.rs:21:12
[INFO] [stdout]    |
[INFO] [stdout] 21 |     pub fn new(dependencies: Vec<Dependency<'a>>) -> Self {
[INFO] [stdout]    |            ^^^
[INFO] [stdout] help: consider removing the borrow
[INFO] [stdout]    |
[INFO] [stdout] 13 - let dependencies = Dependencies::new(&Vec::new());
[INFO] [stdout] 13 + let dependencies = Dependencies::new(Vec::new());
[INFO] [stdout]    |
[INFO] [stdout] 
[INFO] [stdout] error[E0599]: no variant or associated item named `Kotlin` found for enum `SourceMethod` in the current scope
[INFO] [stdout]   --> src/lib/gradle/sourcesets/set.rs:39:55
[INFO] [stdout]    |
[INFO] [stdout] 14 | let source_set = SourceSet::new("main", SourceMethod::Kotlin, &depends_on, dependencies);
[INFO] [stdout]    |                                                       ^^^^^^ variant or associated item not found in `SourceMethod`
[INFO] [stdout] 
[INFO] [stdout] error: aborting due to 3 previous errors
[INFO] [stdout] 
[INFO] [stdout] Some errors have detailed explanations: E0308, E0432, E0599.
[INFO] [stdout] For more information about an error, try `rustc --explain E0308`.
[INFO] [stdout] Couldn't compile the test.
[INFO] [stdout] ---- src/lib/gradle/sourcesets/sets.rs - gradle::sourcesets::sets::SourceSets<'_>::fmt (line 41) stdout ----
[INFO] [stdout] error[E0432]: unresolved imports `kmmp_structure::gradle::SourceSet`, `kmmp_structure::gradle::SourceSets`
[INFO] [stdout]  --> src/lib/gradle/sourcesets/sets.rs:44:5
[INFO] [stdout]   |
[INFO] [stdout] 6 |     SourceSet,
[INFO] [stdout]   |     ^^^^^^^^^ no `SourceSet` in `gradle`
[INFO] [stdout] 7 |     sourcesets::SourceMethod,
[INFO] [stdout] 8 |     SourceSets
[INFO] [stdout]   |     ^^^^^^^^^^ no `SourceSets` in `gradle`
[INFO] [stdout]   |
[INFO] [stdout]   = help: consider importing this struct instead:
[INFO] [stdout]           kmmp_structure::gradle::sourcesets::SourceSet
[INFO] [stdout]   = help: consider importing one of these items instead:
[INFO] [stdout]           kmmp_structure::gradle::gradle_file::ModuleContent::SourceSets
[INFO] [stdout]           kmmp_structure::gradle::sourcesets::SourceSets
[INFO] [stdout] help: a similar name exists in the module
[INFO] [stdout]   |
[INFO] [stdout] 6 |     sourcesets,
[INFO] [stdout]   |     ~~~~~~~~~~
[INFO] [stdout] help: a similar name exists in the module (notice the capitalization difference)
[INFO] [stdout]   |
[INFO] [stdout] 8 |     sourcesets
[INFO] [stdout]   |
[INFO] [stdout] 
[INFO] [stdout] error[E0433]: failed to resolve: use of undeclared type `HashMap`
[INFO] [stdout]   --> src/lib/gradle/sourcesets/sets.rs:49:64
[INFO] [stdout]    |
[INFO] [stdout] 11 | let source_set = SourceSet::new("main", SourceMethod::Kotlin, &HashMap::new(), Dependencies::new(&Vec::new()));
[INFO] [stdout]    |                                                                ^^^^^^^ use of undeclared type `HashMap`
[INFO] [stdout]    |
[INFO] [stdout] help: consider importing this struct
[INFO] [stdout]    |
[INFO] [stdout] 2  + use std::collections::HashMap;
[INFO] [stdout]    |
[INFO] [stdout] 
[INFO] [stdout] error[E0433]: failed to resolve: use of undeclared type `Dependencies`
[INFO] [stdout]   --> src/lib/gradle/sourcesets/sets.rs:49:80
[INFO] [stdout]    |
[INFO] [stdout] 11 | let source_set = SourceSet::new("main", SourceMethod::Kotlin, &HashMap::new(), Dependencies::new(&Vec::new()));
[INFO] [stdout]    |                                                                                ^^^^^^^^^^^^ use of undeclared type `Dependencies`
[INFO] [stdout]    |
[INFO] [stdout] help: consider importing this struct
[INFO] [stdout]    |
[INFO] [stdout] 2  + use kmmp_structure::gradle::dependency::Dependencies;
[INFO] [stdout]    |
[INFO] [stdout] 
[INFO] [stdout] error[E0599]: no variant or associated item named `Kotlin` found for enum `SourceMethod` in the current scope
[INFO] [stdout]   --> src/lib/gradle/sourcesets/sets.rs:49:55
[INFO] [stdout]    |
[INFO] [stdout] 11 | let source_set = SourceSet::new("main", SourceMethod::Kotlin, &HashMap::new(), Dependencies::new(&Vec::new()));
[INFO] [stdout]    |                                                       ^^^^^^ variant or associated item not found in `SourceMethod`
[INFO] [stdout] 
[INFO] [stdout] error: aborting due to 4 previous errors
[INFO] [stdout] 
[INFO] [stdout] Some errors have detailed explanations: E0432, E0433, E0599.
[INFO] [stdout] For more information about an error, try `rustc --explain E0432`.
[INFO] [stdout] Couldn't compile the test.
[INFO] [stdout] 
[INFO] [stdout] failures:
[INFO] [stdout]     src/lib/gradle/dependency/dependencies.rs - gradle::dependency::dependencies::Dependencies<'_>::fmt (line 36)
[INFO] [stdout]     src/lib/gradle/dependency/dependencies.rs - gradle::dependency::dependencies::Dependencies<'a>::new (line 13)
[INFO] [stdout]     src/lib/gradle/dependency/dependency.rs - gradle::dependency::dependency::Dependency<'_>::fmt (line 34)
[INFO] [stdout]     src/lib/gradle/dependency/dependency.rs - gradle::dependency::dependency::Dependency<'a>::new (line 18)
[INFO] [stdout]     src/lib/gradle/dependency/dependency_identifier.rs - gradle::dependency::dependency_identifier::DependencyIdentifier<'_>::fmt (line 31)
[INFO] [stdout]     src/lib/gradle/dependency/dependency_type.rs - gradle::dependency::dependency_type::DependencyType::fmt (line 17)
[INFO] [stdout]     src/lib/gradle/gradle_file/module_content.rs - gradle::gradle_file::module_content::ModuleContent<'_>::fmt (line 21)
[INFO] [stdout]     src/lib/gradle/gradle_file/module_gradle.rs - gradle::gradle_file::module_gradle::ModuleGradle<'_>::fmt (line 48)
[INFO] [stdout]     src/lib/gradle/gradle_file/module_gradle.rs - gradle::gradle_file::module_gradle::ModuleGradle<'a>::new (line 27)
[INFO] [stdout]     src/lib/gradle/gradle_file/settings_gradle.rs - gradle::gradle_file::settings_gradle::SettingsGradle<'_>::fmt (line 52)
[INFO] [stdout]     src/lib/gradle/gradle_file/settings_gradle.rs - gradle::gradle_file::settings_gradle::SettingsGradle<'a>::new (line 27)
[INFO] [stdout]     src/lib/gradle/metadata/metadata.rs - gradle::metadata::metadata::Metadata<'_>::fmt (line 124)
[INFO] [stdout]     src/lib/gradle/metadata/metadata.rs - gradle::metadata::metadata::Metadata<'a>::new (line 25)
[INFO] [stdout]     src/lib/gradle/metadata/metadata.rs - gradle::metadata::metadata::Metadata<'a>::with_ios_deployment_target (line 69)
[INFO] [stdout]     src/lib/gradle/metadata/metadata.rs - gradle::metadata::metadata::Metadata<'a>::with_java_version (line 50)
[INFO] [stdout]     src/lib/gradle/metadata/metadata.rs - gradle::metadata::metadata::Metadata<'a>::with_max_sdk (line 107)
[INFO] [stdout]     src/lib/gradle/metadata/metadata.rs - gradle::metadata::metadata::Metadata<'a>::with_min_sdk (line 88)
[INFO] [stdout]     src/lib/gradle/metadata/properties.rs - gradle::metadata::properties::GradleProperties<'_>::fmt (line 33)
[INFO] [stdout]     src/lib/gradle/metadata/properties.rs - gradle::metadata::properties::GradleProperties<'a>::new (line 16)
[INFO] [stdout]     src/lib/gradle/plugin/plugin.rs - gradle::plugin::plugin::Plugins<'_>::fmt (line 34)
[INFO] [stdout]     src/lib/gradle/plugin/plugin.rs - gradle::plugin::plugin::Plugins<'a>::new (line 16)
[INFO] [stdout]     src/lib/gradle/plugin/plugin_indentifier.rs - gradle::plugin::plugin_indentifier::PluginIndentifier<'_>::fmt (line 79)
[INFO] [stdout]     src/lib/gradle/plugin/plugin_indentifier.rs - gradle::plugin::plugin_indentifier::PluginIndentifier<'a>::new (line 20)
[INFO] [stdout]     src/lib/gradle/plugin/plugin_indentifier.rs - gradle::plugin::plugin_indentifier::PluginIndentifier<'a>::with_apply (line 62)
[INFO] [stdout]     src/lib/gradle/plugin/plugin_indentifier.rs - gradle::plugin::plugin_indentifier::PluginIndentifier<'a>::with_version (line 42)
[INFO] [stdout]     src/lib/gradle/repositories/repository.rs - gradle::repositories::repository::Repositories<'_>::fmt (line 35)
[INFO] [stdout]     src/lib/gradle/repositories/repository.rs - gradle::repositories::repository::Repositories<'a>::new (line 16)
[INFO] [stdout]     src/lib/gradle/repositories/repository_indentifier.rs - gradle::repositories::repository_indentifier::RepositoryIndentifier<'_>::fmt (line 44)
[INFO] [stdout]     src/lib/gradle/repositories/repository_indentifier.rs - gradle::repositories::repository_indentifier::RepositoryIndentifier<'a>::new (line 14)
[INFO] [stdout]     src/lib/gradle/repositories/repository_indentifier.rs - gradle::repositories::repository_indentifier::RepositoryIndentifier<'a>::url (line 27)
[INFO] [stdout]     src/lib/gradle/sourcesets/set.rs - gradle::sourcesets::set::SourceSet<'_>::fmt (line 60)
[INFO] [stdout]     src/lib/gradle/sourcesets/set.rs - gradle::sourcesets::set::SourceSet<'a>::new (line 28)
[INFO] [stdout]     src/lib/gradle/sourcesets/sets.rs - gradle::sourcesets::sets::SourceSets<'_>::fmt (line 41)
[INFO] [stdout]     src/lib/gradle/sourcesets/sets.rs - gradle::sourcesets::sets::SourceSets<'a>::new (line 16)
[INFO] [stdout]     src/lib/gradle/sourcesets/sets.rs - gradle::sourcesets::sets::SourceSets<'a>::source_sets (line 27)
[INFO] [stdout]     src/lib/gradle/sourcesets/source_method.rs - gradle::sourcesets::source_method::SourceMethod::fmt (line 13)
[INFO] [stdout] 
[INFO] [stdout] test result: FAILED. 0 passed; 36 failed; 0 ignored; 0 measured; 0 filtered out; finished in 0.23s
[INFO] [stdout] 
[INFO] [stderr] error: doctest failed, to rerun pass `--doc`
[INFO] running `Command { std: "docker" "inspect" "62c07b6458213843d308a7602e307c15bfa073fffdd3b341c50693eac3296f79", kill_on_drop: false }`
[INFO] running `Command { std: "docker" "rm" "-f" "62c07b6458213843d308a7602e307c15bfa073fffdd3b341c50693eac3296f79", kill_on_drop: false }`
[INFO] [stdout] 62c07b6458213843d308a7602e307c15bfa073fffdd3b341c50693eac3296f79
