[INFO] fetching crate klever-sc-scenario 0.43.3...
[INFO] testing klever-sc-scenario-0.43.3 against nightly-2024-10-28 for randomize-layout
[INFO] extracting crate klever-sc-scenario 0.43.3 into /workspace/builds/worker-0-tc1/source
[INFO] validating manifest of crates.io crate klever-sc-scenario 0.43.3 on toolchain nightly-2024-10-28
[INFO] running `Command { std: CARGO_HOME="/workspace/cargo-home" RUSTUP_HOME="/workspace/rustup-home" "/workspace/cargo-home/bin/cargo" "+nightly-2024-10-28" "metadata" "--manifest-path" "Cargo.toml" "--no-deps", kill_on_drop: false }`
[INFO] started tweaking crates.io crate klever-sc-scenario 0.43.3
[INFO] finished tweaking crates.io crate klever-sc-scenario 0.43.3
[INFO] tweaked toml for crates.io crate klever-sc-scenario 0.43.3 written to /workspace/builds/worker-0-tc1/source/Cargo.toml
[INFO] crate crates.io crate klever-sc-scenario 0.43.3 already has a lockfile, it will not be regenerated
[INFO] running `Command { std: CARGO_HOME="/workspace/cargo-home" RUSTUP_HOME="/workspace/rustup-home" "/workspace/cargo-home/bin/cargo" "+nightly-2024-10-28" "fetch" "--manifest-path" "Cargo.toml", kill_on_drop: false }`
[INFO] [stderr]     Updating crates.io index
[INFO] [stderr]  Downloading crates ...
[INFO] [stderr]   Downloaded keccak v0.1.4
[INFO] [stderr]   Downloaded klever-sc-codec-derive v0.18.1
[INFO] [stderr]   Downloaded rand_seeder v0.2.3
[INFO] [stderr]   Downloaded klever-chain-vm-executor v0.2.0
[INFO] [stderr]   Downloaded anstyle-wincon v2.1.0
[INFO] [stderr]   Downloaded anstream v0.5.0
[INFO] [stderr]   Downloaded klever-chain-scenario-format v0.20.0
[INFO] [stderr]   Downloaded klever-sc-derive v0.43.3
[INFO] [stderr]   Downloaded klever-chain-vm v0.5.2
[INFO] [stderr]   Downloaded klever-sc-meta v0.43.3
[INFO] [stderr]   Downloaded serde v1.0.186
[INFO] [stderr]   Downloaded klever-vm-sdk v0.2.0
[INFO] [stderr]   Downloaded serde_derive v1.0.186
[INFO] [stderr]   Downloaded time v0.3.27
[INFO] [stderr]   Downloaded klever-sc v0.43.3
[INFO] [stderr]   Downloaded clap_builder v4.4.0
[INFO] [stderr]   Downloaded object v0.32.0
[INFO] [stderr]   Downloaded klever-sc-codec v0.18.1
[INFO] [stderr]   Downloaded clap v4.4.0
[INFO] [stderr]   Downloaded openssl v0.10.56
[INFO] [stderr]   Downloaded openssl-sys v0.9.91
[INFO] [stderr]   Downloaded clap_derive v4.4.0
[INFO] [stderr]   Downloaded anstyle v1.0.2
[INFO] [stderr]   Downloaded ruplacer v0.8.1
[INFO] [stderr]   Downloaded zstd-sys v2.0.8+zstd.1.5.5
[INFO] running `Command { std: "docker" "create" "-v" "/var/lib/crater-agent-workspace/builds/worker-0-tc1/target:/opt/rustwide/target:rw,Z" "-v" "/var/lib/crater-agent-workspace/builds/worker-0-tc1/source:/opt/rustwide/workdir:ro,Z" "-v" "/var/lib/crater-agent-workspace/cargo-home:/opt/rustwide/cargo-home:ro,Z" "-v" "/var/lib/crater-agent-workspace/rustup-home:/opt/rustwide/rustup-home:ro,Z" "-e" "SOURCE_DIR=/opt/rustwide/workdir" "-e" "CARGO_TARGET_DIR=/opt/rustwide/target" "-e" "CARGO_HOME=/opt/rustwide/cargo-home" "-e" "RUSTUP_HOME=/opt/rustwide/rustup-home" "-w" "/opt/rustwide/workdir" "-m" "1610612736" "--user" "0:0" "--network" "none" "ghcr.io/rust-lang/crates-build-env/linux@sha256:4a844ea9eb2546a2d2c7022eacef16ef2e8229c7fbb2c7d4d55a9ceca922f72d" "/opt/rustwide/cargo-home/bin/cargo" "+nightly-2024-10-28" "metadata" "--no-deps" "--format-version=1", kill_on_drop: false }`
[INFO] [stdout] 72dee27076a8a44f857e57dc9894d5215b7fdbcba709dcff4f7c09c0dcf41dff
[INFO] running `Command { std: "docker" "start" "-a" "72dee27076a8a44f857e57dc9894d5215b7fdbcba709dcff4f7c09c0dcf41dff", kill_on_drop: false }`
[INFO] running `Command { std: "docker" "inspect" "72dee27076a8a44f857e57dc9894d5215b7fdbcba709dcff4f7c09c0dcf41dff", kill_on_drop: false }`
[INFO] running `Command { std: "docker" "rm" "-f" "72dee27076a8a44f857e57dc9894d5215b7fdbcba709dcff4f7c09c0dcf41dff", kill_on_drop: false }`
[INFO] [stdout] 72dee27076a8a44f857e57dc9894d5215b7fdbcba709dcff4f7c09c0dcf41dff
[INFO] running `Command { std: "docker" "create" "-v" "/var/lib/crater-agent-workspace/builds/worker-0-tc1/target:/opt/rustwide/target:rw,Z" "-v" "/var/lib/crater-agent-workspace/builds/worker-0-tc1/source:/opt/rustwide/workdir:ro,Z" "-v" "/var/lib/crater-agent-workspace/cargo-home:/opt/rustwide/cargo-home:ro,Z" "-v" "/var/lib/crater-agent-workspace/rustup-home:/opt/rustwide/rustup-home:ro,Z" "-e" "SOURCE_DIR=/opt/rustwide/workdir" "-e" "CARGO_TARGET_DIR=/opt/rustwide/target" "-e" "CARGO_INCREMENTAL=0" "-e" "RUST_BACKTRACE=full" "-e" "RUSTFLAGS=--cap-lints=forbid" "-e" "RUSTDOCFLAGS=--cap-lints=forbid" "-e" "CARGO_HOME=/opt/rustwide/cargo-home" "-e" "RUSTUP_HOME=/opt/rustwide/rustup-home" "-w" "/opt/rustwide/workdir" "-m" "1610612736" "--user" "0:0" "--network" "none" "ghcr.io/rust-lang/crates-build-env/linux@sha256:4a844ea9eb2546a2d2c7022eacef16ef2e8229c7fbb2c7d4d55a9ceca922f72d" "/opt/rustwide/cargo-home/bin/cargo" "+nightly-2024-10-28" "build" "--frozen" "--message-format=json", kill_on_drop: false }`
[INFO] [stdout] 3e5778e0c1e631901bc8f286ed9cbef88db473cb5835b2089362d942b2664376
[INFO] running `Command { std: "docker" "start" "-a" "3e5778e0c1e631901bc8f286ed9cbef88db473cb5835b2089362d942b2664376", kill_on_drop: false }`
[INFO] [stderr]    Compiling libc v0.2.147
[INFO] [stderr]    Compiling proc-macro2 v1.0.66
[INFO] [stderr]    Compiling unicode-ident v1.0.11
[INFO] [stderr]    Compiling autocfg v1.1.0
[INFO] [stderr]    Compiling version_check v0.9.4
[INFO] [stderr]    Compiling typenum v1.16.0
[INFO] [stderr]    Compiling pkg-config v0.3.27
[INFO] [stderr]    Compiling memchr v2.5.0
[INFO] [stderr]    Compiling once_cell v1.18.0
[INFO] [stderr]    Compiling subtle v2.4.1
[INFO] [stderr]    Compiling generic-array v0.14.7
[INFO] [stderr]    Compiling smallvec v1.11.0
[INFO] [stderr]    Compiling lock_api v0.4.10
[INFO] [stderr]    Compiling pin-project-lite v0.2.12
[INFO] [stderr]    Compiling parking_lot_core v0.9.8
[INFO] [stderr]    Compiling serde v1.0.186
[INFO] [stderr]    Compiling vcpkg v0.2.15
[INFO] [stderr]    Compiling futures-core v0.3.28
[INFO] [stderr]    Compiling bytes v1.4.0
[INFO] [stderr]    Compiling quote v1.0.33
[INFO] [stderr]    Compiling itoa v1.0.9
[INFO] [stderr]    Compiling syn v2.0.29
[INFO] [stderr]    Compiling jobserver v0.1.26
[INFO] [stderr]    Compiling getrandom v0.2.10
[INFO] [stderr]    Compiling cc v1.0.83
[INFO] [stderr]    Compiling rand_core v0.6.4
[INFO] [stderr]    Compiling cpufeatures v0.2.9
[INFO] [stderr]    Compiling parking_lot v0.12.1
[INFO] [stderr]    Compiling mio v0.8.8
[INFO] [stderr]    Compiling socket2 v0.5.3
[INFO] [stderr]    Compiling num_cpus v1.16.0
[INFO] [stderr]    Compiling signal-hook-registry v1.4.1
[INFO] [stderr]    Compiling crypto-common v0.1.6
[INFO] [stderr]    Compiling block-buffer v0.10.4
[INFO] [stderr]    Compiling indexmap v1.9.3
[INFO] [stderr]    Compiling slab v0.4.9
[INFO] [stderr]    Compiling num-traits v0.2.16
[INFO] [stderr]    Compiling log v0.4.20
[INFO] [stderr]    Compiling futures-task v0.3.28
[INFO] [stderr]    Compiling digest v0.10.7
[INFO] [stderr]    Compiling digest v0.9.0
[INFO] [stderr]    Compiling num-integer v0.1.45
[INFO] [stderr]    Compiling tracing-core v0.1.31
[INFO] [stderr]    Compiling hashbrown v0.12.3
[INFO] [stderr]    Compiling tinyvec_macros v0.1.1
[INFO] [stderr]    Compiling ppv-lite86 v0.2.17
[INFO] [stderr]    Compiling hex v0.4.3
[INFO] [stderr]    Compiling futures-util v0.3.28
[INFO] [stderr]    Compiling openssl v0.10.56
[INFO] [stderr]    Compiling getrandom v0.1.16
[INFO] [stderr]    Compiling foreign-types-shared v0.1.1
[INFO] [stderr]    Compiling foreign-types v0.3.2
[INFO] [stderr]    Compiling tinyvec v1.6.0
[INFO] [stderr]    Compiling tracing v0.1.37
[INFO] [stderr]    Compiling openssl-sys v0.9.91
[INFO] [stderr]    Compiling zstd-sys v2.0.8+zstd.1.5.5
[INFO] [stderr]    Compiling http v0.2.9
[INFO] [stderr]    Compiling aho-corasick v1.0.4
[INFO] [stderr]    Compiling num-bigint v0.4.4
[INFO] [stderr]    Compiling regex-syntax v0.7.4
[INFO] [stderr]    Compiling httparse v1.8.0
[INFO] [stderr]    Compiling native-tls v0.2.11
[INFO] [stderr]    Compiling rustix v0.38.8
[INFO] [stderr]    Compiling futures-io v0.3.28
[INFO] [stderr]    Compiling futures-channel v0.3.28
[INFO] [stderr]    Compiling syn v1.0.109
[INFO] [stderr]    Compiling futures-sink v0.3.28
[INFO] [stderr]    Compiling block-padding v0.2.1
[INFO] [stderr]    Compiling block-buffer v0.9.0
[INFO] [stderr]    Compiling unicode-normalization v0.1.22
[INFO] [stderr]    Compiling opaque-debug v0.3.0
[INFO] [stderr]    Compiling linux-raw-sys v0.4.5
[INFO] [stderr]    Compiling try-lock v0.2.4
[INFO] [stderr]    Compiling utf8parse v0.2.1
[INFO] [stderr]    Compiling hashbrown v0.14.0
[INFO] [stderr]    Compiling bitflags v2.4.0
[INFO] [stderr]    Compiling percent-encoding v2.3.0
[INFO] [stderr]    Compiling serde_json v1.0.105
[INFO] [stderr]    Compiling openssl-probe v0.1.5
[INFO] [stderr]    Compiling ryu v1.0.15
[INFO] [stderr]    Compiling form_urlencoded v1.2.0
[INFO] [stderr]    Compiling anstyle-parse v0.2.1
[INFO] [stderr]    Compiling indexmap v2.0.0
[INFO] [stderr]    Compiling want v0.3.1
[INFO] [stderr]    Compiling rand_core v0.5.1
[INFO] [stderr]    Compiling regex-automata v0.3.6
[INFO] [stderr]    Compiling http-body v0.4.5
[INFO] [stderr]    Compiling bzip2-sys v0.1.11+1.0.8
[INFO] [stderr]    Compiling socket2 v0.4.9
[INFO] [stderr]    Compiling colorchoice v1.0.0
[INFO] [stderr]    Compiling tower-service v0.3.2
[INFO] [stderr]    Compiling crc32fast v1.3.2
[INFO] [stderr]    Compiling serde_derive v1.0.186
[INFO] [stderr]    Compiling tokio-macros v2.1.0
[INFO] [stderr]    Compiling openssl-macros v0.1.1
[INFO] [stderr]    Compiling zeroize_derive v1.4.2
[INFO] [stderr]    Compiling anstyle v1.0.2
[INFO] [stderr]    Compiling anyhow v1.0.75
[INFO] [stderr]    Compiling zstd-safe v5.0.2+zstd.1.5.2
[INFO] [stderr]    Compiling tokio v1.32.0
[INFO] [stderr]    Compiling anstyle-query v1.0.0
[INFO] [stderr]    Compiling keccak v0.1.4
[INFO] [stderr]    Compiling unicode-bidi v0.3.13
[INFO] [stderr]    Compiling same-file v1.0.6
[INFO] [stderr]    Compiling regex v1.9.3
[INFO] [stderr]    Compiling byteorder v1.4.3
[INFO] [stderr]    Compiling httpdate v1.0.3
[INFO] [stderr]    Compiling idna v0.4.0
[INFO] [stderr]    Compiling walkdir v2.3.3
[INFO] [stderr]    Compiling anstream v0.5.0
[INFO] [stderr]    Compiling zeroize v1.6.0
[INFO] [stderr]    Compiling rand_chacha v0.3.1
[INFO] [stderr]    Compiling sha2 v0.10.7
[INFO] [stderr]    Compiling inout v0.1.3
[INFO] [stderr]    Compiling bstr v1.6.0
[INFO] [stderr]    Compiling nibble_vec v0.1.0
[INFO] [stderr]    Compiling semver v1.0.18
[INFO] [stderr]    Compiling adler v1.0.2
[INFO] [stderr]    Compiling strsim v0.10.0
[INFO] [stderr]    Compiling signature v1.6.4
[INFO] [stderr]    Compiling endian-type v0.1.2
[INFO] [stderr]    Compiling clap_lex v0.5.1
[INFO] [stderr]    Compiling base64ct v1.6.0
[INFO] [stderr]    Compiling heck v0.4.1
[INFO] [stderr]    Compiling clap_builder v4.4.0
[INFO] [stderr]    Compiling password-hash v0.4.2
[INFO] [stderr]    Compiling clap_derive v4.4.0
[INFO] [stderr]    Compiling radix_trie v0.2.1
[INFO] [stderr]    Compiling globset v0.4.13
[INFO] [stderr]    Compiling ed25519 v1.5.3
[INFO] [stderr]    Compiling miniz_oxide v0.7.1
[INFO] [stderr]    Compiling klever-sc-codec-derive v0.18.1
[INFO] [stderr]    Compiling cipher v0.4.4
[INFO] [stderr]    Compiling rand v0.8.5
[INFO] [stderr]    Compiling url v2.4.0
[INFO] [stderr]    Compiling is-terminal v0.4.9
[INFO] [stderr]    Compiling tokio-util v0.7.8
[INFO] [stderr]    Compiling tokio-native-tls v0.3.1
[INFO] [stderr]    Compiling rand_chacha v0.2.2
[INFO] [stderr]    Compiling sha2 v0.9.9
[INFO] [stderr]    Compiling hmac v0.12.1
[INFO] [stderr]    Compiling h2 v0.3.21
[INFO] [stderr]    Compiling crypto-mac v0.11.1
[INFO] [stderr]    Compiling thread_local v1.1.7
[INFO] [stderr]    Compiling encoding_rs v0.8.33
[INFO] [stderr]    Compiling deranged v0.3.8
[INFO] [stderr]    Compiling mime v0.3.17
[INFO] [stderr]    Compiling base64 v0.21.2
[INFO] [stderr]    Compiling ipnet v2.8.0
[INFO] [stderr]    Compiling serde_urlencoded v0.7.1
[INFO] [stderr]    Compiling either v1.9.0
[INFO] [stderr]    Compiling time-core v0.1.1
[INFO] [stderr]    Compiling arrayvec v0.7.4
[INFO] [stderr]    Compiling hex-literal v0.3.4
[INFO] [stderr]    Compiling time v0.3.27
[INFO] [stderr]    Compiling klever-sc-codec v0.18.1
[INFO] [stderr]    Compiling itertools v0.10.5
[INFO] [stderr]    Compiling ignore v0.4.20
[INFO] [stderr]    Compiling pbkdf2 v0.11.0
[INFO] [stderr]    Compiling rand v0.7.3
[INFO] [stderr]    Compiling clap v4.4.0
[INFO] [stderr]    Compiling hyper v0.14.27
[INFO] [stderr]    Compiling colored v2.0.4
[INFO] [stderr]    Compiling flate2 v1.0.27
[INFO] [stderr]    Compiling aes v0.8.3
[INFO] [stderr]    Compiling klever-sc-derive v0.43.3
[INFO] [stderr]    Compiling curve25519-dalek v3.2.0
[INFO] [stderr]    Compiling Inflector v0.11.4
[INFO] [stderr]    Compiling sha3 v0.9.1
[INFO] [stderr]    Compiling sha1 v0.10.5
[INFO] [stderr]    Compiling atty v0.2.14
[INFO] [stderr]    Compiling unicode-segmentation v1.10.1
[INFO] [stderr]    Compiling base64 v0.13.1
[INFO] [stderr]    Compiling constant_time_eq v0.1.5
[INFO] [stderr]    Compiling bitcoin_hashes v0.11.0
[INFO] [stderr]    Compiling bech32 v0.9.1
[INFO] [stderr]    Compiling fastrand v2.0.0
[INFO] [stderr]    Compiling convert_case v0.6.0
[INFO] [stderr]    Compiling tempfile v3.8.0
[INFO] [stderr]    Compiling pem v1.1.1
[INFO] [stderr]    Compiling ed25519-dalek v1.0.1
[INFO] [stderr]    Compiling ruplacer v0.8.1
[INFO] [stderr]    Compiling rustc_version v0.4.0
[INFO] [stderr]    Compiling toml v0.5.11
[INFO] [stderr]    Compiling pbkdf2 v0.9.0
[INFO] [stderr]    Compiling hmac v0.11.0
[INFO] [stderr]    Compiling copy_dir v0.1.3
[INFO] [stderr]    Compiling sha3 v0.10.8
[INFO] [stderr]    Compiling bip39 v2.0.0
[INFO] [stderr]    Compiling serde_repr v0.1.16
[INFO] [stderr]    Compiling hyper-tls v0.5.0
[INFO] [stderr]    Compiling klever-sc v0.43.3
[INFO] [stderr]    Compiling reqwest v0.11.20
[INFO] [stderr]    Compiling rand_seeder v0.2.3
[INFO] [stderr]    Compiling common-path v1.0.0
[INFO] [stderr]    Compiling klever-chain-vm-executor v0.2.0
[INFO] [stderr]    Compiling pathdiff v0.2.1
[INFO] [stderr]    Compiling klever-chain-scenario-format v0.20.0
[INFO] [stderr]    Compiling klever-chain-vm v0.5.2
[INFO] [stderr]    Compiling bzip2 v0.4.4
[INFO] [stderr]    Compiling klever-vm-sdk v0.2.0
[INFO] [stderr]    Compiling zstd v0.11.2+zstd.1.5.2
[INFO] [stderr]    Compiling zip v0.6.6
[INFO] [stderr]    Compiling klever-sc-meta v0.43.3
[INFO] [stderr]    Compiling klever-sc-scenario v0.43.3 (/opt/rustwide/workdir)
[INFO] [stdout] warning: unused import: `klever_sc::types::BigUint`
[INFO] [stdout]  --> src/scenario/model/transaction/tx_kda.rs:1:5
[INFO] [stdout]   |
[INFO] [stdout] 1 | use klever_sc::types::BigUint;
[INFO] [stdout]   |     ^^^^^^^^^^^^^^^^^^^^^^^^^
[INFO] [stdout]   |
[INFO] [stdout]   = note: `#[warn(unused_imports)]` on by default
[INFO] [stdout] 
[INFO] [stdout] 
[INFO] [stdout] warning: unused import: `num_bigint::BigUint`
[INFO] [stdout]   --> src/scenario/run_vm/sc_call.rs:11:5
[INFO] [stdout]    |
[INFO] [stdout] 11 | use num_bigint::BigUint;
[INFO] [stdout]    |     ^^^^^^^^^^^^^^^^^^^
[INFO] [stdout] 
[INFO] [stdout] 
[INFO] [stdout] warning: unused import: `num_traits::Zero`
[INFO] [stdout]   --> src/scenario/run_vm/sc_call.rs:12:5
[INFO] [stdout]    |
[INFO] [stdout] 12 | use num_traits::Zero;
[INFO] [stdout]    |     ^^^^^^^^^^^^^^^^
[INFO] [stdout] 
[INFO] [stdout] 
[INFO] [stdout] warning: constant `LOG_IDENTIFIER_SC_DEPLOY` is never used
[INFO] [stdout]   --> src/scenario/model/transaction/tx_response.rs:11:7
[INFO] [stdout]    |
[INFO] [stdout] 11 | const LOG_IDENTIFIER_SC_DEPLOY: &str = "SCDeploy";
[INFO] [stdout]    |       ^^^^^^^^^^^^^^^^^^^^^^^^
[INFO] [stdout]    |
[INFO] [stdout]    = note: `#[warn(dead_code)]` on by default
[INFO] [stdout] 
[INFO] [stdout] 
[INFO] [stdout] warning: constant `LOG_IDENTIFIER_SIGNAL_ERROR` is never used
[INFO] [stdout]   --> src/scenario/model/transaction/tx_response.rs:12:7
[INFO] [stdout]    |
[INFO] [stdout] 12 | const LOG_IDENTIFIER_SIGNAL_ERROR: &str = "signalError";
[INFO] [stdout]    |       ^^^^^^^^^^^^^^^^^^^^^^^^^^^
[INFO] [stdout] 
[INFO] [stdout] 
[INFO] [stdout] warning: constant `SYSTEM_SC_BECH32` is never used
[INFO] [stdout]   --> src/scenario/model/transaction/tx_response.rs:14:7
[INFO] [stdout]    |
[INFO] [stdout] 14 | const SYSTEM_SC_BECH32: &str = "klv1qqqqqqqqqqqqqqqpqqqqqqqqqqqqqqqqqqqqqqqqqqqqqqqzllls8a5w6u";
[INFO] [stdout]    |       ^^^^^^^^^^^^^^^^
[INFO] [stdout] 
[INFO] [stdout] 
[INFO] [stdout] warning: methods `process_signal_error`, `process`, `process_out`, `process_new_deployed_address`, `process_new_issued_token_identifier`, and `find_log` are never used
[INFO] [stdout]    --> src/scenario/model/transaction/tx_response.rs:88:8
[INFO] [stdout]     |
[INFO] [stdout] 39  | impl TxResponse {
[INFO] [stdout]     | --------------- methods in this implementation
[INFO] [stdout] ...
[INFO] [stdout] 88  |     fn process_signal_error(&self) -> TxResponseStatus {
[INFO] [stdout]     |        ^^^^^^^^^^^^^^^^^^^^
[INFO] [stdout] ...
[INFO] [stdout] 103 |     fn process(self) -> Self {
[INFO] [stdout]     |        ^^^^^^^
[INFO] [stdout] ...
[INFO] [stdout] 109 |     fn process_out(mut self) -> Self {
[INFO] [stdout]     |        ^^^^^^^^^^^
[INFO] [stdout] ...
[INFO] [stdout] 119 |     fn process_new_deployed_address(mut self) -> Self {
[INFO] [stdout]     |        ^^^^^^^^^^^^^^^^^^^^^^^^^^^^
[INFO] [stdout] ...
[INFO] [stdout] 134 |     fn process_new_issued_token_identifier(mut self) -> Self {
[INFO] [stdout]     |        ^^^^^^^^^^^^^^^^^^^^^^^^^^^^^^^^^^^
[INFO] [stdout] ...
[INFO] [stdout] 156 |     fn find_log(&self, log_identifier: &str) -> Option<&Events> {
[INFO] [stdout]     |        ^^^^^^^^
[INFO] [stdout] 
[INFO] [stdout] 
[INFO] [stdout] warning: associated functions `new` and `signal_error` are never used
[INFO] [stdout]   --> src/scenario/model/transaction/tx_response_status.rs:12:19
[INFO] [stdout]    |
[INFO] [stdout] 10 | impl TxResponseStatus {
[INFO] [stdout]    | --------------------- associated functions in this implementation
[INFO] [stdout] 11 |     /// Creates a [`TxResponseStatus`]
[INFO] [stdout] 12 |     pub(crate) fn new(status: u64, message: &str) -> Self {
[INFO] [stdout]    |                   ^^^
[INFO] [stdout] ...
[INFO] [stdout] 20 |     pub(crate) fn signal_error(message: &str) -> Self {
[INFO] [stdout]    |                   ^^^^^^^^^^^^
[INFO] [stdout] 
[INFO] [stdout] 
[INFO] [stderr]     Finished `dev` profile [unoptimized + debuginfo] target(s) in 53.11s
[INFO] running `Command { std: "docker" "inspect" "3e5778e0c1e631901bc8f286ed9cbef88db473cb5835b2089362d942b2664376", kill_on_drop: false }`
[INFO] running `Command { std: "docker" "rm" "-f" "3e5778e0c1e631901bc8f286ed9cbef88db473cb5835b2089362d942b2664376", kill_on_drop: false }`
[INFO] [stdout] 3e5778e0c1e631901bc8f286ed9cbef88db473cb5835b2089362d942b2664376
[INFO] running `Command { std: "docker" "create" "-v" "/var/lib/crater-agent-workspace/builds/worker-0-tc1/target:/opt/rustwide/target:rw,Z" "-v" "/var/lib/crater-agent-workspace/builds/worker-0-tc1/source:/opt/rustwide/workdir:ro,Z" "-v" "/var/lib/crater-agent-workspace/cargo-home:/opt/rustwide/cargo-home:ro,Z" "-v" "/var/lib/crater-agent-workspace/rustup-home:/opt/rustwide/rustup-home:ro,Z" "-e" "SOURCE_DIR=/opt/rustwide/workdir" "-e" "CARGO_TARGET_DIR=/opt/rustwide/target" "-e" "CARGO_INCREMENTAL=0" "-e" "RUST_BACKTRACE=full" "-e" "RUSTFLAGS=--cap-lints=forbid" "-e" "RUSTDOCFLAGS=--cap-lints=forbid" "-e" "CARGO_HOME=/opt/rustwide/cargo-home" "-e" "RUSTUP_HOME=/opt/rustwide/rustup-home" "-w" "/opt/rustwide/workdir" "-m" "1610612736" "--user" "0:0" "--network" "none" "ghcr.io/rust-lang/crates-build-env/linux@sha256:4a844ea9eb2546a2d2c7022eacef16ef2e8229c7fbb2c7d4d55a9ceca922f72d" "/opt/rustwide/cargo-home/bin/cargo" "+nightly-2024-10-28" "test" "--frozen" "--no-run" "--message-format=json", kill_on_drop: false }`
[INFO] [stdout] e2805c4b5bd8a629a4396e47c90f04542b099d364f886536ac7387cb26996697
[INFO] running `Command { std: "docker" "start" "-a" "e2805c4b5bd8a629a4396e47c90f04542b099d364f886536ac7387cb26996697", kill_on_drop: false }`
[INFO] [stdout] warning: unused import: `klever_sc::types::BigUint`
[INFO] [stdout]  --> src/scenario/model/transaction/tx_kda.rs:1:5
[INFO] [stdout]   |
[INFO] [stdout] 1 | use klever_sc::types::BigUint;
[INFO] [stdout]   |     ^^^^^^^^^^^^^^^^^^^^^^^^^
[INFO] [stdout]   |
[INFO] [stdout]   = note: `#[warn(unused_imports)]` on by default
[INFO] [stdout] 
[INFO] [stdout] 
[INFO] [stdout] warning: unused import: `num_bigint::BigUint`
[INFO] [stdout]   --> src/scenario/run_vm/sc_call.rs:11:5
[INFO] [stdout]    |
[INFO] [stdout] 11 | use num_bigint::BigUint;
[INFO] [stdout]    |     ^^^^^^^^^^^^^^^^^^^
[INFO] [stdout] 
[INFO] [stdout] 
[INFO] [stdout] warning: unused import: `num_traits::Zero`
[INFO] [stdout]   --> src/scenario/run_vm/sc_call.rs:12:5
[INFO] [stdout]    |
[INFO] [stdout] 12 | use num_traits::Zero;
[INFO] [stdout]    |     ^^^^^^^^^^^^^^^^
[INFO] [stdout] 
[INFO] [stdout] 
[INFO] [stdout] warning: constant `LOG_IDENTIFIER_SC_DEPLOY` is never used
[INFO] [stdout]   --> src/scenario/model/transaction/tx_response.rs:11:7
[INFO] [stdout]    |
[INFO] [stdout] 11 | const LOG_IDENTIFIER_SC_DEPLOY: &str = "SCDeploy";
[INFO] [stdout]    |       ^^^^^^^^^^^^^^^^^^^^^^^^
[INFO] [stdout]    |
[INFO] [stdout]    = note: `#[warn(dead_code)]` on by default
[INFO] [stdout] 
[INFO] [stdout] 
[INFO] [stdout] warning: constant `LOG_IDENTIFIER_SIGNAL_ERROR` is never used
[INFO] [stdout]   --> src/scenario/model/transaction/tx_response.rs:12:7
[INFO] [stdout]    |
[INFO] [stdout] 12 | const LOG_IDENTIFIER_SIGNAL_ERROR: &str = "signalError";
[INFO] [stdout]    |       ^^^^^^^^^^^^^^^^^^^^^^^^^^^
[INFO] [stdout] 
[INFO] [stdout] 
[INFO] [stdout] warning: constant `SYSTEM_SC_BECH32` is never used
[INFO] [stdout]   --> src/scenario/model/transaction/tx_response.rs:14:7
[INFO] [stdout]    |
[INFO] [stdout] 14 | const SYSTEM_SC_BECH32: &str = "klv1qqqqqqqqqqqqqqqpqqqqqqqqqqqqqqqqqqqqqqqqqqqqqqqzllls8a5w6u";
[INFO] [stdout]    |       ^^^^^^^^^^^^^^^^
[INFO] [stdout] 
[INFO] [stdout] 
[INFO] [stdout] warning: methods `process_signal_error`, `process`, `process_out`, `process_new_deployed_address`, `process_new_issued_token_identifier`, and `find_log` are never used
[INFO] [stdout]    --> src/scenario/model/transaction/tx_response.rs:88:8
[INFO] [stdout]     |
[INFO] [stdout] 39  | impl TxResponse {
[INFO] [stdout]     | --------------- methods in this implementation
[INFO] [stdout] ...
[INFO] [stdout] 88  |     fn process_signal_error(&self) -> TxResponseStatus {
[INFO] [stdout]     |        ^^^^^^^^^^^^^^^^^^^^
[INFO] [stdout] ...
[INFO] [stdout] 103 |     fn process(self) -> Self {
[INFO] [stdout]     |        ^^^^^^^
[INFO] [stdout] ...
[INFO] [stdout] 109 |     fn process_out(mut self) -> Self {
[INFO] [stdout]     |        ^^^^^^^^^^^
[INFO] [stdout] ...
[INFO] [stdout] 119 |     fn process_new_deployed_address(mut self) -> Self {
[INFO] [stdout]     |        ^^^^^^^^^^^^^^^^^^^^^^^^^^^^
[INFO] [stdout] ...
[INFO] [stdout] 134 |     fn process_new_issued_token_identifier(mut self) -> Self {
[INFO] [stdout]     |        ^^^^^^^^^^^^^^^^^^^^^^^^^^^^^^^^^^^
[INFO] [stdout] ...
[INFO] [stdout] 156 |     fn find_log(&self, log_identifier: &str) -> Option<&Events> {
[INFO] [stdout]     |        ^^^^^^^^
[INFO] [stdout] 
[INFO] [stdout] 
[INFO] [stderr]    Compiling klever-sc-scenario v0.43.3 (/opt/rustwide/workdir)
[INFO] [stdout] warning: associated functions `new` and `signal_error` are never used
[INFO] [stdout]   --> src/scenario/model/transaction/tx_response_status.rs:12:19
[INFO] [stdout]    |
[INFO] [stdout] 10 | impl TxResponseStatus {
[INFO] [stdout]    | --------------------- associated functions in this implementation
[INFO] [stdout] 11 |     /// Creates a [`TxResponseStatus`]
[INFO] [stdout] 12 |     pub(crate) fn new(status: u64, message: &str) -> Self {
[INFO] [stdout]    |                   ^^^
[INFO] [stdout] ...
[INFO] [stdout] 20 |     pub(crate) fn signal_error(message: &str) -> Self {
[INFO] [stdout]    |                   ^^^^^^^^^^^^
[INFO] [stdout] 
[INFO] [stdout] 
[INFO] [stdout] warning: unused import: `klever_sc::types::BigUint`
[INFO] [stdout]  --> src/scenario/model/transaction/tx_kda.rs:1:5
[INFO] [stdout]   |
[INFO] [stdout] 1 | use klever_sc::types::BigUint;
[INFO] [stdout]   |     ^^^^^^^^^^^^^^^^^^^^^^^^^
[INFO] [stdout]   |
[INFO] [stdout]   = note: `#[warn(unused_imports)]` on by default
[INFO] [stdout] 
[INFO] [stdout] 
[INFO] [stdout] warning: unused import: `num_bigint::BigUint`
[INFO] [stdout]   --> src/scenario/run_vm/sc_call.rs:11:5
[INFO] [stdout]    |
[INFO] [stdout] 11 | use num_bigint::BigUint;
[INFO] [stdout]    |     ^^^^^^^^^^^^^^^^^^^
[INFO] [stdout] 
[INFO] [stdout] 
[INFO] [stdout] warning: unused import: `num_traits::Zero`
[INFO] [stdout]   --> src/scenario/run_vm/sc_call.rs:12:5
[INFO] [stdout]    |
[INFO] [stdout] 12 | use num_traits::Zero;
[INFO] [stdout]    |     ^^^^^^^^^^^^^^^^
[INFO] [stdout] 
[INFO] [stdout] 
[INFO] [stdout] warning: constant `LOG_IDENTIFIER_SC_DEPLOY` is never used
[INFO] [stdout]   --> src/scenario/model/transaction/tx_response.rs:11:7
[INFO] [stdout]    |
[INFO] [stdout] 11 | const LOG_IDENTIFIER_SC_DEPLOY: &str = "SCDeploy";
[INFO] [stdout]    |       ^^^^^^^^^^^^^^^^^^^^^^^^
[INFO] [stdout]    |
[INFO] [stdout]    = note: `#[warn(dead_code)]` on by default
[INFO] [stdout] 
[INFO] [stdout] 
[INFO] [stdout] warning: constant `LOG_IDENTIFIER_SIGNAL_ERROR` is never used
[INFO] [stdout]   --> src/scenario/model/transaction/tx_response.rs:12:7
[INFO] [stdout]    |
[INFO] [stdout] 12 | const LOG_IDENTIFIER_SIGNAL_ERROR: &str = "signalError";
[INFO] [stdout]    |       ^^^^^^^^^^^^^^^^^^^^^^^^^^^
[INFO] [stdout] 
[INFO] [stdout] 
[INFO] [stdout] warning: constant `SYSTEM_SC_BECH32` is never used
[INFO] [stdout]   --> src/scenario/model/transaction/tx_response.rs:14:7
[INFO] [stdout]    |
[INFO] [stdout] 14 | const SYSTEM_SC_BECH32: &str = "klv1qqqqqqqqqqqqqqqpqqqqqqqqqqqqqqqqqqqqqqqqqqqqqqqzllls8a5w6u";
[INFO] [stdout]    |       ^^^^^^^^^^^^^^^^
[INFO] [stdout] 
[INFO] [stdout] 
[INFO] [stdout] warning: methods `process_signal_error`, `process`, `process_out`, `process_new_deployed_address`, `process_new_issued_token_identifier`, and `find_log` are never used
[INFO] [stdout]    --> src/scenario/model/transaction/tx_response.rs:88:8
[INFO] [stdout]     |
[INFO] [stdout] 39  | impl TxResponse {
[INFO] [stdout]     | --------------- methods in this implementation
[INFO] [stdout] ...
[INFO] [stdout] 88  |     fn process_signal_error(&self) -> TxResponseStatus {
[INFO] [stdout]     |        ^^^^^^^^^^^^^^^^^^^^
[INFO] [stdout] ...
[INFO] [stdout] 103 |     fn process(self) -> Self {
[INFO] [stdout]     |        ^^^^^^^
[INFO] [stdout] ...
[INFO] [stdout] 109 |     fn process_out(mut self) -> Self {
[INFO] [stdout]     |        ^^^^^^^^^^^
[INFO] [stdout] ...
[INFO] [stdout] 119 |     fn process_new_deployed_address(mut self) -> Self {
[INFO] [stdout]     |        ^^^^^^^^^^^^^^^^^^^^^^^^^^^^
[INFO] [stdout] ...
[INFO] [stdout] 134 |     fn process_new_issued_token_identifier(mut self) -> Self {
[INFO] [stdout]     |        ^^^^^^^^^^^^^^^^^^^^^^^^^^^^^^^^^^^
[INFO] [stdout] ...
[INFO] [stdout] 156 |     fn find_log(&self, log_identifier: &str) -> Option<&Events> {
[INFO] [stdout]     |        ^^^^^^^^
[INFO] [stdout] 
[INFO] [stdout] 
[INFO] [stdout] warning: associated functions `new` and `signal_error` are never used
[INFO] [stdout]   --> src/scenario/model/transaction/tx_response_status.rs:12:19
[INFO] [stdout]    |
[INFO] [stdout] 10 | impl TxResponseStatus {
[INFO] [stdout]    | --------------------- associated functions in this implementation
[INFO] [stdout] 11 |     /// Creates a [`TxResponseStatus`]
[INFO] [stdout] 12 |     pub(crate) fn new(status: u64, message: &str) -> Self {
[INFO] [stdout]    |                   ^^^
[INFO] [stdout] ...
[INFO] [stdout] 20 |     pub(crate) fn signal_error(message: &str) -> Self {
[INFO] [stdout]    |                   ^^^^^^^^^^^^
[INFO] [stdout] 
[INFO] [stdout] 
[INFO] [stdout] warning: unused imports: `BigUint`, `DefaultErrorHandler`, `TokenIdentifier`, and `TopEncode`
[INFO] [stdout]  --> tests/kda_token_payment_test.rs:2:19
[INFO] [stdout]   |
[INFO] [stdout] 2 |     codec::{self, DefaultErrorHandler, TopEncode},
[INFO] [stdout]   |                   ^^^^^^^^^^^^^^^^^^^  ^^^^^^^^^
[INFO] [stdout] 3 |     types::{BigUint, KdaTokenPayment, TokenIdentifier},
[INFO] [stdout]   |             ^^^^^^^                   ^^^^^^^^^^^^^^^
[INFO] [stdout]   |
[INFO] [stdout]   = note: `#[warn(unused_imports)]` on by default
[INFO] [stdout] 
[INFO] [stdout] 
[INFO] [stdout] warning: function `kda_token_payment_regular_top_decode_or_handle_err` is never used
[INFO] [stdout]  --> tests/kda_token_payment_test.rs:8:4
[INFO] [stdout]   |
[INFO] [stdout] 8 | fn kda_token_payment_regular_top_decode_or_handle_err<I, H>(
[INFO] [stdout]   |    ^^^^^^^^^^^^^^^^^^^^^^^^^^^^^^^^^^^^^^^^^^^^^^^^^^
[INFO] [stdout]   |
[INFO] [stdout]   = note: `#[warn(dead_code)]` on by default
[INFO] [stdout] 
[INFO] [stdout] 
[INFO] [stderr]     Finished `test` profile [unoptimized + debuginfo] target(s) in 22.51s
[INFO] running `Command { std: "docker" "inspect" "e2805c4b5bd8a629a4396e47c90f04542b099d364f886536ac7387cb26996697", kill_on_drop: false }`
[INFO] running `Command { std: "docker" "rm" "-f" "e2805c4b5bd8a629a4396e47c90f04542b099d364f886536ac7387cb26996697", kill_on_drop: false }`
[INFO] [stdout] e2805c4b5bd8a629a4396e47c90f04542b099d364f886536ac7387cb26996697
[INFO] running `Command { std: "docker" "create" "-v" "/var/lib/crater-agent-workspace/builds/worker-0-tc1/target:/opt/rustwide/target:rw,Z" "-v" "/var/lib/crater-agent-workspace/builds/worker-0-tc1/source:/opt/rustwide/workdir:ro,Z" "-v" "/var/lib/crater-agent-workspace/cargo-home:/opt/rustwide/cargo-home:ro,Z" "-v" "/var/lib/crater-agent-workspace/rustup-home:/opt/rustwide/rustup-home:ro,Z" "-e" "SOURCE_DIR=/opt/rustwide/workdir" "-e" "CARGO_TARGET_DIR=/opt/rustwide/target" "-e" "CARGO_INCREMENTAL=0" "-e" "RUST_BACKTRACE=full" "-e" "RUSTFLAGS=--cap-lints=forbid" "-e" "RUSTDOCFLAGS=--cap-lints=forbid" "-e" "CARGO_HOME=/opt/rustwide/cargo-home" "-e" "RUSTUP_HOME=/opt/rustwide/rustup-home" "-w" "/opt/rustwide/workdir" "-m" "1610612736" "--user" "0:0" "--network" "none" "ghcr.io/rust-lang/crates-build-env/linux@sha256:4a844ea9eb2546a2d2c7022eacef16ef2e8229c7fbb2c7d4d55a9ceca922f72d" "/opt/rustwide/cargo-home/bin/cargo" "+nightly-2024-10-28" "test" "--frozen", kill_on_drop: false }`
[INFO] [stdout] 8a24a3ad825e37ed8a86b687294f44031569a89c6503c8ef0b116b5bb6ec0a56
[INFO] running `Command { std: "docker" "start" "-a" "8a24a3ad825e37ed8a86b687294f44031569a89c6503c8ef0b116b5bb6ec0a56", kill_on_drop: false }`
[INFO] [stderr] warning: unused import: `klever_sc::types::BigUint`
[INFO] [stderr]  --> src/scenario/model/transaction/tx_kda.rs:1:5
[INFO] [stderr]   |
[INFO] [stderr] 1 | use klever_sc::types::BigUint;
[INFO] [stderr]   |     ^^^^^^^^^^^^^^^^^^^^^^^^^
[INFO] [stderr]   |
[INFO] [stderr]   = note: `#[warn(unused_imports)]` on by default
[INFO] [stderr] 
[INFO] [stderr] warning: unused import: `num_bigint::BigUint`
[INFO] [stderr]   --> src/scenario/run_vm/sc_call.rs:11:5
[INFO] [stderr]    |
[INFO] [stderr] 11 | use num_bigint::BigUint;
[INFO] [stderr]    |     ^^^^^^^^^^^^^^^^^^^
[INFO] [stderr] 
[INFO] [stderr] warning: unused import: `num_traits::Zero`
[INFO] [stderr]   --> src/scenario/run_vm/sc_call.rs:12:5
[INFO] [stderr]    |
[INFO] [stderr] 12 | use num_traits::Zero;
[INFO] [stderr]    |     ^^^^^^^^^^^^^^^^
[INFO] [stderr] 
[INFO] [stderr] warning: constant `LOG_IDENTIFIER_SC_DEPLOY` is never used
[INFO] [stderr]   --> src/scenario/model/transaction/tx_response.rs:11:7
[INFO] [stderr]    |
[INFO] [stderr] 11 | const LOG_IDENTIFIER_SC_DEPLOY: &str = "SCDeploy";
[INFO] [stderr]    |       ^^^^^^^^^^^^^^^^^^^^^^^^
[INFO] [stderr]    |
[INFO] [stderr]    = note: `#[warn(dead_code)]` on by default
[INFO] [stderr] 
[INFO] [stderr] warning: constant `LOG_IDENTIFIER_SIGNAL_ERROR` is never used
[INFO] [stderr]   --> src/scenario/model/transaction/tx_response.rs:12:7
[INFO] [stderr]    |
[INFO] [stderr] 12 | const LOG_IDENTIFIER_SIGNAL_ERROR: &str = "signalError";
[INFO] [stderr]    |       ^^^^^^^^^^^^^^^^^^^^^^^^^^^
[INFO] [stderr] 
[INFO] [stderr] warning: constant `SYSTEM_SC_BECH32` is never used
[INFO] [stderr]   --> src/scenario/model/transaction/tx_response.rs:14:7
[INFO] [stderr]    |
[INFO] [stderr] 14 | const SYSTEM_SC_BECH32: &str = "klv1qqqqqqqqqqqqqqqpqqqqqqqqqqqqqqqqqqqqqqqqqqqqqqqzllls8a5w6u";
[INFO] [stderr]    |       ^^^^^^^^^^^^^^^^
[INFO] [stderr] 
[INFO] [stderr] warning: methods `process_signal_error`, `process`, `process_out`, `process_new_deployed_address`, `process_new_issued_token_identifier`, and `find_log` are never used
[INFO] [stderr]    --> src/scenario/model/transaction/tx_response.rs:88:8
[INFO] [stderr]     |
[INFO] [stderr] 39  | impl TxResponse {
[INFO] [stderr]     | --------------- methods in this implementation
[INFO] [stderr] ...
[INFO] [stderr] 88  |     fn process_signal_error(&self) -> TxResponseStatus {
[INFO] [stderr]     |        ^^^^^^^^^^^^^^^^^^^^
[INFO] [stderr] ...
[INFO] [stderr] 103 |     fn process(self) -> Self {
[INFO] [stderr]     |        ^^^^^^^
[INFO] [stderr] ...
[INFO] [stderr] 109 |     fn process_out(mut self) -> Self {
[INFO] [stderr]     |        ^^^^^^^^^^^
[INFO] [stderr] ...
[INFO] [stderr] 119 |     fn process_new_deployed_address(mut self) -> Self {
[INFO] [stderr]     |        ^^^^^^^^^^^^^^^^^^^^^^^^^^^^
[INFO] [stderr] ...
[INFO] [stderr] 134 |     fn process_new_issued_token_identifier(mut self) -> Self {
[INFO] [stderr]     |        ^^^^^^^^^^^^^^^^^^^^^^^^^^^^^^^^^^^
[INFO] [stderr] ...
[INFO] [stderr] 156 |     fn find_log(&self, log_identifier: &str) -> Option<&Events> {
[INFO] [stderr]     |        ^^^^^^^^
[INFO] [stderr] 
[INFO] [stderr] warning: associated functions `new` and `signal_error` are never used
[INFO] [stderr]   --> src/scenario/model/transaction/tx_response_status.rs:12:19
[INFO] [stderr]    |
[INFO] [stderr] 10 | impl TxResponseStatus {
[INFO] [stderr]    | --------------------- associated functions in this implementation
[INFO] [stderr] 11 |     /// Creates a [`TxResponseStatus`]
[INFO] [stderr] 12 |     pub(crate) fn new(status: u64, message: &str) -> Self {
[INFO] [stderr]    |                   ^^^
[INFO] [stderr] ...
[INFO] [stderr] 20 |     pub(crate) fn signal_error(message: &str) -> Self {
[INFO] [stderr]    |                   ^^^^^^^^^^^^
[INFO] [stderr] 
[INFO] [stderr] warning: `klever-sc-scenario` (lib) generated 8 warnings (run `cargo fix --lib -p klever-sc-scenario` to apply 3 suggestions)
[INFO] [stderr] warning: `klever-sc-scenario` (lib test) generated 8 warnings (8 duplicates)
[INFO] [stderr] warning: unused imports: `BigUint`, `DefaultErrorHandler`, `TokenIdentifier`, and `TopEncode`
[INFO] [stderr]  --> tests/kda_token_payment_test.rs:2:19
[INFO] [stderr]   |
[INFO] [stderr] 2 |     codec::{self, DefaultErrorHandler, TopEncode},
[INFO] [stderr]   |                   ^^^^^^^^^^^^^^^^^^^  ^^^^^^^^^
[INFO] [stderr] 3 |     types::{BigUint, KdaTokenPayment, TokenIdentifier},
[INFO] [stderr]   |             ^^^^^^^                   ^^^^^^^^^^^^^^^
[INFO] [stderr]   |
[INFO] [stderr]   = note: `#[warn(unused_imports)]` on by default
[INFO] [stderr] 
[INFO] [stderr] warning: function `kda_token_payment_regular_top_decode_or_handle_err` is never used
[INFO] [stderr]  --> tests/kda_token_payment_test.rs:8:4
[INFO] [stderr]   |
[INFO] [stderr] 8 | fn kda_token_payment_regular_top_decode_or_handle_err<I, H>(
[INFO] [stderr]   |    ^^^^^^^^^^^^^^^^^^^^^^^^^^^^^^^^^^^^^^^^^^^^^^^^^^
[INFO] [stderr]   |
[INFO] [stderr]   = note: `#[warn(dead_code)]` on by default
[INFO] [stderr] 
[INFO] [stderr] warning: `klever-sc-scenario` (test "kda_token_payment_test") generated 2 warnings (run `cargo fix --test "kda_token_payment_test"` to apply 1 suggestion)
[INFO] [stderr]     Finished `test` profile [unoptimized + debuginfo] target(s) in 0.40s
[INFO] [stderr]      Running unittests src/lib.rs (/opt/rustwide/target/debug/deps/klever_sc_scenario-07e5ed63a967c5ef)
[INFO] [stdout] 
[INFO] [stdout] running 2 tests
[INFO] [stderr]      Running unittests src/main.rs (/opt/rustwide/target/debug/deps/sc_scenario-9ca40ffd375d952d)
[INFO] [stdout] test scenario::model::value::value_checkable::tests::check_bytes ... ok
[INFO] [stdout] test scenario::model::value::value_checkable::tests::check_u64 ... ok
[INFO] [stdout] 
[INFO] [stdout] test result: ok. 2 passed; 0 failed; 0 ignored; 0 measured; 0 filtered out; finished in 0.00s
[INFO] [stdout] 
[INFO] [stdout] 
[INFO] [stdout] running 0 tests
[INFO] [stdout] 
[INFO] [stdout] test result: ok. 0 passed; 0 failed; 0 ignored; 0 measured; 0 filtered out; finished in 0.00s
[INFO] [stdout] 
[INFO] [stderr]      Running tests/big_int_test.rs (/opt/rustwide/target/debug/deps/big_int_test-42ae0ba8a86a4217)
[INFO] [stdout] 
[INFO] [stdout] running 1 test
[INFO] [stdout] test test_big_int_add ... ok
[INFO] [stdout] 
[INFO] [stdout] test result: ok. 1 passed; 0 failed; 0 ignored; 0 measured; 0 filtered out; finished in 0.01s
[INFO] [stderr]      Running tests/contract_call_test.rs (/opt/rustwide/target/debug/deps/contract_call_test-b252e5f192fd8417)
[INFO] [stdout] 
[INFO] [stdout] 
[INFO] [stdout] running 1 test
[INFO] [stdout] test test_contract_call_multi_kda ... ok
[INFO] [stdout] 
[INFO] [stdout] test result: ok. 1 passed; 0 failed; 0 ignored; 0 measured; 0 filtered out; finished in 0.01s
[INFO] [stdout] 
[INFO] [stderr]      Running tests/contract_without_macros.rs (/opt/rustwide/target/debug/deps/contract_without_macros-e793f94c75fb24a1)
[INFO] [stdout] 
[INFO] [stdout] running 2 tests
[INFO] [stdout] test contract_without_macros_basic ... ok
[INFO] [stdout] test contract_without_macros_scenario ... FAILED
[INFO] [stdout] 
[INFO] [stdout] failures:
[INFO] [stdout] 
[INFO] [stdout] ---- contract_without_macros_scenario stdout ----
[INFO] [stdout] thread 'contract_without_macros_scenario' panicked at src/scenario/parse_util.rs:13:29:
[INFO] [stdout] not found: No such file or directory (os error 2) "/opt/rustwide/workdir/../../contracts/examples/adder/scenarios/adder.scen.json"
[INFO] [stdout] stack backtrace:
[INFO] [stdout]    0:     0x63ade620cb8a - std::backtrace_rs::backtrace::libunwind::trace::h207520d6e9873551
[INFO] [stdout]                                at /rustc/df4ca44d3fbc9301ee17f30f4d474e6ae4b05252/library/std/src/../../backtrace/src/backtrace/libunwind.rs:116:5
[INFO] [stdout]    1:     0x63ade620cb8a - std::backtrace_rs::backtrace::trace_unsynchronized::h2ed7433f370e3eca
[INFO] [stdout]                                at /rustc/df4ca44d3fbc9301ee17f30f4d474e6ae4b05252/library/std/src/../../backtrace/src/backtrace/mod.rs:66:5
[INFO] [stdout]    2:     0x63ade620cb8a - std::sys::backtrace::_print_fmt::h916fac51166b18d7
[INFO] [stdout]                                at /rustc/df4ca44d3fbc9301ee17f30f4d474e6ae4b05252/library/std/src/sys/backtrace.rs:66:9
[INFO] [stdout]    3:     0x63ade620cb8a - <std::sys::backtrace::BacktraceLock::print::DisplayBacktrace as core::fmt::Display>::fmt::ha0a4c9b8ce3802e6
[INFO] [stdout]                                at /rustc/df4ca44d3fbc9301ee17f30f4d474e6ae4b05252/library/std/src/sys/backtrace.rs:39:26
[INFO] [stdout]    4:     0x63ade6234933 - core::fmt::rt::Argument::fmt::h4cfc8587d52b3eb5
[INFO] [stdout]                                at /rustc/df4ca44d3fbc9301ee17f30f4d474e6ae4b05252/library/core/src/fmt/rt.rs:177:76
[INFO] [stdout]    5:     0x63ade6234933 - core::fmt::write::h522cc39e5b36ae9f
[INFO] [stdout]                                at /rustc/df4ca44d3fbc9301ee17f30f4d474e6ae4b05252/library/core/src/fmt/mod.rs:1190:21
[INFO] [stdout]    6:     0x63ade62095a3 - std::io::Write::write_fmt::h7d3c26752da97734
[INFO] [stdout]                                at /rustc/df4ca44d3fbc9301ee17f30f4d474e6ae4b05252/library/std/src/io/mod.rs:1839:15
[INFO] [stdout]    7:     0x63ade620c9d2 - std::sys::backtrace::BacktraceLock::print::h4b9e00b29e9c0942
[INFO] [stdout]                                at /rustc/df4ca44d3fbc9301ee17f30f4d474e6ae4b05252/library/std/src/sys/backtrace.rs:42:9
[INFO] [stdout]    8:     0x63ade620e01a - std::panicking::default_hook::{{closure}}::hb59b88280d0324d9
[INFO] [stdout]                                at /rustc/df4ca44d3fbc9301ee17f30f4d474e6ae4b05252/library/std/src/panicking.rs:268:22
[INFO] [stdout]    9:     0x63ade620de24 - std::panicking::default_hook::he1dd496665be4a29
[INFO] [stdout]                                at /rustc/df4ca44d3fbc9301ee17f30f4d474e6ae4b05252/library/std/src/panicking.rs:292:9
[INFO] [stdout]   10:     0x63ade5ec1a69 - <alloc::boxed::Box<F,A> as core::ops::function::Fn<Args>>::call::h4ff71de18744e1dc
[INFO] [stdout]                                at /rustc/df4ca44d3fbc9301ee17f30f4d474e6ae4b05252/library/alloc/src/boxed.rs:2468:9
[INFO] [stdout]   11:     0x63ade5ec1a69 - test::test_main::{{closure}}::hcf7c055ce117aa81
[INFO] [stdout]                                at /rustc/df4ca44d3fbc9301ee17f30f4d474e6ae4b05252/library/test/src/lib.rs:133:21
[INFO] [stdout]   12:     0x63ade620e718 - <alloc::boxed::Box<F,A> as core::ops::function::Fn<Args>>::call::h1d66c6bbd60c9692
[INFO] [stdout]                                at /rustc/df4ca44d3fbc9301ee17f30f4d474e6ae4b05252/library/alloc/src/boxed.rs:2468:9
[INFO] [stdout]   13:     0x63ade620e718 - std::panicking::rust_panic_with_hook::h2ff17fe8f26dfcf8
[INFO] [stdout]                                at /rustc/df4ca44d3fbc9301ee17f30f4d474e6ae4b05252/library/std/src/panicking.rs:809:13
[INFO] [stdout]   14:     0x63ade620e4da - std::panicking::begin_panic_handler::{{closure}}::h4fad77951c07e101
[INFO] [stdout]                                at /rustc/df4ca44d3fbc9301ee17f30f4d474e6ae4b05252/library/std/src/panicking.rs:674:13
[INFO] [stdout]   15:     0x63ade620d069 - std::sys::backtrace::__rust_end_short_backtrace::hb1a25b3da5d0ea08
[INFO] [stdout]                                at /rustc/df4ca44d3fbc9301ee17f30f4d474e6ae4b05252/library/std/src/sys/backtrace.rs:170:18
[INFO] [stdout]   16:     0x63ade620e16c - rust_begin_unwind
[INFO] [stdout]                                at /rustc/df4ca44d3fbc9301ee17f30f4d474e6ae4b05252/library/std/src/panicking.rs:665:5
[INFO] [stdout]   17:     0x63ade6232cc0 - core::panicking::panic_fmt::ha9db07b529f9b256
[INFO] [stdout]                                at /rustc/df4ca44d3fbc9301ee17f30f4d474e6ae4b05252/library/core/src/panicking.rs:75:14
[INFO] [stdout]   18:     0x63ade5eeb9a6 - klever_sc_scenario::scenario::parse_util::parse_scenario_raw::{{closure}}::h54d54c22da6fe818
[INFO] [stdout]                                at /opt/rustwide/workdir/src/scenario/parse_util.rs:13:29
[INFO] [stdout]   19:     0x63ade5f90377 - core::result::Result<T,E>::unwrap_or_else::hf0eeef408b00a916
[INFO] [stdout]                                at /rustc/df4ca44d3fbc9301ee17f30f4d474e6ae4b05252/library/core/src/result.rs:1457:23
[INFO] [stdout]   20:     0x63ade5eeb6b1 - klever_sc_scenario::scenario::parse_util::parse_scenario_raw::h3b4d64ce16330988
[INFO] [stdout]                                at /opt/rustwide/workdir/src/scenario/parse_util.rs:12:20
[INFO] [stdout]   21:     0x63ade5eebbc0 - klever_sc_scenario::scenario::parse_util::parse_scenario::h24bd2d71ad63e06d
[INFO] [stdout]                                at /opt/rustwide/workdir/src/scenario/parse_util.rs:22:15
[INFO] [stdout]   22:     0x63ade5ee5eca - klever_sc_scenario::facade::debugger_backend::DebuggerBackend::run_scenario_file::hc8d0866077d02b4c
[INFO] [stdout]                                at /opt/rustwide/workdir/src/facade/debugger_backend.rs:90:28
[INFO] [stdout]   23:     0x63ade5e7bf4e - klever_sc_scenario::facade::scenario_world::ScenarioWorld::run::h4d98248d2a17d418
[INFO] [stdout]                                at /opt/rustwide/workdir/src/facade/scenario_world.rs:73:17
[INFO] [stdout]   24:     0x63ade5e7fe27 - contract_without_macros::contract_without_macros_scenario::hf6ac8392c2a72ba4
[INFO] [stdout]                                at /opt/rustwide/workdir/tests/contract_without_macros.rs:414:5
[INFO] [stdout]   25:     0x63ade5e7fde7 - contract_without_macros::contract_without_macros_scenario::{{closure}}::ha7d5e488d0883973
[INFO] [stdout]                                at /opt/rustwide/workdir/tests/contract_without_macros.rs:413:38
[INFO] [stdout]   26:     0x63ade5e7cb66 - core::ops::function::FnOnce::call_once::h4e28580a520dd5ee
[INFO] [stdout]                                at /rustc/df4ca44d3fbc9301ee17f30f4d474e6ae4b05252/library/core/src/ops/function.rs:250:5
[INFO] [stdout]   27:     0x63ade5ec633b - core::ops::function::FnOnce::call_once::h22c3ba5715e93f05
[INFO] [stdout]                                at /rustc/df4ca44d3fbc9301ee17f30f4d474e6ae4b05252/library/core/src/ops/function.rs:250:5
[INFO] [stdout]   28:     0x63ade5ec633b - test::__rust_begin_short_backtrace::h8e82d8113d0da17f
[INFO] [stdout]                                at /rustc/df4ca44d3fbc9301ee17f30f4d474e6ae4b05252/library/test/src/lib.rs:621:18
[INFO] [stdout]   29:     0x63ade5ec5cb7 - test::run_test_in_process::{{closure}}::h33235f4f20b7b7c7
[INFO] [stdout]                                at /rustc/df4ca44d3fbc9301ee17f30f4d474e6ae4b05252/library/test/src/lib.rs:644:60
[INFO] [stdout]   30:     0x63ade5ec5cb7 - <core::panic::unwind_safe::AssertUnwindSafe<F> as core::ops::function::FnOnce<()>>::call_once::hb5043206310c586f
[INFO] [stdout]                                at /rustc/df4ca44d3fbc9301ee17f30f4d474e6ae4b05252/library/core/src/panic/unwind_safe.rs:272:9
[INFO] [stdout]   31:     0x63ade5ec5cb7 - std::panicking::try::do_call::h9ad4731a60ab23e2
[INFO] [stdout]                                at /rustc/df4ca44d3fbc9301ee17f30f4d474e6ae4b05252/library/std/src/panicking.rs:557:40
[INFO] [stdout]   32:     0x63ade5ec5cb7 - std::panicking::try::h3824d23db772a716
[INFO] [stdout]                                at /rustc/df4ca44d3fbc9301ee17f30f4d474e6ae4b05252/library/std/src/panicking.rs:520:19
[INFO] [stdout]   33:     0x63ade5ec5cb7 - std::panic::catch_unwind::h5afd514605fde46b
[INFO] [stdout]                                at /rustc/df4ca44d3fbc9301ee17f30f4d474e6ae4b05252/library/std/src/panic.rs:358:14
[INFO] [stdout]   34:     0x63ade5ec5cb7 - test::run_test_in_process::h0d5cbfa7067d1720
[INFO] [stdout]                                at /rustc/df4ca44d3fbc9301ee17f30f4d474e6ae4b05252/library/test/src/lib.rs:644:27
[INFO] [stdout]   35:     0x63ade5ec5cb7 - test::run_test::{{closure}}::h708eb8872708115d
[INFO] [stdout]                                at /rustc/df4ca44d3fbc9301ee17f30f4d474e6ae4b05252/library/test/src/lib.rs:565:43
[INFO] [stdout]   36:     0x63ade5e893d4 - test::run_test::{{closure}}::h392c51cee94713ab
[INFO] [stdout]                                at /rustc/df4ca44d3fbc9301ee17f30f4d474e6ae4b05252/library/test/src/lib.rs:595:41
[INFO] [stdout]   37:     0x63ade5e893d4 - std::sys::backtrace::__rust_begin_short_backtrace::h2f40290710935a8b
[INFO] [stdout]                                at /rustc/df4ca44d3fbc9301ee17f30f4d474e6ae4b05252/library/std/src/sys/backtrace.rs:154:18
[INFO] [stdout]   38:     0x63ade5e8cb7e - std::thread::Builder::spawn_unchecked_::{{closure}}::{{closure}}::h3fd968d89053a903
[INFO] [stdout]                                at /rustc/df4ca44d3fbc9301ee17f30f4d474e6ae4b05252/library/std/src/thread/mod.rs:541:17
[INFO] [stdout]   39:     0x63ade5e8cb7e - <core::panic::unwind_safe::AssertUnwindSafe<F> as core::ops::function::FnOnce<()>>::call_once::h743f637ba4229880
[INFO] [stdout]                                at /rustc/df4ca44d3fbc9301ee17f30f4d474e6ae4b05252/library/core/src/panic/unwind_safe.rs:272:9
[INFO] [stdout]   40:     0x63ade5e8cb7e - std::panicking::try::do_call::h07440897322525a6
[INFO] [stdout]                                at /rustc/df4ca44d3fbc9301ee17f30f4d474e6ae4b05252/library/std/src/panicking.rs:557:40
[INFO] [stdout]   41:     0x63ade5e8cb7e - std::panicking::try::he5a2e00188156637
[INFO] [stdout]                                at /rustc/df4ca44d3fbc9301ee17f30f4d474e6ae4b05252/library/std/src/panicking.rs:520:19
[INFO] [stdout]   42:     0x63ade5e8cb7e - std::panic::catch_unwind::hbaf3cae49b3c6433
[INFO] [stdout]                                at /rustc/df4ca44d3fbc9301ee17f30f4d474e6ae4b05252/library/std/src/panic.rs:358:14
[INFO] [stdout]   43:     0x63ade5e8cb7e - std::thread::Builder::spawn_unchecked_::{{closure}}::h8e141ea224820bce
[INFO] [stdout]                                at /rustc/df4ca44d3fbc9301ee17f30f4d474e6ae4b05252/library/std/src/thread/mod.rs:540:30
[INFO] [stdout]   44:     0x63ade5e8cb7e - core::ops::function::FnOnce::call_once{{vtable.shim}}::h90d312fedd7b8ea8
[INFO] [stdout]                                at /rustc/df4ca44d3fbc9301ee17f30f4d474e6ae4b05252/library/core/src/ops/function.rs:250:5
[INFO] [stdout]   45:     0x63ade621260b - <alloc::boxed::Box<F,A> as core::ops::function::FnOnce<Args>>::call_once::h69aa08ddb6adb8b6
[INFO] [stdout]                                at /rustc/df4ca44d3fbc9301ee17f30f4d474e6ae4b05252/library/alloc/src/boxed.rs:2454:9
[INFO] [stdout]   46:     0x63ade621260b - <alloc::boxed::Box<F,A> as core::ops::function::FnOnce<Args>>::call_once::h5aa36efdb79c806f
[INFO] [stdout]                                at /rustc/df4ca44d3fbc9301ee17f30f4d474e6ae4b05252/library/alloc/src/boxed.rs:2454:9
[INFO] [stdout]   47:     0x63ade621260b - std::sys::pal::unix::thread::Thread::new::thread_start::h6cd80a1b4be5158d
[INFO] [stdout]                                at /rustc/df4ca44d3fbc9301ee17f30f4d474e6ae4b05252/library/std/src/sys/pal/unix/thread.rs:105:17
[INFO] [stdout]   48:     0x74bbd78fbac3 - <unknown>
[INFO] [stdout]   49:     0x74bbd798ca04 - clone
[INFO] [stdout]   50:                0x0 - <unknown>
[INFO] [stdout] 
[INFO] [stdout] 
[INFO] [stdout] failures:
[INFO] [stdout]     contract_without_macros_scenario
[INFO] [stdout] 
[INFO] [stdout] test result: FAILED. 1 passed; 1 failed; 0 ignored; 0 measured; 0 filtered out; finished in 0.61s
[INFO] [stdout] 
[INFO] [stderr] error: test failed, to rerun pass `--test contract_without_macros`
[INFO] running `Command { std: "docker" "inspect" "8a24a3ad825e37ed8a86b687294f44031569a89c6503c8ef0b116b5bb6ec0a56", kill_on_drop: false }`
[INFO] running `Command { std: "docker" "rm" "-f" "8a24a3ad825e37ed8a86b687294f44031569a89c6503c8ef0b116b5bb6ec0a56", kill_on_drop: false }`
[INFO] [stdout] 8a24a3ad825e37ed8a86b687294f44031569a89c6503c8ef0b116b5bb6ec0a56
