[INFO] fetching crate kill_tree 0.2.4...
[INFO] testing kill_tree-0.2.4 against nightly-2024-10-28 for randomize-layout
[INFO] extracting crate kill_tree 0.2.4 into /workspace/builds/worker-1-tc1/source
[INFO] validating manifest of crates.io crate kill_tree 0.2.4 on toolchain nightly-2024-10-28
[INFO] running `Command { std: CARGO_HOME="/workspace/cargo-home" RUSTUP_HOME="/workspace/rustup-home" "/workspace/cargo-home/bin/cargo" "+nightly-2024-10-28" "metadata" "--manifest-path" "Cargo.toml" "--no-deps", kill_on_drop: false }`
[INFO] started tweaking crates.io crate kill_tree 0.2.4
[INFO] finished tweaking crates.io crate kill_tree 0.2.4
[INFO] tweaked toml for crates.io crate kill_tree 0.2.4 written to /workspace/builds/worker-1-tc1/source/Cargo.toml
[INFO] running `Command { std: CARGO_HOME="/workspace/cargo-home" RUSTUP_HOME="/workspace/rustup-home" "/workspace/cargo-home/bin/cargo" "+nightly-2024-10-28" "generate-lockfile" "--manifest-path" "Cargo.toml", kill_on_drop: false }`
[INFO] [stderr]     Updating crates.io index
[INFO] [stderr]      Locking 87 packages to latest compatible versions
[INFO] [stderr]       Adding bindgen v0.69.5 (available: v0.70.1)
[INFO] [stderr]       Adding nix v0.27.1 (available: v0.29.0)
[INFO] [stderr]       Adding windows v0.52.0 (available: v0.58.0)
[INFO] running `Command { std: CARGO_HOME="/workspace/cargo-home" RUSTUP_HOME="/workspace/rustup-home" "/workspace/cargo-home/bin/cargo" "+nightly-2024-10-28" "fetch" "--manifest-path" "Cargo.toml", kill_on_drop: false }`
[INFO] running `Command { std: "docker" "create" "-v" "/var/lib/crater-agent-workspace/builds/worker-1-tc1/target:/opt/rustwide/target:rw,Z" "-v" "/var/lib/crater-agent-workspace/builds/worker-1-tc1/source:/opt/rustwide/workdir:ro,Z" "-v" "/var/lib/crater-agent-workspace/cargo-home:/opt/rustwide/cargo-home:ro,Z" "-v" "/var/lib/crater-agent-workspace/rustup-home:/opt/rustwide/rustup-home:ro,Z" "-e" "SOURCE_DIR=/opt/rustwide/workdir" "-e" "CARGO_TARGET_DIR=/opt/rustwide/target" "-e" "CARGO_HOME=/opt/rustwide/cargo-home" "-e" "RUSTUP_HOME=/opt/rustwide/rustup-home" "-w" "/opt/rustwide/workdir" "-m" "1610612736" "--user" "0:0" "--network" "none" "ghcr.io/rust-lang/crates-build-env/linux@sha256:4a844ea9eb2546a2d2c7022eacef16ef2e8229c7fbb2c7d4d55a9ceca922f72d" "/opt/rustwide/cargo-home/bin/cargo" "+nightly-2024-10-28" "metadata" "--no-deps" "--format-version=1", kill_on_drop: false }`
[INFO] [stdout] 3d1132da74c90da71dd1a092d7436e172cd5331b14c45716f99f698642335558
[INFO] running `Command { std: "docker" "start" "-a" "3d1132da74c90da71dd1a092d7436e172cd5331b14c45716f99f698642335558", kill_on_drop: false }`
[INFO] running `Command { std: "docker" "inspect" "3d1132da74c90da71dd1a092d7436e172cd5331b14c45716f99f698642335558", kill_on_drop: false }`
[INFO] running `Command { std: "docker" "rm" "-f" "3d1132da74c90da71dd1a092d7436e172cd5331b14c45716f99f698642335558", kill_on_drop: false }`
[INFO] [stdout] 3d1132da74c90da71dd1a092d7436e172cd5331b14c45716f99f698642335558
[INFO] running `Command { std: "docker" "create" "-v" "/var/lib/crater-agent-workspace/builds/worker-1-tc1/target:/opt/rustwide/target:rw,Z" "-v" "/var/lib/crater-agent-workspace/builds/worker-1-tc1/source:/opt/rustwide/workdir:ro,Z" "-v" "/var/lib/crater-agent-workspace/cargo-home:/opt/rustwide/cargo-home:ro,Z" "-v" "/var/lib/crater-agent-workspace/rustup-home:/opt/rustwide/rustup-home:ro,Z" "-e" "SOURCE_DIR=/opt/rustwide/workdir" "-e" "CARGO_TARGET_DIR=/opt/rustwide/target" "-e" "CARGO_INCREMENTAL=0" "-e" "RUST_BACKTRACE=full" "-e" "RUSTFLAGS=--cap-lints=forbid" "-e" "RUSTDOCFLAGS=--cap-lints=forbid" "-e" "CARGO_HOME=/opt/rustwide/cargo-home" "-e" "RUSTUP_HOME=/opt/rustwide/rustup-home" "-w" "/opt/rustwide/workdir" "-m" "1610612736" "--user" "0:0" "--network" "none" "ghcr.io/rust-lang/crates-build-env/linux@sha256:4a844ea9eb2546a2d2c7022eacef16ef2e8229c7fbb2c7d4d55a9ceca922f72d" "/opt/rustwide/cargo-home/bin/cargo" "+nightly-2024-10-28" "build" "--frozen" "--message-format=json", kill_on_drop: false }`
[INFO] [stdout] 6d0a8cdeeca228cc66d63b5f4ef14c1d6667b0e02cc291a2ec01021708aa5694
[INFO] running `Command { std: "docker" "start" "-a" "6d0a8cdeeca228cc66d63b5f4ef14c1d6667b0e02cc291a2ec01021708aa5694", kill_on_drop: false }`
[INFO] [stderr]    Compiling kill_tree v0.2.4 (/opt/rustwide/workdir)
[INFO] [stderr]    Compiling tracing-core v0.1.32
[INFO] [stderr]    Compiling syn v2.0.86
[INFO] [stderr]    Compiling nix v0.27.1
[INFO] [stderr]    Compiling tracing-attributes v0.1.27
[INFO] [stderr]    Compiling tracing v0.1.40
[INFO] [stdout] warning: impl trait in impl method signature does not match trait method signature
[INFO] [stdout]    --> src/linux.rs:150:48
[INFO] [stdout]     |
[INFO] [stdout] 150 |     fn new_killable(&self, config: &Config) -> Result<Killer> {
[INFO] [stdout]     |                                                ^^^^^^^^^^^^^^
[INFO] [stdout]     |
[INFO] [stdout]    ::: src/core.rs:98:48
[INFO] [stdout]     |
[INFO] [stdout] 98  |     fn new_killable(&self, config: &Config) -> Result<impl Killable>;
[INFO] [stdout]     |                                                --------------------- return type from trait method defined here
[INFO] [stdout]     |
[INFO] [stdout]     = note: add `#[allow(refining_impl_trait)]` if it is intended for this to be part of the public API of this crate
[INFO] [stdout]     = note: we are soliciting feedback, see issue #121718 <https://github.com/rust-lang/rust/issues/121718> for more information
[INFO] [stdout]     = note: `#[warn(refining_impl_trait_internal)]` on by default
[INFO] [stdout] help: replace the return type so that it matches the trait
[INFO] [stdout]     |
[INFO] [stdout] 150 |     fn new_killable(&self, config: &Config) -> std::result::Result<impl Killable, core::Error> {
[INFO] [stdout]     |                                                ~~~~~~~~~~~~~~~~~~~~~~~~~~~~~~~~~~~~~~~~~~~~~~~
[INFO] [stdout] 
[INFO] [stdout] 
[INFO] [stdout] warning: impl trait in impl method signature does not match trait method signature
[INFO] [stdout]   --> src/unix.rs:74:48
[INFO] [stdout]    |
[INFO] [stdout] 74 |     fn new_killable(&self, config: &Config) -> Result<Killer> {
[INFO] [stdout]    |                                                ^^^^^^^^^^^^^^
[INFO] [stdout]    |
[INFO] [stdout]   ::: src/core.rs:98:48
[INFO] [stdout]    |
[INFO] [stdout] 98 |     fn new_killable(&self, config: &Config) -> Result<impl Killable>;
[INFO] [stdout]    |                                                --------------------- return type from trait method defined here
[INFO] [stdout]    |
[INFO] [stdout]    = note: add `#[allow(refining_impl_trait)]` if it is intended for this to be part of the public API of this crate
[INFO] [stdout]    = note: we are soliciting feedback, see issue #121718 <https://github.com/rust-lang/rust/issues/121718> for more information
[INFO] [stdout] help: replace the return type so that it matches the trait
[INFO] [stdout]    |
[INFO] [stdout] 74 |     fn new_killable(&self, config: &Config) -> std::result::Result<impl Killable, core::Error> {
[INFO] [stdout]    |                                                ~~~~~~~~~~~~~~~~~~~~~~~~~~~~~~~~~~~~~~~~~~~~~~~
[INFO] [stdout] 
[INFO] [stdout] 
[INFO] [stderr]     Finished `dev` profile [unoptimized + debuginfo] target(s) in 5.42s
[INFO] running `Command { std: "docker" "inspect" "6d0a8cdeeca228cc66d63b5f4ef14c1d6667b0e02cc291a2ec01021708aa5694", kill_on_drop: false }`
[INFO] running `Command { std: "docker" "rm" "-f" "6d0a8cdeeca228cc66d63b5f4ef14c1d6667b0e02cc291a2ec01021708aa5694", kill_on_drop: false }`
[INFO] [stdout] 6d0a8cdeeca228cc66d63b5f4ef14c1d6667b0e02cc291a2ec01021708aa5694
[INFO] running `Command { std: "docker" "create" "-v" "/var/lib/crater-agent-workspace/builds/worker-1-tc1/target:/opt/rustwide/target:rw,Z" "-v" "/var/lib/crater-agent-workspace/builds/worker-1-tc1/source:/opt/rustwide/workdir:ro,Z" "-v" "/var/lib/crater-agent-workspace/cargo-home:/opt/rustwide/cargo-home:ro,Z" "-v" "/var/lib/crater-agent-workspace/rustup-home:/opt/rustwide/rustup-home:ro,Z" "-e" "SOURCE_DIR=/opt/rustwide/workdir" "-e" "CARGO_TARGET_DIR=/opt/rustwide/target" "-e" "CARGO_INCREMENTAL=0" "-e" "RUST_BACKTRACE=full" "-e" "RUSTFLAGS=--cap-lints=forbid" "-e" "RUSTDOCFLAGS=--cap-lints=forbid" "-e" "CARGO_HOME=/opt/rustwide/cargo-home" "-e" "RUSTUP_HOME=/opt/rustwide/rustup-home" "-w" "/opt/rustwide/workdir" "-m" "1610612736" "--user" "0:0" "--network" "none" "ghcr.io/rust-lang/crates-build-env/linux@sha256:4a844ea9eb2546a2d2c7022eacef16ef2e8229c7fbb2c7d4d55a9ceca922f72d" "/opt/rustwide/cargo-home/bin/cargo" "+nightly-2024-10-28" "test" "--frozen" "--no-run" "--message-format=json", kill_on_drop: false }`
[INFO] [stdout] 16bcb2b4d60f9c88956c0d72b07578495d623adf76e0e16e52e16e1274545f66
[INFO] running `Command { std: "docker" "start" "-a" "16bcb2b4d60f9c88956c0d72b07578495d623adf76e0e16e52e16e1274545f66", kill_on_drop: false }`
[INFO] [stderr]    Compiling regex-syntax v0.8.5
[INFO] [stderr]    Compiling regex-syntax v0.6.29
[INFO] [stderr]    Compiling tracing-core v0.1.32
[INFO] [stderr]    Compiling overload v0.1.1
[INFO] [stderr]    Compiling sharded-slab v0.1.7
[INFO] [stderr]    Compiling thread_local v1.1.8
[INFO] [stderr]    Compiling syn v2.0.86
[INFO] [stderr]    Compiling tokio v1.41.0
[INFO] [stderr]    Compiling nu-ansi-term v0.46.0
[INFO] [stderr]    Compiling tracing-log v0.2.0
[INFO] [stderr]    Compiling regex-automata v0.4.8
[INFO] [stderr]    Compiling regex-automata v0.1.10
[INFO] [stderr]    Compiling matchers v0.1.0
[INFO] [stderr]    Compiling regex v1.11.1
[INFO] [stderr]    Compiling tracing-attributes v0.1.27
[INFO] [stderr]    Compiling tracing-test-macro v0.2.5
[INFO] [stderr]    Compiling tracing v0.1.40
[INFO] [stderr]    Compiling tracing-subscriber v0.3.18
[INFO] [stderr]    Compiling kill_tree v0.2.4 (/opt/rustwide/workdir)
[INFO] [stdout] warning: impl trait in impl method signature does not match trait method signature
[INFO] [stdout]    --> src/linux.rs:150:48
[INFO] [stdout]     |
[INFO] [stdout] 150 |     fn new_killable(&self, config: &Config) -> Result<Killer> {
[INFO] [stdout]     |                                                ^^^^^^^^^^^^^^
[INFO] [stdout]     |
[INFO] [stdout]    ::: src/core.rs:98:48
[INFO] [stdout]     |
[INFO] [stdout] 98  |     fn new_killable(&self, config: &Config) -> Result<impl Killable>;
[INFO] [stdout]     |                                                --------------------- return type from trait method defined here
[INFO] [stdout]     |
[INFO] [stdout]     = note: add `#[allow(refining_impl_trait)]` if it is intended for this to be part of the public API of this crate
[INFO] [stdout]     = note: we are soliciting feedback, see issue #121718 <https://github.com/rust-lang/rust/issues/121718> for more information
[INFO] [stdout]     = note: `#[warn(refining_impl_trait_internal)]` on by default
[INFO] [stdout] help: replace the return type so that it matches the trait
[INFO] [stdout]     |
[INFO] [stdout] 150 |     fn new_killable(&self, config: &Config) -> std::result::Result<impl Killable, core::Error> {
[INFO] [stdout]     |                                                ~~~~~~~~~~~~~~~~~~~~~~~~~~~~~~~~~~~~~~~~~~~~~~~
[INFO] [stdout] 
[INFO] [stdout] 
[INFO] [stdout] warning: impl trait in impl method signature does not match trait method signature
[INFO] [stdout]   --> src/unix.rs:74:48
[INFO] [stdout]    |
[INFO] [stdout] 74 |     fn new_killable(&self, config: &Config) -> Result<Killer> {
[INFO] [stdout]    |                                                ^^^^^^^^^^^^^^
[INFO] [stdout]    |
[INFO] [stdout]   ::: src/core.rs:98:48
[INFO] [stdout]    |
[INFO] [stdout] 98 |     fn new_killable(&self, config: &Config) -> Result<impl Killable>;
[INFO] [stdout]    |                                                --------------------- return type from trait method defined here
[INFO] [stdout]    |
[INFO] [stdout]    = note: add `#[allow(refining_impl_trait)]` if it is intended for this to be part of the public API of this crate
[INFO] [stdout]    = note: we are soliciting feedback, see issue #121718 <https://github.com/rust-lang/rust/issues/121718> for more information
[INFO] [stdout] help: replace the return type so that it matches the trait
[INFO] [stdout]    |
[INFO] [stdout] 74 |     fn new_killable(&self, config: &Config) -> std::result::Result<impl Killable, core::Error> {
[INFO] [stdout]    |                                                ~~~~~~~~~~~~~~~~~~~~~~~~~~~~~~~~~~~~~~~~~~~~~~~
[INFO] [stdout] 
[INFO] [stdout] 
[INFO] [stderr]    Compiling tracing-test v0.2.5
[INFO] [stdout] warning: impl trait in impl method signature does not match trait method signature
[INFO] [stdout]    --> src/linux.rs:150:48
[INFO] [stdout]     |
[INFO] [stdout] 150 |     fn new_killable(&self, config: &Config) -> Result<Killer> {
[INFO] [stdout]     |                                                ^^^^^^^^^^^^^^
[INFO] [stdout]     |
[INFO] [stdout]    ::: src/core.rs:98:48
[INFO] [stdout]     |
[INFO] [stdout] 98  |     fn new_killable(&self, config: &Config) -> Result<impl Killable>;
[INFO] [stdout]     |                                                --------------------- return type from trait method defined here
[INFO] [stdout]     |
[INFO] [stdout]     = note: add `#[allow(refining_impl_trait)]` if it is intended for this to be part of the public API of this crate
[INFO] [stdout]     = note: we are soliciting feedback, see issue #121718 <https://github.com/rust-lang/rust/issues/121718> for more information
[INFO] [stdout]     = note: `#[warn(refining_impl_trait_internal)]` on by default
[INFO] [stdout] help: replace the return type so that it matches the trait
[INFO] [stdout]     |
[INFO] [stdout] 150 |     fn new_killable(&self, config: &Config) -> std::result::Result<impl Killable, core::Error> {
[INFO] [stdout]     |                                                ~~~~~~~~~~~~~~~~~~~~~~~~~~~~~~~~~~~~~~~~~~~~~~~
[INFO] [stdout] 
[INFO] [stdout] 
[INFO] [stdout] warning: impl trait in impl method signature does not match trait method signature
[INFO] [stdout]   --> src/unix.rs:74:48
[INFO] [stdout]    |
[INFO] [stdout] 74 |     fn new_killable(&self, config: &Config) -> Result<Killer> {
[INFO] [stdout]    |                                                ^^^^^^^^^^^^^^
[INFO] [stdout]    |
[INFO] [stdout]   ::: src/core.rs:98:48
[INFO] [stdout]    |
[INFO] [stdout] 98 |     fn new_killable(&self, config: &Config) -> Result<impl Killable>;
[INFO] [stdout]    |                                                --------------------- return type from trait method defined here
[INFO] [stdout]    |
[INFO] [stdout]    = note: add `#[allow(refining_impl_trait)]` if it is intended for this to be part of the public API of this crate
[INFO] [stdout]    = note: we are soliciting feedback, see issue #121718 <https://github.com/rust-lang/rust/issues/121718> for more information
[INFO] [stdout] help: replace the return type so that it matches the trait
[INFO] [stdout]    |
[INFO] [stdout] 74 |     fn new_killable(&self, config: &Config) -> std::result::Result<impl Killable, core::Error> {
[INFO] [stdout]    |                                                ~~~~~~~~~~~~~~~~~~~~~~~~~~~~~~~~~~~~~~~~~~~~~~~
[INFO] [stdout] 
[INFO] [stdout] 
[INFO] [stderr]     Finished `test` profile [unoptimized + debuginfo] target(s) in 8.87s
[INFO] running `Command { std: "docker" "inspect" "16bcb2b4d60f9c88956c0d72b07578495d623adf76e0e16e52e16e1274545f66", kill_on_drop: false }`
[INFO] running `Command { std: "docker" "rm" "-f" "16bcb2b4d60f9c88956c0d72b07578495d623adf76e0e16e52e16e1274545f66", kill_on_drop: false }`
[INFO] [stdout] 16bcb2b4d60f9c88956c0d72b07578495d623adf76e0e16e52e16e1274545f66
[INFO] running `Command { std: "docker" "create" "-v" "/var/lib/crater-agent-workspace/builds/worker-1-tc1/target:/opt/rustwide/target:rw,Z" "-v" "/var/lib/crater-agent-workspace/builds/worker-1-tc1/source:/opt/rustwide/workdir:ro,Z" "-v" "/var/lib/crater-agent-workspace/cargo-home:/opt/rustwide/cargo-home:ro,Z" "-v" "/var/lib/crater-agent-workspace/rustup-home:/opt/rustwide/rustup-home:ro,Z" "-e" "SOURCE_DIR=/opt/rustwide/workdir" "-e" "CARGO_TARGET_DIR=/opt/rustwide/target" "-e" "CARGO_INCREMENTAL=0" "-e" "RUST_BACKTRACE=full" "-e" "RUSTFLAGS=--cap-lints=forbid" "-e" "RUSTDOCFLAGS=--cap-lints=forbid" "-e" "CARGO_HOME=/opt/rustwide/cargo-home" "-e" "RUSTUP_HOME=/opt/rustwide/rustup-home" "-w" "/opt/rustwide/workdir" "-m" "1610612736" "--user" "0:0" "--network" "none" "ghcr.io/rust-lang/crates-build-env/linux@sha256:4a844ea9eb2546a2d2c7022eacef16ef2e8229c7fbb2c7d4d55a9ceca922f72d" "/opt/rustwide/cargo-home/bin/cargo" "+nightly-2024-10-28" "test" "--frozen", kill_on_drop: false }`
[INFO] [stdout] 1cd03f849124beda064b4f996b1fd5c6996d6052cd8daa239424c8ba15ac5bda
[INFO] running `Command { std: "docker" "start" "-a" "1cd03f849124beda064b4f996b1fd5c6996d6052cd8daa239424c8ba15ac5bda", kill_on_drop: false }`
[INFO] [stderr] warning: impl trait in impl method signature does not match trait method signature
[INFO] [stderr]    --> src/linux.rs:150:48
[INFO] [stderr]     |
[INFO] [stderr] 150 |     fn new_killable(&self, config: &Config) -> Result<Killer> {
[INFO] [stderr]     |                                                ^^^^^^^^^^^^^^
[INFO] [stderr]     |
[INFO] [stderr]    ::: src/core.rs:98:48
[INFO] [stderr]     |
[INFO] [stderr] 98  |     fn new_killable(&self, config: &Config) -> Result<impl Killable>;
[INFO] [stderr]     |                                                --------------------- return type from trait method defined here
[INFO] [stderr]     |
[INFO] [stderr]     = note: add `#[allow(refining_impl_trait)]` if it is intended for this to be part of the public API of this crate
[INFO] [stderr]     = note: we are soliciting feedback, see issue #121718 <https://github.com/rust-lang/rust/issues/121718> for more information
[INFO] [stderr]     = note: `#[warn(refining_impl_trait_internal)]` on by default
[INFO] [stderr] help: replace the return type so that it matches the trait
[INFO] [stderr]     |
[INFO] [stderr] 150 |     fn new_killable(&self, config: &Config) -> std::result::Result<impl Killable, core::Error> {
[INFO] [stderr]     |                                                ~~~~~~~~~~~~~~~~~~~~~~~~~~~~~~~~~~~~~~~~~~~~~~~
[INFO] [stderr] 
[INFO] [stderr] warning: impl trait in impl method signature does not match trait method signature
[INFO] [stderr]   --> src/unix.rs:74:48
[INFO] [stderr]    |
[INFO] [stderr] 74 |     fn new_killable(&self, config: &Config) -> Result<Killer> {
[INFO] [stderr]    |                                                ^^^^^^^^^^^^^^
[INFO] [stderr]    |
[INFO] [stderr]   ::: src/core.rs:98:48
[INFO] [stderr]    |
[INFO] [stderr] 98 |     fn new_killable(&self, config: &Config) -> Result<impl Killable>;
[INFO] [stderr]    |                                                --------------------- return type from trait method defined here
[INFO] [stderr]    |
[INFO] [stderr]    = note: add `#[allow(refining_impl_trait)]` if it is intended for this to be part of the public API of this crate
[INFO] [stderr]    = note: we are soliciting feedback, see issue #121718 <https://github.com/rust-lang/rust/issues/121718> for more information
[INFO] [stderr] help: replace the return type so that it matches the trait
[INFO] [stderr]    |
[INFO] [stderr] 74 |     fn new_killable(&self, config: &Config) -> std::result::Result<impl Killable, core::Error> {
[INFO] [stderr]    |                                                ~~~~~~~~~~~~~~~~~~~~~~~~~~~~~~~~~~~~~~~~~~~~~~~
[INFO] [stderr] 
[INFO] [stderr] warning: `kill_tree` (lib) generated 2 warnings
[INFO] [stderr] warning: `kill_tree` (lib test) generated 2 warnings (2 duplicates)
[INFO] [stderr]     Finished `test` profile [unoptimized + debuginfo] target(s) in 0.07s
[INFO] [stderr]      Running unittests src/lib.rs (/opt/rustwide/target/debug/deps/kill_tree-93c7de0bdd08fa7b)
[INFO] [stdout] 
[INFO] [stdout] running 38 tests
[INFO] [stdout] test common::tests::available_max_process_id_linux ... ok
[INFO] [stdout] test common::tests::get_child_process_id_map_filter_process_id_and_parant_process_id_is_same ... ok
[INFO] [stdout] test common::tests::get_child_process_id_map_no_filter ... ok
[INFO] [stdout] test common::tests::get_process_ids_to_kill_test ... ok
[INFO] [stdout] test blocking::tests::kill_tree_with_config_include_target_false_available_max_process_id ... ok
[INFO] [stdout] test blocking::tests::kill_tree_with_config_sigkill_available_max_process_id_unix ... ok
[INFO] [stdout] test common::tests::get_process_info_map_test ... ok
[INFO] [stdout] test core::tests::error_display_invalid_cast ... ok
[INFO] [stdout] test common::tests::parse_kill_output_test ... ok
[INFO] [stdout] test core::tests::error_display_invalid_process_id ... ok
[INFO] [stdout] test core::tests::error_display_io ... ok
[INFO] [stdout] test core::tests::error_display_invalid_proc_entry ... ok
[INFO] [stdout] test core::tests::error_display_unix ... ok
[INFO] [stdout] test core::tests::default_config ... ok
[INFO] [stdout] test core::tests::from_unix_error ... ok
[INFO] [stdout] test linux::tests::child_process_id_map_filter_false ... ok
[INFO] [stdout] test core::tests::from_io_error ... ok
[INFO] [stdout] test linux::tests::parse_proc_entry_failed_to_get_file_name ... ok
[INFO] [stdout] test linux::tests::parse_proc_entry_not_dir ... ok
[INFO] [stdout] test blocking::tests::kill_tree_available_max_process_id_unix ... ok
[INFO] [stdout] test linux::tests::parse_proc_entry_1 ... ok
[INFO] [stdout] test linux::tests::get_process_infos_blocking ... ok
[INFO] [stdout] test linux::tests::parse_proc_entry_failed_to_parse_process_id ... ok
[INFO] [stdout] test linux::tests::parse_proc_entry_status_path_does_not_exist ... ok
[INFO] [stdout] test linux::tests::parse_status_kernel_process_id ... ok
[INFO] [stdout] test linux::tests::validate_process_id_available_max_process_id ... ok
[INFO] [stdout] test linux::tests::validate_process_id_init_process_id ... ok
[INFO] [stdout] test linux::tests::validate_process_id_kernel_process_id ... ok
[INFO] [stdout] test unix::tests::kii_sigterm ... ok
[INFO] [stdout] test unix::tests::test_validate_process_id_init ... ok
[INFO] [stdout] test linux::tests::parse_proc_entry_status_path_is_not_file ... ok
[INFO] [stdout] test unix::tests::kii_sigint ... ok
[INFO] [stdout] test unix::tests::test_validate_process_id_kernel ... ok
[INFO] [stdout] test unix::tests::kii_sigkill ... ok
[INFO] [stdout] test unix::tests::test_validate_process_id_ok ... ok
[INFO] [stdout] test unix::tests::test_validate_process_id_too_large ... ok
[INFO] [stdout] test linux::tests::get_process_info_blocking ... FAILED
[INFO] [stdout] test linux::tests::parse_proc_entry_1_and_status ... FAILED
[INFO] [stdout] 
[INFO] [stdout] failures:
[INFO] [stdout] 
[INFO] [stdout] ---- linux::tests::get_process_info_blocking stdout ----
[INFO] [stdout] thread 'linux::tests::get_process_info_blocking' panicked at src/linux.rs:400:9:
[INFO] [stdout] assertion `left == right` failed
[INFO] [stdout]   left: "cargo"
[INFO] [stdout]  right: "systemd"
[INFO] [stdout] stack backtrace:
[INFO] [stdout]    0:     0x56682baaff0a - std::backtrace_rs::backtrace::libunwind::trace::h207520d6e9873551
[INFO] [stdout]                                at /rustc/df4ca44d3fbc9301ee17f30f4d474e6ae4b05252/library/std/src/../../backtrace/src/backtrace/libunwind.rs:116:5
[INFO] [stdout]    1:     0x56682baaff0a - std::backtrace_rs::backtrace::trace_unsynchronized::h2ed7433f370e3eca
[INFO] [stdout]                                at /rustc/df4ca44d3fbc9301ee17f30f4d474e6ae4b05252/library/std/src/../../backtrace/src/backtrace/mod.rs:66:5
[INFO] [stdout]    2:     0x56682baaff0a - std::sys::backtrace::_print_fmt::h916fac51166b18d7
[INFO] [stdout]                                at /rustc/df4ca44d3fbc9301ee17f30f4d474e6ae4b05252/library/std/src/sys/backtrace.rs:66:9
[INFO] [stdout]    3:     0x56682baaff0a - <std::sys::backtrace::BacktraceLock::print::DisplayBacktrace as core::fmt::Display>::fmt::ha0a4c9b8ce3802e6
[INFO] [stdout]                                at /rustc/df4ca44d3fbc9301ee17f30f4d474e6ae4b05252/library/std/src/sys/backtrace.rs:39:26
[INFO] [stdout]    4:     0x56682bad6b73 - core::fmt::rt::Argument::fmt::h4cfc8587d52b3eb5
[INFO] [stdout]                                at /rustc/df4ca44d3fbc9301ee17f30f4d474e6ae4b05252/library/core/src/fmt/rt.rs:177:76
[INFO] [stdout]    5:     0x56682bad6b73 - core::fmt::write::h522cc39e5b36ae9f
[INFO] [stdout]                                at /rustc/df4ca44d3fbc9301ee17f30f4d474e6ae4b05252/library/core/src/fmt/mod.rs:1190:21
[INFO] [stdout]    6:     0x56682baac893 - std::io::Write::write_fmt::h7d3c26752da97734
[INFO] [stdout]                                at /rustc/df4ca44d3fbc9301ee17f30f4d474e6ae4b05252/library/std/src/io/mod.rs:1839:15
[INFO] [stdout]    7:     0x56682baafd52 - std::sys::backtrace::BacktraceLock::print::h4b9e00b29e9c0942
[INFO] [stdout]                                at /rustc/df4ca44d3fbc9301ee17f30f4d474e6ae4b05252/library/std/src/sys/backtrace.rs:42:9
[INFO] [stdout]    8:     0x56682bab139a - std::panicking::default_hook::{{closure}}::hb59b88280d0324d9
[INFO] [stdout]                                at /rustc/df4ca44d3fbc9301ee17f30f4d474e6ae4b05252/library/std/src/panicking.rs:268:22
[INFO] [stdout]    9:     0x56682bab11a4 - std::panicking::default_hook::he1dd496665be4a29
[INFO] [stdout]                                at /rustc/df4ca44d3fbc9301ee17f30f4d474e6ae4b05252/library/std/src/panicking.rs:292:9
[INFO] [stdout]   10:     0x56682ba6f309 - <alloc::boxed::Box<F,A> as core::ops::function::Fn<Args>>::call::h4ff71de18744e1dc
[INFO] [stdout]                                at /rustc/df4ca44d3fbc9301ee17f30f4d474e6ae4b05252/library/alloc/src/boxed.rs:2468:9
[INFO] [stdout]   11:     0x56682ba6f309 - test::test_main::{{closure}}::hcf7c055ce117aa81
[INFO] [stdout]                                at /rustc/df4ca44d3fbc9301ee17f30f4d474e6ae4b05252/library/test/src/lib.rs:133:21
[INFO] [stdout]   12:     0x56682bab1a98 - <alloc::boxed::Box<F,A> as core::ops::function::Fn<Args>>::call::h1d66c6bbd60c9692
[INFO] [stdout]                                at /rustc/df4ca44d3fbc9301ee17f30f4d474e6ae4b05252/library/alloc/src/boxed.rs:2468:9
[INFO] [stdout]   13:     0x56682bab1a98 - std::panicking::rust_panic_with_hook::h2ff17fe8f26dfcf8
[INFO] [stdout]                                at /rustc/df4ca44d3fbc9301ee17f30f4d474e6ae4b05252/library/std/src/panicking.rs:809:13
[INFO] [stdout]   14:     0x56682bab185a - std::panicking::begin_panic_handler::{{closure}}::h4fad77951c07e101
[INFO] [stdout]                                at /rustc/df4ca44d3fbc9301ee17f30f4d474e6ae4b05252/library/std/src/panicking.rs:674:13
[INFO] [stdout]   15:     0x56682bab03e9 - std::sys::backtrace::__rust_end_short_backtrace::hb1a25b3da5d0ea08
[INFO] [stdout]                                at /rustc/df4ca44d3fbc9301ee17f30f4d474e6ae4b05252/library/std/src/sys/backtrace.rs:170:18
[INFO] [stdout]   16:     0x56682bab14ec - rust_begin_unwind
[INFO] [stdout]                                at /rustc/df4ca44d3fbc9301ee17f30f4d474e6ae4b05252/library/std/src/panicking.rs:665:5
[INFO] [stdout]   17:     0x56682bad5550 - core::panicking::panic_fmt::ha9db07b529f9b256
[INFO] [stdout]                                at /rustc/df4ca44d3fbc9301ee17f30f4d474e6ae4b05252/library/core/src/panicking.rs:75:14
[INFO] [stdout]   18:     0x56682bad591b - core::panicking::assert_failed_inner::h04f38944d74a80a8
[INFO] [stdout]   19:     0x56682ba2d143 - core::panicking::assert_failed::h2be7533043df0929
[INFO] [stdout]                                at /rustc/df4ca44d3fbc9301ee17f30f4d474e6ae4b05252/library/core/src/panicking.rs:377:5
[INFO] [stdout]   20:     0x56682ba1f048 - kill_tree::linux::tests::get_process_info_blocking::ha59cc727e5c9121b
[INFO] [stdout]                                at /opt/rustwide/workdir/src/linux.rs:400:9
[INFO] [stdout]   21:     0x56682ba1ee67 - kill_tree::linux::tests::get_process_info_blocking::{{closure}}::hb9b6636d4d30e40b
[INFO] [stdout]                                at /opt/rustwide/workdir/src/linux.rs:393:35
[INFO] [stdout]   22:     0x56682ba26f96 - core::ops::function::FnOnce::call_once::h48d8ecb5eac80be5
[INFO] [stdout]                                at /rustc/df4ca44d3fbc9301ee17f30f4d474e6ae4b05252/library/core/src/ops/function.rs:250:5
[INFO] [stdout]   23:     0x56682ba73bdb - core::ops::function::FnOnce::call_once::h22c3ba5715e93f05
[INFO] [stdout]                                at /rustc/df4ca44d3fbc9301ee17f30f4d474e6ae4b05252/library/core/src/ops/function.rs:250:5
[INFO] [stdout]   24:     0x56682ba73bdb - test::__rust_begin_short_backtrace::h8e82d8113d0da17f
[INFO] [stdout]                                at /rustc/df4ca44d3fbc9301ee17f30f4d474e6ae4b05252/library/test/src/lib.rs:621:18
[INFO] [stdout]   25:     0x56682ba73557 - test::run_test_in_process::{{closure}}::h33235f4f20b7b7c7
[INFO] [stdout]                                at /rustc/df4ca44d3fbc9301ee17f30f4d474e6ae4b05252/library/test/src/lib.rs:644:60
[INFO] [stdout]   26:     0x56682ba73557 - <core::panic::unwind_safe::AssertUnwindSafe<F> as core::ops::function::FnOnce<()>>::call_once::hb5043206310c586f
[INFO] [stdout]                                at /rustc/df4ca44d3fbc9301ee17f30f4d474e6ae4b05252/library/core/src/panic/unwind_safe.rs:272:9
[INFO] [stdout]   27:     0x56682ba73557 - std::panicking::try::do_call::h9ad4731a60ab23e2
[INFO] [stdout]                                at /rustc/df4ca44d3fbc9301ee17f30f4d474e6ae4b05252/library/std/src/panicking.rs:557:40
[INFO] [stdout]   28:     0x56682ba73557 - std::panicking::try::h3824d23db772a716
[INFO] [stdout]                                at /rustc/df4ca44d3fbc9301ee17f30f4d474e6ae4b05252/library/std/src/panicking.rs:520:19
[INFO] [stdout]   29:     0x56682ba73557 - std::panic::catch_unwind::h5afd514605fde46b
[INFO] [stdout]                                at /rustc/df4ca44d3fbc9301ee17f30f4d474e6ae4b05252/library/std/src/panic.rs:358:14
[INFO] [stdout]   30:     0x56682ba73557 - test::run_test_in_process::h0d5cbfa7067d1720
[INFO] [stdout]                                at /rustc/df4ca44d3fbc9301ee17f30f4d474e6ae4b05252/library/test/src/lib.rs:644:27
[INFO] [stdout]   31:     0x56682ba73557 - test::run_test::{{closure}}::h708eb8872708115d
[INFO] [stdout]                                at /rustc/df4ca44d3fbc9301ee17f30f4d474e6ae4b05252/library/test/src/lib.rs:565:43
[INFO] [stdout]   32:     0x56682ba36c74 - test::run_test::{{closure}}::h392c51cee94713ab
[INFO] [stdout]                                at /rustc/df4ca44d3fbc9301ee17f30f4d474e6ae4b05252/library/test/src/lib.rs:595:41
[INFO] [stdout]   33:     0x56682ba36c74 - std::sys::backtrace::__rust_begin_short_backtrace::h2f40290710935a8b
[INFO] [stdout]                                at /rustc/df4ca44d3fbc9301ee17f30f4d474e6ae4b05252/library/std/src/sys/backtrace.rs:154:18
[INFO] [stdout]   34:     0x56682ba3a41e - std::thread::Builder::spawn_unchecked_::{{closure}}::{{closure}}::h3fd968d89053a903
[INFO] [stdout]                                at /rustc/df4ca44d3fbc9301ee17f30f4d474e6ae4b05252/library/std/src/thread/mod.rs:541:17
[INFO] [stdout]   35:     0x56682ba3a41e - <core::panic::unwind_safe::AssertUnwindSafe<F> as core::ops::function::FnOnce<()>>::call_once::h743f637ba4229880
[INFO] [stdout]                                at /rustc/df4ca44d3fbc9301ee17f30f4d474e6ae4b05252/library/core/src/panic/unwind_safe.rs:272:9
[INFO] [stdout]   36:     0x56682ba3a41e - std::panicking::try::do_call::h07440897322525a6
[INFO] [stdout]                                at /rustc/df4ca44d3fbc9301ee17f30f4d474e6ae4b05252/library/std/src/panicking.rs:557:40
[INFO] [stdout]   37:     0x56682ba3a41e - std::panicking::try::he5a2e00188156637
[INFO] [stdout]                                at /rustc/df4ca44d3fbc9301ee17f30f4d474e6ae4b05252/library/std/src/panicking.rs:520:19
[INFO] [stdout]   38:     0x56682ba3a41e - std::panic::catch_unwind::hbaf3cae49b3c6433
[INFO] [stdout]                                at /rustc/df4ca44d3fbc9301ee17f30f4d474e6ae4b05252/library/std/src/panic.rs:358:14
[INFO] [stdout]   39:     0x56682ba3a41e - std::thread::Builder::spawn_unchecked_::{{closure}}::h8e141ea224820bce
[INFO] [stdout]                                at /rustc/df4ca44d3fbc9301ee17f30f4d474e6ae4b05252/library/std/src/thread/mod.rs:540:30
[INFO] [stdout]   40:     0x56682ba3a41e - core::ops::function::FnOnce::call_once{{vtable.shim}}::h90d312fedd7b8ea8
[INFO] [stdout]                                at /rustc/df4ca44d3fbc9301ee17f30f4d474e6ae4b05252/library/core/src/ops/function.rs:250:5
[INFO] [stdout]   41:     0x56682bab5cdb - <alloc::boxed::Box<F,A> as core::ops::function::FnOnce<Args>>::call_once::h69aa08ddb6adb8b6
[INFO] [stdout]                                at /rustc/df4ca44d3fbc9301ee17f30f4d474e6ae4b05252/library/alloc/src/boxed.rs:2454:9
[INFO] [stdout]   42:     0x56682bab5cdb - <alloc::boxed::Box<F,A> as core::ops::function::FnOnce<Args>>::call_once::h5aa36efdb79c806f
[INFO] [stdout]                                at /rustc/df4ca44d3fbc9301ee17f30f4d474e6ae4b05252/library/alloc/src/boxed.rs:2454:9
[INFO] [stdout]   43:     0x56682bab5cdb - std::sys::pal::unix::thread::Thread::new::thread_start::h6cd80a1b4be5158d
[INFO] [stdout]                                at /rustc/df4ca44d3fbc9301ee17f30f4d474e6ae4b05252/library/std/src/sys/pal/unix/thread.rs:105:17
[INFO] [stdout]   44:     0x759a66a75ac3 - <unknown>
[INFO] [stdout]   45:     0x759a66b06a04 - clone
[INFO] [stdout]   46:                0x0 - <unknown>
[INFO] [stdout] 
[INFO] [stdout] ---- linux::tests::parse_proc_entry_1_and_status stdout ----
[INFO] [stdout] thread 'linux::tests::parse_proc_entry_1_and_status' panicked at src/linux.rs:378:9:
[INFO] [stdout] assertion `left == right` failed
[INFO] [stdout]   left: "cargo"
[INFO] [stdout]  right: "systemd"
[INFO] [stdout] stack backtrace:
[INFO] [stdout]    0:     0x56682baaff0a - std::backtrace_rs::backtrace::libunwind::trace::h207520d6e9873551
[INFO] [stdout]                                at /rustc/df4ca44d3fbc9301ee17f30f4d474e6ae4b05252/library/std/src/../../backtrace/src/backtrace/libunwind.rs:116:5
[INFO] [stdout]    1:     0x56682baaff0a - std::backtrace_rs::backtrace::trace_unsynchronized::h2ed7433f370e3eca
[INFO] [stdout]                                at /rustc/df4ca44d3fbc9301ee17f30f4d474e6ae4b05252/library/std/src/../../backtrace/src/backtrace/mod.rs:66:5
[INFO] [stdout]    2:     0x56682baaff0a - std::sys::backtrace::_print_fmt::h916fac51166b18d7
[INFO] [stdout]                                at /rustc/df4ca44d3fbc9301ee17f30f4d474e6ae4b05252/library/std/src/sys/backtrace.rs:66:9
[INFO] [stdout]    3:     0x56682baaff0a - <std::sys::backtrace::BacktraceLock::print::DisplayBacktrace as core::fmt::Display>::fmt::ha0a4c9b8ce3802e6
[INFO] [stdout]                                at /rustc/df4ca44d3fbc9301ee17f30f4d474e6ae4b05252/library/std/src/sys/backtrace.rs:39:26
[INFO] [stdout]    4:     0x56682bad6b73 - core::fmt::rt::Argument::fmt::h4cfc8587d52b3eb5
[INFO] [stdout]                                at /rustc/df4ca44d3fbc9301ee17f30f4d474e6ae4b05252/library/core/src/fmt/rt.rs:177:76
[INFO] [stdout]    5:     0x56682bad6b73 - core::fmt::write::h522cc39e5b36ae9f
[INFO] [stdout]                                at /rustc/df4ca44d3fbc9301ee17f30f4d474e6ae4b05252/library/core/src/fmt/mod.rs:1190:21
[INFO] [stdout]    6:     0x56682baac893 - std::io::Write::write_fmt::h7d3c26752da97734
[INFO] [stdout]                                at /rustc/df4ca44d3fbc9301ee17f30f4d474e6ae4b05252/library/std/src/io/mod.rs:1839:15
[INFO] [stdout]    7:     0x56682baafd52 - std::sys::backtrace::BacktraceLock::print::h4b9e00b29e9c0942
[INFO] [stdout]                                at /rustc/df4ca44d3fbc9301ee17f30f4d474e6ae4b05252/library/std/src/sys/backtrace.rs:42:9
[INFO] [stdout]    8:     0x56682bab139a - std::panicking::default_hook::{{closure}}::hb59b88280d0324d9
[INFO] [stdout]                                at /rustc/df4ca44d3fbc9301ee17f30f4d474e6ae4b05252/library/std/src/panicking.rs:268:22
[INFO] [stdout]    9:     0x56682bab11a4 - std::panicking::default_hook::he1dd496665be4a29
[INFO] [stdout]                                at /rustc/df4ca44d3fbc9301ee17f30f4d474e6ae4b05252/library/std/src/panicking.rs:292:9
[INFO] [stdout]   10:     0x56682ba6f309 - <alloc::boxed::Box<F,A> as core::ops::function::Fn<Args>>::call::h4ff71de18744e1dc
[INFO] [stdout]                                at /rustc/df4ca44d3fbc9301ee17f30f4d474e6ae4b05252/library/alloc/src/boxed.rs:2468:9
[INFO] [stdout]   11:     0x56682ba6f309 - test::test_main::{{closure}}::hcf7c055ce117aa81
[INFO] [stdout]                                at /rustc/df4ca44d3fbc9301ee17f30f4d474e6ae4b05252/library/test/src/lib.rs:133:21
[INFO] [stdout]   12:     0x56682bab1a98 - <alloc::boxed::Box<F,A> as core::ops::function::Fn<Args>>::call::h1d66c6bbd60c9692
[INFO] [stdout]                                at /rustc/df4ca44d3fbc9301ee17f30f4d474e6ae4b05252/library/alloc/src/boxed.rs:2468:9
[INFO] [stdout]   13:     0x56682bab1a98 - std::panicking::rust_panic_with_hook::h2ff17fe8f26dfcf8
[INFO] [stdout]                                at /rustc/df4ca44d3fbc9301ee17f30f4d474e6ae4b05252/library/std/src/panicking.rs:809:13
[INFO] [stdout]   14:     0x56682bab185a - std::panicking::begin_panic_handler::{{closure}}::h4fad77951c07e101
[INFO] [stdout]                                at /rustc/df4ca44d3fbc9301ee17f30f4d474e6ae4b05252/library/std/src/panicking.rs:674:13
[INFO] [stdout]   15:     0x56682bab03e9 - std::sys::backtrace::__rust_end_short_backtrace::hb1a25b3da5d0ea08
[INFO] [stdout]                                at /rustc/df4ca44d3fbc9301ee17f30f4d474e6ae4b05252/library/std/src/sys/backtrace.rs:170:18
[INFO] [stdout]   16:     0x56682bab14ec - rust_begin_unwind
[INFO] [stdout]                                at /rustc/df4ca44d3fbc9301ee17f30f4d474e6ae4b05252/library/std/src/panicking.rs:665:5
[INFO] [stdout]   17:     0x56682bad5550 - core::panicking::panic_fmt::ha9db07b529f9b256
[INFO] [stdout]                                at /rustc/df4ca44d3fbc9301ee17f30f4d474e6ae4b05252/library/core/src/panicking.rs:75:14
[INFO] [stdout]   18:     0x56682bad591b - core::panicking::assert_failed_inner::h04f38944d74a80a8
[INFO] [stdout]   19:     0x56682ba2d143 - core::panicking::assert_failed::h2be7533043df0929
[INFO] [stdout]                                at /rustc/df4ca44d3fbc9301ee17f30f4d474e6ae4b05252/library/core/src/panicking.rs:377:5
[INFO] [stdout]   20:     0x56682ba1ec75 - kill_tree::linux::tests::parse_proc_entry_1_and_status::h44fb72effe30f550
[INFO] [stdout]                                at /opt/rustwide/workdir/src/linux.rs:378:9
[INFO] [stdout]   21:     0x56682ba1e7c7 - kill_tree::linux::tests::parse_proc_entry_1_and_status::{{closure}}::h16da744fa73efe19
[INFO] [stdout]                                at /opt/rustwide/workdir/src/linux.rs:364:39
[INFO] [stdout]   22:     0x56682ba27246 - core::ops::function::FnOnce::call_once::h610709c44adaab0e
[INFO] [stdout]                                at /rustc/df4ca44d3fbc9301ee17f30f4d474e6ae4b05252/library/core/src/ops/function.rs:250:5
[INFO] [stdout]   23:     0x56682ba73bdb - core::ops::function::FnOnce::call_once::h22c3ba5715e93f05
[INFO] [stdout]                                at /rustc/df4ca44d3fbc9301ee17f30f4d474e6ae4b05252/library/core/src/ops/function.rs:250:5
[INFO] [stdout]   24:     0x56682ba73bdb - test::__rust_begin_short_backtrace::h8e82d8113d0da17f
[INFO] [stdout]                                at /rustc/df4ca44d3fbc9301ee17f30f4d474e6ae4b05252/library/test/src/lib.rs:621:18
[INFO] [stdout]   25:     0x56682ba73557 - test::run_test_in_process::{{closure}}::h33235f4f20b7b7c7
[INFO] [stdout]                                at /rustc/df4ca44d3fbc9301ee17f30f4d474e6ae4b05252/library/test/src/lib.rs:644:60
[INFO] [stdout]   26:     0x56682ba73557 - <core::panic::unwind_safe::AssertUnwindSafe<F> as core::ops::function::FnOnce<()>>::call_once::hb5043206310c586f
[INFO] [stdout]                                at /rustc/df4ca44d3fbc9301ee17f30f4d474e6ae4b05252/library/core/src/panic/unwind_safe.rs:272:9
[INFO] [stdout]   27:     0x56682ba73557 - std::panicking::try::do_call::h9ad4731a60ab23e2
[INFO] [stdout]                                at /rustc/df4ca44d3fbc9301ee17f30f4d474e6ae4b05252/library/std/src/panicking.rs:557:40
[INFO] [stdout]   28:     0x56682ba73557 - std::panicking::try::h3824d23db772a716
[INFO] [stdout]                                at /rustc/df4ca44d3fbc9301ee17f30f4d474e6ae4b05252/library/std/src/panicking.rs:520:19
[INFO] [stdout]   29:     0x56682ba73557 - std::panic::catch_unwind::h5afd514605fde46b
[INFO] [stdout]                                at /rustc/df4ca44d3fbc9301ee17f30f4d474e6ae4b05252/library/std/src/panic.rs:358:14
[INFO] [stdout]   30:     0x56682ba73557 - test::run_test_in_process::h0d5cbfa7067d1720
[INFO] [stdout]                                at /rustc/df4ca44d3fbc9301ee17f30f4d474e6ae4b05252/library/test/src/lib.rs:644:27
[INFO] [stdout]   31:     0x56682ba73557 - test::run_test::{{closure}}::h708eb8872708115d
[INFO] [stdout]                                at /rustc/df4ca44d3fbc9301ee17f30f4d474e6ae4b05252/library/test/src/lib.rs:565:43
[INFO] [stdout]   32:     0x56682ba36c74 - test::run_test::{{closure}}::h392c51cee94713ab
[INFO] [stdout]                                at /rustc/df4ca44d3fbc9301ee17f30f4d474e6ae4b05252/library/test/src/lib.rs:595:41
[INFO] [stdout]   33:     0x56682ba36c74 - std::sys::backtrace::__rust_begin_short_backtrace::h2f40290710935a8b
[INFO] [stdout]                                at /rustc/df4ca44d3fbc9301ee17f30f4d474e6ae4b05252/library/std/src/sys/backtrace.rs:154:18
[INFO] [stdout]   34:     0x56682ba3a41e - std::thread::Builder::spawn_unchecked_::{{closure}}::{{closure}}::h3fd968d89053a903
[INFO] [stdout]                                at /rustc/df4ca44d3fbc9301ee17f30f4d474e6ae4b05252/library/std/src/thread/mod.rs:541:17
[INFO] [stdout]   35:     0x56682ba3a41e - <core::panic::unwind_safe::AssertUnwindSafe<F> as core::ops::function::FnOnce<()>>::call_once::h743f637ba4229880
[INFO] [stdout]                                at /rustc/df4ca44d3fbc9301ee17f30f4d474e6ae4b05252/library/core/src/panic/unwind_safe.rs:272:9
[INFO] [stdout]   36:     0x56682ba3a41e - std::panicking::try::do_call::h07440897322525a6
[INFO] [stdout]                                at /rustc/df4ca44d3fbc9301ee17f30f4d474e6ae4b05252/library/std/src/panicking.rs:557:40
[INFO] [stdout]   37:     0x56682ba3a41e - std::panicking::try::he5a2e00188156637
[INFO] [stdout]                                at /rustc/df4ca44d3fbc9301ee17f30f4d474e6ae4b05252/library/std/src/panicking.rs:520:19
[INFO] [stdout]   38:     0x56682ba3a41e - std::panic::catch_unwind::hbaf3cae49b3c6433
[INFO] [stdout]                                at /rustc/df4ca44d3fbc9301ee17f30f4d474e6ae4b05252/library/std/src/panic.rs:358:14
[INFO] [stdout]   39:     0x56682ba3a41e - std::thread::Builder::spawn_unchecked_::{{closure}}::h8e141ea224820bce
[INFO] [stdout]                                at /rustc/df4ca44d3fbc9301ee17f30f4d474e6ae4b05252/library/std/src/thread/mod.rs:540:30
[INFO] [stdout]   40:     0x56682ba3a41e - core::ops::function::FnOnce::call_once{{vtable.shim}}::h90d312fedd7b8ea8
[INFO] [stdout]                                at /rustc/df4ca44d3fbc9301ee17f30f4d474e6ae4b05252/library/core/src/ops/function.rs:250:5
[INFO] [stdout]   41:     0x56682bab5cdb - <alloc::boxed::Box<F,A> as core::ops::function::FnOnce<Args>>::call_once::h69aa08ddb6adb8b6
[INFO] [stdout]                                at /rustc/df4ca44d3fbc9301ee17f30f4d474e6ae4b05252/library/alloc/src/boxed.rs:2454:9
[INFO] [stdout]   42:     0x56682bab5cdb - <alloc::boxed::Box<F,A> as core::ops::function::FnOnce<Args>>::call_once::h5aa36efdb79c806f
[INFO] [stdout]                                at /rustc/df4ca44d3fbc9301ee17f30f4d474e6ae4b05252/library/alloc/src/boxed.rs:2454:9
[INFO] [stdout]   43:     0x56682bab5cdb - std::sys::pal::unix::thread::Thread::new::thread_start::h6cd80a1b4be5158d
[INFO] [stdout]                                at /rustc/df4ca44d3fbc9301ee17f30f4d474e6ae4b05252/library/std/src/sys/pal/unix/thread.rs:105:17
[INFO] [stdout]   44:     0x759a66a75ac3 - <unknown>
[INFO] [stdout]   45:     0x759a66b06a04 - clone
[INFO] [stdout]   46:                0x0 - <unknown>
[INFO] [stdout] 
[INFO] [stdout] 
[INFO] [stdout] failures:
[INFO] [stdout]     linux::tests::get_process_info_blocking
[INFO] [stdout]     linux::tests::parse_proc_entry_1_and_status
[INFO] [stdout] 
[INFO] [stdout] test result: FAILED. 36 passed; 2 failed; 0 ignored; 0 measured; 0 filtered out; finished in 0.02s
[INFO] [stdout] 
[INFO] [stderr] error: test failed, to rerun pass `--lib`
[INFO] running `Command { std: "docker" "inspect" "1cd03f849124beda064b4f996b1fd5c6996d6052cd8daa239424c8ba15ac5bda", kill_on_drop: false }`
[INFO] running `Command { std: "docker" "rm" "-f" "1cd03f849124beda064b4f996b1fd5c6996d6052cd8daa239424c8ba15ac5bda", kill_on_drop: false }`
[INFO] [stdout] 1cd03f849124beda064b4f996b1fd5c6996d6052cd8daa239424c8ba15ac5bda
