[INFO] fetching crate kelk-derive 0.3.0...
[INFO] testing kelk-derive-0.3.0 against nightly-2024-10-28 for randomize-layout
[INFO] extracting crate kelk-derive 0.3.0 into /workspace/builds/worker-5-tc1/source
[INFO] validating manifest of crates.io crate kelk-derive 0.3.0 on toolchain nightly-2024-10-28
[INFO] running `Command { std: CARGO_HOME="/workspace/cargo-home" RUSTUP_HOME="/workspace/rustup-home" "/workspace/cargo-home/bin/cargo" "+nightly-2024-10-28" "metadata" "--manifest-path" "Cargo.toml" "--no-deps", kill_on_drop: false }`
[INFO] started tweaking crates.io crate kelk-derive 0.3.0
[INFO] finished tweaking crates.io crate kelk-derive 0.3.0
[INFO] tweaked toml for crates.io crate kelk-derive 0.3.0 written to /workspace/builds/worker-5-tc1/source/Cargo.toml
[INFO] running `Command { std: CARGO_HOME="/workspace/cargo-home" RUSTUP_HOME="/workspace/rustup-home" "/workspace/cargo-home/bin/cargo" "+nightly-2024-10-28" "generate-lockfile" "--manifest-path" "Cargo.toml", kill_on_drop: false }`
[INFO] [stderr]     Updating crates.io index
[INFO] [stderr]      Locking 4 packages to latest compatible versions
[INFO] [stderr]       Adding syn v1.0.109 (available: v2.0.86)
[INFO] running `Command { std: CARGO_HOME="/workspace/cargo-home" RUSTUP_HOME="/workspace/rustup-home" "/workspace/cargo-home/bin/cargo" "+nightly-2024-10-28" "fetch" "--manifest-path" "Cargo.toml", kill_on_drop: false }`
[INFO] running `Command { std: "docker" "create" "-v" "/var/lib/crater-agent-workspace/builds/worker-5-tc1/target:/opt/rustwide/target:rw,Z" "-v" "/var/lib/crater-agent-workspace/builds/worker-5-tc1/source:/opt/rustwide/workdir:ro,Z" "-v" "/var/lib/crater-agent-workspace/cargo-home:/opt/rustwide/cargo-home:ro,Z" "-v" "/var/lib/crater-agent-workspace/rustup-home:/opt/rustwide/rustup-home:ro,Z" "-e" "SOURCE_DIR=/opt/rustwide/workdir" "-e" "CARGO_TARGET_DIR=/opt/rustwide/target" "-e" "CARGO_HOME=/opt/rustwide/cargo-home" "-e" "RUSTUP_HOME=/opt/rustwide/rustup-home" "-w" "/opt/rustwide/workdir" "-m" "1610612736" "--user" "0:0" "--network" "none" "ghcr.io/rust-lang/crates-build-env/linux@sha256:4a844ea9eb2546a2d2c7022eacef16ef2e8229c7fbb2c7d4d55a9ceca922f72d" "/opt/rustwide/cargo-home/bin/cargo" "+nightly-2024-10-28" "metadata" "--no-deps" "--format-version=1", kill_on_drop: false }`
[INFO] [stdout] 0cef8dd1bbcefb0150b663c39c4ddea66c321b83b1a9c9eaf541401b1c39f2d8
[INFO] running `Command { std: "docker" "start" "-a" "0cef8dd1bbcefb0150b663c39c4ddea66c321b83b1a9c9eaf541401b1c39f2d8", kill_on_drop: false }`
[INFO] running `Command { std: "docker" "inspect" "0cef8dd1bbcefb0150b663c39c4ddea66c321b83b1a9c9eaf541401b1c39f2d8", kill_on_drop: false }`
[INFO] running `Command { std: "docker" "rm" "-f" "0cef8dd1bbcefb0150b663c39c4ddea66c321b83b1a9c9eaf541401b1c39f2d8", kill_on_drop: false }`
[INFO] [stdout] 0cef8dd1bbcefb0150b663c39c4ddea66c321b83b1a9c9eaf541401b1c39f2d8
[INFO] running `Command { std: "docker" "create" "-v" "/var/lib/crater-agent-workspace/builds/worker-5-tc1/target:/opt/rustwide/target:rw,Z" "-v" "/var/lib/crater-agent-workspace/builds/worker-5-tc1/source:/opt/rustwide/workdir:ro,Z" "-v" "/var/lib/crater-agent-workspace/cargo-home:/opt/rustwide/cargo-home:ro,Z" "-v" "/var/lib/crater-agent-workspace/rustup-home:/opt/rustwide/rustup-home:ro,Z" "-e" "SOURCE_DIR=/opt/rustwide/workdir" "-e" "CARGO_TARGET_DIR=/opt/rustwide/target" "-e" "CARGO_INCREMENTAL=0" "-e" "RUST_BACKTRACE=full" "-e" "RUSTFLAGS=--cap-lints=forbid" "-e" "RUSTDOCFLAGS=--cap-lints=forbid" "-e" "CARGO_HOME=/opt/rustwide/cargo-home" "-e" "RUSTUP_HOME=/opt/rustwide/rustup-home" "-w" "/opt/rustwide/workdir" "-m" "1610612736" "--user" "0:0" "--network" "none" "ghcr.io/rust-lang/crates-build-env/linux@sha256:4a844ea9eb2546a2d2c7022eacef16ef2e8229c7fbb2c7d4d55a9ceca922f72d" "/opt/rustwide/cargo-home/bin/cargo" "+nightly-2024-10-28" "build" "--frozen" "--message-format=json", kill_on_drop: false }`
[INFO] [stdout] b5a0f2f6d86858b4ac8f3da18dae6bbbf366c18c6dde7e7ab6141a80a564c0a0
[INFO] running `Command { std: "docker" "start" "-a" "b5a0f2f6d86858b4ac8f3da18dae6bbbf366c18c6dde7e7ab6141a80a564c0a0", kill_on_drop: false }`
[INFO] [stderr]    Compiling syn v1.0.109
[INFO] [stderr]    Compiling kelk-derive v0.3.0 (/opt/rustwide/workdir)
[INFO] [stderr]     Finished `dev` profile [unoptimized + debuginfo] target(s) in 4.18s
[INFO] running `Command { std: "docker" "inspect" "b5a0f2f6d86858b4ac8f3da18dae6bbbf366c18c6dde7e7ab6141a80a564c0a0", kill_on_drop: false }`
[INFO] running `Command { std: "docker" "rm" "-f" "b5a0f2f6d86858b4ac8f3da18dae6bbbf366c18c6dde7e7ab6141a80a564c0a0", kill_on_drop: false }`
[INFO] [stdout] b5a0f2f6d86858b4ac8f3da18dae6bbbf366c18c6dde7e7ab6141a80a564c0a0
[INFO] running `Command { std: "docker" "create" "-v" "/var/lib/crater-agent-workspace/builds/worker-5-tc1/target:/opt/rustwide/target:rw,Z" "-v" "/var/lib/crater-agent-workspace/builds/worker-5-tc1/source:/opt/rustwide/workdir:ro,Z" "-v" "/var/lib/crater-agent-workspace/cargo-home:/opt/rustwide/cargo-home:ro,Z" "-v" "/var/lib/crater-agent-workspace/rustup-home:/opt/rustwide/rustup-home:ro,Z" "-e" "SOURCE_DIR=/opt/rustwide/workdir" "-e" "CARGO_TARGET_DIR=/opt/rustwide/target" "-e" "CARGO_INCREMENTAL=0" "-e" "RUST_BACKTRACE=full" "-e" "RUSTFLAGS=--cap-lints=forbid" "-e" "RUSTDOCFLAGS=--cap-lints=forbid" "-e" "CARGO_HOME=/opt/rustwide/cargo-home" "-e" "RUSTUP_HOME=/opt/rustwide/rustup-home" "-w" "/opt/rustwide/workdir" "-m" "1610612736" "--user" "0:0" "--network" "none" "ghcr.io/rust-lang/crates-build-env/linux@sha256:4a844ea9eb2546a2d2c7022eacef16ef2e8229c7fbb2c7d4d55a9ceca922f72d" "/opt/rustwide/cargo-home/bin/cargo" "+nightly-2024-10-28" "test" "--frozen" "--no-run" "--message-format=json", kill_on_drop: false }`
[INFO] [stdout] 4753b98dc4db4ce866bd4427ed17c19a9828b0065239da7ca6856ebc5170a583
[INFO] running `Command { std: "docker" "start" "-a" "4753b98dc4db4ce866bd4427ed17c19a9828b0065239da7ca6856ebc5170a583", kill_on_drop: false }`
[INFO] [stderr]    Compiling kelk-derive v0.3.0 (/opt/rustwide/workdir)
[INFO] [stderr]     Finished `test` profile [unoptimized + debuginfo] target(s) in 0.54s
[INFO] running `Command { std: "docker" "inspect" "4753b98dc4db4ce866bd4427ed17c19a9828b0065239da7ca6856ebc5170a583", kill_on_drop: false }`
[INFO] running `Command { std: "docker" "rm" "-f" "4753b98dc4db4ce866bd4427ed17c19a9828b0065239da7ca6856ebc5170a583", kill_on_drop: false }`
[INFO] [stdout] 4753b98dc4db4ce866bd4427ed17c19a9828b0065239da7ca6856ebc5170a583
[INFO] running `Command { std: "docker" "create" "-v" "/var/lib/crater-agent-workspace/builds/worker-5-tc1/target:/opt/rustwide/target:rw,Z" "-v" "/var/lib/crater-agent-workspace/builds/worker-5-tc1/source:/opt/rustwide/workdir:ro,Z" "-v" "/var/lib/crater-agent-workspace/cargo-home:/opt/rustwide/cargo-home:ro,Z" "-v" "/var/lib/crater-agent-workspace/rustup-home:/opt/rustwide/rustup-home:ro,Z" "-e" "SOURCE_DIR=/opt/rustwide/workdir" "-e" "CARGO_TARGET_DIR=/opt/rustwide/target" "-e" "CARGO_INCREMENTAL=0" "-e" "RUST_BACKTRACE=full" "-e" "RUSTFLAGS=--cap-lints=forbid" "-e" "RUSTDOCFLAGS=--cap-lints=forbid" "-e" "CARGO_HOME=/opt/rustwide/cargo-home" "-e" "RUSTUP_HOME=/opt/rustwide/rustup-home" "-w" "/opt/rustwide/workdir" "-m" "1610612736" "--user" "0:0" "--network" "none" "ghcr.io/rust-lang/crates-build-env/linux@sha256:4a844ea9eb2546a2d2c7022eacef16ef2e8229c7fbb2c7d4d55a9ceca922f72d" "/opt/rustwide/cargo-home/bin/cargo" "+nightly-2024-10-28" "test" "--frozen", kill_on_drop: false }`
[INFO] [stdout] 6c4fc483586a42cb7bbb5d209ce9d2a3d6a1519d5cd1d4603a4454ebbb435ece
[INFO] running `Command { std: "docker" "start" "-a" "6c4fc483586a42cb7bbb5d209ce9d2a3d6a1519d5cd1d4603a4454ebbb435ece", kill_on_drop: false }`
[INFO] [stderr]     Finished `test` profile [unoptimized + debuginfo] target(s) in 0.01s
[INFO] [stderr]      Running unittests src/lib.rs (/opt/rustwide/target/debug/deps/kelk_derive-ecfd9953c14691ca)
[INFO] [stdout] 
[INFO] [stdout] running 0 tests
[INFO] [stdout] 
[INFO] [stderr]    Doc-tests kelk_derive
[INFO] [stdout] test result: ok. 0 passed; 0 failed; 0 ignored; 0 measured; 0 filtered out; finished in 0.00s
[INFO] [stdout] 
[INFO] [stdout] 
[INFO] [stdout] running 2 tests
[INFO] [stdout] test src/lib.rs - kelk_entry (line 16) ... FAILED
[INFO] [stdout] test src/lib.rs - derive_codec (line 93) ... FAILED
[INFO] [stdout] 
[INFO] [stdout] failures:
[INFO] [stdout] 
[INFO] [stdout] ---- src/lib.rs - kelk_entry (line 16) stdout ----
[INFO] [stdout] error[E0433]: failed to resolve: use of undeclared crate or module `kelk`
[INFO] [stdout]  --> src/lib.rs:18:5
[INFO] [stdout]   |
[INFO] [stdout] 4 | use kelk::context::Context;
[INFO] [stdout]   |     ^^^^ use of undeclared crate or module `kelk`
[INFO] [stdout] 
[INFO] [stdout] error[E0432]: unresolved import `kelk`
[INFO] [stdout]  --> src/lib.rs:17:5
[INFO] [stdout]   |
[INFO] [stdout] 3 | use kelk::kelk_entry;
[INFO] [stdout]   |     ^^^^ use of undeclared crate or module `kelk`
[INFO] [stdout] 
[INFO] [stdout] error: aborting due to 2 previous errors
[INFO] [stdout] 
[INFO] [stdout] Some errors have detailed explanations: E0432, E0433.
[INFO] [stdout] For more information about an error, try `rustc --explain E0432`.
[INFO] [stdout] Couldn't compile the test.
[INFO] [stdout] ---- src/lib.rs - derive_codec (line 93) stdout ----
[INFO] [stdout] error[E0433]: failed to resolve: use of undeclared crate or module `kelk`
[INFO] [stdout]  --> src/lib.rs:95:5
[INFO] [stdout]   |
[INFO] [stdout] 4 | use kelk::storage::codec::Codec;
[INFO] [stdout]   |     ^^^^ use of undeclared crate or module `kelk`
[INFO] [stdout] 
[INFO] [stdout] error[E0432]: unresolved import `kelk`
[INFO] [stdout]  --> src/lib.rs:94:5
[INFO] [stdout]   |
[INFO] [stdout] 3 | use kelk::Codec;
[INFO] [stdout]   |     ^^^^ use of undeclared crate or module `kelk`
[INFO] [stdout] 
[INFO] [stdout] error[E0599]: no associated item named `PACKED_LEN` found for struct `Test` in the current scope
[INFO] [stdout]   --> src/lib.rs:102:18
[INFO] [stdout]    |
[INFO] [stdout] 7  | struct Test {
[INFO] [stdout]    | ----------- associated item `PACKED_LEN` not found for this struct
[INFO] [stdout] ...
[INFO] [stdout] 11 | assert_eq!(Test::PACKED_LEN, 4);
[INFO] [stdout]    |                  ^^^^^^^^^^ associated item not found in `Test`
[INFO] [stdout] 
[INFO] [stdout] error: aborting due to 3 previous errors
[INFO] [stdout] 
[INFO] [stdout] Some errors have detailed explanations: E0432, E0433, E0599.
[INFO] [stdout] For more information about an error, try `rustc --explain E0432`.
[INFO] [stdout] Couldn't compile the test.
[INFO] [stdout] 
[INFO] [stdout] failures:
[INFO] [stdout]     src/lib.rs - derive_codec (line 93)
[INFO] [stdout]     src/lib.rs - kelk_entry (line 16)
[INFO] [stdout] 
[INFO] [stdout] test result: FAILED. 0 passed; 2 failed; 0 ignored; 0 measured; 0 filtered out; finished in 0.09s
[INFO] [stdout] 
[INFO] [stderr] error: doctest failed, to rerun pass `--doc`
[INFO] running `Command { std: "docker" "inspect" "6c4fc483586a42cb7bbb5d209ce9d2a3d6a1519d5cd1d4603a4454ebbb435ece", kill_on_drop: false }`
[INFO] running `Command { std: "docker" "rm" "-f" "6c4fc483586a42cb7bbb5d209ce9d2a3d6a1519d5cd1d4603a4454ebbb435ece", kill_on_drop: false }`
[INFO] [stdout] 6c4fc483586a42cb7bbb5d209ce9d2a3d6a1519d5cd1d4603a4454ebbb435ece
