[INFO] fetching crate kaspa-txscript 0.15.0...
[INFO] testing kaspa-txscript-0.15.0 against nightly-2024-10-28 for randomize-layout
[INFO] extracting crate kaspa-txscript 0.15.0 into /workspace/builds/worker-6-tc1/source
[INFO] validating manifest of crates.io crate kaspa-txscript 0.15.0 on toolchain nightly-2024-10-28
[INFO] running `Command { std: CARGO_HOME="/workspace/cargo-home" RUSTUP_HOME="/workspace/rustup-home" "/workspace/cargo-home/bin/cargo" "+nightly-2024-10-28" "metadata" "--manifest-path" "Cargo.toml" "--no-deps", kill_on_drop: false }`
[INFO] started tweaking crates.io crate kaspa-txscript 0.15.0
[INFO] finished tweaking crates.io crate kaspa-txscript 0.15.0
[INFO] tweaked toml for crates.io crate kaspa-txscript 0.15.0 written to /workspace/builds/worker-6-tc1/source/Cargo.toml
[INFO] running `Command { std: CARGO_HOME="/workspace/cargo-home" RUSTUP_HOME="/workspace/rustup-home" "/workspace/cargo-home/bin/cargo" "+nightly-2024-10-28" "generate-lockfile" "--manifest-path" "Cargo.toml", kill_on_drop: false }`
[INFO] [stderr]     Updating crates.io index
[INFO] [stderr]      Locking 294 packages to latest compatible versions
[INFO] [stderr]       Adding secp256k1 v0.29.1 (available: v0.30.0)
[INFO] running `Command { std: CARGO_HOME="/workspace/cargo-home" RUSTUP_HOME="/workspace/rustup-home" "/workspace/cargo-home/bin/cargo" "+nightly-2024-10-28" "fetch" "--manifest-path" "Cargo.toml", kill_on_drop: false }`
[INFO] [stderr]  Downloading crates ...
[INFO] [stderr]   Downloaded workflow-log v0.18.0
[INFO] [stderr]   Downloaded workflow-panic-hook v0.18.0
[INFO] [stderr]   Downloaded hexplay v0.3.0
[INFO] [stderr]   Downloaded workflow-macro-tools v0.18.0
[INFO] [stderr]   Downloaded workflow-wasm v0.18.0
[INFO] [stderr]   Downloaded workflow-core-macros v0.18.0
[INFO] [stderr]   Downloaded workflow-core v0.18.0
[INFO] [stderr]   Downloaded linkme-impl v0.2.10
[INFO] [stderr]   Downloaded kaspa-txscript-errors v0.15.0
[INFO] [stderr]   Downloaded parse-variants-derive v1.0.0
[INFO] [stderr]   Downloaded kaspa-core v0.15.0
[INFO] [stderr]   Downloaded intertrait-macros v0.2.2
[INFO] [stderr]   Downloaded workflow-serializer v0.18.0
[INFO] [stderr]   Downloaded kaspa-addresses v0.15.0
[INFO] [stderr]   Downloaded duct v0.13.7
[INFO] [stderr]   Downloaded kaspa-utils v0.15.0
[INFO] [stderr]   Downloaded vergen v8.3.2
[INFO] [stderr]   Downloaded linkme v0.2.10
[INFO] [stderr]   Downloaded sysinfo v0.31.4
[INFO] [stderr]   Downloaded intertrait v0.2.2
[INFO] [stderr]   Downloaded kaspa-math v0.15.0
[INFO] [stderr]   Downloaded kaspa-consensus-core v0.15.0
[INFO] [stderr]   Downloaded kaspa-hashes v0.15.0
[INFO] [stderr]   Downloaded shared_child v1.0.1
[INFO] [stderr]   Downloaded kaspa-wasm-core v0.15.0
[INFO] [stderr]   Downloaded rlimit v0.10.2
[INFO] [stderr]   Downloaded parse-variants v1.0.3
[INFO] [stderr]   Downloaded kaspa-merkle v0.15.0
[INFO] [stderr]   Downloaded kaspa-muhash v0.15.0
[INFO] [stderr]   Downloaded workflow-wasm-macros v0.18.0
[INFO] [stderr]   Downloaded malachite-base v0.4.16
[INFO] [stderr]   Downloaded malachite-nz v0.4.16
[INFO] running `Command { std: "docker" "create" "-v" "/var/lib/crater-agent-workspace/builds/worker-6-tc1/target:/opt/rustwide/target:rw,Z" "-v" "/var/lib/crater-agent-workspace/builds/worker-6-tc1/source:/opt/rustwide/workdir:ro,Z" "-v" "/var/lib/crater-agent-workspace/cargo-home:/opt/rustwide/cargo-home:ro,Z" "-v" "/var/lib/crater-agent-workspace/rustup-home:/opt/rustwide/rustup-home:ro,Z" "-e" "SOURCE_DIR=/opt/rustwide/workdir" "-e" "CARGO_TARGET_DIR=/opt/rustwide/target" "-e" "CARGO_HOME=/opt/rustwide/cargo-home" "-e" "RUSTUP_HOME=/opt/rustwide/rustup-home" "-w" "/opt/rustwide/workdir" "-m" "1610612736" "--user" "0:0" "--network" "none" "ghcr.io/rust-lang/crates-build-env/linux@sha256:4a844ea9eb2546a2d2c7022eacef16ef2e8229c7fbb2c7d4d55a9ceca922f72d" "/opt/rustwide/cargo-home/bin/cargo" "+nightly-2024-10-28" "metadata" "--no-deps" "--format-version=1", kill_on_drop: false }`
[INFO] [stdout] b92ae564d32fb09dae3fa454be3fe5ef919a3ff5ae4621bc754e6a269bdda67b
[INFO] running `Command { std: "docker" "start" "-a" "b92ae564d32fb09dae3fa454be3fe5ef919a3ff5ae4621bc754e6a269bdda67b", kill_on_drop: false }`
[INFO] running `Command { std: "docker" "inspect" "b92ae564d32fb09dae3fa454be3fe5ef919a3ff5ae4621bc754e6a269bdda67b", kill_on_drop: false }`
[INFO] running `Command { std: "docker" "rm" "-f" "b92ae564d32fb09dae3fa454be3fe5ef919a3ff5ae4621bc754e6a269bdda67b", kill_on_drop: false }`
[INFO] [stdout] b92ae564d32fb09dae3fa454be3fe5ef919a3ff5ae4621bc754e6a269bdda67b
[INFO] running `Command { std: "docker" "create" "-v" "/var/lib/crater-agent-workspace/builds/worker-6-tc1/target:/opt/rustwide/target:rw,Z" "-v" "/var/lib/crater-agent-workspace/builds/worker-6-tc1/source:/opt/rustwide/workdir:ro,Z" "-v" "/var/lib/crater-agent-workspace/cargo-home:/opt/rustwide/cargo-home:ro,Z" "-v" "/var/lib/crater-agent-workspace/rustup-home:/opt/rustwide/rustup-home:ro,Z" "-e" "SOURCE_DIR=/opt/rustwide/workdir" "-e" "CARGO_TARGET_DIR=/opt/rustwide/target" "-e" "CARGO_INCREMENTAL=0" "-e" "RUST_BACKTRACE=full" "-e" "RUSTFLAGS=--cap-lints=forbid" "-e" "RUSTDOCFLAGS=--cap-lints=forbid" "-e" "CARGO_HOME=/opt/rustwide/cargo-home" "-e" "RUSTUP_HOME=/opt/rustwide/rustup-home" "-w" "/opt/rustwide/workdir" "-m" "1610612736" "--user" "0:0" "--network" "none" "ghcr.io/rust-lang/crates-build-env/linux@sha256:4a844ea9eb2546a2d2c7022eacef16ef2e8229c7fbb2c7d4d55a9ceca922f72d" "/opt/rustwide/cargo-home/bin/cargo" "+nightly-2024-10-28" "build" "--frozen" "--message-format=json", kill_on_drop: false }`
[INFO] [stdout] a04d97d08ee3bf0a4c802925ca798fdb947773f8c4ec9cabe171b74a39e1ce3c
[INFO] running `Command { std: "docker" "start" "-a" "a04d97d08ee3bf0a4c802925ca798fdb947773f8c4ec9cabe171b74a39e1ce3c", kill_on_drop: false }`
[INFO] [stderr]    Compiling libc v0.2.161
[INFO] [stderr]    Compiling serde v1.0.214
[INFO] [stderr]    Compiling crossbeam-utils v0.8.20
[INFO] [stderr]    Compiling wasm-bindgen-shared v0.2.95
[INFO] [stderr]    Compiling bumpalo v3.16.0
[INFO] [stderr]    Compiling log v0.4.22
[INFO] [stderr]    Compiling futures-core v0.3.31
[INFO] [stderr]    Compiling syn v1.0.109
[INFO] [stderr]    Compiling bitflags v2.6.0
[INFO] [stderr]    Compiling parking v2.2.1
[INFO] [stderr]    Compiling futures-io v0.3.31
[INFO] [stderr]    Compiling proc-macro-error-attr v1.0.4
[INFO] [stderr]    Compiling syn v2.0.86
[INFO] [stderr]    Compiling cfg_aliases v0.2.1
[INFO] [stderr]    Compiling wasm-bindgen v0.2.95
[INFO] [stderr]    Compiling equivalent v1.0.1
[INFO] [stderr]    Compiling hashbrown v0.15.0
[INFO] [stderr]    Compiling proc-macro-error v1.0.4
[INFO] [stderr]    Compiling generic-array v0.14.7
[INFO] [stderr]    Compiling anyhow v1.0.92
[INFO] [stderr]    Compiling semver v1.0.23
[INFO] [stderr]    Compiling rustversion v1.0.18
[INFO] [stderr]    Compiling value-bag v1.10.0
[INFO] [stderr]    Compiling fastrand v2.1.1
[INFO] [stderr]    Compiling serde_json v1.0.132
[INFO] [stderr]    Compiling toml_datetime v0.6.8
[INFO] [stderr]    Compiling camino v1.1.9
[INFO] [stderr]    Compiling rustix v0.38.38
[INFO] [stderr]    Compiling tracing-core v0.1.32
[INFO] [stderr]    Compiling futures-lite v2.4.0
[INFO] [stderr]    Compiling linux-raw-sys v0.4.14
[INFO] [stderr]    Compiling powerfmt v0.2.0
[INFO] [stderr]    Compiling concurrent-queue v2.5.0
[INFO] [stderr]    Compiling futures-channel v0.3.31
[INFO] [stderr]    Compiling borsh v1.5.1
[INFO] [stderr]    Compiling event-listener v5.3.1
[INFO] [stderr]    Compiling deranged v0.3.11
[INFO] [stderr]    Compiling num-conv v0.1.0
[INFO] [stderr]    Compiling tracing v0.1.40
[INFO] [stderr]    Compiling async-task v4.7.1
[INFO] [stderr]    Compiling time-core v0.1.2
[INFO] [stderr]    Compiling num_threads v0.1.7
[INFO] [stderr]    Compiling block-buffer v0.10.4
[INFO] [stderr]    Compiling indexmap v2.6.0
[INFO] [stderr]    Compiling event-listener-strategy v0.5.2
[INFO] [stderr]    Compiling crypto-common v0.1.6
[INFO] [stderr]    Compiling atomic-waker v1.1.2
[INFO] [stderr]    Compiling cpufeatures v0.2.14
[INFO] [stderr]    Compiling rlimit v0.10.2
[INFO] [stderr]    Compiling unicode-segmentation v1.12.0
[INFO] [stderr]    Compiling async-channel v2.3.1
[INFO] [stderr]    Compiling async-lock v3.4.0
[INFO] [stderr]    Compiling digest v0.10.7
[INFO] [stderr]    Compiling piper v0.2.4
[INFO] [stderr]    Compiling unicode-width v0.1.14
[INFO] [stderr]    Compiling termcolor v1.4.1
[INFO] [stderr]    Compiling vergen v8.3.2
[INFO] [stderr]    Compiling event-listener v2.5.3
[INFO] [stderr]    Compiling cc v1.1.31
[INFO] [stderr]    Compiling chrono v0.4.38
[INFO] [stderr]    Compiling convert_case v0.6.0
[INFO] [stderr]    Compiling sha2 v0.10.8
[INFO] [stderr]    Compiling time v0.3.36
[INFO] [stderr]    Compiling lock_api v0.4.12
[INFO] [stderr]    Compiling triggered v0.1.2
[INFO] [stderr]    Compiling option-ext v0.2.0
[INFO] [stderr]    Compiling parking_lot_core v0.9.10
[INFO] [stderr]    Compiling toml_edit v0.22.22
[INFO] [stderr]    Compiling bytes v1.8.0
[INFO] [stderr]    Compiling downcast v0.11.0
[INFO] [stderr]    Compiling async-executor v1.13.1
[INFO] [stderr]    Compiling blocking v1.6.1
[INFO] [stderr]    Compiling async-channel v1.9.0
[INFO] [stderr]    Compiling crossbeam-epoch v0.9.18
[INFO] [stderr]    Compiling memoffset v0.9.1
[INFO] [stderr]    Compiling scopeguard v1.2.0
[INFO] [stderr]    Compiling rayon-core v1.12.1
[INFO] [stderr]    Compiling cfg_aliases v0.1.1
[INFO] [stderr]    Compiling nix v0.28.0
[INFO] [stderr]    Compiling shared_child v1.0.1
[INFO] [stderr]    Compiling getrandom v0.2.15
[INFO] [stderr]    Compiling atty v0.2.14
[INFO] [stderr]    Compiling hexplay v0.3.0
[INFO] [stderr]    Compiling console v0.15.8
[INFO] [stderr]    Compiling dirs-sys v0.4.1
[INFO] [stderr]    Compiling rand_core v0.6.4
[INFO] [stderr]    Compiling crossbeam-deque v0.8.5
[INFO] [stderr]    Compiling dirs v5.0.1
[INFO] [stderr]    Compiling os_pipe v1.2.1
[INFO] [stderr]    Compiling ahash v0.8.11
[INFO] [stderr]    Compiling instant v0.1.13
[INFO] [stderr]    Compiling bs58 v0.5.1
[INFO] [stderr]    Compiling duct v0.13.7
[INFO] [stderr]    Compiling arc-swap v1.7.1
[INFO] [stderr]    Compiling num_cpus v1.16.0
[INFO] [stderr]    Compiling libm v0.2.11
[INFO] [stderr]    Compiling itertools v0.13.0
[INFO] [stderr]    Compiling ipnet v2.10.1
[INFO] [stderr]    Compiling itertools v0.11.0
[INFO] [stderr]    Compiling rayon v1.10.0
[INFO] [stderr]    Compiling kaspa-utils v0.15.0
[INFO] [stderr]    Compiling wasm-bindgen-backend v0.2.95
[INFO] [stderr]    Compiling mac_address v1.1.7
[INFO] [stderr]    Compiling proc-macro-crate v3.2.0
[INFO] [stderr]    Compiling secp256k1-sys v0.10.1
[INFO] [stderr]    Compiling kaspa-hashes v0.15.0
[INFO] [stderr]    Compiling nix v0.29.0
[INFO] [stderr]    Compiling arrayvec v0.7.6
[INFO] [stderr]    Compiling constant_time_eq v0.3.1
[INFO] [stderr]    Compiling arrayref v0.3.9
[INFO] [stderr]    Compiling malachite-nz v0.4.16
[INFO] [stderr]    Compiling destructure_traitobject v0.2.0
[INFO] [stderr]    Compiling miniz_oxide v0.8.0
[INFO] [stderr]    Compiling blake2b_simd v1.0.2
[INFO] [stderr]    Compiling unsafe-any-ors v1.0.0
[INFO] [stderr]    Compiling uuid v0.8.2
[INFO] [stderr]    Compiling ordered-float v2.10.1
[INFO] [stderr]    Compiling crc32fast v1.4.2
[INFO] [stderr]    Compiling wasm-bindgen-macro-support v0.2.95
[INFO] [stderr]    Compiling unsafe-libyaml v0.2.11
[INFO] [stderr]    Compiling typemap-ors v1.0.0
[INFO] [stderr]    Compiling thread-id v4.2.2
[INFO] [stderr]    Compiling flate2 v1.0.34
[INFO] [stderr]    Compiling log-mdc v0.1.0
[INFO] [stderr]    Compiling fnv v1.0.7
[INFO] [stderr]    Compiling humantime v2.1.0
[INFO] [stderr]    Compiling sysinfo v0.31.4
[INFO] [stderr]    Compiling serde_derive v1.0.214
[INFO] [stderr]    Compiling zerocopy-derive v0.7.35
[INFO] [stderr]    Compiling thiserror-impl v1.0.66
[INFO] [stderr]    Compiling syn_derive v0.1.8
[INFO] [stderr]    Compiling futures-macro v0.3.31
[INFO] [stderr]    Compiling parse-variants-derive v1.0.0
[INFO] [stderr]    Compiling tokio-macros v2.4.0
[INFO] [stderr]    Compiling async-trait v0.1.83
[INFO] [stderr]    Compiling wasm-bindgen-macro v0.2.95
[INFO] [stderr]    Compiling polling v3.7.3
[INFO] [stderr]    Compiling async-attributes v1.1.2
[INFO] [stderr]    Compiling parse-variants v1.0.3
[INFO] [stderr]    Compiling workflow-macro-tools v0.18.0
[INFO] [stderr]    Compiling async-io v2.3.4
[INFO] [stderr]    Compiling linkme-impl v0.2.10
[INFO] [stderr]    Compiling borsh-derive v1.5.1
[INFO] [stderr]    Compiling tokio v1.41.0
[INFO] [stderr]    Compiling futures-util v0.3.31
[INFO] [stderr]    Compiling workflow-core-macros v0.18.0
[INFO] [stderr]    Compiling zerocopy v0.7.35
[INFO] [stderr]    Compiling intertrait-macros v0.2.2
[INFO] [stderr]    Compiling derivative v2.2.0
[INFO] [stderr]    Compiling js-sys v0.3.72
[INFO] [stderr]    Compiling linkme v0.2.10
[INFO] [stderr]    Compiling thiserror v1.0.66
[INFO] [stderr]    Compiling ctrlc v3.4.5
[INFO] [stderr]    Compiling async-global-executor v2.4.1
[INFO] [stderr]    Compiling intertrait v0.2.2
[INFO] [stderr]    Compiling ppv-lite86 v0.2.20
[INFO] [stderr]    Compiling hashbrown v0.14.5
[INFO] [stderr]    Compiling rand_chacha v0.3.1
[INFO] [stderr]    Compiling rand v0.8.5
[INFO] [stderr]    Compiling malachite-base v0.4.16
[INFO] [stderr]    Compiling futures-executor v0.3.31
[INFO] [stderr]    Compiling futures v0.3.31
[INFO] [stderr]    Compiling workflow-wasm-macros v0.18.0
[INFO] [stderr]    Compiling smallvec v1.13.2
[INFO] [stderr]    Compiling faster-hex v0.9.0
[INFO] [stderr]    Compiling uuid v1.11.0
[INFO] [stderr]    Compiling serde-value v0.7.0
[INFO] [stderr]    Compiling serde_yaml v0.9.34+deprecated
[INFO] [stderr]    Compiling secp256k1 v0.29.1
[INFO] [stderr]    Compiling workflow-serializer v0.18.0
[INFO] [stderr]    Compiling cargo-platform v0.1.8
[INFO] [stderr]    Compiling rustc_version v0.4.1
[INFO] [stderr]    Compiling parking_lot v0.12.3
[INFO] [stderr]    Compiling kv-log-macro v1.0.7
[INFO] [stderr]    Compiling kaspa-txscript-errors v0.15.0
[INFO] [stderr]    Compiling async-std v1.13.0
[INFO] [stderr]    Compiling cargo_metadata v0.18.1
[INFO] [stderr]    Compiling log4rs v1.3.0
[INFO] [stderr]    Compiling workflow-log v0.18.0
[INFO] [stderr]    Compiling kaspa-core v0.15.0
[INFO] [stderr]    Compiling workflow-core v0.18.0
[INFO] [stderr]    Compiling web-sys v0.3.72
[INFO] [stderr]    Compiling serde-wasm-bindgen v0.6.5
[INFO] [stderr]    Compiling wasm-bindgen-futures v0.4.45
[INFO] [stderr]    Compiling workflow-panic-hook v0.18.0
[INFO] [stderr]    Compiling workflow-wasm v0.18.0
[INFO] [stderr]    Compiling kaspa-math v0.15.0
[INFO] [stderr]    Compiling kaspa-addresses v0.15.0
[INFO] [stderr]    Compiling kaspa-wasm-core v0.15.0
[INFO] [stderr]    Compiling kaspa-merkle v0.15.0
[INFO] [stderr]    Compiling kaspa-muhash v0.15.0
[INFO] [stderr]    Compiling kaspa-consensus-core v0.15.0
[INFO] [stderr]    Compiling kaspa-txscript v0.15.0 (/opt/rustwide/workdir)
[INFO] [stderr]     Finished `dev` profile [unoptimized + debuginfo] target(s) in 44.58s
[INFO] running `Command { std: "docker" "inspect" "a04d97d08ee3bf0a4c802925ca798fdb947773f8c4ec9cabe171b74a39e1ce3c", kill_on_drop: false }`
[INFO] running `Command { std: "docker" "rm" "-f" "a04d97d08ee3bf0a4c802925ca798fdb947773f8c4ec9cabe171b74a39e1ce3c", kill_on_drop: false }`
[INFO] [stdout] a04d97d08ee3bf0a4c802925ca798fdb947773f8c4ec9cabe171b74a39e1ce3c
[INFO] running `Command { std: "docker" "create" "-v" "/var/lib/crater-agent-workspace/builds/worker-6-tc1/target:/opt/rustwide/target:rw,Z" "-v" "/var/lib/crater-agent-workspace/builds/worker-6-tc1/source:/opt/rustwide/workdir:ro,Z" "-v" "/var/lib/crater-agent-workspace/cargo-home:/opt/rustwide/cargo-home:ro,Z" "-v" "/var/lib/crater-agent-workspace/rustup-home:/opt/rustwide/rustup-home:ro,Z" "-e" "SOURCE_DIR=/opt/rustwide/workdir" "-e" "CARGO_TARGET_DIR=/opt/rustwide/target" "-e" "CARGO_INCREMENTAL=0" "-e" "RUST_BACKTRACE=full" "-e" "RUSTFLAGS=--cap-lints=forbid" "-e" "RUSTDOCFLAGS=--cap-lints=forbid" "-e" "CARGO_HOME=/opt/rustwide/cargo-home" "-e" "RUSTUP_HOME=/opt/rustwide/rustup-home" "-w" "/opt/rustwide/workdir" "-m" "1610612736" "--user" "0:0" "--network" "none" "ghcr.io/rust-lang/crates-build-env/linux@sha256:4a844ea9eb2546a2d2c7022eacef16ef2e8229c7fbb2c7d4d55a9ceca922f72d" "/opt/rustwide/cargo-home/bin/cargo" "+nightly-2024-10-28" "test" "--frozen" "--no-run" "--message-format=json", kill_on_drop: false }`
[INFO] [stdout] 81bdd73bb3023f2e98495a57f93617ad7a8201b28804f501af63dda6bbd8214c
[INFO] running `Command { std: "docker" "start" "-a" "81bdd73bb3023f2e98495a57f93617ad7a8201b28804f501af63dda6bbd8214c", kill_on_drop: false }`
[INFO] [stderr]    Compiling serde v1.0.214
[INFO] [stderr]    Compiling half v2.4.1
[INFO] [stderr]    Compiling ciborium-io v0.2.2
[INFO] [stderr]    Compiling regex-syntax v0.8.5
[INFO] [stderr]    Compiling clap_lex v0.7.2
[INFO] [stderr]    Compiling anstyle v1.0.9
[INFO] [stderr]    Compiling itertools v0.10.5
[INFO] [stderr]    Compiling same-file v1.0.6
[INFO] [stderr]    Compiling cast v0.3.0
[INFO] [stderr]    Compiling is-terminal v0.4.13
[INFO] [stderr]    Compiling anes v0.1.6
[INFO] [stderr]    Compiling oorandom v11.1.4
[INFO] [stderr]    Compiling walkdir v2.5.0
[INFO] [stderr]    Compiling clap_builder v4.5.20
[INFO] [stderr]    Compiling ciborium-ll v0.2.2
[INFO] [stderr]    Compiling regex-automata v0.4.8
[INFO] [stderr]    Compiling criterion-plot v0.5.0
[INFO] [stderr]    Compiling clap v4.5.20
[INFO] [stderr]    Compiling regex v1.11.1
[INFO] [stderr]    Compiling serde_json v1.0.132
[INFO] [stderr]    Compiling log v0.4.22
[INFO] [stderr]    Compiling smallvec v1.13.2
[INFO] [stderr]    Compiling faster-hex v0.9.0
[INFO] [stderr]    Compiling uuid v1.11.0
[INFO] [stderr]    Compiling serde-value v0.7.0
[INFO] [stderr]    Compiling serde_yaml v0.9.34+deprecated
[INFO] [stderr]    Compiling secp256k1 v0.29.1
[INFO] [stderr]    Compiling workflow-serializer v0.18.0
[INFO] [stderr]    Compiling ciborium v0.2.2
[INFO] [stderr]    Compiling hex v0.4.3
[INFO] [stderr]    Compiling parking_lot_core v0.9.10
[INFO] [stderr]    Compiling kaspa-txscript-errors v0.15.0
[INFO] [stderr]    Compiling parking_lot v0.12.3
[INFO] [stderr]    Compiling kv-log-macro v1.0.7
[INFO] [stderr]    Compiling async-std v1.13.0
[INFO] [stderr]    Compiling wasm-bindgen v0.2.95
[INFO] [stderr]    Compiling tinytemplate v1.2.1
[INFO] [stderr]    Compiling criterion v0.5.1
[INFO] [stderr]    Compiling log4rs v1.3.0
[INFO] [stderr]    Compiling js-sys v0.3.72
[INFO] [stderr]    Compiling kaspa-utils v0.15.0
[INFO] [stderr]    Compiling workflow-log v0.18.0
[INFO] [stderr]    Compiling kaspa-core v0.15.0
[INFO] [stderr]    Compiling web-sys v0.3.72
[INFO] [stderr]    Compiling serde-wasm-bindgen v0.6.5
[INFO] [stderr]    Compiling wasm-bindgen-futures v0.4.45
[INFO] [stderr]    Compiling workflow-panic-hook v0.18.0
[INFO] [stderr]    Compiling workflow-core v0.18.0
[INFO] [stderr]    Compiling workflow-wasm v0.18.0
[INFO] [stderr]    Compiling kaspa-hashes v0.15.0
[INFO] [stderr]    Compiling kaspa-math v0.15.0
[INFO] [stderr]    Compiling kaspa-addresses v0.15.0
[INFO] [stderr]    Compiling kaspa-wasm-core v0.15.0
[INFO] [stderr]    Compiling kaspa-merkle v0.15.0
[INFO] [stderr]    Compiling kaspa-muhash v0.15.0
[INFO] [stderr]    Compiling kaspa-consensus-core v0.15.0
[INFO] [stderr]    Compiling kaspa-txscript v0.15.0 (/opt/rustwide/workdir)
[INFO] [stderr]     Finished `test` profile [unoptimized + debuginfo] target(s) in 28.58s
[INFO] running `Command { std: "docker" "inspect" "81bdd73bb3023f2e98495a57f93617ad7a8201b28804f501af63dda6bbd8214c", kill_on_drop: false }`
[INFO] running `Command { std: "docker" "rm" "-f" "81bdd73bb3023f2e98495a57f93617ad7a8201b28804f501af63dda6bbd8214c", kill_on_drop: false }`
[INFO] [stdout] 81bdd73bb3023f2e98495a57f93617ad7a8201b28804f501af63dda6bbd8214c
[INFO] running `Command { std: "docker" "create" "-v" "/var/lib/crater-agent-workspace/builds/worker-6-tc1/target:/opt/rustwide/target:rw,Z" "-v" "/var/lib/crater-agent-workspace/builds/worker-6-tc1/source:/opt/rustwide/workdir:ro,Z" "-v" "/var/lib/crater-agent-workspace/cargo-home:/opt/rustwide/cargo-home:ro,Z" "-v" "/var/lib/crater-agent-workspace/rustup-home:/opt/rustwide/rustup-home:ro,Z" "-e" "SOURCE_DIR=/opt/rustwide/workdir" "-e" "CARGO_TARGET_DIR=/opt/rustwide/target" "-e" "CARGO_INCREMENTAL=0" "-e" "RUST_BACKTRACE=full" "-e" "RUSTFLAGS=--cap-lints=forbid" "-e" "RUSTDOCFLAGS=--cap-lints=forbid" "-e" "CARGO_HOME=/opt/rustwide/cargo-home" "-e" "RUSTUP_HOME=/opt/rustwide/rustup-home" "-w" "/opt/rustwide/workdir" "-m" "1610612736" "--user" "0:0" "--network" "none" "ghcr.io/rust-lang/crates-build-env/linux@sha256:4a844ea9eb2546a2d2c7022eacef16ef2e8229c7fbb2c7d4d55a9ceca922f72d" "/opt/rustwide/cargo-home/bin/cargo" "+nightly-2024-10-28" "test" "--frozen", kill_on_drop: false }`
[INFO] [stdout] 87d2a5b34ed4995634b2e5ee546f70d0e40cbdddc18105c9446e7d94073a4b31
[INFO] running `Command { std: "docker" "start" "-a" "87d2a5b34ed4995634b2e5ee546f70d0e40cbdddc18105c9446e7d94073a4b31", kill_on_drop: false }`
[INFO] [stderr]     Finished `test` profile [unoptimized + debuginfo] target(s) in 0.38s
[INFO] [stderr]      Running unittests src/lib.rs (/opt/rustwide/target/debug/deps/kaspa_txscript-0f2ce1ddca8e9fba)
[INFO] [stdout] 
[INFO] [stdout] running 59 tests
[INFO] [stdout] test data_stack::tests::test_deserialize ... ok
[INFO] [stdout] test data_stack::tests::test_serialize ... ok
[INFO] [stdout] test opcodes::test::test_binary_num_ops ... ok
[INFO] [stdout] test opcodes::test::test_op2dup ... ok
[INFO] [stdout] test opcodes::test::test_logical_ops ... ok
[INFO] [stdout] test opcodes::test::test_op2over ... ok
[INFO] [stdout] test opcodes::test::test_op2drop ... ok
[INFO] [stdout] test opcodes::test::test_op2rot ... ok
[INFO] [stdout] test opcodes::test::test_op2swap ... ok
[INFO] [stdout] test opcodes::test::test_op3dup ... ok
[INFO] [stdout] test opcodes::test::test_opblake2b ... ok
[INFO] [stdout] test opcodes::test::test_opchecklocktimeverify ... ok
[INFO] [stdout] test opcodes::test::test_opchecksequencerify ... ok
[INFO] [stdout] test opcodes::test::test_opcode_disabled ... ok
[INFO] [stdout] test opcodes::test::test_opcode_reserved ... ok
[INFO] [stdout] test opcodes::test::test_opcode_invalid ... ok
[INFO] [stdout] test opcodes::test::test_opdepth ... ok
[INFO] [stdout] test opcodes::test::test_opdup ... ok
[INFO] [stdout] test opcodes::test::test_opdrop ... ok
[INFO] [stdout] test opcodes::test::test_opifdup ... ok
[INFO] [stdout] test opcodes::test::test_opnip ... ok
[INFO] [stdout] test opcodes::test::test_opequalverify ... ok
[INFO] [stdout] test opcodes::test::test_opnop ... ok
[INFO] [stdout] test opcodes::test::test_opover ... ok
[INFO] [stdout] test opcodes::test::test_oppick ... ok
[INFO] [stdout] test opcodes::test::test_opsha256 ... ok
[INFO] [stdout] test opcodes::test::test_oproll ... ok
[INFO] [stdout] test opcodes::test::test_oprot ... ok
[INFO] [stdout] test opcodes::test::test_opsize ... ok
[INFO] [stdout] test opcodes::test::test_optuck ... ok
[INFO] [stdout] test opcodes::test::test_opswap ... ok
[INFO] [stdout] test opcodes::test::test_opwithin ... ok
[INFO] [stdout] test opcodes::test::test_push_num ... ok
[INFO] [stdout] test opcodes::test::test_uniary_num_ops ... ok
[INFO] [stdout] test opcodes::test::test_opreturn ... ok
[INFO] [stdout] test opcodes::test::test_opverify ... ok
[INFO] [stdout] test script_builder::tests::test_exceed_max_script_size ... ok
[INFO] [stdout] test script_class::tests::test_script_class_from_script ... ok
[INFO] [stdout] test standard::multisig::tests::test_empty_keys ... ok
[INFO] [stdout] test script_builder::tests::test_add_i64 ... ok
[INFO] [stdout] test script_builder::tests::test_add_op ... ok
[INFO] [stdout] test script_builder::tests::test_u64 ... ok
[INFO] [stdout] test standard::multisig::tests::test_too_many_required_sigs ... ok
[INFO] [stdout] test standard::tests::test_extract_address_and_encode_script ... ok
[INFO] [stdout] test opcodes::test::test_push_data ... ok
[INFO] [stdout] test tests::test_is_unspendable ... ok
[INFO] [stdout] test tests::test_check_error_condition ... ok
[INFO] [stdout] test tests::test_get_sig_op_count ... ok
[INFO] [stdout] test tests::test_check_nestedif ... ok
[INFO] [stdout] test tests::test_check_opelse ... ok
[INFO] [stdout] test tests::test_check_opnotif ... ok
[INFO] [stdout] test tests::test_check_pub_key_encode ... ok
[INFO] [stdout] test tests::test_check_opif ... ok
[INFO] [stdout] test script_builder::tests::test_add_data ... ok
[INFO] [stdout] test standard::multisig::tests::test_multisig_not_enough ... ok
[INFO] [stdout] test standard::multisig::tests::test_multisig_wrong_signer ... ok
[INFO] [stdout] test standard::multisig::tests::test_multisig_2_2 ... ok
[INFO] [stdout] test standard::multisig::tests::test_multisig_1_2 ... ok
[INFO] [stdout] test bitcoind_tests::test_bitcoind_tests ... FAILED
[INFO] [stdout] 
[INFO] [stdout] failures:
[INFO] [stdout] 
[INFO] [stdout] ---- bitcoind_tests::test_bitcoind_tests stdout ----
[INFO] [stdout] thread 'bitcoind_tests::test_bitcoind_tests' panicked at src/lib.rs:1111:14:
[INFO] [stdout] Could not find test file: Os { code: 2, kind: NotFound, message: "No such file or directory" }
[INFO] [stdout] stack backtrace:
[INFO] [stdout]    0:     0x622f2a6e7d8a - std::backtrace_rs::backtrace::libunwind::trace::h207520d6e9873551
[INFO] [stdout]                                at /rustc/df4ca44d3fbc9301ee17f30f4d474e6ae4b05252/library/std/src/../../backtrace/src/backtrace/libunwind.rs:116:5
[INFO] [stdout]    1:     0x622f2a6e7d8a - std::backtrace_rs::backtrace::trace_unsynchronized::h2ed7433f370e3eca
[INFO] [stdout]                                at /rustc/df4ca44d3fbc9301ee17f30f4d474e6ae4b05252/library/std/src/../../backtrace/src/backtrace/mod.rs:66:5
[INFO] [stdout]    2:     0x622f2a6e7d8a - std::sys::backtrace::_print_fmt::h916fac51166b18d7
[INFO] [stdout]                                at /rustc/df4ca44d3fbc9301ee17f30f4d474e6ae4b05252/library/std/src/sys/backtrace.rs:66:9
[INFO] [stdout]    3:     0x622f2a6e7d8a - <std::sys::backtrace::BacktraceLock::print::DisplayBacktrace as core::fmt::Display>::fmt::ha0a4c9b8ce3802e6
[INFO] [stdout]                                at /rustc/df4ca44d3fbc9301ee17f30f4d474e6ae4b05252/library/std/src/sys/backtrace.rs:39:26
[INFO] [stdout]    4:     0x622f2a70f333 - core::fmt::rt::Argument::fmt::h4cfc8587d52b3eb5
[INFO] [stdout]                                at /rustc/df4ca44d3fbc9301ee17f30f4d474e6ae4b05252/library/core/src/fmt/rt.rs:177:76
[INFO] [stdout]    5:     0x622f2a70f333 - core::fmt::write::h522cc39e5b36ae9f
[INFO] [stdout]                                at /rustc/df4ca44d3fbc9301ee17f30f4d474e6ae4b05252/library/core/src/fmt/mod.rs:1190:21
[INFO] [stdout]    6:     0x622f2a6e4853 - std::io::Write::write_fmt::h7d3c26752da97734
[INFO] [stdout]                                at /rustc/df4ca44d3fbc9301ee17f30f4d474e6ae4b05252/library/std/src/io/mod.rs:1839:15
[INFO] [stdout]    7:     0x622f2a6e7bd2 - std::sys::backtrace::BacktraceLock::print::h4b9e00b29e9c0942
[INFO] [stdout]                                at /rustc/df4ca44d3fbc9301ee17f30f4d474e6ae4b05252/library/std/src/sys/backtrace.rs:42:9
[INFO] [stdout]    8:     0x622f2a6e921a - std::panicking::default_hook::{{closure}}::hb59b88280d0324d9
[INFO] [stdout]                                at /rustc/df4ca44d3fbc9301ee17f30f4d474e6ae4b05252/library/std/src/panicking.rs:268:22
[INFO] [stdout]    9:     0x622f2a6e9024 - std::panicking::default_hook::he1dd496665be4a29
[INFO] [stdout]                                at /rustc/df4ca44d3fbc9301ee17f30f4d474e6ae4b05252/library/std/src/panicking.rs:292:9
[INFO] [stdout]   10:     0x622f2a5c7fb9 - <alloc::boxed::Box<F,A> as core::ops::function::Fn<Args>>::call::h4ff71de18744e1dc
[INFO] [stdout]                                at /rustc/df4ca44d3fbc9301ee17f30f4d474e6ae4b05252/library/alloc/src/boxed.rs:2468:9
[INFO] [stdout]   11:     0x622f2a5c7fb9 - test::test_main::{{closure}}::hcf7c055ce117aa81
[INFO] [stdout]                                at /rustc/df4ca44d3fbc9301ee17f30f4d474e6ae4b05252/library/test/src/lib.rs:133:21
[INFO] [stdout]   12:     0x622f2a6e9918 - <alloc::boxed::Box<F,A> as core::ops::function::Fn<Args>>::call::h1d66c6bbd60c9692
[INFO] [stdout]                                at /rustc/df4ca44d3fbc9301ee17f30f4d474e6ae4b05252/library/alloc/src/boxed.rs:2468:9
[INFO] [stdout]   13:     0x622f2a6e9918 - std::panicking::rust_panic_with_hook::h2ff17fe8f26dfcf8
[INFO] [stdout]                                at /rustc/df4ca44d3fbc9301ee17f30f4d474e6ae4b05252/library/std/src/panicking.rs:809:13
[INFO] [stdout]   14:     0x622f2a6e96da - std::panicking::begin_panic_handler::{{closure}}::h4fad77951c07e101
[INFO] [stdout]                                at /rustc/df4ca44d3fbc9301ee17f30f4d474e6ae4b05252/library/std/src/panicking.rs:674:13
[INFO] [stdout]   15:     0x622f2a6e8269 - std::sys::backtrace::__rust_end_short_backtrace::hb1a25b3da5d0ea08
[INFO] [stdout]                                at /rustc/df4ca44d3fbc9301ee17f30f4d474e6ae4b05252/library/std/src/sys/backtrace.rs:170:18
[INFO] [stdout]   16:     0x622f2a6e936c - rust_begin_unwind
[INFO] [stdout]                                at /rustc/df4ca44d3fbc9301ee17f30f4d474e6ae4b05252/library/std/src/panicking.rs:665:5
[INFO] [stdout]   17:     0x622f2a70dd30 - core::panicking::panic_fmt::ha9db07b529f9b256
[INFO] [stdout]                                at /rustc/df4ca44d3fbc9301ee17f30f4d474e6ae4b05252/library/core/src/panicking.rs:75:14
[INFO] [stdout]   18:     0x622f2a70e176 - core::result::unwrap_failed::h5e8218e4d4338b8a
[INFO] [stdout]                                at /rustc/df4ca44d3fbc9301ee17f30f4d474e6ae4b05252/library/core/src/result.rs:1698:5
[INFO] [stdout]   19:     0x622f2a51f29d - core::result::Result<T,E>::expect::hfe5347a45a987f35
[INFO] [stdout]                                at /rustc/df4ca44d3fbc9301ee17f30f4d474e6ae4b05252/library/core/src/result.rs:1060:23
[INFO] [stdout]   20:     0x622f2a58d7df - kaspa_txscript::bitcoind_tests::test_bitcoind_tests::h9c09720e71272c9b
[INFO] [stdout]                                at /opt/rustwide/workdir/src/lib.rs:1110:20
[INFO] [stdout]   21:     0x622f2a58d6d7 - kaspa_txscript::bitcoind_tests::test_bitcoind_tests::{{closure}}::h1090a366d58275b3
[INFO] [stdout]                                at /opt/rustwide/workdir/src/lib.rs:1109:29
[INFO] [stdout]   22:     0x622f2a55a166 - core::ops::function::FnOnce::call_once::h6bb1a91ca4c9659a
[INFO] [stdout]                                at /rustc/df4ca44d3fbc9301ee17f30f4d474e6ae4b05252/library/core/src/ops/function.rs:250:5
[INFO] [stdout]   23:     0x622f2a5cc88b - core::ops::function::FnOnce::call_once::h22c3ba5715e93f05
[INFO] [stdout]                                at /rustc/df4ca44d3fbc9301ee17f30f4d474e6ae4b05252/library/core/src/ops/function.rs:250:5
[INFO] [stdout]   24:     0x622f2a5cc88b - test::__rust_begin_short_backtrace::h8e82d8113d0da17f
[INFO] [stdout]                                at /rustc/df4ca44d3fbc9301ee17f30f4d474e6ae4b05252/library/test/src/lib.rs:621:18
[INFO] [stdout]   25:     0x622f2a5cc207 - test::run_test_in_process::{{closure}}::h33235f4f20b7b7c7
[INFO] [stdout]                                at /rustc/df4ca44d3fbc9301ee17f30f4d474e6ae4b05252/library/test/src/lib.rs:644:60
[INFO] [stdout]   26:     0x622f2a5cc207 - <core::panic::unwind_safe::AssertUnwindSafe<F> as core::ops::function::FnOnce<()>>::call_once::hb5043206310c586f
[INFO] [stdout]                                at /rustc/df4ca44d3fbc9301ee17f30f4d474e6ae4b05252/library/core/src/panic/unwind_safe.rs:272:9
[INFO] [stdout]   27:     0x622f2a5cc207 - std::panicking::try::do_call::h9ad4731a60ab23e2
[INFO] [stdout]                                at /rustc/df4ca44d3fbc9301ee17f30f4d474e6ae4b05252/library/std/src/panicking.rs:557:40
[INFO] [stdout]   28:     0x622f2a5cc207 - std::panicking::try::h3824d23db772a716
[INFO] [stdout]                                at /rustc/df4ca44d3fbc9301ee17f30f4d474e6ae4b05252/library/std/src/panicking.rs:520:19
[INFO] [stdout]   29:     0x622f2a5cc207 - std::panic::catch_unwind::h5afd514605fde46b
[INFO] [stdout]                                at /rustc/df4ca44d3fbc9301ee17f30f4d474e6ae4b05252/library/std/src/panic.rs:358:14
[INFO] [stdout]   30:     0x622f2a5cc207 - test::run_test_in_process::h0d5cbfa7067d1720
[INFO] [stdout]                                at /rustc/df4ca44d3fbc9301ee17f30f4d474e6ae4b05252/library/test/src/lib.rs:644:27
[INFO] [stdout]   31:     0x622f2a5cc207 - test::run_test::{{closure}}::h708eb8872708115d
[INFO] [stdout]                                at /rustc/df4ca44d3fbc9301ee17f30f4d474e6ae4b05252/library/test/src/lib.rs:565:43
[INFO] [stdout]   32:     0x622f2a58f924 - test::run_test::{{closure}}::h392c51cee94713ab
[INFO] [stdout]                                at /rustc/df4ca44d3fbc9301ee17f30f4d474e6ae4b05252/library/test/src/lib.rs:595:41
[INFO] [stdout]   33:     0x622f2a58f924 - std::sys::backtrace::__rust_begin_short_backtrace::h2f40290710935a8b
[INFO] [stdout]                                at /rustc/df4ca44d3fbc9301ee17f30f4d474e6ae4b05252/library/std/src/sys/backtrace.rs:154:18
[INFO] [stdout]   34:     0x622f2a5930ce - std::thread::Builder::spawn_unchecked_::{{closure}}::{{closure}}::h3fd968d89053a903
[INFO] [stdout]                                at /rustc/df4ca44d3fbc9301ee17f30f4d474e6ae4b05252/library/std/src/thread/mod.rs:541:17
[INFO] [stdout]   35:     0x622f2a5930ce - <core::panic::unwind_safe::AssertUnwindSafe<F> as core::ops::function::FnOnce<()>>::call_once::h743f637ba4229880
[INFO] [stdout]                                at /rustc/df4ca44d3fbc9301ee17f30f4d474e6ae4b05252/library/core/src/panic/unwind_safe.rs:272:9
[INFO] [stdout]   36:     0x622f2a5930ce - std::panicking::try::do_call::h07440897322525a6
[INFO] [stdout]                                at /rustc/df4ca44d3fbc9301ee17f30f4d474e6ae4b05252/library/std/src/panicking.rs:557:40
[INFO] [stdout]   37:     0x622f2a5930ce - std::panicking::try::he5a2e00188156637
[INFO] [stdout]                                at /rustc/df4ca44d3fbc9301ee17f30f4d474e6ae4b05252/library/std/src/panicking.rs:520:19
[INFO] [stdout]   38:     0x622f2a5930ce - std::panic::catch_unwind::hbaf3cae49b3c6433
[INFO] [stdout]                                at /rustc/df4ca44d3fbc9301ee17f30f4d474e6ae4b05252/library/std/src/panic.rs:358:14
[INFO] [stdout]   39:     0x622f2a5930ce - std::thread::Builder::spawn_unchecked_::{{closure}}::h8e141ea224820bce
[INFO] [stdout]                                at /rustc/df4ca44d3fbc9301ee17f30f4d474e6ae4b05252/library/std/src/thread/mod.rs:540:30
[INFO] [stdout]   40:     0x622f2a5930ce - core::ops::function::FnOnce::call_once{{vtable.shim}}::h90d312fedd7b8ea8
[INFO] [stdout]                                at /rustc/df4ca44d3fbc9301ee17f30f4d474e6ae4b05252/library/core/src/ops/function.rs:250:5
[INFO] [stdout]   41:     0x622f2a6ed71b - <alloc::boxed::Box<F,A> as core::ops::function::FnOnce<Args>>::call_once::h69aa08ddb6adb8b6
[INFO] [stdout]                                at /rustc/df4ca44d3fbc9301ee17f30f4d474e6ae4b05252/library/alloc/src/boxed.rs:2454:9
[INFO] [stdout]   42:     0x622f2a6ed71b - <alloc::boxed::Box<F,A> as core::ops::function::FnOnce<Args>>::call_once::h5aa36efdb79c806f
[INFO] [stdout]                                at /rustc/df4ca44d3fbc9301ee17f30f4d474e6ae4b05252/library/alloc/src/boxed.rs:2454:9
[INFO] [stdout]   43:     0x622f2a6ed71b - std::sys::pal::unix::thread::Thread::new::thread_start::h6cd80a1b4be5158d
[INFO] [stdout]                                at /rustc/df4ca44d3fbc9301ee17f30f4d474e6ae4b05252/library/std/src/sys/pal/unix/thread.rs:105:17
[INFO] [stdout]   44:     0x7026296e7ac3 - <unknown>
[INFO] [stdout]   45:     0x702629778a04 - clone
[INFO] [stdout]   46:                0x0 - <unknown>
[INFO] [stdout] 
[INFO] [stdout] 
[INFO] [stdout] failures:
[INFO] [stdout]     bitcoind_tests::test_bitcoind_tests
[INFO] [stdout] 
[INFO] [stdout] test result: FAILED. 58 passed; 1 failed; 0 ignored; 0 measured; 0 filtered out; finished in 0.05s
[INFO] [stdout] 
[INFO] [stderr] error: test failed, to rerun pass `--lib`
[INFO] running `Command { std: "docker" "inspect" "87d2a5b34ed4995634b2e5ee546f70d0e40cbdddc18105c9446e7d94073a4b31", kill_on_drop: false }`
[INFO] running `Command { std: "docker" "rm" "-f" "87d2a5b34ed4995634b2e5ee546f70d0e40cbdddc18105c9446e7d94073a4b31", kill_on_drop: false }`
[INFO] [stdout] 87d2a5b34ed4995634b2e5ee546f70d0e40cbdddc18105c9446e7d94073a4b31
