[INFO] fetching crate kash 0.4.0...
[INFO] testing kash-0.4.0 against nightly-2024-10-28 for randomize-layout
[INFO] extracting crate kash 0.4.0 into /workspace/builds/worker-3-tc1/source
[INFO] validating manifest of crates.io crate kash 0.4.0 on toolchain nightly-2024-10-28
[INFO] running `Command { std: CARGO_HOME="/workspace/cargo-home" RUSTUP_HOME="/workspace/rustup-home" "/workspace/cargo-home/bin/cargo" "+nightly-2024-10-28" "metadata" "--manifest-path" "Cargo.toml" "--no-deps", kill_on_drop: false }`
[INFO] started tweaking crates.io crate kash 0.4.0
[INFO] removed 0 missing examples
[INFO] removed 0 missing tests
[INFO] finished tweaking crates.io crate kash 0.4.0
[INFO] tweaked toml for crates.io crate kash 0.4.0 written to /workspace/builds/worker-3-tc1/source/Cargo.toml
[INFO] crate crates.io crate kash 0.4.0 already has a lockfile, it will not be regenerated
[INFO] running `Command { std: CARGO_HOME="/workspace/cargo-home" RUSTUP_HOME="/workspace/rustup-home" "/workspace/cargo-home/bin/cargo" "+nightly-2024-10-28" "fetch" "--manifest-path" "Cargo.toml", kill_on_drop: false }`
[INFO] [stderr]     Updating crates.io index
[INFO] [stderr]  Downloading crates ...
[INFO] [stderr]   Downloaded tokio-retry2 v0.5.6
[INFO] [stderr]   Downloaded copy_dir v0.1.3
[INFO] [stderr]   Downloaded googletest_macro v0.12.0
[INFO] [stderr]   Downloaded kash_macros v0.4.0
[INFO] [stderr]   Downloaded redis v0.27.5
[INFO] [stderr]   Downloaded googletest v0.12.0
[INFO] [stderr]   Downloaded scc v2.2.2
[INFO] [stderr]   Downloaded moka v0.12.8
[INFO] running `Command { std: "docker" "create" "-v" "/var/lib/crater-agent-workspace/builds/worker-3-tc1/target:/opt/rustwide/target:rw,Z" "-v" "/var/lib/crater-agent-workspace/builds/worker-3-tc1/source:/opt/rustwide/workdir:ro,Z" "-v" "/var/lib/crater-agent-workspace/cargo-home:/opt/rustwide/cargo-home:ro,Z" "-v" "/var/lib/crater-agent-workspace/rustup-home:/opt/rustwide/rustup-home:ro,Z" "-e" "SOURCE_DIR=/opt/rustwide/workdir" "-e" "CARGO_TARGET_DIR=/opt/rustwide/target" "-e" "CARGO_HOME=/opt/rustwide/cargo-home" "-e" "RUSTUP_HOME=/opt/rustwide/rustup-home" "-w" "/opt/rustwide/workdir" "-m" "1610612736" "--user" "0:0" "--network" "none" "ghcr.io/rust-lang/crates-build-env/linux@sha256:4a844ea9eb2546a2d2c7022eacef16ef2e8229c7fbb2c7d4d55a9ceca922f72d" "/opt/rustwide/cargo-home/bin/cargo" "+nightly-2024-10-28" "metadata" "--no-deps" "--format-version=1", kill_on_drop: false }`
[INFO] [stdout] 6cdc2b23e874ff0fbc6c9c727a8523977a7f8910b20c50d87eed05a0dfd288fb
[INFO] running `Command { std: "docker" "start" "-a" "6cdc2b23e874ff0fbc6c9c727a8523977a7f8910b20c50d87eed05a0dfd288fb", kill_on_drop: false }`
[INFO] running `Command { std: "docker" "inspect" "6cdc2b23e874ff0fbc6c9c727a8523977a7f8910b20c50d87eed05a0dfd288fb", kill_on_drop: false }`
[INFO] running `Command { std: "docker" "rm" "-f" "6cdc2b23e874ff0fbc6c9c727a8523977a7f8910b20c50d87eed05a0dfd288fb", kill_on_drop: false }`
[INFO] [stdout] 6cdc2b23e874ff0fbc6c9c727a8523977a7f8910b20c50d87eed05a0dfd288fb
[INFO] running `Command { std: "docker" "create" "-v" "/var/lib/crater-agent-workspace/builds/worker-3-tc1/target:/opt/rustwide/target:rw,Z" "-v" "/var/lib/crater-agent-workspace/builds/worker-3-tc1/source:/opt/rustwide/workdir:ro,Z" "-v" "/var/lib/crater-agent-workspace/cargo-home:/opt/rustwide/cargo-home:ro,Z" "-v" "/var/lib/crater-agent-workspace/rustup-home:/opt/rustwide/rustup-home:ro,Z" "-e" "SOURCE_DIR=/opt/rustwide/workdir" "-e" "CARGO_TARGET_DIR=/opt/rustwide/target" "-e" "CARGO_INCREMENTAL=0" "-e" "RUST_BACKTRACE=full" "-e" "RUSTFLAGS=--cap-lints=forbid" "-e" "RUSTDOCFLAGS=--cap-lints=forbid" "-e" "CARGO_HOME=/opt/rustwide/cargo-home" "-e" "RUSTUP_HOME=/opt/rustwide/rustup-home" "-w" "/opt/rustwide/workdir" "-m" "1610612736" "--user" "0:0" "--network" "none" "ghcr.io/rust-lang/crates-build-env/linux@sha256:4a844ea9eb2546a2d2c7022eacef16ef2e8229c7fbb2c7d4d55a9ceca922f72d" "/opt/rustwide/cargo-home/bin/cargo" "+nightly-2024-10-28" "build" "--frozen" "--message-format=json", kill_on_drop: false }`
[INFO] [stdout] 413363e6466c924bf4feeaef9e06e66cd60f009d97285bad3db73538b3025c58
[INFO] running `Command { std: "docker" "start" "-a" "413363e6466c924bf4feeaef9e06e66cd60f009d97285bad3db73538b3025c58", kill_on_drop: false }`
[INFO] [stderr]    Compiling proc-macro2 v1.0.88
[INFO] [stderr]    Compiling parking_lot_core v0.9.10
[INFO] [stderr]    Compiling ident_case v1.0.1
[INFO] [stderr]    Compiling fnv v1.0.7
[INFO] [stderr]    Compiling strsim v0.11.1
[INFO] [stderr]    Compiling scopeguard v1.2.0
[INFO] [stderr]    Compiling bitflags v2.6.0
[INFO] [stderr]    Compiling thiserror v1.0.64
[INFO] [stderr]    Compiling moka v0.12.8
[INFO] [stderr]    Compiling lock_api v0.4.12
[INFO] [stderr]    Compiling tagptr v0.2.0
[INFO] [stderr]    Compiling triomphe v0.1.11
[INFO] [stderr]    Compiling instant v0.1.13
[INFO] [stderr]    Compiling getrandom v0.2.15
[INFO] [stderr]    Compiling crossbeam-epoch v0.9.18
[INFO] [stderr]    Compiling crossbeam-channel v0.5.13
[INFO] [stderr]    Compiling uuid v1.11.0
[INFO] [stderr]    Compiling raw-cpuid v11.2.0
[INFO] [stderr]    Compiling parking_lot v0.12.3
[INFO] [stderr]    Compiling quote v1.0.37
[INFO] [stderr]    Compiling syn v2.0.82
[INFO] [stderr]    Compiling quanta v0.12.3
[INFO] [stderr]    Compiling darling_core v0.20.10
[INFO] [stderr]    Compiling thiserror-impl v1.0.64
[INFO] [stderr]    Compiling async-trait v0.1.83
[INFO] [stderr]    Compiling darling_macro v0.20.10
[INFO] [stderr]    Compiling darling v0.20.10
[INFO] [stderr]    Compiling kash_macros v0.4.0
[INFO] [stderr]    Compiling kash v0.4.0 (/opt/rustwide/workdir)
[INFO] [stderr]     Finished `dev` profile [unoptimized + debuginfo] target(s) in 10.52s
[INFO] running `Command { std: "docker" "inspect" "413363e6466c924bf4feeaef9e06e66cd60f009d97285bad3db73538b3025c58", kill_on_drop: false }`
[INFO] running `Command { std: "docker" "rm" "-f" "413363e6466c924bf4feeaef9e06e66cd60f009d97285bad3db73538b3025c58", kill_on_drop: false }`
[INFO] [stdout] 413363e6466c924bf4feeaef9e06e66cd60f009d97285bad3db73538b3025c58
[INFO] running `Command { std: "docker" "create" "-v" "/var/lib/crater-agent-workspace/builds/worker-3-tc1/target:/opt/rustwide/target:rw,Z" "-v" "/var/lib/crater-agent-workspace/builds/worker-3-tc1/source:/opt/rustwide/workdir:ro,Z" "-v" "/var/lib/crater-agent-workspace/cargo-home:/opt/rustwide/cargo-home:ro,Z" "-v" "/var/lib/crater-agent-workspace/rustup-home:/opt/rustwide/rustup-home:ro,Z" "-e" "SOURCE_DIR=/opt/rustwide/workdir" "-e" "CARGO_TARGET_DIR=/opt/rustwide/target" "-e" "CARGO_INCREMENTAL=0" "-e" "RUST_BACKTRACE=full" "-e" "RUSTFLAGS=--cap-lints=forbid" "-e" "RUSTDOCFLAGS=--cap-lints=forbid" "-e" "CARGO_HOME=/opt/rustwide/cargo-home" "-e" "RUSTUP_HOME=/opt/rustwide/rustup-home" "-w" "/opt/rustwide/workdir" "-m" "1610612736" "--user" "0:0" "--network" "none" "ghcr.io/rust-lang/crates-build-env/linux@sha256:4a844ea9eb2546a2d2c7022eacef16ef2e8229c7fbb2c7d4d55a9ceca922f72d" "/opt/rustwide/cargo-home/bin/cargo" "+nightly-2024-10-28" "test" "--frozen" "--no-run" "--message-format=json", kill_on_drop: false }`
[INFO] [stdout] ef846ff080e4498ca029f191ff60d813893760a1951b449f624940839594f6fd
[INFO] running `Command { std: "docker" "start" "-a" "ef846ff080e4498ca029f191ff60d813893760a1951b449f624940839594f6fd", kill_on_drop: false }`
[INFO] [stderr]    Compiling pin-project-lite v0.2.14
[INFO] [stderr]    Compiling futures-core v0.3.31
[INFO] [stderr]    Compiling futures-io v0.3.31
[INFO] [stderr]    Compiling slab v0.4.9
[INFO] [stderr]    Compiling parking v2.2.1
[INFO] [stderr]    Compiling bitflags v2.6.0
[INFO] [stderr]    Compiling memchr v2.7.4
[INFO] [stderr]    Compiling fastrand v2.1.1
[INFO] [stderr]    Compiling rustix v0.38.37
[INFO] [stderr]    Compiling linux-raw-sys v0.4.14
[INFO] [stderr]    Compiling futures-sink v0.3.31
[INFO] [stderr]    Compiling concurrent-queue v2.5.0
[INFO] [stderr]    Compiling tracing-core v0.1.32
[INFO] [stderr]    Compiling syn v1.0.109
[INFO] [stderr]    Compiling async-task v4.7.1
[INFO] [stderr]    Compiling futures-task v0.3.31
[INFO] [stderr]    Compiling value-bag v1.9.0
[INFO] [stderr]    Compiling futures-channel v0.3.31
[INFO] [stderr]    Compiling atomic-waker v1.1.2
[INFO] [stderr]    Compiling raw-cpuid v11.2.0
[INFO] [stderr]    Compiling event-listener v5.3.1
[INFO] [stderr]    Compiling futures-lite v2.3.0
[INFO] [stderr]    Compiling piper v0.2.4
[INFO] [stderr]    Compiling regex-syntax v0.8.5
[INFO] [stderr]    Compiling rustversion v1.0.18
[INFO] [stderr]    Compiling sdd v3.0.4
[INFO] [stderr]    Compiling log v0.4.22
[INFO] [stderr]    Compiling event-listener v2.5.3
[INFO] [stderr]    Compiling googletest_macro v0.12.0
[INFO] [stderr]    Compiling event-listener-strategy v0.5.2
[INFO] [stderr]    Compiling tracing v0.1.40
[INFO] [stderr]    Compiling async-channel v1.9.0
[INFO] [stderr]    Compiling tokio-macros v2.4.0
[INFO] [stderr]    Compiling async-lock v3.4.0
[INFO] [stderr]    Compiling async-channel v2.3.1
[INFO] [stderr]    Compiling scc v2.2.2
[INFO] [stderr]    Compiling aho-corasick v1.1.3
[INFO] [stderr]    Compiling futures-util v0.3.31
[INFO] [stderr]    Compiling kv-log-macro v1.0.7
[INFO] [stderr]    Compiling serial_test_derive v3.1.1
[INFO] [stderr]    Compiling copy_dir v0.1.3
[INFO] [stderr]    Compiling blocking v1.6.1
[INFO] [stderr]    Compiling async-executor v1.13.1
[INFO] [stderr]    Compiling tokio v1.40.0
[INFO] [stderr]    Compiling quanta v0.12.3
[INFO] [stderr]    Compiling moka v0.12.8
[INFO] [stderr]    Compiling regex-automata v0.4.8
[INFO] [stderr]    Compiling kash v0.4.0 (/opt/rustwide/workdir)
[INFO] [stderr]    Compiling futures-executor v0.3.31
[INFO] [stderr]    Compiling futures v0.3.31
[INFO] [stderr]    Compiling serial_test v3.1.1
[INFO] [stderr]    Compiling async-attributes v1.1.2
[INFO] [stderr]    Compiling regex v1.11.0
[INFO] [stderr]    Compiling googletest v0.12.0
[INFO] [stderr]    Compiling polling v3.7.3
[INFO] [stderr]    Compiling tempfile v3.13.0
[INFO] [stderr]    Compiling async-io v2.3.4
[INFO] [stderr]    Compiling async-global-executor v2.4.1
[INFO] [stderr]    Compiling async-std v1.13.0
[INFO] [stderr]     Finished `test` profile [unoptimized + debuginfo] target(s) in 16.63s
[INFO] running `Command { std: "docker" "inspect" "ef846ff080e4498ca029f191ff60d813893760a1951b449f624940839594f6fd", kill_on_drop: false }`
[INFO] running `Command { std: "docker" "rm" "-f" "ef846ff080e4498ca029f191ff60d813893760a1951b449f624940839594f6fd", kill_on_drop: false }`
[INFO] [stdout] ef846ff080e4498ca029f191ff60d813893760a1951b449f624940839594f6fd
[INFO] running `Command { std: "docker" "create" "-v" "/var/lib/crater-agent-workspace/builds/worker-3-tc1/target:/opt/rustwide/target:rw,Z" "-v" "/var/lib/crater-agent-workspace/builds/worker-3-tc1/source:/opt/rustwide/workdir:ro,Z" "-v" "/var/lib/crater-agent-workspace/cargo-home:/opt/rustwide/cargo-home:ro,Z" "-v" "/var/lib/crater-agent-workspace/rustup-home:/opt/rustwide/rustup-home:ro,Z" "-e" "SOURCE_DIR=/opt/rustwide/workdir" "-e" "CARGO_TARGET_DIR=/opt/rustwide/target" "-e" "CARGO_INCREMENTAL=0" "-e" "RUST_BACKTRACE=full" "-e" "RUSTFLAGS=--cap-lints=forbid" "-e" "RUSTDOCFLAGS=--cap-lints=forbid" "-e" "CARGO_HOME=/opt/rustwide/cargo-home" "-e" "RUSTUP_HOME=/opt/rustwide/rustup-home" "-w" "/opt/rustwide/workdir" "-m" "1610612736" "--user" "0:0" "--network" "none" "ghcr.io/rust-lang/crates-build-env/linux@sha256:4a844ea9eb2546a2d2c7022eacef16ef2e8229c7fbb2c7d4d55a9ceca922f72d" "/opt/rustwide/cargo-home/bin/cargo" "+nightly-2024-10-28" "test" "--frozen", kill_on_drop: false }`
[INFO] [stdout] 2e2767094763257fd90f3cee5b82d132484d353373c29643e0913a487fdac68a
[INFO] running `Command { std: "docker" "start" "-a" "2e2767094763257fd90f3cee5b82d132484d353373c29643e0913a487fdac68a", kill_on_drop: false }`
[INFO] [stderr]     Finished `test` profile [unoptimized + debuginfo] target(s) in 0.14s
[INFO] [stderr]      Running unittests src/lib.rs (/opt/rustwide/target/debug/deps/kash-81bd99c5b1ec0bee)
[INFO] [stdout] 
[INFO] [stdout] running 0 tests
[INFO] [stdout] 
[INFO] [stdout] test result: ok. 0 passed; 0 failed; 0 ignored; 0 measured; 0 filtered out; finished in 0.00s
[INFO] [stdout] 
[INFO] [stderr]      Running tests/disk.rs (/opt/rustwide/target/debug/deps/disk-ca3395f8f84a2dc3)
[INFO] [stdout] 
[INFO] [stdout] running 0 tests
[INFO] [stdout] 
[INFO] [stdout] test result: ok. 0 passed; 0 failed; 0 ignored; 0 measured; 0 filtered out; finished in 0.00s
[INFO] [stdout] 
[INFO] [stderr]      Running tests/kash.rs (/opt/rustwide/target/debug/deps/kash-5b5fabdf4ad9f8f1)
[INFO] [stdout] 
[INFO] [stdout] running 11 tests
[INFO] [stdout] test test_mutable_args_str ... ok
[INFO] [stdout] test test_mutable_args ... ok
[INFO] [stdout] test test_string_cache ... ok
[INFO] [stdout] test test_proc_kash_option ... ok
[INFO] [stdout] test cache_result_key ... ok
[INFO] [stdout] test cache_result_no_default ... ok
[INFO] [stdout] test test_proc_kash_result ... ok
[INFO] [stdout] test test_unbound_cache ... ok
[INFO] [stdout] test test_sized_cache ... ok
[INFO] [stdout] test test_racing_duplicate_keys_do_not_duplicate_sized_cache_ordering ... ok
[INFO] [stdout] test test_sized_cache_key ... ok
[INFO] [stdout] 
[INFO] [stdout] test result: ok. 11 passed; 0 failed; 0 ignored; 0 measured; 0 filtered out; finished in 15.01s
[INFO] [stdout] 
[INFO] [stderr]      Running tests/redis.rs (/opt/rustwide/target/debug/deps/redis-cb38e05282b894db)
[INFO] [stderr]    Doc-tests kash
[INFO] [stdout] 
[INFO] [stdout] running 0 tests
[INFO] [stdout] 
[INFO] [stdout] test result: ok. 0 passed; 0 failed; 0 ignored; 0 measured; 0 filtered out; finished in 0.00s
[INFO] [stdout] 
[INFO] [stdout] 
[INFO] [stdout] running 5 tests
[INFO] [stdout] test src/lib.rs - (line 70) ... FAILED
[INFO] [stdout] test src/lib.rs - (line 98) ... FAILED
[INFO] [stdout] test src/lib.rs - (line 10) ... ok
[INFO] [stdout] test src/lib.rs - (line 24) ... ok
[INFO] [stdout] test src/lib.rs - (line 50) ... ok
[INFO] [stdout] 
[INFO] [stdout] failures:
[INFO] [stdout] 
[INFO] [stdout] ---- src/lib.rs - (line 70) stdout ----
[INFO] [stdout] error: you are using `redis` caching, but forgot to enable `redis_store` feature
[INFO] [stdout]   --> src/lib.rs:90:1
[INFO] [stdout]    |
[INFO] [stdout] 23 | #[kash(redis)]
[INFO] [stdout]    | ^^^^^^^^^^^^^^
[INFO] [stdout]    |
[INFO] [stdout]    = note: this error originates in the attribute macro `kash` (in Nightly builds, run with -Z macro-backtrace for more info)
[INFO] [stdout] 
[INFO] [stdout] error[E0432]: unresolved import `kash::RedisCacheError`
[INFO] [stdout]    --> src/lib.rs:72:18
[INFO] [stdout]     |
[INFO] [stdout] 5   | use kash::{kash, RedisCacheError};
[INFO] [stdout]     |                  ^^^^^^^^^^^^^^^ no `RedisCacheError` in the root
[INFO] [stdout]     |
[INFO] [stdout] note: found an item that was configured out
[INFO] [stdout]    --> /opt/rustwide/workdir/src/lib.rs:159:30
[INFO] [stdout]     |
[INFO] [stdout] 159 | pub use stores::{RedisCache, RedisCacheError};
[INFO] [stdout]     |                              ^^^^^^^^^^^^^^^
[INFO] [stdout] note: the item is gated behind the `redis_store` feature
[INFO] [stdout]    --> /opt/rustwide/workdir/src/lib.rs:157:7
[INFO] [stdout]     |
[INFO] [stdout] 157 | #[cfg(feature = "redis_store")]
[INFO] [stdout]     |       ^^^^^^^^^^^^^^^^^^^^^^^
[INFO] [stdout] 
[INFO] [stdout] error[E0432]: unresolved import `kash::AsyncRedisCache`
[INFO] [stdout]    --> src/lib.rs:73:5
[INFO] [stdout]     |
[INFO] [stdout] 6   | use kash::AsyncRedisCache;
[INFO] [stdout]     |     ^^^^^^^^^^^^^^^^^^^^^ no `AsyncRedisCache` in the root
[INFO] [stdout]     |
[INFO] [stdout] note: found an item that was configured out
[INFO] [stdout]    --> /opt/rustwide/workdir/src/lib.rs:153:17
[INFO] [stdout]     |
[INFO] [stdout] 153 | pub use stores::AsyncRedisCache;
[INFO] [stdout]     |                 ^^^^^^^^^^^^^^^
[INFO] [stdout] note: the item is gated here
[INFO] [stdout]    --> /opt/rustwide/workdir/src/lib.rs:148:1
[INFO] [stdout]     |
[INFO] [stdout] 148 | #[cfg(any(feature = "redis_async_std", feature = "redis_tokio"))]
[INFO] [stdout]     | ^^^^^^^^^^^^^^^^^^^^^^^^^^^^^^^^^^^^^^^^^^^^^^^^^^^^^^^^^^^^^^^^^
[INFO] [stdout] 
[INFO] [stdout] error: aborting due to 3 previous errors
[INFO] [stdout] 
[INFO] [stdout] For more information about this error, try `rustc --explain E0432`.
[INFO] [stdout] Couldn't compile the test.
[INFO] [stdout] ---- src/lib.rs - (line 98) stdout ----
[INFO] [stdout] error: you are using `disk` caching, but forgot to enable `disk_store` feature
[INFO] [stdout]   --> src/lib.rs:119:1
[INFO] [stdout]    |
[INFO] [stdout] 24 | #[kash(disk)]
[INFO] [stdout]    | ^^^^^^^^^^^^^
[INFO] [stdout]    |
[INFO] [stdout]    = note: this error originates in the attribute macro `kash` (in Nightly builds, run with -Z macro-backtrace for more info)
[INFO] [stdout] 
[INFO] [stdout] error[E0432]: unresolved import `kash::DiskCacheError`
[INFO] [stdout]    --> src/lib.rs:100:18
[INFO] [stdout]     |
[INFO] [stdout] 5   | use kash::{kash, DiskCacheError};
[INFO] [stdout]     |                  ^^^^^^^^^^^^^^ no `DiskCacheError` in the root
[INFO] [stdout]     |
[INFO] [stdout] note: found an item that was configured out
[INFO] [stdout]    --> /opt/rustwide/workdir/src/lib.rs:156:29
[INFO] [stdout]     |
[INFO] [stdout] 156 | pub use stores::{DiskCache, DiskCacheError};
[INFO] [stdout]     |                             ^^^^^^^^^^^^^^
[INFO] [stdout] note: the item is gated behind the `disk_store` feature
[INFO] [stdout]    --> /opt/rustwide/workdir/src/lib.rs:154:7
[INFO] [stdout]     |
[INFO] [stdout] 154 | #[cfg(feature = "disk_store")]
[INFO] [stdout]     |       ^^^^^^^^^^^^^^^^^^^^^^
[INFO] [stdout] 
[INFO] [stdout] error[E0432]: unresolved import `kash::DiskCache`
[INFO] [stdout]    --> src/lib.rs:101:5
[INFO] [stdout]     |
[INFO] [stdout] 6   | use kash::DiskCache;
[INFO] [stdout]     |     ^^^^^^^^^^^^^^^ no `DiskCache` in the root
[INFO] [stdout]     |
[INFO] [stdout] note: found an item that was configured out
[INFO] [stdout]    --> /opt/rustwide/workdir/src/lib.rs:156:18
[INFO] [stdout]     |
[INFO] [stdout] 156 | pub use stores::{DiskCache, DiskCacheError};
[INFO] [stdout]     |                  ^^^^^^^^^
[INFO] [stdout] note: the item is gated behind the `disk_store` feature
[INFO] [stdout]    --> /opt/rustwide/workdir/src/lib.rs:154:7
[INFO] [stdout]     |
[INFO] [stdout] 154 | #[cfg(feature = "disk_store")]
[INFO] [stdout]     |       ^^^^^^^^^^^^^^^^^^^^^^
[INFO] [stdout] 
[INFO] [stdout] error: aborting due to 3 previous errors
[INFO] [stdout] 
[INFO] [stdout] For more information about this error, try `rustc --explain E0432`.
[INFO] [stdout] Couldn't compile the test.
[INFO] [stdout] 
[INFO] [stdout] failures:
[INFO] [stdout]     src/lib.rs - (line 70)
[INFO] [stdout]     src/lib.rs - (line 98)
[INFO] [stdout] 
[INFO] [stdout] test result: FAILED. 3 passed; 2 failed; 0 ignored; 0 measured; 0 filtered out; finished in 0.78s
[INFO] [stdout] 
[INFO] [stderr] error: doctest failed, to rerun pass `--doc`
[INFO] running `Command { std: "docker" "inspect" "2e2767094763257fd90f3cee5b82d132484d353373c29643e0913a487fdac68a", kill_on_drop: false }`
[INFO] running `Command { std: "docker" "rm" "-f" "2e2767094763257fd90f3cee5b82d132484d353373c29643e0913a487fdac68a", kill_on_drop: false }`
[INFO] [stdout] 2e2767094763257fd90f3cee5b82d132484d353373c29643e0913a487fdac68a
