[INFO] fetching crate kameo_macros 0.12.2...
[INFO] testing kameo_macros-0.12.2 against nightly-2024-10-28 for randomize-layout
[INFO] extracting crate kameo_macros 0.12.2 into /workspace/builds/worker-4-tc1/source
[INFO] validating manifest of crates.io crate kameo_macros 0.12.2 on toolchain nightly-2024-10-28
[INFO] running `Command { std: CARGO_HOME="/workspace/cargo-home" RUSTUP_HOME="/workspace/rustup-home" "/workspace/cargo-home/bin/cargo" "+nightly-2024-10-28" "metadata" "--manifest-path" "Cargo.toml" "--no-deps", kill_on_drop: false }`
[INFO] started tweaking crates.io crate kameo_macros 0.12.2
[INFO] finished tweaking crates.io crate kameo_macros 0.12.2
[INFO] tweaked toml for crates.io crate kameo_macros 0.12.2 written to /workspace/builds/worker-4-tc1/source/Cargo.toml
[INFO] running `Command { std: CARGO_HOME="/workspace/cargo-home" RUSTUP_HOME="/workspace/rustup-home" "/workspace/cargo-home/bin/cargo" "+nightly-2024-10-28" "generate-lockfile" "--manifest-path" "Cargo.toml", kill_on_drop: false }`
[INFO] [stderr]     Updating crates.io index
[INFO] [stderr]      Locking 10 packages to latest compatible versions
[INFO] running `Command { std: CARGO_HOME="/workspace/cargo-home" RUSTUP_HOME="/workspace/rustup-home" "/workspace/cargo-home/bin/cargo" "+nightly-2024-10-28" "fetch" "--manifest-path" "Cargo.toml", kill_on_drop: false }`
[INFO] running `Command { std: "docker" "create" "-v" "/var/lib/crater-agent-workspace/builds/worker-4-tc1/target:/opt/rustwide/target:rw,Z" "-v" "/var/lib/crater-agent-workspace/builds/worker-4-tc1/source:/opt/rustwide/workdir:ro,Z" "-v" "/var/lib/crater-agent-workspace/cargo-home:/opt/rustwide/cargo-home:ro,Z" "-v" "/var/lib/crater-agent-workspace/rustup-home:/opt/rustwide/rustup-home:ro,Z" "-e" "SOURCE_DIR=/opt/rustwide/workdir" "-e" "CARGO_TARGET_DIR=/opt/rustwide/target" "-e" "CARGO_HOME=/opt/rustwide/cargo-home" "-e" "RUSTUP_HOME=/opt/rustwide/rustup-home" "-w" "/opt/rustwide/workdir" "-m" "1610612736" "--user" "0:0" "--network" "none" "ghcr.io/rust-lang/crates-build-env/linux@sha256:4a844ea9eb2546a2d2c7022eacef16ef2e8229c7fbb2c7d4d55a9ceca922f72d" "/opt/rustwide/cargo-home/bin/cargo" "+nightly-2024-10-28" "metadata" "--no-deps" "--format-version=1", kill_on_drop: false }`
[INFO] [stdout] 3ac77a8b42d3200f968bd0072fa000a1516519570ef08ee788e77215c01faf32
[INFO] running `Command { std: "docker" "start" "-a" "3ac77a8b42d3200f968bd0072fa000a1516519570ef08ee788e77215c01faf32", kill_on_drop: false }`
[INFO] running `Command { std: "docker" "inspect" "3ac77a8b42d3200f968bd0072fa000a1516519570ef08ee788e77215c01faf32", kill_on_drop: false }`
[INFO] running `Command { std: "docker" "rm" "-f" "3ac77a8b42d3200f968bd0072fa000a1516519570ef08ee788e77215c01faf32", kill_on_drop: false }`
[INFO] [stdout] 3ac77a8b42d3200f968bd0072fa000a1516519570ef08ee788e77215c01faf32
[INFO] running `Command { std: "docker" "create" "-v" "/var/lib/crater-agent-workspace/builds/worker-4-tc1/target:/opt/rustwide/target:rw,Z" "-v" "/var/lib/crater-agent-workspace/builds/worker-4-tc1/source:/opt/rustwide/workdir:ro,Z" "-v" "/var/lib/crater-agent-workspace/cargo-home:/opt/rustwide/cargo-home:ro,Z" "-v" "/var/lib/crater-agent-workspace/rustup-home:/opt/rustwide/rustup-home:ro,Z" "-e" "SOURCE_DIR=/opt/rustwide/workdir" "-e" "CARGO_TARGET_DIR=/opt/rustwide/target" "-e" "CARGO_INCREMENTAL=0" "-e" "RUST_BACKTRACE=full" "-e" "RUSTFLAGS=--cap-lints=forbid" "-e" "RUSTDOCFLAGS=--cap-lints=forbid" "-e" "CARGO_HOME=/opt/rustwide/cargo-home" "-e" "RUSTUP_HOME=/opt/rustwide/rustup-home" "-w" "/opt/rustwide/workdir" "-m" "1610612736" "--user" "0:0" "--network" "none" "ghcr.io/rust-lang/crates-build-env/linux@sha256:4a844ea9eb2546a2d2c7022eacef16ef2e8229c7fbb2c7d4d55a9ceca922f72d" "/opt/rustwide/cargo-home/bin/cargo" "+nightly-2024-10-28" "build" "--frozen" "--message-format=json", kill_on_drop: false }`
[INFO] [stdout] 3824691a1fc2ed39caaae65082c4f72e632fb3d1f5a416b27529bfe2287433a7
[INFO] running `Command { std: "docker" "start" "-a" "3824691a1fc2ed39caaae65082c4f72e632fb3d1f5a416b27529bfe2287433a7", kill_on_drop: false }`
[INFO] [stderr]    Compiling libc v0.2.161
[INFO] [stderr]    Compiling cfg-if v1.0.0
[INFO] [stderr]    Compiling syn v2.0.86
[INFO] [stderr]    Compiling getrandom v0.2.15
[INFO] [stderr]    Compiling uuid v1.11.0
[INFO] [stderr]    Compiling kameo_macros v0.12.2 (/opt/rustwide/workdir)
[INFO] [stderr]     Finished `dev` profile [unoptimized + debuginfo] target(s) in 4.22s
[INFO] running `Command { std: "docker" "inspect" "3824691a1fc2ed39caaae65082c4f72e632fb3d1f5a416b27529bfe2287433a7", kill_on_drop: false }`
[INFO] running `Command { std: "docker" "rm" "-f" "3824691a1fc2ed39caaae65082c4f72e632fb3d1f5a416b27529bfe2287433a7", kill_on_drop: false }`
[INFO] [stdout] 3824691a1fc2ed39caaae65082c4f72e632fb3d1f5a416b27529bfe2287433a7
[INFO] running `Command { std: "docker" "create" "-v" "/var/lib/crater-agent-workspace/builds/worker-4-tc1/target:/opt/rustwide/target:rw,Z" "-v" "/var/lib/crater-agent-workspace/builds/worker-4-tc1/source:/opt/rustwide/workdir:ro,Z" "-v" "/var/lib/crater-agent-workspace/cargo-home:/opt/rustwide/cargo-home:ro,Z" "-v" "/var/lib/crater-agent-workspace/rustup-home:/opt/rustwide/rustup-home:ro,Z" "-e" "SOURCE_DIR=/opt/rustwide/workdir" "-e" "CARGO_TARGET_DIR=/opt/rustwide/target" "-e" "CARGO_INCREMENTAL=0" "-e" "RUST_BACKTRACE=full" "-e" "RUSTFLAGS=--cap-lints=forbid" "-e" "RUSTDOCFLAGS=--cap-lints=forbid" "-e" "CARGO_HOME=/opt/rustwide/cargo-home" "-e" "RUSTUP_HOME=/opt/rustwide/rustup-home" "-w" "/opt/rustwide/workdir" "-m" "1610612736" "--user" "0:0" "--network" "none" "ghcr.io/rust-lang/crates-build-env/linux@sha256:4a844ea9eb2546a2d2c7022eacef16ef2e8229c7fbb2c7d4d55a9ceca922f72d" "/opt/rustwide/cargo-home/bin/cargo" "+nightly-2024-10-28" "test" "--frozen" "--no-run" "--message-format=json", kill_on_drop: false }`
[INFO] [stdout] 96762a8cc155e343eba1c6a85a5101a9ccce779b489bd97ceb98b862f235e3b1
[INFO] running `Command { std: "docker" "start" "-a" "96762a8cc155e343eba1c6a85a5101a9ccce779b489bd97ceb98b862f235e3b1", kill_on_drop: false }`
[INFO] [stderr]    Compiling kameo_macros v0.12.2 (/opt/rustwide/workdir)
[INFO] [stderr]     Finished `test` profile [unoptimized + debuginfo] target(s) in 0.63s
[INFO] running `Command { std: "docker" "inspect" "96762a8cc155e343eba1c6a85a5101a9ccce779b489bd97ceb98b862f235e3b1", kill_on_drop: false }`
[INFO] running `Command { std: "docker" "rm" "-f" "96762a8cc155e343eba1c6a85a5101a9ccce779b489bd97ceb98b862f235e3b1", kill_on_drop: false }`
[INFO] [stdout] 96762a8cc155e343eba1c6a85a5101a9ccce779b489bd97ceb98b862f235e3b1
[INFO] running `Command { std: "docker" "create" "-v" "/var/lib/crater-agent-workspace/builds/worker-4-tc1/target:/opt/rustwide/target:rw,Z" "-v" "/var/lib/crater-agent-workspace/builds/worker-4-tc1/source:/opt/rustwide/workdir:ro,Z" "-v" "/var/lib/crater-agent-workspace/cargo-home:/opt/rustwide/cargo-home:ro,Z" "-v" "/var/lib/crater-agent-workspace/rustup-home:/opt/rustwide/rustup-home:ro,Z" "-e" "SOURCE_DIR=/opt/rustwide/workdir" "-e" "CARGO_TARGET_DIR=/opt/rustwide/target" "-e" "CARGO_INCREMENTAL=0" "-e" "RUST_BACKTRACE=full" "-e" "RUSTFLAGS=--cap-lints=forbid" "-e" "RUSTDOCFLAGS=--cap-lints=forbid" "-e" "CARGO_HOME=/opt/rustwide/cargo-home" "-e" "RUSTUP_HOME=/opt/rustwide/rustup-home" "-w" "/opt/rustwide/workdir" "-m" "1610612736" "--user" "0:0" "--network" "none" "ghcr.io/rust-lang/crates-build-env/linux@sha256:4a844ea9eb2546a2d2c7022eacef16ef2e8229c7fbb2c7d4d55a9ceca922f72d" "/opt/rustwide/cargo-home/bin/cargo" "+nightly-2024-10-28" "test" "--frozen", kill_on_drop: false }`
[INFO] [stdout] 9af641d8000c3ff33b94d51b72280f6f3eaf0f96f9747d4d58b76350f4e0ed2d
[INFO] running `Command { std: "docker" "start" "-a" "9af641d8000c3ff33b94d51b72280f6f3eaf0f96f9747d4d58b76350f4e0ed2d", kill_on_drop: false }`
[INFO] [stderr]     Finished `test` profile [unoptimized + debuginfo] target(s) in 0.02s
[INFO] [stderr]      Running unittests src/lib.rs (/opt/rustwide/target/debug/deps/kameo_macros-9423bb624abf5531)
[INFO] [stdout] 
[INFO] [stdout] running 0 tests
[INFO] [stdout] 
[INFO] [stdout] test result: ok. 0 passed; 0 failed; 0 ignored; 0 measured; 0 filtered out; finished in 0.00s
[INFO] [stdout] 
[INFO] [stderr]    Doc-tests kameo_macros
[INFO] [stdout] 
[INFO] [stdout] running 6 tests
[INFO] [stdout] test src/lib.rs - derive_reply (line 115) ... FAILED
[INFO] [stdout] test src/lib.rs - remote_message (line 152) ... FAILED
[INFO] [stdout] test src/lib.rs - messages (line 49) ... FAILED
[INFO] [stdout] test src/lib.rs - derive_remote_actor (line 134) ... FAILED
[INFO] [stdout] test src/lib.rs - messages (line 23) ... FAILED
[INFO] [stdout] test src/lib.rs - derive_actor (line 95) ... FAILED
[INFO] [stdout] 
[INFO] [stdout] failures:
[INFO] [stdout] 
[INFO] [stdout] ---- src/lib.rs - derive_reply (line 115) stdout ----
[INFO] [stdout] error[E0432]: unresolved import `kameo`
[INFO] [stdout]  --> src/lib.rs:116:5
[INFO] [stdout]   |
[INFO] [stdout] 3 | use kameo::Reply;
[INFO] [stdout]   |     ^^^^^ use of undeclared crate or module `kameo`
[INFO] [stdout] 
[INFO] [stdout] error: aborting due to 1 previous error
[INFO] [stdout] 
[INFO] [stdout] For more information about this error, try `rustc --explain E0432`.
[INFO] [stdout] Couldn't compile the test.
[INFO] [stdout] ---- src/lib.rs - remote_message (line 152) stdout ----
[INFO] [stdout] error: non-item in item list
[INFO] [stdout]  --> src/lib.rs:159:39
[INFO] [stdout]   |
[INFO] [stdout] 9 | impl Message<MyMessage> for MyActor { ... }
[INFO] [stdout]   |                                     - ^^^ - item list ends here
[INFO] [stdout]   |                                     | |
[INFO] [stdout]   |                                     | non-item starts here
[INFO] [stdout]   |                                     item list starts here
[INFO] [stdout] 
[INFO] [stdout] error[E0433]: failed to resolve: use of undeclared crate or module `kameo`
[INFO] [stdout]  --> src/lib.rs:153:5
[INFO] [stdout]   |
[INFO] [stdout] 3 | use kameo::{remote_message, message::Message};
[INFO] [stdout]   |     ^^^^^ use of undeclared crate or module `kameo`
[INFO] [stdout] 
[INFO] [stdout] error[E0432]: unresolved import `kameo`
[INFO] [stdout]  --> src/lib.rs:153:5
[INFO] [stdout]   |
[INFO] [stdout] 3 | use kameo::{remote_message, message::Message};
[INFO] [stdout]   |     ^^^^^ use of undeclared crate or module `kameo`
[INFO] [stdout] 
[INFO] [stdout] error: aborting due to 3 previous errors
[INFO] [stdout] 
[INFO] [stdout] Some errors have detailed explanations: E0432, E0433.
[INFO] [stdout] For more information about an error, try `rustc --explain E0432`.
[INFO] [stdout] Couldn't compile the test.
[INFO] [stdout] ---- src/lib.rs - messages (line 49) stdout ----
[INFO] [stdout] error[E0433]: failed to resolve: use of undeclared crate or module `kameo`
[INFO] [stdout]  --> src/lib.rs:54:6
[INFO] [stdout]   |
[INFO] [stdout] 7 | impl kameo::message::Message<Inc> for Counter {
[INFO] [stdout]   |      ^^^^^ use of undeclared crate or module `kameo`
[INFO] [stdout] 
[INFO] [stdout] error[E0433]: failed to resolve: use of undeclared crate or module `kameo`
[INFO] [stdout]   --> src/lib.rs:57:52
[INFO] [stdout]    |
[INFO] [stdout] 10 |     async fn handle(&mut self, msg: Counter, _ctx: kameo::message::Context<'_, Self, Self::Reply>) -> Self::Reply {
[INFO] [stdout]    |                                                    ^^^^^ use of undeclared crate or module `kameo`
[INFO] [stdout] 
[INFO] [stdout] error[E0433]: failed to resolve: use of undeclared crate or module `kameo`
[INFO] [stdout]   --> src/lib.rs:67:6
[INFO] [stdout]    |
[INFO] [stdout] 20 | impl kameo::message::Message<Dec> for Counter {
[INFO] [stdout]    |      ^^^^^ use of undeclared crate or module `kameo`
[INFO] [stdout] 
[INFO] [stdout] error[E0433]: failed to resolve: use of undeclared crate or module `kameo`
[INFO] [stdout]   --> src/lib.rs:70:52
[INFO] [stdout]    |
[INFO] [stdout] 23 |     async fn handle(&mut self, msg: Counter, _ctx: kameo::message::Context<'_, Self, Self::Reply>) -> Self::Reply {
[INFO] [stdout]    |                                                    ^^^^^ use of undeclared crate or module `kameo`
[INFO] [stdout] 
[INFO] [stdout] error[E0412]: cannot find type `Counter` in this scope
[INFO] [stdout]   --> src/lib.rs:54:39
[INFO] [stdout]    |
[INFO] [stdout] 7  | impl kameo::message::Message<Inc> for Counter {
[INFO] [stdout]    |                                       ^^^^^^^ help: a struct with a similar name exists: `Count`
[INFO] [stdout] ...
[INFO] [stdout] 15 | pub struct Count;
[INFO] [stdout]    | ----------------- similarly named struct `Count` defined here
[INFO] [stdout] 
[INFO] [stdout] error[E0412]: cannot find type `Counter` in this scope
[INFO] [stdout]   --> src/lib.rs:57:37
[INFO] [stdout]    |
[INFO] [stdout] 10 |     async fn handle(&mut self, msg: Counter, _ctx: kameo::message::Context<'_, Self, Self::Reply>) -> Self::Reply {
[INFO] [stdout]    |                                     ^^^^^^^ help: a struct with a similar name exists: `Count`
[INFO] [stdout] ...
[INFO] [stdout] 15 | pub struct Count;
[INFO] [stdout]    | ----------------- similarly named struct `Count` defined here
[INFO] [stdout] 
[INFO] [stdout] error[E0412]: cannot find type `Counter` in this scope
[INFO] [stdout]   --> src/lib.rs:67:39
[INFO] [stdout]    |
[INFO] [stdout] 15 | pub struct Count;
[INFO] [stdout]    | ----------------- similarly named struct `Count` defined here
[INFO] [stdout] ...
[INFO] [stdout] 20 | impl kameo::message::Message<Dec> for Counter {
[INFO] [stdout]    |                                       ^^^^^^^ help: a struct with a similar name exists: `Count`
[INFO] [stdout] 
[INFO] [stdout] error[E0412]: cannot find type `Counter` in this scope
[INFO] [stdout]   --> src/lib.rs:70:37
[INFO] [stdout]    |
[INFO] [stdout] 15 | pub struct Count;
[INFO] [stdout]    | ----------------- similarly named struct `Count` defined here
[INFO] [stdout] ...
[INFO] [stdout] 23 |     async fn handle(&mut self, msg: Counter, _ctx: kameo::message::Context<'_, Self, Self::Reply>) -> Self::Reply {
[INFO] [stdout]    |                                     ^^^^^^^ help: a struct with a similar name exists: `Count`
[INFO] [stdout] 
[INFO] [stdout] error: aborting due to 8 previous errors
[INFO] [stdout] 
[INFO] [stdout] Some errors have detailed explanations: E0412, E0433.
[INFO] [stdout] For more information about an error, try `rustc --explain E0412`.
[INFO] [stdout] Couldn't compile the test.
[INFO] [stdout] ---- src/lib.rs - derive_remote_actor (line 134) stdout ----
[INFO] [stdout] error[E0432]: unresolved import `kameo`
[INFO] [stdout]  --> src/lib.rs:135:5
[INFO] [stdout]   |
[INFO] [stdout] 3 | use kameo::RemoteActor;
[INFO] [stdout]   |     ^^^^^ use of undeclared crate or module `kameo`
[INFO] [stdout] 
[INFO] [stdout] error[E0599]: no associated item named `REMOTE_ID` found for struct `MyActor` in the current scope
[INFO] [stdout]  --> src/lib.rs:140:21
[INFO] [stdout]   |
[INFO] [stdout] 6 | struct MyActor { }
[INFO] [stdout]   | -------------- associated item `REMOTE_ID` not found for this struct
[INFO] [stdout] 7 |
[INFO] [stdout] 8 | assert_eq!(MyActor::REMOTE_ID, "my_crate::module::MyActor");
[INFO] [stdout]   |                     ^^^^^^^^^ associated item not found in `MyActor`
[INFO] [stdout] 
[INFO] [stdout] error: aborting due to 2 previous errors
[INFO] [stdout] 
[INFO] [stdout] Some errors have detailed explanations: E0432, E0599.
[INFO] [stdout] For more information about an error, try `rustc --explain E0432`.
[INFO] [stdout] Couldn't compile the test.
[INFO] [stdout] ---- src/lib.rs - messages (line 23) stdout ----
[INFO] [stdout] error[E0432]: unresolved import `kameo`
[INFO] [stdout]  --> src/lib.rs:24:5
[INFO] [stdout]   |
[INFO] [stdout] 3 | use kameo::messages;
[INFO] [stdout]   |     ^^^^^ use of undeclared crate or module `kameo`
[INFO] [stdout] 
[INFO] [stdout] error: cannot find attribute `message` in this scope
[INFO] [stdout]  --> src/lib.rs:29:7
[INFO] [stdout]   |
[INFO] [stdout] 8 |     #[message]
[INFO] [stdout]   |       ^^^^^^^
[INFO] [stdout] 
[INFO] [stdout] error: cannot find attribute `message` in this scope
[INFO] [stdout]   --> src/lib.rs:36:7
[INFO] [stdout]    |
[INFO] [stdout] 15 |     #[message(derive(Clone, Copy))]
[INFO] [stdout]    |       ^^^^^^^
[INFO] [stdout] 
[INFO] [stdout] error[E0412]: cannot find type `Counter` in this scope
[INFO] [stdout]  --> src/lib.rs:27:6
[INFO] [stdout]   |
[INFO] [stdout] 6 | impl Counter {
[INFO] [stdout]   |      ^^^^^^^ not found in this scope
[INFO] [stdout] 
[INFO] [stdout] error[E0425]: cannot find value `counter_ref` in this scope
[INFO] [stdout]   --> src/lib.rs:42:1
[INFO] [stdout]    |
[INFO] [stdout] 21 | counter_ref.ask(Inc { amount: 5 }).send().await?;
[INFO] [stdout]    | ^^^^^^^^^^^ not found in this scope
[INFO] [stdout] 
[INFO] [stdout] error[E0422]: cannot find struct, variant or union type `Inc` in this scope
[INFO] [stdout]   --> src/lib.rs:42:17
[INFO] [stdout]    |
[INFO] [stdout] 21 | counter_ref.ask(Inc { amount: 5 }).send().await?;
[INFO] [stdout]    |                 ^^^ not found in this scope
[INFO] [stdout] 
[INFO] [stdout] error[E0425]: cannot find value `counter_ref` in this scope
[INFO] [stdout]   --> src/lib.rs:43:1
[INFO] [stdout]    |
[INFO] [stdout] 22 | counter_ref.ask(Dec { amount: 2 }.clone()).send().await?;
[INFO] [stdout]    | ^^^^^^^^^^^ not found in this scope
[INFO] [stdout] 
[INFO] [stdout] error[E0422]: cannot find struct, variant or union type `Dec` in this scope
[INFO] [stdout]   --> src/lib.rs:43:17
[INFO] [stdout]    |
[INFO] [stdout] 22 | counter_ref.ask(Dec { amount: 2 }.clone()).send().await?;
[INFO] [stdout]    |                 ^^^ help: a struct with a similar name exists: `Vec`
[INFO] [stdout]   --> /rustc/df4ca44d3fbc9301ee17f30f4d474e6ae4b05252/library/alloc/src/vec/mod.rs:397:1
[INFO] [stdout]    |
[INFO] [stdout]    = note: similarly named struct `Vec` defined here
[INFO] [stdout] 
[INFO] [stdout] error[E0728]: `await` is only allowed inside `async` functions and blocks
[INFO] [stdout]   --> src/lib.rs:42:43
[INFO] [stdout]    |
[INFO] [stdout] 2  | fn main() { #[allow(non_snake_case)] fn _doctest_main_src_lib_rs_23_0() {
[INFO] [stdout]    |                                      ---------------------------------- this is not `async`
[INFO] [stdout] ...
[INFO] [stdout] 21 | counter_ref.ask(Inc { amount: 5 }).send().await?;
[INFO] [stdout]    |                                           ^^^^^ only allowed inside `async` functions and blocks
[INFO] [stdout] 
[INFO] [stdout] error[E0728]: `await` is only allowed inside `async` functions and blocks
[INFO] [stdout]   --> src/lib.rs:43:51
[INFO] [stdout]    |
[INFO] [stdout] 2  | fn main() { #[allow(non_snake_case)] fn _doctest_main_src_lib_rs_23_0() {
[INFO] [stdout]    |                                      ---------------------------------- this is not `async`
[INFO] [stdout] ...
[INFO] [stdout] 22 | counter_ref.ask(Dec { amount: 2 }.clone()).send().await?;
[INFO] [stdout]    |                                                   ^^^^^ only allowed inside `async` functions and blocks
[INFO] [stdout] 
[INFO] [stdout] error: aborting due to 10 previous errors
[INFO] [stdout] 
[INFO] [stdout] Some errors have detailed explanations: E0412, E0422, E0425, E0432, E0728.
[INFO] [stdout] For more information about an error, try `rustc --explain E0412`.
[INFO] [stdout] Couldn't compile the test.
[INFO] [stdout] ---- src/lib.rs - derive_actor (line 95) stdout ----
[INFO] [stdout] error[E0432]: unresolved import `kameo`
[INFO] [stdout]  --> src/lib.rs:96:5
[INFO] [stdout]   |
[INFO] [stdout] 3 | use kameo::Actor;
[INFO] [stdout]   |     ^^^^^ use of undeclared crate or module `kameo`
[INFO] [stdout] 
[INFO] [stdout] error: cannot find attribute `actor` in this scope
[INFO] [stdout]  --> src/lib.rs:99:3
[INFO] [stdout]   |
[INFO] [stdout] 6 | #[actor(name = "my_amazing_actor", mailbox = bounded(256))]
[INFO] [stdout]   |   ^^^^^
[INFO] [stdout] 
[INFO] [stdout] error[E0599]: no method named `name` found for struct `MyActor` in the current scope
[INFO] [stdout]  --> src/lib.rs:102:24
[INFO] [stdout]   |
[INFO] [stdout] 7 | struct MyActor { }
[INFO] [stdout]   | -------------- method `name` not found for this struct
[INFO] [stdout] 8 |
[INFO] [stdout] 9 | assert_eq!(MyActor { }.name(), "MyActor");
[INFO] [stdout]   |                        ^^^^ method not found in `MyActor`
[INFO] [stdout] 
[INFO] [stdout] error: aborting due to 3 previous errors
[INFO] [stdout] 
[INFO] [stdout] Some errors have detailed explanations: E0432, E0599.
[INFO] [stdout] For more information about an error, try `rustc --explain E0432`.
[INFO] [stdout] Couldn't compile the test.
[INFO] [stdout] 
[INFO] [stdout] failures:
[INFO] [stdout]     src/lib.rs - derive_actor (line 95)
[INFO] [stdout]     src/lib.rs - derive_remote_actor (line 134)
[INFO] [stdout]     src/lib.rs - derive_reply (line 115)
[INFO] [stdout]     src/lib.rs - messages (line 23)
[INFO] [stdout]     src/lib.rs - messages (line 49)
[INFO] [stdout]     src/lib.rs - remote_message (line 152)
[INFO] [stdout] 
[INFO] [stdout] test result: FAILED. 0 passed; 6 failed; 0 ignored; 0 measured; 0 filtered out; finished in 0.14s
[INFO] [stdout] 
[INFO] [stderr] error: doctest failed, to rerun pass `--doc`
[INFO] running `Command { std: "docker" "inspect" "9af641d8000c3ff33b94d51b72280f6f3eaf0f96f9747d4d58b76350f4e0ed2d", kill_on_drop: false }`
[INFO] running `Command { std: "docker" "rm" "-f" "9af641d8000c3ff33b94d51b72280f6f3eaf0f96f9747d4d58b76350f4e0ed2d", kill_on_drop: false }`
[INFO] [stdout] 9af641d8000c3ff33b94d51b72280f6f3eaf0f96f9747d4d58b76350f4e0ed2d
