[INFO] fetching crate kalkulator 0.2.2...
[INFO] testing kalkulator-0.2.2 against nightly-2024-10-28 for randomize-layout
[INFO] extracting crate kalkulator 0.2.2 into /workspace/builds/worker-1-tc1/source
[INFO] validating manifest of crates.io crate kalkulator 0.2.2 on toolchain nightly-2024-10-28
[INFO] running `Command { std: CARGO_HOME="/workspace/cargo-home" RUSTUP_HOME="/workspace/rustup-home" "/workspace/cargo-home/bin/cargo" "+nightly-2024-10-28" "metadata" "--manifest-path" "Cargo.toml" "--no-deps", kill_on_drop: false }`
[INFO] started tweaking crates.io crate kalkulator 0.2.2
[INFO] finished tweaking crates.io crate kalkulator 0.2.2
[INFO] tweaked toml for crates.io crate kalkulator 0.2.2 written to /workspace/builds/worker-1-tc1/source/Cargo.toml
[INFO] crate crates.io crate kalkulator 0.2.2 already has a lockfile, it will not be regenerated
[INFO] running `Command { std: CARGO_HOME="/workspace/cargo-home" RUSTUP_HOME="/workspace/rustup-home" "/workspace/cargo-home/bin/cargo" "+nightly-2024-10-28" "fetch" "--manifest-path" "Cargo.toml", kill_on_drop: false }`
[INFO] running `Command { std: "docker" "create" "-v" "/var/lib/crater-agent-workspace/builds/worker-1-tc1/target:/opt/rustwide/target:rw,Z" "-v" "/var/lib/crater-agent-workspace/builds/worker-1-tc1/source:/opt/rustwide/workdir:ro,Z" "-v" "/var/lib/crater-agent-workspace/cargo-home:/opt/rustwide/cargo-home:ro,Z" "-v" "/var/lib/crater-agent-workspace/rustup-home:/opt/rustwide/rustup-home:ro,Z" "-e" "SOURCE_DIR=/opt/rustwide/workdir" "-e" "CARGO_TARGET_DIR=/opt/rustwide/target" "-e" "CARGO_HOME=/opt/rustwide/cargo-home" "-e" "RUSTUP_HOME=/opt/rustwide/rustup-home" "-w" "/opt/rustwide/workdir" "-m" "1610612736" "--user" "0:0" "--network" "none" "ghcr.io/rust-lang/crates-build-env/linux@sha256:4a844ea9eb2546a2d2c7022eacef16ef2e8229c7fbb2c7d4d55a9ceca922f72d" "/opt/rustwide/cargo-home/bin/cargo" "+nightly-2024-10-28" "metadata" "--no-deps" "--format-version=1", kill_on_drop: false }`
[INFO] [stdout] 72c6c902ea8175568290ed47503082a8095e69eb074bb76adf3e4aa8a1f302c3
[INFO] running `Command { std: "docker" "start" "-a" "72c6c902ea8175568290ed47503082a8095e69eb074bb76adf3e4aa8a1f302c3", kill_on_drop: false }`
[INFO] running `Command { std: "docker" "inspect" "72c6c902ea8175568290ed47503082a8095e69eb074bb76adf3e4aa8a1f302c3", kill_on_drop: false }`
[INFO] running `Command { std: "docker" "rm" "-f" "72c6c902ea8175568290ed47503082a8095e69eb074bb76adf3e4aa8a1f302c3", kill_on_drop: false }`
[INFO] [stdout] 72c6c902ea8175568290ed47503082a8095e69eb074bb76adf3e4aa8a1f302c3
[INFO] running `Command { std: "docker" "create" "-v" "/var/lib/crater-agent-workspace/builds/worker-1-tc1/target:/opt/rustwide/target:rw,Z" "-v" "/var/lib/crater-agent-workspace/builds/worker-1-tc1/source:/opt/rustwide/workdir:ro,Z" "-v" "/var/lib/crater-agent-workspace/cargo-home:/opt/rustwide/cargo-home:ro,Z" "-v" "/var/lib/crater-agent-workspace/rustup-home:/opt/rustwide/rustup-home:ro,Z" "-e" "SOURCE_DIR=/opt/rustwide/workdir" "-e" "CARGO_TARGET_DIR=/opt/rustwide/target" "-e" "CARGO_INCREMENTAL=0" "-e" "RUST_BACKTRACE=full" "-e" "RUSTFLAGS=--cap-lints=forbid" "-e" "RUSTDOCFLAGS=--cap-lints=forbid" "-e" "CARGO_HOME=/opt/rustwide/cargo-home" "-e" "RUSTUP_HOME=/opt/rustwide/rustup-home" "-w" "/opt/rustwide/workdir" "-m" "1610612736" "--user" "0:0" "--network" "none" "ghcr.io/rust-lang/crates-build-env/linux@sha256:4a844ea9eb2546a2d2c7022eacef16ef2e8229c7fbb2c7d4d55a9ceca922f72d" "/opt/rustwide/cargo-home/bin/cargo" "+nightly-2024-10-28" "build" "--frozen" "--message-format=json", kill_on_drop: false }`
[INFO] [stdout] ac33071f045126ad640101245cad084bd4c6402b480570a47b93d1c4f42dafb2
[INFO] running `Command { std: "docker" "start" "-a" "ac33071f045126ad640101245cad084bd4c6402b480570a47b93d1c4f42dafb2", kill_on_drop: false }`
[INFO] [stderr]    Compiling proc-macro2 v1.0.78
[INFO] [stderr]    Compiling unicode-ident v1.0.12
[INFO] [stderr]    Compiling anstyle-query v1.0.2
[INFO] [stderr]    Compiling anstyle v1.0.6
[INFO] [stderr]    Compiling heck v0.4.1
[INFO] [stderr]    Compiling clap_lex v0.7.0
[INFO] [stderr]    Compiling anstyle-parse v0.2.3
[INFO] [stderr]    Compiling strsim v0.11.0
[INFO] [stderr]    Compiling anstream v0.6.13
[INFO] [stderr]    Compiling clap_builder v4.5.1
[INFO] [stderr]    Compiling quote v1.0.35
[INFO] [stderr]    Compiling syn v2.0.48
[INFO] [stderr]    Compiling clap_derive v4.5.0
[INFO] [stderr]    Compiling clap v4.5.1
[INFO] [stderr]    Compiling kalkulator v0.2.2 (/opt/rustwide/workdir)
[INFO] [stderr]     Finished `dev` profile [unoptimized + debuginfo] target(s) in 6.26s
[INFO] running `Command { std: "docker" "inspect" "ac33071f045126ad640101245cad084bd4c6402b480570a47b93d1c4f42dafb2", kill_on_drop: false }`
[INFO] running `Command { std: "docker" "rm" "-f" "ac33071f045126ad640101245cad084bd4c6402b480570a47b93d1c4f42dafb2", kill_on_drop: false }`
[INFO] [stdout] ac33071f045126ad640101245cad084bd4c6402b480570a47b93d1c4f42dafb2
[INFO] running `Command { std: "docker" "create" "-v" "/var/lib/crater-agent-workspace/builds/worker-1-tc1/target:/opt/rustwide/target:rw,Z" "-v" "/var/lib/crater-agent-workspace/builds/worker-1-tc1/source:/opt/rustwide/workdir:ro,Z" "-v" "/var/lib/crater-agent-workspace/cargo-home:/opt/rustwide/cargo-home:ro,Z" "-v" "/var/lib/crater-agent-workspace/rustup-home:/opt/rustwide/rustup-home:ro,Z" "-e" "SOURCE_DIR=/opt/rustwide/workdir" "-e" "CARGO_TARGET_DIR=/opt/rustwide/target" "-e" "CARGO_INCREMENTAL=0" "-e" "RUST_BACKTRACE=full" "-e" "RUSTFLAGS=--cap-lints=forbid" "-e" "RUSTDOCFLAGS=--cap-lints=forbid" "-e" "CARGO_HOME=/opt/rustwide/cargo-home" "-e" "RUSTUP_HOME=/opt/rustwide/rustup-home" "-w" "/opt/rustwide/workdir" "-m" "1610612736" "--user" "0:0" "--network" "none" "ghcr.io/rust-lang/crates-build-env/linux@sha256:4a844ea9eb2546a2d2c7022eacef16ef2e8229c7fbb2c7d4d55a9ceca922f72d" "/opt/rustwide/cargo-home/bin/cargo" "+nightly-2024-10-28" "test" "--frozen" "--no-run" "--message-format=json", kill_on_drop: false }`
[INFO] [stdout] ad20da402899764814cbcfae277afe9d7259f3857b9f1a67ae6671c81c546419
[INFO] running `Command { std: "docker" "start" "-a" "ad20da402899764814cbcfae277afe9d7259f3857b9f1a67ae6671c81c546419", kill_on_drop: false }`
[INFO] [stderr]    Compiling kalkulator v0.2.2 (/opt/rustwide/workdir)
[INFO] [stderr]     Finished `test` profile [unoptimized + debuginfo] target(s) in 0.36s
[INFO] running `Command { std: "docker" "inspect" "ad20da402899764814cbcfae277afe9d7259f3857b9f1a67ae6671c81c546419", kill_on_drop: false }`
[INFO] running `Command { std: "docker" "rm" "-f" "ad20da402899764814cbcfae277afe9d7259f3857b9f1a67ae6671c81c546419", kill_on_drop: false }`
[INFO] [stdout] ad20da402899764814cbcfae277afe9d7259f3857b9f1a67ae6671c81c546419
[INFO] running `Command { std: "docker" "create" "-v" "/var/lib/crater-agent-workspace/builds/worker-1-tc1/target:/opt/rustwide/target:rw,Z" "-v" "/var/lib/crater-agent-workspace/builds/worker-1-tc1/source:/opt/rustwide/workdir:ro,Z" "-v" "/var/lib/crater-agent-workspace/cargo-home:/opt/rustwide/cargo-home:ro,Z" "-v" "/var/lib/crater-agent-workspace/rustup-home:/opt/rustwide/rustup-home:ro,Z" "-e" "SOURCE_DIR=/opt/rustwide/workdir" "-e" "CARGO_TARGET_DIR=/opt/rustwide/target" "-e" "CARGO_INCREMENTAL=0" "-e" "RUST_BACKTRACE=full" "-e" "RUSTFLAGS=--cap-lints=forbid" "-e" "RUSTDOCFLAGS=--cap-lints=forbid" "-e" "CARGO_HOME=/opt/rustwide/cargo-home" "-e" "RUSTUP_HOME=/opt/rustwide/rustup-home" "-w" "/opt/rustwide/workdir" "-m" "1610612736" "--user" "0:0" "--network" "none" "ghcr.io/rust-lang/crates-build-env/linux@sha256:4a844ea9eb2546a2d2c7022eacef16ef2e8229c7fbb2c7d4d55a9ceca922f72d" "/opt/rustwide/cargo-home/bin/cargo" "+nightly-2024-10-28" "test" "--frozen", kill_on_drop: false }`
[INFO] [stdout] 8406a12da4ef4f5514404d4c331425dd75016fc90f66875df8ab9abcb3687acb
[INFO] running `Command { std: "docker" "start" "-a" "8406a12da4ef4f5514404d4c331425dd75016fc90f66875df8ab9abcb3687acb", kill_on_drop: false }`
[INFO] [stderr]     Finished `test` profile [unoptimized + debuginfo] target(s) in 0.03s
[INFO] [stderr]      Running unittests src/lib.rs (/opt/rustwide/target/debug/deps/kalkulator-cf6648df8751154a)
[INFO] [stdout] 
[INFO] [stdout] running 0 tests
[INFO] [stdout] 
[INFO] [stdout] test result: ok. 0 passed; 0 failed; 0 ignored; 0 measured; 0 filtered out; finished in 0.00s
[INFO] [stdout] 
[INFO] [stderr]      Running unittests src/main.rs (/opt/rustwide/target/debug/deps/kalkulator-199927fdbebbafdb)
[INFO] [stdout] 
[INFO] [stdout] running 0 tests
[INFO] [stdout] 
[INFO] [stdout] test result: ok. 0 passed; 0 failed; 0 ignored; 0 measured; 0 filtered out; finished in 0.00s
[INFO] [stdout] 
[INFO] [stderr]      Running tests/integration_tests.rs (/opt/rustwide/target/debug/deps/integration_tests-feb96b013eb99ce3)
[INFO] [stdout] 
[INFO] [stdout] running 5 tests
[INFO] [stdout] test test_basic_arithmetic ... ok
[INFO] [stdout] test test_complex_expression ... ok
[INFO] [stdout] test test_division_by_zero ... ok
[INFO] [stdout] test test_exponentiation_factorial ... ok
[INFO] [stdout] test test_factorial_operation ... ok
[INFO] [stdout] 
[INFO] [stdout] test result: ok. 5 passed; 0 failed; 0 ignored; 0 measured; 0 filtered out; finished in 0.00s
[INFO] [stdout] 
[INFO] [stderr]    Doc-tests kalkulator
[INFO] [stdout] 
[INFO] [stdout] running 3 tests
[INFO] [stdout] test src/lib.rs - (line 27) ... FAILED
[INFO] [stdout] test src/lib.rs - (line 47) ... FAILED
[INFO] [stdout] test src/lib.rs - (line 37) ... FAILED
[INFO] [stdout] 
[INFO] [stdout] failures:
[INFO] [stdout] 
[INFO] [stdout] ---- src/lib.rs - (line 27) stdout ----
[INFO] [stdout] error[E0308]: mismatched types
[INFO] [stdout]   --> src/lib.rs:34:40
[INFO] [stdout]    |
[INFO] [stdout] 10 | assert_eq!(expr.get_result().unwrap(), 11); // The result is 11
[INFO] [stdout]    |                                        ^^ expected `f64`, found integer
[INFO] [stdout]    |
[INFO] [stdout] help: use a float literal
[INFO] [stdout]    |
[INFO] [stdout] 10 | assert_eq!(expr.get_result().unwrap(), 11.0); // The result is 11
[INFO] [stdout]    |                                          ++
[INFO] [stdout] 
[INFO] [stdout] error: aborting due to 1 previous error
[INFO] [stdout] 
[INFO] [stdout] For more information about this error, try `rustc --explain E0308`.
[INFO] [stdout] Couldn't compile the test.
[INFO] [stdout] ---- src/lib.rs - (line 47) stdout ----
[INFO] [stdout] error[E0308]: mismatched types
[INFO] [stdout]   --> src/lib.rs:54:40
[INFO] [stdout]    |
[INFO] [stdout] 10 | assert_eq!(expr.get_result().unwrap(), 11); // The result is 11
[INFO] [stdout]    |                                        ^^ expected `f64`, found integer
[INFO] [stdout]    |
[INFO] [stdout] help: use a float literal
[INFO] [stdout]    |
[INFO] [stdout] 10 | assert_eq!(expr.get_result().unwrap(), 11.0); // The result is 11
[INFO] [stdout]    |                                          ++
[INFO] [stdout] 
[INFO] [stdout] error: aborting due to 1 previous error
[INFO] [stdout] 
[INFO] [stdout] For more information about this error, try `rustc --explain E0308`.
[INFO] [stdout] Couldn't compile the test.
[INFO] [stdout] ---- src/lib.rs - (line 37) stdout ----
[INFO] [stdout] error[E0308]: mismatched types
[INFO] [stdout]   --> src/lib.rs:44:40
[INFO] [stdout]    |
[INFO] [stdout] 10 | assert_eq!(expr.get_result().unwrap(), 24); // The result is 24 (120 / 5)
[INFO] [stdout]    |                                        ^^ expected `f64`, found integer
[INFO] [stdout]    |
[INFO] [stdout] help: use a float literal
[INFO] [stdout]    |
[INFO] [stdout] 10 | assert_eq!(expr.get_result().unwrap(), 24.0); // The result is 24 (120 / 5)
[INFO] [stdout]    |                                          ++
[INFO] [stdout] 
[INFO] [stdout] error: aborting due to 1 previous error
[INFO] [stdout] 
[INFO] [stdout] For more information about this error, try `rustc --explain E0308`.
[INFO] [stdout] Couldn't compile the test.
[INFO] [stdout] 
[INFO] [stdout] failures:
[INFO] [stdout]     src/lib.rs - (line 27)
[INFO] [stdout]     src/lib.rs - (line 37)
[INFO] [stdout]     src/lib.rs - (line 47)
[INFO] [stdout] 
[INFO] [stdout] test result: FAILED. 0 passed; 3 failed; 0 ignored; 0 measured; 0 filtered out; finished in 0.10s
[INFO] [stdout] 
[INFO] [stderr] error: doctest failed, to rerun pass `--doc`
[INFO] running `Command { std: "docker" "inspect" "8406a12da4ef4f5514404d4c331425dd75016fc90f66875df8ab9abcb3687acb", kill_on_drop: false }`
[INFO] running `Command { std: "docker" "rm" "-f" "8406a12da4ef4f5514404d4c331425dd75016fc90f66875df8ab9abcb3687acb", kill_on_drop: false }`
[INFO] [stdout] 8406a12da4ef4f5514404d4c331425dd75016fc90f66875df8ab9abcb3687acb
