[INFO] fetching crate kahlo 0.0.1...
[INFO] testing kahlo-0.0.1 against nightly-2024-10-28+rustflags=-Zrandomize-layout for randomize-layout
[INFO] extracting crate kahlo 0.0.1 into /workspace/builds/worker-3-tc2/source
[INFO] validating manifest of crates.io crate kahlo 0.0.1 on toolchain nightly-2024-10-28
[INFO] running `Command { std: CARGO_HOME="/workspace/cargo-home" RUSTUP_HOME="/workspace/rustup-home" "/workspace/cargo-home/bin/cargo" "+nightly-2024-10-28" "metadata" "--manifest-path" "Cargo.toml" "--no-deps", kill_on_drop: false }`
[INFO] started tweaking crates.io crate kahlo 0.0.1
[INFO] finished tweaking crates.io crate kahlo 0.0.1
[INFO] tweaked toml for crates.io crate kahlo 0.0.1 written to /workspace/builds/worker-3-tc2/source/Cargo.toml
[INFO] running `Command { std: CARGO_HOME="/workspace/cargo-home" RUSTUP_HOME="/workspace/rustup-home" "/workspace/cargo-home/bin/cargo" "+nightly-2024-10-28" "generate-lockfile" "--manifest-path" "Cargo.toml", kill_on_drop: false }`
[INFO] [stderr]     Updating crates.io index
[INFO] [stderr]      Locking 94 packages to latest compatible versions
[INFO] running `Command { std: CARGO_HOME="/workspace/cargo-home" RUSTUP_HOME="/workspace/rustup-home" "/workspace/cargo-home/bin/cargo" "+nightly-2024-10-28" "fetch" "--manifest-path" "Cargo.toml", kill_on_drop: false }`
[INFO] running `Command { std: "docker" "create" "-v" "/var/lib/crater-agent-workspace/builds/worker-3-tc2/target:/opt/rustwide/target:rw,Z" "-v" "/var/lib/crater-agent-workspace/builds/worker-3-tc2/source:/opt/rustwide/workdir:ro,Z" "-v" "/var/lib/crater-agent-workspace/cargo-home:/opt/rustwide/cargo-home:ro,Z" "-v" "/var/lib/crater-agent-workspace/rustup-home:/opt/rustwide/rustup-home:ro,Z" "-e" "SOURCE_DIR=/opt/rustwide/workdir" "-e" "CARGO_TARGET_DIR=/opt/rustwide/target" "-e" "CARGO_HOME=/opt/rustwide/cargo-home" "-e" "RUSTUP_HOME=/opt/rustwide/rustup-home" "-w" "/opt/rustwide/workdir" "-m" "1610612736" "--user" "0:0" "--network" "none" "ghcr.io/rust-lang/crates-build-env/linux@sha256:4a844ea9eb2546a2d2c7022eacef16ef2e8229c7fbb2c7d4d55a9ceca922f72d" "/opt/rustwide/cargo-home/bin/cargo" "+nightly-2024-10-28" "metadata" "--no-deps" "--format-version=1", kill_on_drop: false }`
[INFO] [stdout] 808c325c82a1d9905d6a5317ff742256352c1c8cd180d552922ddb2df3a0a4de
[INFO] running `Command { std: "docker" "start" "-a" "808c325c82a1d9905d6a5317ff742256352c1c8cd180d552922ddb2df3a0a4de", kill_on_drop: false }`
[INFO] running `Command { std: "docker" "inspect" "808c325c82a1d9905d6a5317ff742256352c1c8cd180d552922ddb2df3a0a4de", kill_on_drop: false }`
[INFO] running `Command { std: "docker" "rm" "-f" "808c325c82a1d9905d6a5317ff742256352c1c8cd180d552922ddb2df3a0a4de", kill_on_drop: false }`
[INFO] [stdout] 808c325c82a1d9905d6a5317ff742256352c1c8cd180d552922ddb2df3a0a4de
[INFO] running `Command { std: "docker" "create" "-v" "/var/lib/crater-agent-workspace/builds/worker-3-tc2/target:/opt/rustwide/target:rw,Z" "-v" "/var/lib/crater-agent-workspace/builds/worker-3-tc2/source:/opt/rustwide/workdir:ro,Z" "-v" "/var/lib/crater-agent-workspace/cargo-home:/opt/rustwide/cargo-home:ro,Z" "-v" "/var/lib/crater-agent-workspace/rustup-home:/opt/rustwide/rustup-home:ro,Z" "-e" "SOURCE_DIR=/opt/rustwide/workdir" "-e" "CARGO_TARGET_DIR=/opt/rustwide/target" "-e" "CARGO_INCREMENTAL=0" "-e" "RUST_BACKTRACE=full" "-e" "RUSTFLAGS=--cap-lints=forbid -Zrandomize-layout" "-e" "RUSTDOCFLAGS=--cap-lints=forbid" "-e" "CARGO_HOME=/opt/rustwide/cargo-home" "-e" "RUSTUP_HOME=/opt/rustwide/rustup-home" "-w" "/opt/rustwide/workdir" "-m" "1610612736" "--user" "0:0" "--network" "none" "ghcr.io/rust-lang/crates-build-env/linux@sha256:4a844ea9eb2546a2d2c7022eacef16ef2e8229c7fbb2c7d4d55a9ceca922f72d" "/opt/rustwide/cargo-home/bin/cargo" "+nightly-2024-10-28" "build" "--frozen" "--message-format=json", kill_on_drop: false }`
[INFO] [stdout] 6a112f52a4f6ac08c2912ef16aeb31bb6dd15a35d10c73dd357a98ac6b2f7da6
[INFO] running `Command { std: "docker" "start" "-a" "6a112f52a4f6ac08c2912ef16aeb31bb6dd15a35d10c73dd357a98ac6b2f7da6", kill_on_drop: false }`
[INFO] [stderr]    Compiling num-traits v0.2.19
[INFO] [stderr]    Compiling lazy_static v1.5.0
[INFO] [stderr]    Compiling euclid v0.22.11
[INFO] [stderr]    Compiling kahlo v0.0.1 (/opt/rustwide/workdir)
[INFO] [stdout] warning: methods `with_avx` and `is_generic` are never used
[INFO] [stdout]   --> src/op/dispatch.rs:34:12
[INFO] [stdout]    |
[INFO] [stdout] 28 | impl<Params> UnaryDispatch<Params> {
[INFO] [stdout]    | ---------------------------------- methods in this implementation
[INFO] [stdout] ...
[INFO] [stdout] 34 |     pub fn with_avx<Format: PixelFormatSpec>(mut self, avx_imp: UnaryFunc<Params>) -> Self {
[INFO] [stdout]    |            ^^^^^^^^
[INFO] [stdout] ...
[INFO] [stdout] 48 |     pub fn is_generic<Format: PixelFormatSpec>(&self) -> bool {
[INFO] [stdout]    |            ^^^^^^^^^^
[INFO] [stdout]    |
[INFO] [stdout]    = note: `#[warn(dead_code)]` on by default
[INFO] [stdout] 
[INFO] [stdout] 
[INFO] [stdout] warning: methods `with_avx` and `is_generic` are never used
[INFO] [stdout]   --> src/op/dispatch.rs:67:12
[INFO] [stdout]    |
[INFO] [stdout] 58 | impl<Params> BinaryDispatch<Params> {
[INFO] [stdout]    | ----------------------------------- methods in this implementation
[INFO] [stdout] ...
[INFO] [stdout] 67 |     pub fn with_avx<WriteFormat: PixelFormatSpec, ReadFormat: PixelFormatSpec>(
[INFO] [stdout]    |            ^^^^^^^^
[INFO] [stdout] ...
[INFO] [stdout] 88 |     pub fn is_generic<WriteFormat: PixelFormatSpec, ReadFormat: PixelFormatSpec>(&self) -> bool {
[INFO] [stdout]    |            ^^^^^^^^^^
[INFO] [stdout] 
[INFO] [stdout] 
[INFO] [stderr]     Finished `dev` profile [unoptimized + debuginfo] target(s) in 1.26s
[INFO] running `Command { std: "docker" "inspect" "6a112f52a4f6ac08c2912ef16aeb31bb6dd15a35d10c73dd357a98ac6b2f7da6", kill_on_drop: false }`
[INFO] running `Command { std: "docker" "rm" "-f" "6a112f52a4f6ac08c2912ef16aeb31bb6dd15a35d10c73dd357a98ac6b2f7da6", kill_on_drop: false }`
[INFO] [stdout] 6a112f52a4f6ac08c2912ef16aeb31bb6dd15a35d10c73dd357a98ac6b2f7da6
[INFO] running `Command { std: "docker" "create" "-v" "/var/lib/crater-agent-workspace/builds/worker-3-tc2/target:/opt/rustwide/target:rw,Z" "-v" "/var/lib/crater-agent-workspace/builds/worker-3-tc2/source:/opt/rustwide/workdir:ro,Z" "-v" "/var/lib/crater-agent-workspace/cargo-home:/opt/rustwide/cargo-home:ro,Z" "-v" "/var/lib/crater-agent-workspace/rustup-home:/opt/rustwide/rustup-home:ro,Z" "-e" "SOURCE_DIR=/opt/rustwide/workdir" "-e" "CARGO_TARGET_DIR=/opt/rustwide/target" "-e" "CARGO_INCREMENTAL=0" "-e" "RUST_BACKTRACE=full" "-e" "RUSTFLAGS=--cap-lints=forbid -Zrandomize-layout" "-e" "RUSTDOCFLAGS=--cap-lints=forbid" "-e" "CARGO_HOME=/opt/rustwide/cargo-home" "-e" "RUSTUP_HOME=/opt/rustwide/rustup-home" "-w" "/opt/rustwide/workdir" "-m" "1610612736" "--user" "0:0" "--network" "none" "ghcr.io/rust-lang/crates-build-env/linux@sha256:4a844ea9eb2546a2d2c7022eacef16ef2e8229c7fbb2c7d4d55a9ceca922f72d" "/opt/rustwide/cargo-home/bin/cargo" "+nightly-2024-10-28" "test" "--frozen" "--no-run" "--message-format=json", kill_on_drop: false }`
[INFO] [stdout] 8ae712734c337a9a7c1bb35841421a4d96c4df02bc8831b1c467d0de10158fb2
[INFO] running `Command { std: "docker" "start" "-a" "8ae712734c337a9a7c1bb35841421a4d96c4df02bc8831b1c467d0de10158fb2", kill_on_drop: false }`
[INFO] [stderr]    Compiling libc v0.2.161
[INFO] [stderr]    Compiling crossbeam-utils v0.8.20
[INFO] [stderr]    Compiling simd-adler32 v0.3.7
[INFO] [stderr]    Compiling rayon-core v1.12.1
[INFO] [stderr]    Compiling byteorder v1.5.0
[INFO] [stderr]    Compiling either v1.13.0
[INFO] [stderr]    Compiling adler2 v2.0.0
[INFO] [stderr]    Compiling ciborium-io v0.2.2
[INFO] [stderr]    Compiling regex-syntax v0.8.5
[INFO] [stderr]    Compiling plotters-backend v0.3.7
[INFO] [stderr]    Compiling num-traits v0.2.19
[INFO] [stderr]    Compiling half v2.4.1
[INFO] [stderr]    Compiling serde_json v1.0.132
[INFO] [stderr]    Compiling crc32fast v1.4.2
[INFO] [stderr]    Compiling quote v1.0.37
[INFO] [stderr]    Compiling anstyle v1.0.9
[INFO] [stderr]    Compiling clap_lex v0.7.2
[INFO] [stderr]    Compiling bitflags v1.3.2
[INFO] [stderr]    Compiling same-file v1.0.6
[INFO] [stderr]    Compiling cast v0.3.0
[INFO] [stderr]    Compiling zune-core v0.4.12
[INFO] [stderr]    Compiling miniz_oxide v0.8.0
[INFO] [stderr]    Compiling fdeflate v0.3.6
[INFO] [stderr]    Compiling itertools v0.10.5
[INFO] [stderr]    Compiling syn v2.0.86
[INFO] [stderr]    Compiling plotters-svg v0.3.7
[INFO] [stderr]    Compiling clap_builder v4.5.20
[INFO] [stderr]    Compiling ciborium-ll v0.2.2
[INFO] [stderr]    Compiling walkdir v2.5.0
[INFO] [stderr]    Compiling anes v0.1.6
[INFO] [stderr]    Compiling byteorder-lite v0.1.0
[INFO] [stderr]    Compiling bytemuck v1.19.0
[INFO] [stderr]    Compiling zune-jpeg v0.4.13
[INFO] [stderr]    Compiling oorandom v11.1.4
[INFO] [stderr]    Compiling flate2 v1.0.34
[INFO] [stderr]    Compiling crossbeam-epoch v0.9.18
[INFO] [stderr]    Compiling crossbeam-deque v0.8.5
[INFO] [stderr]    Compiling png v0.17.14
[INFO] [stderr]    Compiling getrandom v0.2.15
[INFO] [stderr]    Compiling is-terminal v0.4.13
[INFO] [stderr]    Compiling rand_core v0.6.4
[INFO] [stderr]    Compiling euclid v0.22.11
[INFO] [stderr]    Compiling plotters v0.3.7
[INFO] [stderr]    Compiling regex-automata v0.4.8
[INFO] [stderr]    Compiling rayon v1.10.0
[INFO] [stderr]    Compiling criterion-plot v0.5.0
[INFO] [stderr]    Compiling image v0.25.4
[INFO] [stderr]    Compiling kahlo v0.0.1 (/opt/rustwide/workdir)
[INFO] [stdout] warning: methods `with_avx` and `is_generic` are never used
[INFO] [stdout]   --> src/op/dispatch.rs:34:12
[INFO] [stdout]    |
[INFO] [stdout] 28 | impl<Params> UnaryDispatch<Params> {
[INFO] [stdout]    | ---------------------------------- methods in this implementation
[INFO] [stdout] ...
[INFO] [stdout] 34 |     pub fn with_avx<Format: PixelFormatSpec>(mut self, avx_imp: UnaryFunc<Params>) -> Self {
[INFO] [stdout]    |            ^^^^^^^^
[INFO] [stdout] ...
[INFO] [stdout] 48 |     pub fn is_generic<Format: PixelFormatSpec>(&self) -> bool {
[INFO] [stdout]    |            ^^^^^^^^^^
[INFO] [stdout]    |
[INFO] [stdout]    = note: `#[warn(dead_code)]` on by default
[INFO] [stdout] 
[INFO] [stdout] 
[INFO] [stdout] warning: methods `with_avx` and `is_generic` are never used
[INFO] [stdout]   --> src/op/dispatch.rs:67:12
[INFO] [stdout]    |
[INFO] [stdout] 58 | impl<Params> BinaryDispatch<Params> {
[INFO] [stdout]    | ----------------------------------- methods in this implementation
[INFO] [stdout] ...
[INFO] [stdout] 67 |     pub fn with_avx<WriteFormat: PixelFormatSpec, ReadFormat: PixelFormatSpec>(
[INFO] [stdout]    |            ^^^^^^^^
[INFO] [stdout] ...
[INFO] [stdout] 88 |     pub fn is_generic<WriteFormat: PixelFormatSpec, ReadFormat: PixelFormatSpec>(&self) -> bool {
[INFO] [stdout]    |            ^^^^^^^^^^
[INFO] [stdout] 
[INFO] [stdout] 
[INFO] [stderr]    Compiling clap v4.5.20
[INFO] [stderr]    Compiling serde_derive v1.0.214
[INFO] [stderr]    Compiling zerocopy-derive v0.7.35
[INFO] [stderr]    Compiling zerocopy v0.7.35
[INFO] [stderr]    Compiling regex v1.11.1
[INFO] [stderr]    Compiling ppv-lite86 v0.2.20
[INFO] [stderr]    Compiling rand_chacha v0.3.1
[INFO] [stderr]    Compiling rand v0.8.5
[INFO] [stderr]    Compiling serde v1.0.214
[INFO] [stderr]    Compiling ciborium v0.2.2
[INFO] [stderr]    Compiling tinytemplate v1.2.1
[INFO] [stderr]    Compiling criterion v0.5.1
[INFO] [stdout] warning: unused import: `Standard`
[INFO] [stdout]  --> src/op/generate/impls.rs:2:59
[INFO] [stdout]   |
[INFO] [stdout] 2 |     distributions::{uniform::SampleUniform, Distribution, Standard, Uniform},
[INFO] [stdout]   |                                                           ^^^^^^^^
[INFO] [stdout]   |
[INFO] [stdout]   = note: `#[warn(unused_imports)]` on by default
[INFO] [stdout] 
[INFO] [stdout] 
[INFO] [stdout] warning: unused import: `UnaryOpSpec`
[INFO] [stdout]  --> src/op/fuzz.rs:9:56
[INFO] [stdout]   |
[INFO] [stdout] 9 | use super::{BinaryOpSpec, GenericBinary, GenericUnary, UnaryOpSpec};
[INFO] [stdout]   |                                                        ^^^^^^^^^^^
[INFO] [stdout] 
[INFO] [stdout] 
[INFO] [stdout] warning: unused import: `BinaryOpSpec`
[INFO] [stdout]  --> src/op/fuzz.rs:9:13
[INFO] [stdout]   |
[INFO] [stdout] 9 | use super::{BinaryOpSpec, GenericBinary, GenericUnary, UnaryOpSpec};
[INFO] [stdout]   |             ^^^^^^^^^^^^
[INFO] [stdout] 
[INFO] [stdout] 
[INFO] [stdout] warning: unused variable: `ctx`
[INFO] [stdout]   --> src/op/generate/impls.rs:85:21
[INFO] [stdout]    |
[INFO] [stdout] 85 | pub fn alphamap<'l>(ctx: &mut Context) -> Option<&'l dyn BitmapAccess<formats::A8>> {
[INFO] [stdout]    |                     ^^^ help: if this is intentional, prefix it with an underscore: `_ctx`
[INFO] [stdout]    |
[INFO] [stdout]    = note: `#[warn(unused_variables)]` on by default
[INFO] [stdout] 
[INFO] [stdout] 
[INFO] [stdout] warning: unused variable: `ctx`
[INFO] [stdout]   --> src/op/generate/impls.rs:89:22
[INFO] [stdout]    |
[INFO] [stdout] 89 | pub fn alphamap_area(ctx: &mut Context) -> Option<PixelBox> {
[INFO] [stdout]    |                      ^^^ help: if this is intentional, prefix it with an underscore: `_ctx`
[INFO] [stdout] 
[INFO] [stdout] 
[INFO] [stdout] warning: method `with_avx` is never used
[INFO] [stdout]   --> src/op/dispatch.rs:34:12
[INFO] [stdout]    |
[INFO] [stdout] 28 | impl<Params> UnaryDispatch<Params> {
[INFO] [stdout]    | ---------------------------------- method in this implementation
[INFO] [stdout] ...
[INFO] [stdout] 34 |     pub fn with_avx<Format: PixelFormatSpec>(mut self, avx_imp: UnaryFunc<Params>) -> Self {
[INFO] [stdout]    |            ^^^^^^^^
[INFO] [stdout]    |
[INFO] [stdout]    = note: `#[warn(dead_code)]` on by default
[INFO] [stdout] 
[INFO] [stdout] 
[INFO] [stdout] warning: method `with_avx` is never used
[INFO] [stdout]   --> src/op/dispatch.rs:67:12
[INFO] [stdout]    |
[INFO] [stdout] 58 | impl<Params> BinaryDispatch<Params> {
[INFO] [stdout]    | ----------------------------------- method in this implementation
[INFO] [stdout] ...
[INFO] [stdout] 67 |     pub fn with_avx<WriteFormat: PixelFormatSpec, ReadFormat: PixelFormatSpec>(
[INFO] [stdout]    |            ^^^^^^^^
[INFO] [stdout] 
[INFO] [stdout] 
[INFO] [stderr]     Finished `test` profile [unoptimized + debuginfo] target(s) in 11.32s
[INFO] running `Command { std: "docker" "inspect" "8ae712734c337a9a7c1bb35841421a4d96c4df02bc8831b1c467d0de10158fb2", kill_on_drop: false }`
[INFO] running `Command { std: "docker" "rm" "-f" "8ae712734c337a9a7c1bb35841421a4d96c4df02bc8831b1c467d0de10158fb2", kill_on_drop: false }`
[INFO] [stdout] 8ae712734c337a9a7c1bb35841421a4d96c4df02bc8831b1c467d0de10158fb2
[INFO] running `Command { std: "docker" "create" "-v" "/var/lib/crater-agent-workspace/builds/worker-3-tc2/target:/opt/rustwide/target:rw,Z" "-v" "/var/lib/crater-agent-workspace/builds/worker-3-tc2/source:/opt/rustwide/workdir:ro,Z" "-v" "/var/lib/crater-agent-workspace/cargo-home:/opt/rustwide/cargo-home:ro,Z" "-v" "/var/lib/crater-agent-workspace/rustup-home:/opt/rustwide/rustup-home:ro,Z" "-e" "SOURCE_DIR=/opt/rustwide/workdir" "-e" "CARGO_TARGET_DIR=/opt/rustwide/target" "-e" "CARGO_INCREMENTAL=0" "-e" "RUST_BACKTRACE=full" "-e" "RUSTFLAGS=--cap-lints=forbid -Zrandomize-layout" "-e" "RUSTDOCFLAGS=--cap-lints=forbid" "-e" "CARGO_HOME=/opt/rustwide/cargo-home" "-e" "RUSTUP_HOME=/opt/rustwide/rustup-home" "-w" "/opt/rustwide/workdir" "-m" "1610612736" "--user" "0:0" "--network" "none" "ghcr.io/rust-lang/crates-build-env/linux@sha256:4a844ea9eb2546a2d2c7022eacef16ef2e8229c7fbb2c7d4d55a9ceca922f72d" "/opt/rustwide/cargo-home/bin/cargo" "+nightly-2024-10-28" "test" "--frozen", kill_on_drop: false }`
[INFO] [stdout] b0f216dd687fcc7f9dae0d37989c3c0d0220e3c769f59d55edab93b2423e0efb
[INFO] running `Command { std: "docker" "start" "-a" "b0f216dd687fcc7f9dae0d37989c3c0d0220e3c769f59d55edab93b2423e0efb", kill_on_drop: false }`
[INFO] [stderr] warning: methods `with_avx` and `is_generic` are never used
[INFO] [stderr]   --> src/op/dispatch.rs:34:12
[INFO] [stderr]    |
[INFO] [stderr] 28 | impl<Params> UnaryDispatch<Params> {
[INFO] [stderr]    | ---------------------------------- methods in this implementation
[INFO] [stderr] ...
[INFO] [stderr] 34 |     pub fn with_avx<Format: PixelFormatSpec>(mut self, avx_imp: UnaryFunc<Params>) -> Self {
[INFO] [stderr]    |            ^^^^^^^^
[INFO] [stderr] ...
[INFO] [stderr] 48 |     pub fn is_generic<Format: PixelFormatSpec>(&self) -> bool {
[INFO] [stderr]    |            ^^^^^^^^^^
[INFO] [stderr]    |
[INFO] [stderr]    = note: `#[warn(dead_code)]` on by default
[INFO] [stderr] 
[INFO] [stderr] warning: methods `with_avx` and `is_generic` are never used
[INFO] [stderr]   --> src/op/dispatch.rs:67:12
[INFO] [stderr]    |
[INFO] [stderr] 58 | impl<Params> BinaryDispatch<Params> {
[INFO] [stderr]    | ----------------------------------- methods in this implementation
[INFO] [stderr] ...
[INFO] [stderr] 67 |     pub fn with_avx<WriteFormat: PixelFormatSpec, ReadFormat: PixelFormatSpec>(
[INFO] [stderr]    |            ^^^^^^^^
[INFO] [stderr] ...
[INFO] [stderr] 88 |     pub fn is_generic<WriteFormat: PixelFormatSpec, ReadFormat: PixelFormatSpec>(&self) -> bool {
[INFO] [stderr]    |            ^^^^^^^^^^
[INFO] [stderr] 
[INFO] [stderr] warning: `kahlo` (lib) generated 2 warnings
[INFO] [stderr] warning: unused import: `Standard`
[INFO] [stderr]  --> src/op/generate/impls.rs:2:59
[INFO] [stderr]   |
[INFO] [stderr] 2 |     distributions::{uniform::SampleUniform, Distribution, Standard, Uniform},
[INFO] [stderr]   |                                                           ^^^^^^^^
[INFO] [stderr]   |
[INFO] [stderr]   = note: `#[warn(unused_imports)]` on by default
[INFO] [stderr] 
[INFO] [stderr] warning: unused import: `UnaryOpSpec`
[INFO] [stderr]  --> src/op/fuzz.rs:9:56
[INFO] [stderr]   |
[INFO] [stderr] 9 | use super::{BinaryOpSpec, GenericBinary, GenericUnary, UnaryOpSpec};
[INFO] [stderr]   |                                                        ^^^^^^^^^^^
[INFO] [stderr] 
[INFO] [stderr] warning: unused import: `BinaryOpSpec`
[INFO] [stderr]  --> src/op/fuzz.rs:9:13
[INFO] [stderr]   |
[INFO] [stderr] 9 | use super::{BinaryOpSpec, GenericBinary, GenericUnary, UnaryOpSpec};
[INFO] [stderr]   |             ^^^^^^^^^^^^
[INFO] [stderr] 
[INFO] [stderr] warning: unused variable: `ctx`
[INFO] [stderr]   --> src/op/generate/impls.rs:85:21
[INFO] [stderr]    |
[INFO] [stderr] 85 | pub fn alphamap<'l>(ctx: &mut Context) -> Option<&'l dyn BitmapAccess<formats::A8>> {
[INFO] [stderr]    |                     ^^^ help: if this is intentional, prefix it with an underscore: `_ctx`
[INFO] [stderr]    |
[INFO] [stderr]    = note: `#[warn(unused_variables)]` on by default
[INFO] [stderr] 
[INFO] [stderr] warning: unused variable: `ctx`
[INFO] [stderr]   --> src/op/generate/impls.rs:89:22
[INFO] [stderr]    |
[INFO] [stderr] 89 | pub fn alphamap_area(ctx: &mut Context) -> Option<PixelBox> {
[INFO] [stderr]    |                      ^^^ help: if this is intentional, prefix it with an underscore: `_ctx`
[INFO] [stderr] 
[INFO] [stderr] warning: method `with_avx` is never used
[INFO] [stderr]   --> src/op/dispatch.rs:34:12
[INFO] [stderr]    |
[INFO] [stderr] 28 | impl<Params> UnaryDispatch<Params> {
[INFO] [stderr]    | ---------------------------------- method in this implementation
[INFO] [stderr] ...
[INFO] [stderr] 34 |     pub fn with_avx<Format: PixelFormatSpec>(mut self, avx_imp: UnaryFunc<Params>) -> Self {
[INFO] [stderr]    |            ^^^^^^^^
[INFO] [stderr]    |
[INFO] [stderr]    = note: `#[warn(dead_code)]` on by default
[INFO] [stderr] 
[INFO] [stderr] warning: method `with_avx` is never used
[INFO] [stderr]   --> src/op/dispatch.rs:67:12
[INFO] [stderr]    |
[INFO] [stderr] 58 | impl<Params> BinaryDispatch<Params> {
[INFO] [stderr]    | ----------------------------------- method in this implementation
[INFO] [stderr] ...
[INFO] [stderr] 67 |     pub fn with_avx<WriteFormat: PixelFormatSpec, ReadFormat: PixelFormatSpec>(
[INFO] [stderr]    |            ^^^^^^^^
[INFO] [stderr] 
[INFO] [stderr] warning: `kahlo` (lib test) generated 7 warnings (run `cargo fix --lib -p kahlo --tests` to apply 1 suggestion)
[INFO] [stderr]     Finished `test` profile [unoptimized + debuginfo] target(s) in 0.07s
[INFO] [stderr]      Running unittests src/lib.rs (/opt/rustwide/target/debug/deps/kahlo-811a04f12f9d55d6)
[INFO] [stdout] 
[INFO] [stdout] running 6 tests
[INFO] [stdout] test colour::test_simple_blending ... ok
[INFO] [stdout] test colour::test_source_blending ... ok
[INFO] [stdout] test op::fuzz::fill_region_masked_op ... ok
[INFO] [stdout] test op::fuzz::fill_region_op ... ok
[INFO] [stdout] test op::fuzz::fill_op ... ok
[INFO] [stdout] test op::fuzz::copy_from_op ... FAILED
[INFO] [stdout] 
[INFO] [stdout] failures:
[INFO] [stdout] 
[INFO] [stdout] ---- op::fuzz::copy_from_op stdout ----
[INFO] [stdout] Testing specific implementation (A8,A8)
[INFO] [stdout] thread 'op::fuzz::copy_from_op' panicked at src/op/copy_from.rs:112:26:
[INFO] [stdout] range end index 18446744073709551612 out of range for slice of length 4
[INFO] [stdout] stack backtrace:
[INFO] [stdout]    0:     0x56a551d40a8a - std::backtrace_rs::backtrace::libunwind::trace::h207520d6e9873551
[INFO] [stdout]                                at /rustc/df4ca44d3fbc9301ee17f30f4d474e6ae4b05252/library/std/src/../../backtrace/src/backtrace/libunwind.rs:116:5
[INFO] [stdout]    1:     0x56a551d40a8a - std::backtrace_rs::backtrace::trace_unsynchronized::h2ed7433f370e3eca
[INFO] [stdout]                                at /rustc/df4ca44d3fbc9301ee17f30f4d474e6ae4b05252/library/std/src/../../backtrace/src/backtrace/mod.rs:66:5
[INFO] [stdout]    2:     0x56a551d40a8a - std::sys::backtrace::_print_fmt::h916fac51166b18d7
[INFO] [stdout]                                at /rustc/df4ca44d3fbc9301ee17f30f4d474e6ae4b05252/library/std/src/sys/backtrace.rs:66:9
[INFO] [stdout]    3:     0x56a551d40a8a - <std::sys::backtrace::BacktraceLock::print::DisplayBacktrace as core::fmt::Display>::fmt::ha0a4c9b8ce3802e6
[INFO] [stdout]                                at /rustc/df4ca44d3fbc9301ee17f30f4d474e6ae4b05252/library/std/src/sys/backtrace.rs:39:26
[INFO] [stdout]    4:     0x56a551d67593 - core::fmt::rt::Argument::fmt::h4cfc8587d52b3eb5
[INFO] [stdout]                                at /rustc/df4ca44d3fbc9301ee17f30f4d474e6ae4b05252/library/core/src/fmt/rt.rs:177:76
[INFO] [stdout]    5:     0x56a551d67593 - core::fmt::write::h522cc39e5b36ae9f
[INFO] [stdout]                                at /rustc/df4ca44d3fbc9301ee17f30f4d474e6ae4b05252/library/core/src/fmt/mod.rs:1190:21
[INFO] [stdout]    6:     0x56a551d3d6f3 - std::io::Write::write_fmt::h7d3c26752da97734
[INFO] [stdout]                                at /rustc/df4ca44d3fbc9301ee17f30f4d474e6ae4b05252/library/std/src/io/mod.rs:1839:15
[INFO] [stdout]    7:     0x56a551d408d2 - std::sys::backtrace::BacktraceLock::print::h4b9e00b29e9c0942
[INFO] [stdout]                                at /rustc/df4ca44d3fbc9301ee17f30f4d474e6ae4b05252/library/std/src/sys/backtrace.rs:42:9
[INFO] [stdout]    8:     0x56a551d41f1a - std::panicking::default_hook::{{closure}}::hb59b88280d0324d9
[INFO] [stdout]                                at /rustc/df4ca44d3fbc9301ee17f30f4d474e6ae4b05252/library/std/src/panicking.rs:268:22
[INFO] [stdout]    9:     0x56a551d41d24 - std::panicking::default_hook::he1dd496665be4a29
[INFO] [stdout]                                at /rustc/df4ca44d3fbc9301ee17f30f4d474e6ae4b05252/library/std/src/panicking.rs:292:9
[INFO] [stdout]   10:     0x56a551cd1469 - <alloc::boxed::Box<F,A> as core::ops::function::Fn<Args>>::call::h4ff71de18744e1dc
[INFO] [stdout]                                at /rustc/df4ca44d3fbc9301ee17f30f4d474e6ae4b05252/library/alloc/src/boxed.rs:2468:9
[INFO] [stdout]   11:     0x56a551cd1469 - test::test_main::{{closure}}::hcf7c055ce117aa81
[INFO] [stdout]                                at /rustc/df4ca44d3fbc9301ee17f30f4d474e6ae4b05252/library/test/src/lib.rs:133:21
[INFO] [stdout]   12:     0x56a551d42618 - <alloc::boxed::Box<F,A> as core::ops::function::Fn<Args>>::call::h1d66c6bbd60c9692
[INFO] [stdout]                                at /rustc/df4ca44d3fbc9301ee17f30f4d474e6ae4b05252/library/alloc/src/boxed.rs:2468:9
[INFO] [stdout]   13:     0x56a551d42618 - std::panicking::rust_panic_with_hook::h2ff17fe8f26dfcf8
[INFO] [stdout]                                at /rustc/df4ca44d3fbc9301ee17f30f4d474e6ae4b05252/library/std/src/panicking.rs:809:13
[INFO] [stdout]   14:     0x56a551d423da - std::panicking::begin_panic_handler::{{closure}}::h4fad77951c07e101
[INFO] [stdout]                                at /rustc/df4ca44d3fbc9301ee17f30f4d474e6ae4b05252/library/std/src/panicking.rs:674:13
[INFO] [stdout]   15:     0x56a551d40f69 - std::sys::backtrace::__rust_end_short_backtrace::hb1a25b3da5d0ea08
[INFO] [stdout]                                at /rustc/df4ca44d3fbc9301ee17f30f4d474e6ae4b05252/library/std/src/sys/backtrace.rs:170:18
[INFO] [stdout]   16:     0x56a551d4206c - rust_begin_unwind
[INFO] [stdout]                                at /rustc/df4ca44d3fbc9301ee17f30f4d474e6ae4b05252/library/std/src/panicking.rs:665:5
[INFO] [stdout]   17:     0x56a551d65f90 - core::panicking::panic_fmt::ha9db07b529f9b256
[INFO] [stdout]                                at /rustc/df4ca44d3fbc9301ee17f30f4d474e6ae4b05252/library/core/src/panicking.rs:75:14
[INFO] [stdout]   18:     0x56a551d692a7 - core::slice::index::slice_end_index_len_fail_rt::heaedc22d0a92a11b
[INFO] [stdout]                                at /rustc/df4ca44d3fbc9301ee17f30f4d474e6ae4b05252/library/core/src/slice/index.rs:66:5
[INFO] [stdout]   19:     0x56a551d692a7 - core::slice::index::slice_end_index_len_fail::h5964ac3273edd288
[INFO] [stdout]                                at /rustc/df4ca44d3fbc9301ee17f30f4d474e6ae4b05252/library/core/src/slice/index.rs:60:5
[INFO] [stdout]   20:     0x56a551d112b6 - <core::ops::range::Range<usize> as core::slice::index::SliceIndex<[T]>>::index_mut::h58bb2053297e31dc
[INFO] [stdout]                                at /rustc/df4ca44d3fbc9301ee17f30f4d474e6ae4b05252/library/core/src/slice/index.rs:479:13
[INFO] [stdout]   21:     0x56a551d112e9 - <core::ops::range::RangeTo<usize> as core::slice::index::SliceIndex<[T]>>::index_mut::h42f849511d78b3f4
[INFO] [stdout]                                at /rustc/df4ca44d3fbc9301ee17f30f4d474e6ae4b05252/library/core/src/slice/index.rs:557:9
[INFO] [stdout]   22:     0x56a551c595ad - core::slice::index::<impl core::ops::index::IndexMut<I> for [T]>::index_mut::hc9cb8d789bf3b51a
[INFO] [stdout]                                at /rustc/df4ca44d3fbc9301ee17f30f4d474e6ae4b05252/library/core/src/slice/index.rs:27:9
[INFO] [stdout]   23:     0x56a551c595ad - kahlo::op::copy_from::copy_same_fmt::h0c258af471e0ae83
[INFO] [stdout]                                at /opt/rustwide/workdir/src/op/copy_from.rs:112:26
[INFO] [stdout]   24:     0x56a551c13d6f - kahlo::op::fuzz::test_binary_format::h843d3c2a2dd27fc0
[INFO] [stdout]                                at /opt/rustwide/workdir/src/op/fuzz.rs:89:9
[INFO] [stdout]   25:     0x56a551c45673 - kahlo::op::fuzz::test_binary::h5d73028fb6d459d8
[INFO] [stdout]                                at /opt/rustwide/workdir/src/op/fuzz.rs:144:5
[INFO] [stdout]   26:     0x56a551c4595b - kahlo::op::fuzz::copy_from_op::h90d454b32a6cb3ed
[INFO] [stdout]                                at /opt/rustwide/workdir/src/op/fuzz.rs:218:5
[INFO] [stdout]   27:     0x56a551c45937 - kahlo::op::fuzz::copy_from_op::{{closure}}::hac65b89f40f0c1db
[INFO] [stdout]                                at /opt/rustwide/workdir/src/op/fuzz.rs:217:18
[INFO] [stdout]   28:     0x56a551c6c136 - core::ops::function::FnOnce::call_once::h5b143cce0abc159d
[INFO] [stdout]                                at /rustc/df4ca44d3fbc9301ee17f30f4d474e6ae4b05252/library/core/src/ops/function.rs:250:5
[INFO] [stdout]   29:     0x56a551cd5d3b - core::ops::function::FnOnce::call_once::h22c3ba5715e93f05
[INFO] [stdout]                                at /rustc/df4ca44d3fbc9301ee17f30f4d474e6ae4b05252/library/core/src/ops/function.rs:250:5
[INFO] [stdout]   30:     0x56a551cd5d3b - test::__rust_begin_short_backtrace::h8e82d8113d0da17f
[INFO] [stdout]                                at /rustc/df4ca44d3fbc9301ee17f30f4d474e6ae4b05252/library/test/src/lib.rs:621:18
[INFO] [stdout]   31:     0x56a551cd56b7 - test::run_test_in_process::{{closure}}::h33235f4f20b7b7c7
[INFO] [stdout]                                at /rustc/df4ca44d3fbc9301ee17f30f4d474e6ae4b05252/library/test/src/lib.rs:644:60
[INFO] [stdout]   32:     0x56a551cd56b7 - <core::panic::unwind_safe::AssertUnwindSafe<F> as core::ops::function::FnOnce<()>>::call_once::hb5043206310c586f
[INFO] [stdout]                                at /rustc/df4ca44d3fbc9301ee17f30f4d474e6ae4b05252/library/core/src/panic/unwind_safe.rs:272:9
[INFO] [stdout]   33:     0x56a551cd56b7 - std::panicking::try::do_call::h9ad4731a60ab23e2
[INFO] [stdout]                                at /rustc/df4ca44d3fbc9301ee17f30f4d474e6ae4b05252/library/std/src/panicking.rs:557:40
[INFO] [stdout]   34:     0x56a551cd56b7 - std::panicking::try::h3824d23db772a716
[INFO] [stdout]                                at /rustc/df4ca44d3fbc9301ee17f30f4d474e6ae4b05252/library/std/src/panicking.rs:520:19
[INFO] [stdout]   35:     0x56a551cd56b7 - std::panic::catch_unwind::h5afd514605fde46b
[INFO] [stdout]                                at /rustc/df4ca44d3fbc9301ee17f30f4d474e6ae4b05252/library/std/src/panic.rs:358:14
[INFO] [stdout]   36:     0x56a551cd56b7 - test::run_test_in_process::h0d5cbfa7067d1720
[INFO] [stdout]                                at /rustc/df4ca44d3fbc9301ee17f30f4d474e6ae4b05252/library/test/src/lib.rs:644:27
[INFO] [stdout]   37:     0x56a551cd56b7 - test::run_test::{{closure}}::h708eb8872708115d
[INFO] [stdout]                                at /rustc/df4ca44d3fbc9301ee17f30f4d474e6ae4b05252/library/test/src/lib.rs:565:43
[INFO] [stdout]   38:     0x56a551c98dd4 - test::run_test::{{closure}}::h392c51cee94713ab
[INFO] [stdout]                                at /rustc/df4ca44d3fbc9301ee17f30f4d474e6ae4b05252/library/test/src/lib.rs:595:41
[INFO] [stdout]   39:     0x56a551c98dd4 - std::sys::backtrace::__rust_begin_short_backtrace::h2f40290710935a8b
[INFO] [stdout]                                at /rustc/df4ca44d3fbc9301ee17f30f4d474e6ae4b05252/library/std/src/sys/backtrace.rs:154:18
[INFO] [stdout]   40:     0x56a551c9c57e - std::thread::Builder::spawn_unchecked_::{{closure}}::{{closure}}::h3fd968d89053a903
[INFO] [stdout]                                at /rustc/df4ca44d3fbc9301ee17f30f4d474e6ae4b05252/library/std/src/thread/mod.rs:541:17
[INFO] [stdout]   41:     0x56a551c9c57e - <core::panic::unwind_safe::AssertUnwindSafe<F> as core::ops::function::FnOnce<()>>::call_once::h743f637ba4229880
[INFO] [stdout]                                at /rustc/df4ca44d3fbc9301ee17f30f4d474e6ae4b05252/library/core/src/panic/unwind_safe.rs:272:9
[INFO] [stdout]   42:     0x56a551c9c57e - std::panicking::try::do_call::h07440897322525a6
[INFO] [stdout]                                at /rustc/df4ca44d3fbc9301ee17f30f4d474e6ae4b05252/library/std/src/panicking.rs:557:40
[INFO] [stdout]   43:     0x56a551c9c57e - std::panicking::try::he5a2e00188156637
[INFO] [stdout]                                at /rustc/df4ca44d3fbc9301ee17f30f4d474e6ae4b05252/library/std/src/panicking.rs:520:19
[INFO] [stdout]   44:     0x56a551c9c57e - std::panic::catch_unwind::hbaf3cae49b3c6433
[INFO] [stdout]                                at /rustc/df4ca44d3fbc9301ee17f30f4d474e6ae4b05252/library/std/src/panic.rs:358:14
[INFO] [stdout]   45:     0x56a551c9c57e - std::thread::Builder::spawn_unchecked_::{{closure}}::h8e141ea224820bce
[INFO] [stdout]                                at /rustc/df4ca44d3fbc9301ee17f30f4d474e6ae4b05252/library/std/src/thread/mod.rs:540:30
[INFO] [stdout]   46:     0x56a551c9c57e - core::ops::function::FnOnce::call_once{{vtable.shim}}::h90d312fedd7b8ea8
[INFO] [stdout]                                at /rustc/df4ca44d3fbc9301ee17f30f4d474e6ae4b05252/library/core/src/ops/function.rs:250:5
[INFO] [stdout]   47:     0x56a551d4640b - <alloc::boxed::Box<F,A> as core::ops::function::FnOnce<Args>>::call_once::h69aa08ddb6adb8b6
[INFO] [stdout]                                at /rustc/df4ca44d3fbc9301ee17f30f4d474e6ae4b05252/library/alloc/src/boxed.rs:2454:9
[INFO] [stdout]   48:     0x56a551d4640b - <alloc::boxed::Box<F,A> as core::ops::function::FnOnce<Args>>::call_once::h5aa36efdb79c806f
[INFO] [stdout]                                at /rustc/df4ca44d3fbc9301ee17f30f4d474e6ae4b05252/library/alloc/src/boxed.rs:2454:9
[INFO] [stdout]   49:     0x56a551d4640b - std::sys::pal::unix::thread::Thread::new::thread_start::h6cd80a1b4be5158d
[INFO] [stdout]                                at /rustc/df4ca44d3fbc9301ee17f30f4d474e6ae4b05252/library/std/src/sys/pal/unix/thread.rs:105:17
[INFO] [stdout]   50:     0x7d87c600dac3 - <unknown>
[INFO] [stdout]   51:     0x7d87c609ea04 - clone
[INFO] [stdout]   52:                0x0 - <unknown>
[INFO] [stdout] 
[INFO] [stdout] 
[INFO] [stdout] failures:
[INFO] [stdout]     op::fuzz::copy_from_op
[INFO] [stdout] 
[INFO] [stdout] test result: FAILED. 5 passed; 1 failed; 0 ignored; 0 measured; 0 filtered out; finished in 0.04s
[INFO] [stdout] 
[INFO] [stderr] error: test failed, to rerun pass `--lib`
[INFO] running `Command { std: "docker" "inspect" "b0f216dd687fcc7f9dae0d37989c3c0d0220e3c769f59d55edab93b2423e0efb", kill_on_drop: false }`
[INFO] running `Command { std: "docker" "rm" "-f" "b0f216dd687fcc7f9dae0d37989c3c0d0220e3c769f59d55edab93b2423e0efb", kill_on_drop: false }`
[INFO] [stdout] b0f216dd687fcc7f9dae0d37989c3c0d0220e3c769f59d55edab93b2423e0efb
