[INFO] fetching crate k8s-pb 0.6.1...
[INFO] testing k8s-pb-0.6.1 against nightly-2024-10-28 for randomize-layout
[INFO] extracting crate k8s-pb 0.6.1 into /workspace/builds/worker-0-tc1/source
[INFO] validating manifest of crates.io crate k8s-pb 0.6.1 on toolchain nightly-2024-10-28
[INFO] running `Command { std: CARGO_HOME="/workspace/cargo-home" RUSTUP_HOME="/workspace/rustup-home" "/workspace/cargo-home/bin/cargo" "+nightly-2024-10-28" "metadata" "--manifest-path" "Cargo.toml" "--no-deps", kill_on_drop: false }`
[INFO] started tweaking crates.io crate k8s-pb 0.6.1
[INFO] finished tweaking crates.io crate k8s-pb 0.6.1
[INFO] tweaked toml for crates.io crate k8s-pb 0.6.1 written to /workspace/builds/worker-0-tc1/source/Cargo.toml
[INFO] running `Command { std: CARGO_HOME="/workspace/cargo-home" RUSTUP_HOME="/workspace/rustup-home" "/workspace/cargo-home/bin/cargo" "+nightly-2024-10-28" "generate-lockfile" "--manifest-path" "Cargo.toml", kill_on_drop: false }`
[INFO] [stderr]     Updating crates.io index
[INFO] [stderr]      Locking 10 packages to latest compatible versions
[INFO] running `Command { std: CARGO_HOME="/workspace/cargo-home" RUSTUP_HOME="/workspace/rustup-home" "/workspace/cargo-home/bin/cargo" "+nightly-2024-10-28" "fetch" "--manifest-path" "Cargo.toml", kill_on_drop: false }`
[INFO] running `Command { std: "docker" "create" "-v" "/var/lib/crater-agent-workspace/builds/worker-0-tc1/target:/opt/rustwide/target:rw,Z" "-v" "/var/lib/crater-agent-workspace/builds/worker-0-tc1/source:/opt/rustwide/workdir:ro,Z" "-v" "/var/lib/crater-agent-workspace/cargo-home:/opt/rustwide/cargo-home:ro,Z" "-v" "/var/lib/crater-agent-workspace/rustup-home:/opt/rustwide/rustup-home:ro,Z" "-e" "SOURCE_DIR=/opt/rustwide/workdir" "-e" "CARGO_TARGET_DIR=/opt/rustwide/target" "-e" "CARGO_HOME=/opt/rustwide/cargo-home" "-e" "RUSTUP_HOME=/opt/rustwide/rustup-home" "-w" "/opt/rustwide/workdir" "-m" "1610612736" "--user" "0:0" "--network" "none" "ghcr.io/rust-lang/crates-build-env/linux@sha256:4a844ea9eb2546a2d2c7022eacef16ef2e8229c7fbb2c7d4d55a9ceca922f72d" "/opt/rustwide/cargo-home/bin/cargo" "+nightly-2024-10-28" "metadata" "--no-deps" "--format-version=1", kill_on_drop: false }`
[INFO] [stdout] 1bb810117b0424765e348543a63f47514749237acf08ebec75aba182cc4ef024
[INFO] running `Command { std: "docker" "start" "-a" "1bb810117b0424765e348543a63f47514749237acf08ebec75aba182cc4ef024", kill_on_drop: false }`
[INFO] running `Command { std: "docker" "inspect" "1bb810117b0424765e348543a63f47514749237acf08ebec75aba182cc4ef024", kill_on_drop: false }`
[INFO] running `Command { std: "docker" "rm" "-f" "1bb810117b0424765e348543a63f47514749237acf08ebec75aba182cc4ef024", kill_on_drop: false }`
[INFO] [stdout] 1bb810117b0424765e348543a63f47514749237acf08ebec75aba182cc4ef024
[INFO] running `Command { std: "docker" "create" "-v" "/var/lib/crater-agent-workspace/builds/worker-0-tc1/target:/opt/rustwide/target:rw,Z" "-v" "/var/lib/crater-agent-workspace/builds/worker-0-tc1/source:/opt/rustwide/workdir:ro,Z" "-v" "/var/lib/crater-agent-workspace/cargo-home:/opt/rustwide/cargo-home:ro,Z" "-v" "/var/lib/crater-agent-workspace/rustup-home:/opt/rustwide/rustup-home:ro,Z" "-e" "SOURCE_DIR=/opt/rustwide/workdir" "-e" "CARGO_TARGET_DIR=/opt/rustwide/target" "-e" "CARGO_INCREMENTAL=0" "-e" "RUST_BACKTRACE=full" "-e" "RUSTFLAGS=--cap-lints=forbid" "-e" "RUSTDOCFLAGS=--cap-lints=forbid" "-e" "CARGO_HOME=/opt/rustwide/cargo-home" "-e" "RUSTUP_HOME=/opt/rustwide/rustup-home" "-w" "/opt/rustwide/workdir" "-m" "1610612736" "--user" "0:0" "--network" "none" "ghcr.io/rust-lang/crates-build-env/linux@sha256:4a844ea9eb2546a2d2c7022eacef16ef2e8229c7fbb2c7d4d55a9ceca922f72d" "/opt/rustwide/cargo-home/bin/cargo" "+nightly-2024-10-28" "build" "--frozen" "--message-format=json", kill_on_drop: false }`
[INFO] [stdout] e9d02a2fa5904b32fceb0b09bc8e0d57237d91f796ce12603b0fb2030eaa6923
[INFO] running `Command { std: "docker" "start" "-a" "e9d02a2fa5904b32fceb0b09bc8e0d57237d91f796ce12603b0fb2030eaa6923", kill_on_drop: false }`
[INFO] [stderr]    Compiling proc-macro2 v1.0.89
[INFO] [stderr]    Compiling unicode-ident v1.0.13
[INFO] [stderr]    Compiling anyhow v1.0.92
[INFO] [stderr]    Compiling either v1.13.0
[INFO] [stderr]    Compiling bytes v1.8.0
[INFO] [stderr]    Compiling itertools v0.13.0
[INFO] [stderr]    Compiling quote v1.0.37
[INFO] [stderr]    Compiling syn v2.0.86
[INFO] [stderr]    Compiling prost-derive v0.13.3
[INFO] [stderr]    Compiling prost v0.13.3
[INFO] [stderr]    Compiling k8s-pb v0.6.1 (/opt/rustwide/workdir)
[INFO] [stderr]     Finished `dev` profile [unoptimized + debuginfo] target(s) in 17.29s
[INFO] running `Command { std: "docker" "inspect" "e9d02a2fa5904b32fceb0b09bc8e0d57237d91f796ce12603b0fb2030eaa6923", kill_on_drop: false }`
[INFO] running `Command { std: "docker" "rm" "-f" "e9d02a2fa5904b32fceb0b09bc8e0d57237d91f796ce12603b0fb2030eaa6923", kill_on_drop: false }`
[INFO] [stdout] e9d02a2fa5904b32fceb0b09bc8e0d57237d91f796ce12603b0fb2030eaa6923
[INFO] running `Command { std: "docker" "create" "-v" "/var/lib/crater-agent-workspace/builds/worker-0-tc1/target:/opt/rustwide/target:rw,Z" "-v" "/var/lib/crater-agent-workspace/builds/worker-0-tc1/source:/opt/rustwide/workdir:ro,Z" "-v" "/var/lib/crater-agent-workspace/cargo-home:/opt/rustwide/cargo-home:ro,Z" "-v" "/var/lib/crater-agent-workspace/rustup-home:/opt/rustwide/rustup-home:ro,Z" "-e" "SOURCE_DIR=/opt/rustwide/workdir" "-e" "CARGO_TARGET_DIR=/opt/rustwide/target" "-e" "CARGO_INCREMENTAL=0" "-e" "RUST_BACKTRACE=full" "-e" "RUSTFLAGS=--cap-lints=forbid" "-e" "RUSTDOCFLAGS=--cap-lints=forbid" "-e" "CARGO_HOME=/opt/rustwide/cargo-home" "-e" "RUSTUP_HOME=/opt/rustwide/rustup-home" "-w" "/opt/rustwide/workdir" "-m" "1610612736" "--user" "0:0" "--network" "none" "ghcr.io/rust-lang/crates-build-env/linux@sha256:4a844ea9eb2546a2d2c7022eacef16ef2e8229c7fbb2c7d4d55a9ceca922f72d" "/opt/rustwide/cargo-home/bin/cargo" "+nightly-2024-10-28" "test" "--frozen" "--no-run" "--message-format=json", kill_on_drop: false }`
[INFO] [stdout] 1dc9c17d7c09f3ab9f2fec7cfe5c84a931b8a93d8d203ebf061abb539244d744
[INFO] running `Command { std: "docker" "start" "-a" "1dc9c17d7c09f3ab9f2fec7cfe5c84a931b8a93d8d203ebf061abb539244d744", kill_on_drop: false }`
[INFO] [stderr]    Compiling k8s-pb v0.6.1 (/opt/rustwide/workdir)
[INFO] [stderr]     Finished `test` profile [unoptimized + debuginfo] target(s) in 10.56s
[INFO] running `Command { std: "docker" "inspect" "1dc9c17d7c09f3ab9f2fec7cfe5c84a931b8a93d8d203ebf061abb539244d744", kill_on_drop: false }`
[INFO] running `Command { std: "docker" "rm" "-f" "1dc9c17d7c09f3ab9f2fec7cfe5c84a931b8a93d8d203ebf061abb539244d744", kill_on_drop: false }`
[INFO] [stdout] 1dc9c17d7c09f3ab9f2fec7cfe5c84a931b8a93d8d203ebf061abb539244d744
[INFO] running `Command { std: "docker" "create" "-v" "/var/lib/crater-agent-workspace/builds/worker-0-tc1/target:/opt/rustwide/target:rw,Z" "-v" "/var/lib/crater-agent-workspace/builds/worker-0-tc1/source:/opt/rustwide/workdir:ro,Z" "-v" "/var/lib/crater-agent-workspace/cargo-home:/opt/rustwide/cargo-home:ro,Z" "-v" "/var/lib/crater-agent-workspace/rustup-home:/opt/rustwide/rustup-home:ro,Z" "-e" "SOURCE_DIR=/opt/rustwide/workdir" "-e" "CARGO_TARGET_DIR=/opt/rustwide/target" "-e" "CARGO_INCREMENTAL=0" "-e" "RUST_BACKTRACE=full" "-e" "RUSTFLAGS=--cap-lints=forbid" "-e" "RUSTDOCFLAGS=--cap-lints=forbid" "-e" "CARGO_HOME=/opt/rustwide/cargo-home" "-e" "RUSTUP_HOME=/opt/rustwide/rustup-home" "-w" "/opt/rustwide/workdir" "-m" "1610612736" "--user" "0:0" "--network" "none" "ghcr.io/rust-lang/crates-build-env/linux@sha256:4a844ea9eb2546a2d2c7022eacef16ef2e8229c7fbb2c7d4d55a9ceca922f72d" "/opt/rustwide/cargo-home/bin/cargo" "+nightly-2024-10-28" "test" "--frozen", kill_on_drop: false }`
[INFO] [stdout] 17a94f5f21adc3d84fdc0ed0d1270941ca60101f15c76b6c28291c13e5ebedfc
[INFO] running `Command { std: "docker" "start" "-a" "17a94f5f21adc3d84fdc0ed0d1270941ca60101f15c76b6c28291c13e5ebedfc", kill_on_drop: false }`
[INFO] [stderr]     Finished `test` profile [unoptimized + debuginfo] target(s) in 0.01s
[INFO] [stderr]      Running unittests src/lib.rs (/opt/rustwide/target/debug/deps/k8s_pb-8cc6d688d000ec91)
[INFO] [stdout] 
[INFO] [stdout] running 0 tests
[INFO] [stdout] 
[INFO] [stdout] test result: ok. 0 passed; 0 failed; 0 ignored; 0 measured; 0 filtered out; finished in 0.00s
[INFO] [stdout] 
[INFO] [stderr]    Doc-tests k8s_pb
[INFO] [stdout] 
[INFO] [stdout] running 14 tests
[INFO] [stdout] test src/apimachinery/pkg/api/resource/mod.rs - apimachinery::pkg::api::resource::Quantity (line 8) ... FAILED
[INFO] [stdout] test src/apimachinery/pkg/runtime/mod.rs - apimachinery::pkg::runtime::RawExtension (line 32) ... FAILED
[INFO] [stdout] test src/apimachinery/pkg/runtime/mod.rs - apimachinery::pkg::runtime::RawExtension (line 21) ... FAILED
[INFO] [stdout] test src/api/core/v1/mod.rs - api::core::v1::Endpoints (line 1314) ... FAILED
[INFO] [stdout] test src/api/certificates/v1/mod.rs - api::certificates::v1::CertificateSigningRequestStatus::certificate (line 206) ... FAILED
[INFO] [stdout] test src/apimachinery/pkg/runtime/mod.rs - apimachinery::pkg::runtime::TypeMeta (line 63) ... FAILED
[INFO] [stdout] test src/api/core/v1/mod.rs - api::core::v1::EndpointSubset (line 1282) ... FAILED
[INFO] [stdout] test src/apimachinery/pkg/runtime/mod.rs - apimachinery::pkg::runtime::RawExtension (line 10) ... FAILED
[INFO] [stdout] test src/api/core/v1/mod.rs - api::core::v1::EndpointSubset (line 1289) ... FAILED
[INFO] [stdout] test src/apimachinery/pkg/apis/meta/v1/mod.rs - apimachinery::pkg::apis::meta::v1::Condition (line 153) ... FAILED
[INFO] [stdout] test src/api/resource/v1alpha3/mod.rs - api::resource::v1alpha3::CelDeviceSelector::expression (line 104) ... FAILED
[INFO] [stdout] test src/api/resource/v1alpha3/mod.rs - api::resource::v1alpha3::CelDeviceSelector::expression (line 77) ... FAILED
[INFO] [stdout] test src/api/flowcontrol/v1beta1/mod.rs - api::flowcontrol::v1beta1::LimitedPriorityLevelConfiguration::assured_concurrency_shares (line 185) ... FAILED
[INFO] [stdout] test src/api/flowcontrol/v1beta2/mod.rs - api::flowcontrol::v1beta2::LimitedPriorityLevelConfiguration::assured_concurrency_shares (line 185) ... FAILED
[INFO] [stdout] 
[INFO] [stdout] failures:
[INFO] [stdout] 
[INFO] [stdout] ---- src/apimachinery/pkg/api/resource/mod.rs - apimachinery::pkg::api::resource::Quantity (line 8) stdout ----
[INFO] [stdout] error: prefix `didn` is unknown
[INFO] [stdout]   --> src/apimachinery/pkg/api/resource/mod.rs:25:41
[INFO] [stdout]    |
[INFO] [stdout] 17 |     (Note that 1024 = 1Ki but 1000 = 1k; I didn't choose the capitalization.)
[INFO] [stdout]    |                                            ^^^^ unknown prefix
[INFO] [stdout]    |
[INFO] [stdout]    = note: prefixed identifiers and literals are reserved since Rust 2021
[INFO] [stdout] help: consider inserting whitespace here
[INFO] [stdout]    |
[INFO] [stdout] 17 |     (Note that 1024 = 1Ki but 1000 = 1k; I didn 't choose the capitalization.)
[INFO] [stdout]    |                                                +
[INFO] [stdout] 
[INFO] [stdout] error: this file contains an unclosed delimiter
[INFO] [stdout]   --> src/apimachinery/pkg/api/resource/mod.rs:27:62
[INFO] [stdout]    |
[INFO] [stdout] 13 |     (International System of units; See: <http://physics.nist.gov/cuu/Units/binary.html>)
[INFO] [stdout]    |     - unclosed delimiter
[INFO] [stdout] ...
[INFO] [stdout] 19 | <decimalExponent> ::= "e" <signedNumber> | "E" <signedNumber>
[INFO] [stdout]    |                                                              ^
[INFO] [stdout] 
[INFO] [stdout] error: aborting due to 2 previous errors
[INFO] [stdout] 
[INFO] [stdout] Couldn't compile the test.
[INFO] [stdout] ---- src/apimachinery/pkg/runtime/mod.rs - apimachinery::pkg::runtime::RawExtension (line 32) stdout ----
[INFO] [stdout] error: expected one of `.`, `;`, `?`, `}`, or an operator, found `:`
[INFO] [stdout]  --> src/apimachinery/pkg/runtime/mod.rs:34:8
[INFO] [stdout]   |
[INFO] [stdout] 4 |     "kind":"MyAPIObject",
[INFO] [stdout]   |           ^ expected one of `.`, `;`, `?`, `}`, or an operator
[INFO] [stdout] 
[INFO] [stdout] error: aborting due to 1 previous error
[INFO] [stdout] 
[INFO] [stdout] Couldn't compile the test.
[INFO] [stdout] ---- src/apimachinery/pkg/runtime/mod.rs - apimachinery::pkg::runtime::RawExtension (line 21) stdout ----
[INFO] [stdout] error: unknown start of token: `
[INFO] [stdout]  --> src/apimachinery/pkg/runtime/mod.rs:23:19
[INFO] [stdout]   |
[INFO] [stdout] 4 |     runtime.TypeMeta `json:",inline"`
[INFO] [stdout]   |                      ^
[INFO] [stdout]   |
[INFO] [stdout] help: Unicode character '`' (Grave Accent) looks like ''' (Single Quote), but it is not
[INFO] [stdout]   |
[INFO] [stdout] 4 |     runtime.TypeMeta 'json:",inline"`
[INFO] [stdout]   |                      ~
[INFO] [stdout] 
[INFO] [stdout] error: unknown start of token: `
[INFO] [stdout]  --> src/apimachinery/pkg/runtime/mod.rs:23:34
[INFO] [stdout]   |
[INFO] [stdout] 4 |     runtime.TypeMeta `json:",inline"`
[INFO] [stdout]   |                                     ^
[INFO] [stdout]   |
[INFO] [stdout] help: Unicode character '`' (Grave Accent) looks like ''' (Single Quote), but it is not
[INFO] [stdout]   |
[INFO] [stdout] 4 |     runtime.TypeMeta `json:",inline"'
[INFO] [stdout]   |                                     ~
[INFO] [stdout] 
[INFO] [stdout] error: unknown start of token: `
[INFO] [stdout]  --> src/apimachinery/pkg/runtime/mod.rs:24:32
[INFO] [stdout]   |
[INFO] [stdout] 5 |     MyPlugin runtime.RawExtension `json:"myPlugin"`
[INFO] [stdout]   |                                   ^
[INFO] [stdout]   |
[INFO] [stdout] help: Unicode character '`' (Grave Accent) looks like ''' (Single Quote), but it is not
[INFO] [stdout]   |
[INFO] [stdout] 5 |     MyPlugin runtime.RawExtension 'json:"myPlugin"`
[INFO] [stdout]   |                                   ~
[INFO] [stdout] 
[INFO] [stdout] error: unknown start of token: `
[INFO] [stdout]  --> src/apimachinery/pkg/runtime/mod.rs:24:48
[INFO] [stdout]   |
[INFO] [stdout] 5 |     MyPlugin runtime.RawExtension `json:"myPlugin"`
[INFO] [stdout]   |                                                   ^
[INFO] [stdout]   |
[INFO] [stdout] help: Unicode character '`' (Grave Accent) looks like ''' (Single Quote), but it is not
[INFO] [stdout]   |
[INFO] [stdout] 5 |     MyPlugin runtime.RawExtension `json:"myPlugin"'
[INFO] [stdout]   |                                                   ~
[INFO] [stdout] 
[INFO] [stdout] error: unknown start of token: `
[INFO] [stdout]  --> src/apimachinery/pkg/runtime/mod.rs:28:17
[INFO] [stdout]   |
[INFO] [stdout] 9 |     AOption string `json:"aOption"`
[INFO] [stdout]   |                    ^
[INFO] [stdout]   |
[INFO] [stdout] help: Unicode character '`' (Grave Accent) looks like ''' (Single Quote), but it is not
[INFO] [stdout]   |
[INFO] [stdout] 9 |     AOption string 'json:"aOption"`
[INFO] [stdout]   |                    ~
[INFO] [stdout] 
[INFO] [stdout] error: unknown start of token: `
[INFO] [stdout]  --> src/apimachinery/pkg/runtime/mod.rs:28:32
[INFO] [stdout]   |
[INFO] [stdout] 9 |     AOption string `json:"aOption"`
[INFO] [stdout]   |                                   ^
[INFO] [stdout]   |
[INFO] [stdout] help: Unicode character '`' (Grave Accent) looks like ''' (Single Quote), but it is not
[INFO] [stdout]   |
[INFO] [stdout] 9 |     AOption string `json:"aOption"'
[INFO] [stdout]   |                                   ~
[INFO] [stdout] 
[INFO] [stdout] error: expected one of `:`, `;`, `<`, `=`, or `where`, found keyword `struct`
[INFO] [stdout]  --> src/apimachinery/pkg/runtime/mod.rs:22:18
[INFO] [stdout]   |
[INFO] [stdout] 3 | type MyAPIObject struct {
[INFO] [stdout]   |                  ^^^^^^ expected one of `:`, `;`, `<`, `=`, or `where`
[INFO] [stdout] 
[INFO] [stdout] error: aborting due to 7 previous errors
[INFO] [stdout] 
[INFO] [stdout] Couldn't compile the test.
[INFO] [stdout] ---- src/api/core/v1/mod.rs - api::core::v1::Endpoints (line 1314) stdout ----
[INFO] [stdout] error: unknown start of token: \
[INFO] [stdout]  --> src/api/core/v1/mod.rs:1318:17
[INFO] [stdout]   |
[INFO] [stdout] 6 |      Addresses: \[{"ip": "10.10.1.1"}, {"ip": "10.10.2.2"}\],
[INFO] [stdout]   |                 ^
[INFO] [stdout] 
[INFO] [stdout] error: unknown start of token: \
[INFO] [stdout]  --> src/api/core/v1/mod.rs:1318:59
[INFO] [stdout]   |
[INFO] [stdout] 6 |      Addresses: \[{"ip": "10.10.1.1"}, {"ip": "10.10.2.2"}\],
[INFO] [stdout]   |                                                           ^
[INFO] [stdout] 
[INFO] [stdout] error: unknown start of token: \
[INFO] [stdout]  --> src/api/core/v1/mod.rs:1319:13
[INFO] [stdout]   |
[INFO] [stdout] 7 |      Ports: \[{"name": "a", "port": 8675}, {"name": "b", "port": 309}\]
[INFO] [stdout]   |             ^
[INFO] [stdout] 
[INFO] [stdout] error: unknown start of token: \
[INFO] [stdout]  --> src/api/core/v1/mod.rs:1319:70
[INFO] [stdout]   |
[INFO] [stdout] 7 |      Ports: \[{"name": "a", "port": 8675}, {"name": "b", "port": 309}\]
[INFO] [stdout]   |                                                                      ^
[INFO] [stdout] 
[INFO] [stdout] error: unknown start of token: \
[INFO] [stdout]   --> src/api/core/v1/mod.rs:1322:17
[INFO] [stdout]    |
[INFO] [stdout] 10 |      Addresses: \[{"ip": "10.10.3.3"}\],
[INFO] [stdout]    |                 ^
[INFO] [stdout] 
[INFO] [stdout] error: unknown start of token: \
[INFO] [stdout]   --> src/api/core/v1/mod.rs:1322:38
[INFO] [stdout]    |
[INFO] [stdout] 10 |      Addresses: \[{"ip": "10.10.3.3"}\],
[INFO] [stdout]    |                                      ^
[INFO] [stdout] 
[INFO] [stdout] error: unknown start of token: \
[INFO] [stdout]   --> src/api/core/v1/mod.rs:1323:13
[INFO] [stdout]    |
[INFO] [stdout] 11 |      Ports: \[{"name": "a", "port": 93}, {"name": "b", "port": 76}\]
[INFO] [stdout]    |             ^
[INFO] [stdout] 
[INFO] [stdout] error: unknown start of token: \
[INFO] [stdout]   --> src/api/core/v1/mod.rs:1323:67
[INFO] [stdout]    |
[INFO] [stdout] 11 |      Ports: \[{"name": "a", "port": 93}, {"name": "b", "port": 76}\]
[INFO] [stdout]    |                                                                   ^
[INFO] [stdout] 
[INFO] [stdout] error: expected one of `.`, `;`, `?`, `}`, or an operator, found `:`
[INFO] [stdout]  --> src/api/core/v1/mod.rs:1318:24
[INFO] [stdout]   |
[INFO] [stdout] 6 |      Addresses: \[{"ip": "10.10.1.1"}, {"ip": "10.10.2.2"}\],
[INFO] [stdout]   |                        ^ expected one of `.`, `;`, `?`, `}`, or an operator
[INFO] [stdout] 
[INFO] [stdout] error: expected one of `.`, `;`, `?`, `}`, or an operator, found `:`
[INFO] [stdout]  --> src/api/core/v1/mod.rs:1318:45
[INFO] [stdout]   |
[INFO] [stdout] 6 |      Addresses: \[{"ip": "10.10.1.1"}, {"ip": "10.10.2.2"}\],
[INFO] [stdout]   |                                             ^ expected one of `.`, `;`, `?`, `}`, or an operator
[INFO] [stdout] 
[INFO] [stdout] error: expected one of `.`, `;`, `?`, `}`, or an operator, found `:`
[INFO] [stdout]  --> src/api/core/v1/mod.rs:1319:22
[INFO] [stdout]   |
[INFO] [stdout] 7 |      Ports: \[{"name": "a", "port": 8675}, {"name": "b", "port": 309}\]
[INFO] [stdout]   |                      ^ expected one of `.`, `;`, `?`, `}`, or an operator
[INFO] [stdout] 
[INFO] [stdout] error: expected one of `.`, `;`, `?`, `}`, or an operator, found `:`
[INFO] [stdout]  --> src/api/core/v1/mod.rs:1319:51
[INFO] [stdout]   |
[INFO] [stdout] 7 |      Ports: \[{"name": "a", "port": 8675}, {"name": "b", "port": 309}\]
[INFO] [stdout]   |                                                   ^ expected one of `.`, `;`, `?`, `}`, or an operator
[INFO] [stdout] 
[INFO] [stdout] error: struct literal body without path
[INFO] [stdout]  --> src/api/core/v1/mod.rs:1317:4
[INFO] [stdout]   |
[INFO] [stdout] 5 | /    {
[INFO] [stdout] 6 | |      Addresses: \[{"ip": "10.10.1.1"}, {"ip": "10.10.2.2"}\],
[INFO] [stdout] 7 | |      Ports: \[{"name": "a", "port": 8675}, {"name": "b", "port": 309}\]
[INFO] [stdout] 8 | |    },
[INFO] [stdout]   | |____^
[INFO] [stdout]   |
[INFO] [stdout] help: you might have forgotten to add the struct literal inside the block
[INFO] [stdout]   |
[INFO] [stdout] 5 ~    { SomeStruct {
[INFO] [stdout] 6 |      Addresses: \[{"ip": "10.10.1.1"}, {"ip": "10.10.2.2"}\],
[INFO] [stdout] 7 |      Ports: \[{"name": "a", "port": 8675}, {"name": "b", "port": 309}\]
[INFO] [stdout] 8 ~    } },
[INFO] [stdout]   |
[INFO] [stdout] 
[INFO] [stdout] error: expected one of `.`, `;`, `?`, `}`, or an operator, found `:`
[INFO] [stdout]   --> src/api/core/v1/mod.rs:1322:24
[INFO] [stdout]    |
[INFO] [stdout] 10 |      Addresses: \[{"ip": "10.10.3.3"}\],
[INFO] [stdout]    |                        ^ expected one of `.`, `;`, `?`, `}`, or an operator
[INFO] [stdout] 
[INFO] [stdout] error: expected one of `.`, `;`, `?`, `}`, or an operator, found `:`
[INFO] [stdout]   --> src/api/core/v1/mod.rs:1323:22
[INFO] [stdout]    |
[INFO] [stdout] 11 |      Ports: \[{"name": "a", "port": 93}, {"name": "b", "port": 76}\]
[INFO] [stdout]    |                      ^ expected one of `.`, `;`, `?`, `}`, or an operator
[INFO] [stdout] 
[INFO] [stdout] error: expected one of `.`, `;`, `?`, `}`, or an operator, found `:`
[INFO] [stdout]   --> src/api/core/v1/mod.rs:1323:49
[INFO] [stdout]    |
[INFO] [stdout] 11 |      Ports: \[{"name": "a", "port": 93}, {"name": "b", "port": 76}\]
[INFO] [stdout]    |                                                 ^ expected one of `.`, `;`, `?`, `}`, or an operator
[INFO] [stdout] 
[INFO] [stdout] error: struct literal body without path
[INFO] [stdout]   --> src/api/core/v1/mod.rs:1321:4
[INFO] [stdout]    |
[INFO] [stdout] 9  | /    {
[INFO] [stdout] 10 | |      Addresses: \[{"ip": "10.10.3.3"}\],
[INFO] [stdout] 11 | |      Ports: \[{"name": "a", "port": 93}, {"name": "b", "port": 76}\]
[INFO] [stdout] 12 | |    },
[INFO] [stdout]    | |____^
[INFO] [stdout]    |
[INFO] [stdout] help: you might have forgotten to add the struct literal inside the block
[INFO] [stdout]    |
[INFO] [stdout] 9  ~    { SomeStruct {
[INFO] [stdout] 10 |      Addresses: \[{"ip": "10.10.3.3"}\],
[INFO] [stdout] 11 |      Ports: \[{"name": "a", "port": 93}, {"name": "b", "port": 76}\]
[INFO] [stdout] 12 ~    } },
[INFO] [stdout]    |
[INFO] [stdout] 
[INFO] [stdout] error: struct literal body without path
[INFO] [stdout]   --> src/api/core/v1/mod.rs:1314:87
[INFO] [stdout]    |
[INFO] [stdout] 2  |   fn main() { #[allow(non_snake_case)] fn _doctest_main_src_api_core_v1_mod_rs_1314_0() {
[INFO] [stdout]    |  _______________________________________________________________________________________^
[INFO] [stdout] 3  | | Name: "mysvc",
[INFO] [stdout] 4  | |  Subsets: [
[INFO] [stdout] 5  | |    {
[INFO] [stdout] ...  |
[INFO] [stdout] 13 | | ]
[INFO] [stdout] 14 | | } _doctest_main_src_api_core_v1_mod_rs_1314_0() }
[INFO] [stdout]    | |_^
[INFO] [stdout]    |
[INFO] [stdout] help: you might have forgotten to add the struct literal inside the block
[INFO] [stdout]    |
[INFO] [stdout] 2  ~ fn main() { #[allow(non_snake_case)] fn _doctest_main_src_api_core_v1_mod_rs_1314_0() { SomeStruct {
[INFO] [stdout] 3  | Name: "mysvc",
[INFO] [stdout] ...
[INFO] [stdout] 13 | ]
[INFO] [stdout] 14 ~ } } _doctest_main_src_api_core_v1_mod_rs_1314_0() }
[INFO] [stdout]    |
[INFO] [stdout] 
[INFO] [stdout] error: aborting due to 18 previous errors
[INFO] [stdout] 
[INFO] [stdout] Couldn't compile the test.
[INFO] [stdout] ---- src/api/certificates/v1/mod.rs - api::certificates::v1::CertificateSigningRequestStatus::certificate (line 206) stdout ----
[INFO] [stdout] error: expected one of `!`, `)`, `,`, `.`, `::`, `?`, `{`, or an operator, found `CERTIFICATE`
[INFO] [stdout]  --> src/api/certificates/v1/mod.rs:208:13
[INFO] [stdout]   |
[INFO] [stdout] 4 |  -----BEGIN CERTIFICATE-----
[INFO] [stdout]   |             ^^^^^^^^^^^ expected one of 8 possible tokens
[INFO] [stdout] 
[INFO] [stdout] error: aborting due to 1 previous error
[INFO] [stdout] 
[INFO] [stdout] Couldn't compile the test.
[INFO] [stdout] ---- src/apimachinery/pkg/runtime/mod.rs - apimachinery::pkg::runtime::TypeMeta (line 63) stdout ----
[INFO] [stdout] error: unknown start of token: `
[INFO] [stdout]  --> src/apimachinery/pkg/runtime/mod.rs:65:26
[INFO] [stdout]   |
[INFO] [stdout] 4 |      runtime.TypeMeta    `json:",inline"`
[INFO] [stdout]   |                          ^
[INFO] [stdout]   |
[INFO] [stdout] help: Unicode character '`' (Grave Accent) looks like ''' (Single Quote), but it is not
[INFO] [stdout]   |
[INFO] [stdout] 4 |      runtime.TypeMeta    'json:",inline"`
[INFO] [stdout]   |                          ~
[INFO] [stdout] 
[INFO] [stdout] error: unknown start of token: `
[INFO] [stdout]  --> src/apimachinery/pkg/runtime/mod.rs:65:41
[INFO] [stdout]   |
[INFO] [stdout] 4 |      runtime.TypeMeta    `json:",inline"`
[INFO] [stdout]   |                                         ^
[INFO] [stdout]   |
[INFO] [stdout] help: Unicode character '`' (Grave Accent) looks like ''' (Single Quote), but it is not
[INFO] [stdout]   |
[INFO] [stdout] 4 |      runtime.TypeMeta    `json:",inline"'
[INFO] [stdout]   |                                         ~
[INFO] [stdout] 
[INFO] [stdout] error: expected one of `:`, `;`, `<`, `=`, or `where`, found keyword `struct`
[INFO] [stdout]  --> src/apimachinery/pkg/runtime/mod.rs:64:25
[INFO] [stdout]   |
[INFO] [stdout] 3 | type MyAwesomeAPIObject struct {
[INFO] [stdout]   |                         ^^^^^^ expected one of `:`, `;`, `<`, `=`, or `where`
[INFO] [stdout] 
[INFO] [stdout] error: aborting due to 3 previous errors
[INFO] [stdout] 
[INFO] [stdout] Couldn't compile the test.
[INFO] [stdout] ---- src/api/core/v1/mod.rs - api::core::v1::EndpointSubset (line 1282) stdout ----
[INFO] [stdout] error: unknown start of token: \
[INFO] [stdout]  --> src/api/core/v1/mod.rs:1284:14
[INFO] [stdout]   |
[INFO] [stdout] 4 |   Addresses: \[{"ip": "10.10.1.1"}, {"ip": "10.10.2.2"}\],
[INFO] [stdout]   |              ^
[INFO] [stdout] 
[INFO] [stdout] error: unknown start of token: \
[INFO] [stdout]  --> src/api/core/v1/mod.rs:1284:56
[INFO] [stdout]   |
[INFO] [stdout] 4 |   Addresses: \[{"ip": "10.10.1.1"}, {"ip": "10.10.2.2"}\],
[INFO] [stdout]   |                                                        ^
[INFO] [stdout] 
[INFO] [stdout] error: unknown start of token: \
[INFO] [stdout]  --> src/api/core/v1/mod.rs:1285:14
[INFO] [stdout]   |
[INFO] [stdout] 5 |   Ports:     \[{"name": "a", "port": 8675}, {"name": "b", "port": 309}\]
[INFO] [stdout]   |              ^
[INFO] [stdout] 
[INFO] [stdout] error: unknown start of token: \
[INFO] [stdout]  --> src/api/core/v1/mod.rs:1285:71
[INFO] [stdout]   |
[INFO] [stdout] 5 |   Ports:     \[{"name": "a", "port": 8675}, {"name": "b", "port": 309}\]
[INFO] [stdout]   |                                                                       ^
[INFO] [stdout] 
[INFO] [stdout] error: expected one of `.`, `;`, `?`, `}`, or an operator, found `:`
[INFO] [stdout]  --> src/api/core/v1/mod.rs:1284:21
[INFO] [stdout]   |
[INFO] [stdout] 4 |   Addresses: \[{"ip": "10.10.1.1"}, {"ip": "10.10.2.2"}\],
[INFO] [stdout]   |                     ^ expected one of `.`, `;`, `?`, `}`, or an operator
[INFO] [stdout] 
[INFO] [stdout] error: expected one of `.`, `;`, `?`, `}`, or an operator, found `:`
[INFO] [stdout]  --> src/api/core/v1/mod.rs:1284:42
[INFO] [stdout]   |
[INFO] [stdout] 4 |   Addresses: \[{"ip": "10.10.1.1"}, {"ip": "10.10.2.2"}\],
[INFO] [stdout]   |                                          ^ expected one of `.`, `;`, `?`, `}`, or an operator
[INFO] [stdout] 
[INFO] [stdout] error: expected one of `.`, `;`, `?`, `}`, or an operator, found `:`
[INFO] [stdout]  --> src/api/core/v1/mod.rs:1285:23
[INFO] [stdout]   |
[INFO] [stdout] 5 |   Ports:     \[{"name": "a", "port": 8675}, {"name": "b", "port": 309}\]
[INFO] [stdout]   |                       ^ expected one of `.`, `;`, `?`, `}`, or an operator
[INFO] [stdout] 
[INFO] [stdout] error: expected one of `.`, `;`, `?`, `}`, or an operator, found `:`
[INFO] [stdout]  --> src/api/core/v1/mod.rs:1285:52
[INFO] [stdout]   |
[INFO] [stdout] 5 |   Ports:     \[{"name": "a", "port": 8675}, {"name": "b", "port": 309}\]
[INFO] [stdout]   |                                                    ^ expected one of `.`, `;`, `?`, `}`, or an operator
[INFO] [stdout] 
[INFO] [stdout] error: struct literal body without path
[INFO] [stdout]  --> src/api/core/v1/mod.rs:1283:1
[INFO] [stdout]   |
[INFO] [stdout] 3 | / {
[INFO] [stdout] 4 | |   Addresses: \[{"ip": "10.10.1.1"}, {"ip": "10.10.2.2"}\],
[INFO] [stdout] 5 | |   Ports:     \[{"name": "a", "port": 8675}, {"name": "b", "port": 309}\]
[INFO] [stdout] 6 | | }
[INFO] [stdout]   | |_^
[INFO] [stdout]   |
[INFO] [stdout] help: you might have forgotten to add the struct literal inside the block
[INFO] [stdout]   |
[INFO] [stdout] 3 ~ { SomeStruct {
[INFO] [stdout] 4 |   Addresses: \[{"ip": "10.10.1.1"}, {"ip": "10.10.2.2"}\],
[INFO] [stdout] 5 |   Ports:     \[{"name": "a", "port": 8675}, {"name": "b", "port": 309}\]
[INFO] [stdout] 6 ~ } }
[INFO] [stdout]   |
[INFO] [stdout] 
[INFO] [stdout] error: aborting due to 9 previous errors
[INFO] [stdout] 
[INFO] [stdout] Couldn't compile the test.
[INFO] [stdout] ---- src/apimachinery/pkg/runtime/mod.rs - apimachinery::pkg::runtime::RawExtension (line 10) stdout ----
[INFO] [stdout] error: unknown start of token: `
[INFO] [stdout]  --> src/apimachinery/pkg/runtime/mod.rs:12:19
[INFO] [stdout]   |
[INFO] [stdout] 4 |     runtime.TypeMeta `json:",inline"`
[INFO] [stdout]   |                      ^
[INFO] [stdout]   |
[INFO] [stdout] help: Unicode character '`' (Grave Accent) looks like ''' (Single Quote), but it is not
[INFO] [stdout]   |
[INFO] [stdout] 4 |     runtime.TypeMeta 'json:",inline"`
[INFO] [stdout]   |                      ~
[INFO] [stdout] 
[INFO] [stdout] error: unknown start of token: `
[INFO] [stdout]  --> src/apimachinery/pkg/runtime/mod.rs:12:34
[INFO] [stdout]   |
[INFO] [stdout] 4 |     runtime.TypeMeta `json:",inline"`
[INFO] [stdout]   |                                     ^
[INFO] [stdout]   |
[INFO] [stdout] help: Unicode character '`' (Grave Accent) looks like ''' (Single Quote), but it is not
[INFO] [stdout]   |
[INFO] [stdout] 4 |     runtime.TypeMeta `json:",inline"'
[INFO] [stdout]   |                                     ~
[INFO] [stdout] 
[INFO] [stdout] error: unknown start of token: `
[INFO] [stdout]  --> src/apimachinery/pkg/runtime/mod.rs:13:26
[INFO] [stdout]   |
[INFO] [stdout] 5 |     MyPlugin runtime.Object `json:"myPlugin"`
[INFO] [stdout]   |                             ^
[INFO] [stdout]   |
[INFO] [stdout] help: Unicode character '`' (Grave Accent) looks like ''' (Single Quote), but it is not
[INFO] [stdout]   |
[INFO] [stdout] 5 |     MyPlugin runtime.Object 'json:"myPlugin"`
[INFO] [stdout]   |                             ~
[INFO] [stdout] 
[INFO] [stdout] error: unknown start of token: `
[INFO] [stdout]  --> src/apimachinery/pkg/runtime/mod.rs:13:42
[INFO] [stdout]   |
[INFO] [stdout] 5 |     MyPlugin runtime.Object `json:"myPlugin"`
[INFO] [stdout]   |                                             ^
[INFO] [stdout]   |
[INFO] [stdout] help: Unicode character '`' (Grave Accent) looks like ''' (Single Quote), but it is not
[INFO] [stdout]   |
[INFO] [stdout] 5 |     MyPlugin runtime.Object `json:"myPlugin"'
[INFO] [stdout]   |                                             ~
[INFO] [stdout] 
[INFO] [stdout] error: unknown start of token: `
[INFO] [stdout]  --> src/apimachinery/pkg/runtime/mod.rs:17:17
[INFO] [stdout]   |
[INFO] [stdout] 9 |     AOption string `json:"aOption"`
[INFO] [stdout]   |                    ^
[INFO] [stdout]   |
[INFO] [stdout] help: Unicode character '`' (Grave Accent) looks like ''' (Single Quote), but it is not
[INFO] [stdout]   |
[INFO] [stdout] 9 |     AOption string 'json:"aOption"`
[INFO] [stdout]   |                    ~
[INFO] [stdout] 
[INFO] [stdout] error: unknown start of token: `
[INFO] [stdout]  --> src/apimachinery/pkg/runtime/mod.rs:17:32
[INFO] [stdout]   |
[INFO] [stdout] 9 |     AOption string `json:"aOption"`
[INFO] [stdout]   |                                   ^
[INFO] [stdout]   |
[INFO] [stdout] help: Unicode character '`' (Grave Accent) looks like ''' (Single Quote), but it is not
[INFO] [stdout]   |
[INFO] [stdout] 9 |     AOption string `json:"aOption"'
[INFO] [stdout]   |                                   ~
[INFO] [stdout] 
[INFO] [stdout] error: expected one of `:`, `;`, `<`, `=`, or `where`, found keyword `struct`
[INFO] [stdout]  --> src/apimachinery/pkg/runtime/mod.rs:11:18
[INFO] [stdout]   |
[INFO] [stdout] 3 | type MyAPIObject struct {
[INFO] [stdout]   |                  ^^^^^^ expected one of `:`, `;`, `<`, `=`, or `where`
[INFO] [stdout] 
[INFO] [stdout] error: aborting due to 7 previous errors
[INFO] [stdout] 
[INFO] [stdout] Couldn't compile the test.
[INFO] [stdout] ---- src/api/core/v1/mod.rs - api::core::v1::EndpointSubset (line 1289) stdout ----
[INFO] [stdout] error: unknown start of token: \
[INFO] [stdout]  --> src/api/core/v1/mod.rs:1290:4
[INFO] [stdout]   |
[INFO] [stdout] 3 | a: \[ 10.10.1.1:8675, 10.10.2.2:8675 \],
[INFO] [stdout]   |    ^
[INFO] [stdout] 
[INFO] [stdout] error: unknown start of token: \
[INFO] [stdout]  --> src/api/core/v1/mod.rs:1290:38
[INFO] [stdout]   |
[INFO] [stdout] 3 | a: \[ 10.10.1.1:8675, 10.10.2.2:8675 \],
[INFO] [stdout]   |                                      ^
[INFO] [stdout] 
[INFO] [stdout] error: unknown start of token: \
[INFO] [stdout]  --> src/api/core/v1/mod.rs:1291:4
[INFO] [stdout]   |
[INFO] [stdout] 4 | b: \[ 10.10.1.1:309, 10.10.2.2:309 \]
[INFO] [stdout]   |    ^
[INFO] [stdout] 
[INFO] [stdout] error: unknown start of token: \
[INFO] [stdout]  --> src/api/core/v1/mod.rs:1291:36
[INFO] [stdout]   |
[INFO] [stdout] 4 | b: \[ 10.10.1.1:309, 10.10.2.2:309 \]
[INFO] [stdout]   |                                    ^
[INFO] [stdout] 
[INFO] [stdout] error: expected one of `!`, `.`, `::`, `;`, `?`, `{`, `}`, or an operator, found `:`
[INFO] [stdout]  --> src/api/core/v1/mod.rs:1290:2
[INFO] [stdout]   |
[INFO] [stdout] 3 | a: \[ 10.10.1.1:8675, 10.10.2.2:8675 \],
[INFO] [stdout]   |  ^ expected one of 8 possible tokens
[INFO] [stdout] 
[INFO] [stdout] error: aborting due to 5 previous errors
[INFO] [stdout] 
[INFO] [stdout] Couldn't compile the test.
[INFO] [stdout] ---- src/apimachinery/pkg/apis/meta/v1/mod.rs - apimachinery::pkg::apis::meta::v1::Condition (line 153) stdout ----
[INFO] [stdout] error: unknown start of token: \
[INFO] [stdout]   --> src/apimachinery/pkg/apis/meta/v1/mod.rs:161:16
[INFO] [stdout]    |
[INFO] [stdout] 10 |     Conditions \[\]metav1.Condition `json:"conditions,omitempty" patchStrategy:"merge" patchMergeKey:"type" protobuf:"bytes,1,rep,name=co...
[INFO] [stdout]    |                ^
[INFO] [stdout] 
[INFO] [stdout] error: unknown start of token: \
[INFO] [stdout]   --> src/apimachinery/pkg/apis/meta/v1/mod.rs:161:18
[INFO] [stdout]    |
[INFO] [stdout] 10 |     Conditions \[\]metav1.Condition `json:"conditions,omitempty" patchStrategy:"merge" patchMergeKey:"type" protobuf:"bytes,1,rep,name=co...
[INFO] [stdout]    |                  ^
[INFO] [stdout] 
[INFO] [stdout] error: unknown start of token: `
[INFO] [stdout]   --> src/apimachinery/pkg/apis/meta/v1/mod.rs:161:37
[INFO] [stdout]    |
[INFO] [stdout] 10 |     Conditions \[\]metav1.Condition `json:"conditions,omitempty" patchStrategy:"merge" patchMergeKey:"type" protobuf:"bytes,1,rep,name=co...
[INFO] [stdout]    |                                     ^
[INFO] [stdout]    |
[INFO] [stdout] help: Unicode character '`' (Grave Accent) looks like ''' (Single Quote), but it is not
[INFO] [stdout]    |
[INFO] [stdout] 10 |     Conditions \[\]metav1.Condition 'json:"conditions,omitempty" patchStrategy:"merge" patchMergeKey:"type" protobuf:"bytes,1,rep,name=conditions"`
[INFO] [stdout]    |                                     ~
[INFO] [stdout] 
[INFO] [stdout] error: unknown start of token: `
[INFO] [stdout]   --> src/apimachinery/pkg/apis/meta/v1/mod.rs:161:147
[INFO] [stdout]    |
[INFO] [stdout] 10 | ...merge" patchMergeKey:"type" protobuf:"bytes,1,rep,name=conditions"`
[INFO] [stdout]    |                                                                      ^
[INFO] [stdout]    |
[INFO] [stdout] help: Unicode character '`' (Grave Accent) looks like ''' (Single Quote), but it is not
[INFO] [stdout]    |
[INFO] [stdout] 10 |     Conditions \[\]metav1.Condition `json:"conditions,omitempty" patchStrategy:"merge" patchMergeKey:"type" protobuf:"bytes,1,rep,name=conditions"'
[INFO] [stdout]    |                                                                                                                                                   ~
[INFO] [stdout] 
[INFO] [stdout] error: expected one of `:`, `;`, `<`, `=`, or `where`, found keyword `struct`
[INFO] [stdout]  --> src/apimachinery/pkg/apis/meta/v1/mod.rs:154:16
[INFO] [stdout]   |
[INFO] [stdout] 3 | type FooStatus struct{
[INFO] [stdout]   |                ^^^^^^ expected one of `:`, `;`, `<`, `=`, or `where`
[INFO] [stdout] 
[INFO] [stdout] error: aborting due to 5 previous errors
[INFO] [stdout] 
[INFO] [stdout] Couldn't compile the test.
[INFO] [stdout] ---- src/api/resource/v1alpha3/mod.rs - api::resource::v1alpha3::CelDeviceSelector::expression (line 104) stdout ----
[INFO] [stdout] error: unknown start of token: \
[INFO] [stdout]  --> src/api/resource/v1alpha3/mod.rs:105:32
[INFO] [stdout]   |
[INFO] [stdout] 3 | cel.bind(dra, device.attributes\["dra.example.com"\], dra.someBool && dra.anotherBool)
[INFO] [stdout]   |                                ^
[INFO] [stdout] 
[INFO] [stdout] error: unknown start of token: \
[INFO] [stdout]  --> src/api/resource/v1alpha3/mod.rs:105:51
[INFO] [stdout]   |
[INFO] [stdout] 3 | cel.bind(dra, device.attributes\["dra.example.com"\], dra.someBool && dra.anotherBool)
[INFO] [stdout]   |                                                   ^
[INFO] [stdout] 
[INFO] [stdout] error[E0425]: cannot find value `cel` in this scope
[INFO] [stdout]  --> src/api/resource/v1alpha3/mod.rs:105:1
[INFO] [stdout]   |
[INFO] [stdout] 3 | cel.bind(dra, device.attributes\["dra.example.com"\], dra.someBool && dra.anotherBool)
[INFO] [stdout]   | ^^^ not found in this scope
[INFO] [stdout] 
[INFO] [stdout] error[E0425]: cannot find value `dra` in this scope
[INFO] [stdout]  --> src/api/resource/v1alpha3/mod.rs:105:10
[INFO] [stdout]   |
[INFO] [stdout] 3 | cel.bind(dra, device.attributes\["dra.example.com"\], dra.someBool && dra.anotherBool)
[INFO] [stdout]   |          ^^^ not found in this scope
[INFO] [stdout] 
[INFO] [stdout] error[E0425]: cannot find value `device` in this scope
[INFO] [stdout]  --> src/api/resource/v1alpha3/mod.rs:105:15
[INFO] [stdout]   |
[INFO] [stdout] 3 | cel.bind(dra, device.attributes\["dra.example.com"\], dra.someBool && dra.anotherBool)
[INFO] [stdout]   |               ^^^^^^ not found in this scope
[INFO] [stdout] 
[INFO] [stdout] error[E0425]: cannot find value `dra` in this scope
[INFO] [stdout]  --> src/api/resource/v1alpha3/mod.rs:105:55
[INFO] [stdout]   |
[INFO] [stdout] 3 | cel.bind(dra, device.attributes\["dra.example.com"\], dra.someBool && dra.anotherBool)
[INFO] [stdout]   |                                                       ^^^ not found in this scope
[INFO] [stdout] 
[INFO] [stdout] error[E0425]: cannot find value `dra` in this scope
[INFO] [stdout]  --> src/api/resource/v1alpha3/mod.rs:105:71
[INFO] [stdout]   |
[INFO] [stdout] 3 | cel.bind(dra, device.attributes\["dra.example.com"\], dra.someBool && dra.anotherBool)
[INFO] [stdout]   |                                                                       ^^^ not found in this scope
[INFO] [stdout] 
[INFO] [stdout] error: aborting due to 7 previous errors
[INFO] [stdout] 
[INFO] [stdout] For more information about this error, try `rustc --explain E0425`.
[INFO] [stdout] Couldn't compile the test.
[INFO] [stdout] ---- src/api/resource/v1alpha3/mod.rs - api::resource::v1alpha3::CelDeviceSelector::expression (line 77) stdout ----
[INFO] [stdout] error: unknown start of token: \
[INFO] [stdout]  --> src/api/resource/v1alpha3/mod.rs:79:19
[INFO] [stdout]   |
[INFO] [stdout] 4 |  device.attributes\["dra.example.com"\].model
[INFO] [stdout]   |                   ^
[INFO] [stdout] 
[INFO] [stdout] error: unknown start of token: \
[INFO] [stdout]  --> src/api/resource/v1alpha3/mod.rs:79:38
[INFO] [stdout]   |
[INFO] [stdout] 4 |  device.attributes\["dra.example.com"\].model
[INFO] [stdout]   |                                      ^
[INFO] [stdout] 
[INFO] [stdout] error: unknown start of token: \
[INFO] [stdout]  --> src/api/resource/v1alpha3/mod.rs:80:19
[INFO] [stdout]   |
[INFO] [stdout] 5 |  device.attributes\["ext.example.com"\].family
[INFO] [stdout]   |                   ^
[INFO] [stdout] 
[INFO] [stdout] error: unknown start of token: \
[INFO] [stdout]  --> src/api/resource/v1alpha3/mod.rs:80:38
[INFO] [stdout]   |
[INFO] [stdout] 5 |  device.attributes\["ext.example.com"\].family
[INFO] [stdout]   |                                      ^
[INFO] [stdout] 
[INFO] [stdout] error: unknown start of token: \
[INFO] [stdout]  --> src/api/resource/v1alpha3/mod.rs:81:17
[INFO] [stdout]   |
[INFO] [stdout] 6 |  device.capacity\["dra.example.com"\].modules
[INFO] [stdout]   |                 ^
[INFO] [stdout] 
[INFO] [stdout] error: unknown start of token: \
[INFO] [stdout]  --> src/api/resource/v1alpha3/mod.rs:81:36
[INFO] [stdout]   |
[INFO] [stdout] 6 |  device.capacity\["dra.example.com"\].modules
[INFO] [stdout]   |                                    ^
[INFO] [stdout] 
[INFO] [stdout] error: expected `;`, found `device`
[INFO] [stdout]  --> src/api/resource/v1alpha3/mod.rs:78:14
[INFO] [stdout]   |
[INFO] [stdout] 3 | device.driver
[INFO] [stdout]   |              ^ help: add `;` here
[INFO] [stdout] 4 |  device.attributes\["dra.example.com"\].model
[INFO] [stdout]   |  ------ unexpected token
[INFO] [stdout] 
[INFO] [stdout] error: expected `;`, found `device`
[INFO] [stdout]  --> src/api/resource/v1alpha3/mod.rs:79:46
[INFO] [stdout]   |
[INFO] [stdout] 4 |  device.attributes\["dra.example.com"\].model
[INFO] [stdout]   |                                              ^ help: add `;` here
[INFO] [stdout] 5 |  device.attributes\["ext.example.com"\].family
[INFO] [stdout]   |  ------ unexpected token
[INFO] [stdout] 
[INFO] [stdout] error: expected `;`, found `device`
[INFO] [stdout]  --> src/api/resource/v1alpha3/mod.rs:80:47
[INFO] [stdout]   |
[INFO] [stdout] 5 |  device.attributes\["ext.example.com"\].family
[INFO] [stdout]   |                                               ^ help: add `;` here
[INFO] [stdout] 6 |  device.capacity\["dra.example.com"\].modules
[INFO] [stdout]   |  ------ unexpected token
[INFO] [stdout] 
[INFO] [stdout] error[E0425]: cannot find value `device` in this scope
[INFO] [stdout]  --> src/api/resource/v1alpha3/mod.rs:81:2
[INFO] [stdout]   |
[INFO] [stdout] 6 |  device.capacity\["dra.example.com"\].modules
[INFO] [stdout]   |  ^^^^^^ not found in this scope
[INFO] [stdout] 
[INFO] [stdout] error: aborting due to 10 previous errors
[INFO] [stdout] 
[INFO] [stdout] For more information about this error, try `rustc --explain E0425`.
[INFO] [stdout] Couldn't compile the test.
[INFO] [stdout] ---- src/api/flowcontrol/v1beta1/mod.rs - api::flowcontrol::v1beta1::LimitedPriorityLevelConfiguration::assured_concurrency_shares (line 185) stdout ----
[INFO] [stdout] error: unknown start of token: \
[INFO] [stdout]  --> src/api/flowcontrol/v1beta1/mod.rs:186:36
[INFO] [stdout]   |
[INFO] [stdout] 3 | ACV(l) = ceil( SCL * ACS(l) / ( sum\[priority levels k\] ACS(k) ) )
[INFO] [stdout]   |                                    ^
[INFO] [stdout] 
[INFO] [stdout] error: unknown start of token: \
[INFO] [stdout]  --> src/api/flowcontrol/v1beta1/mod.rs:186:55
[INFO] [stdout]   |
[INFO] [stdout] 3 | ACV(l) = ceil( SCL * ACS(l) / ( sum\[priority levels k\] ACS(k) ) )
[INFO] [stdout]   |                                                       ^
[INFO] [stdout] 
[INFO] [stdout] error: expected one of `!`, `.`, `::`, `?`, `]`, `{`, or an operator, found `levels`
[INFO] [stdout]  --> src/api/flowcontrol/v1beta1/mod.rs:186:47
[INFO] [stdout]   |
[INFO] [stdout] 3 | ACV(l) = ceil( SCL * ACS(l) / ( sum\[priority levels k\] ACS(k) ) )
[INFO] [stdout]   |                                               ^^^^^^ expected one of 7 possible tokens
[INFO] [stdout] 
[INFO] [stdout] error[E0425]: cannot find value `l` in this scope
[INFO] [stdout]  --> src/api/flowcontrol/v1beta1/mod.rs:186:5
[INFO] [stdout]   |
[INFO] [stdout] 3 | ACV(l) = ceil( SCL * ACS(l) / ( sum\[priority levels k\] ACS(k) ) )
[INFO] [stdout]   |     ^ not found in this scope
[INFO] [stdout] 
[INFO] [stdout] error[E0425]: cannot find value `SCL` in this scope
[INFO] [stdout]  --> src/api/flowcontrol/v1beta1/mod.rs:186:16
[INFO] [stdout]   |
[INFO] [stdout] 3 | ACV(l) = ceil( SCL * ACS(l) / ( sum\[priority levels k\] ACS(k) ) )
[INFO] [stdout]   |                ^^^ not found in this scope
[INFO] [stdout] 
[INFO] [stdout] error[E0425]: cannot find value `l` in this scope
[INFO] [stdout]  --> src/api/flowcontrol/v1beta1/mod.rs:186:26
[INFO] [stdout]   |
[INFO] [stdout] 3 | ACV(l) = ceil( SCL * ACS(l) / ( sum\[priority levels k\] ACS(k) ) )
[INFO] [stdout]   |                          ^ not found in this scope
[INFO] [stdout] 
[INFO] [stdout] error[E0425]: cannot find function, tuple struct or tuple variant `ACV` in this scope
[INFO] [stdout]  --> src/api/flowcontrol/v1beta1/mod.rs:186:1
[INFO] [stdout]   |
[INFO] [stdout] 3 | ACV(l) = ceil( SCL * ACS(l) / ( sum\[priority levels k\] ACS(k) ) )
[INFO] [stdout]   | ^^^ not found in this scope
[INFO] [stdout] 
[INFO] [stdout] error[E0425]: cannot find function, tuple struct or tuple variant `ACS` in this scope
[INFO] [stdout]  --> src/api/flowcontrol/v1beta1/mod.rs:186:22
[INFO] [stdout]   |
[INFO] [stdout] 3 | ACV(l) = ceil( SCL * ACS(l) / ( sum\[priority levels k\] ACS(k) ) )
[INFO] [stdout]   |                      ^^^ not found in this scope
[INFO] [stdout] 
[INFO] [stdout] error[E0425]: cannot find function `ceil` in this scope
[INFO] [stdout]  --> src/api/flowcontrol/v1beta1/mod.rs:186:10
[INFO] [stdout]   |
[INFO] [stdout] 3 | ACV(l) = ceil( SCL * ACS(l) / ( sum\[priority levels k\] ACS(k) ) )
[INFO] [stdout]   |          ^^^^ not found in this scope
[INFO] [stdout] 
[INFO] [stdout] error[E0070]: invalid left-hand side of assignment
[INFO] [stdout]  --> src/api/flowcontrol/v1beta1/mod.rs:186:8
[INFO] [stdout]   |
[INFO] [stdout] 3 | ACV(l) = ceil( SCL * ACS(l) / ( sum\[priority levels k\] ACS(k) ) )
[INFO] [stdout]   | ------ ^
[INFO] [stdout]   | |
[INFO] [stdout]   | cannot assign to this expression
[INFO] [stdout] 
[INFO] [stdout] error: aborting due to 10 previous errors
[INFO] [stdout] 
[INFO] [stdout] Some errors have detailed explanations: E0070, E0425.
[INFO] [stdout] For more information about an error, try `rustc --explain E0070`.
[INFO] [stdout] Couldn't compile the test.
[INFO] [stdout] ---- src/api/flowcontrol/v1beta2/mod.rs - api::flowcontrol::v1beta2::LimitedPriorityLevelConfiguration::assured_concurrency_shares (line 185) stdout ----
[INFO] [stdout] error: unknown start of token: \
[INFO] [stdout]  --> src/api/flowcontrol/v1beta2/mod.rs:186:36
[INFO] [stdout]   |
[INFO] [stdout] 3 | ACV(l) = ceil( SCL * ACS(l) / ( sum\[priority levels k\] ACS(k) ) )
[INFO] [stdout]   |                                    ^
[INFO] [stdout] 
[INFO] [stdout] error: unknown start of token: \
[INFO] [stdout]  --> src/api/flowcontrol/v1beta2/mod.rs:186:55
[INFO] [stdout]   |
[INFO] [stdout] 3 | ACV(l) = ceil( SCL * ACS(l) / ( sum\[priority levels k\] ACS(k) ) )
[INFO] [stdout]   |                                                       ^
[INFO] [stdout] 
[INFO] [stdout] error: expected one of `!`, `.`, `::`, `?`, `]`, `{`, or an operator, found `levels`
[INFO] [stdout]  --> src/api/flowcontrol/v1beta2/mod.rs:186:47
[INFO] [stdout]   |
[INFO] [stdout] 3 | ACV(l) = ceil( SCL * ACS(l) / ( sum\[priority levels k\] ACS(k) ) )
[INFO] [stdout]   |                                               ^^^^^^ expected one of 7 possible tokens
[INFO] [stdout] 
[INFO] [stdout] error[E0425]: cannot find value `l` in this scope
[INFO] [stdout]  --> src/api/flowcontrol/v1beta2/mod.rs:186:5
[INFO] [stdout]   |
[INFO] [stdout] 3 | ACV(l) = ceil( SCL * ACS(l) / ( sum\[priority levels k\] ACS(k) ) )
[INFO] [stdout]   |     ^ not found in this scope
[INFO] [stdout] 
[INFO] [stdout] error[E0425]: cannot find value `SCL` in this scope
[INFO] [stdout]  --> src/api/flowcontrol/v1beta2/mod.rs:186:16
[INFO] [stdout]   |
[INFO] [stdout] 3 | ACV(l) = ceil( SCL * ACS(l) / ( sum\[priority levels k\] ACS(k) ) )
[INFO] [stdout]   |                ^^^ not found in this scope
[INFO] [stdout] 
[INFO] [stdout] error[E0425]: cannot find value `l` in this scope
[INFO] [stdout]  --> src/api/flowcontrol/v1beta2/mod.rs:186:26
[INFO] [stdout]   |
[INFO] [stdout] 3 | ACV(l) = ceil( SCL * ACS(l) / ( sum\[priority levels k\] ACS(k) ) )
[INFO] [stdout]   |                          ^ not found in this scope
[INFO] [stdout] 
[INFO] [stdout] error[E0425]: cannot find function, tuple struct or tuple variant `ACV` in this scope
[INFO] [stdout]  --> src/api/flowcontrol/v1beta2/mod.rs:186:1
[INFO] [stdout]   |
[INFO] [stdout] 3 | ACV(l) = ceil( SCL * ACS(l) / ( sum\[priority levels k\] ACS(k) ) )
[INFO] [stdout]   | ^^^ not found in this scope
[INFO] [stdout] 
[INFO] [stdout] error[E0425]: cannot find function, tuple struct or tuple variant `ACS` in this scope
[INFO] [stdout]  --> src/api/flowcontrol/v1beta2/mod.rs:186:22
[INFO] [stdout]   |
[INFO] [stdout] 3 | ACV(l) = ceil( SCL * ACS(l) / ( sum\[priority levels k\] ACS(k) ) )
[INFO] [stdout]   |                      ^^^ not found in this scope
[INFO] [stdout] 
[INFO] [stdout] error[E0425]: cannot find function `ceil` in this scope
[INFO] [stdout]  --> src/api/flowcontrol/v1beta2/mod.rs:186:10
[INFO] [stdout]   |
[INFO] [stdout] 3 | ACV(l) = ceil( SCL * ACS(l) / ( sum\[priority levels k\] ACS(k) ) )
[INFO] [stdout]   |          ^^^^ not found in this scope
[INFO] [stdout] 
[INFO] [stdout] error[E0070]: invalid left-hand side of assignment
[INFO] [stdout]  --> src/api/flowcontrol/v1beta2/mod.rs:186:8
[INFO] [stdout]   |
[INFO] [stdout] 3 | ACV(l) = ceil( SCL * ACS(l) / ( sum\[priority levels k\] ACS(k) ) )
[INFO] [stdout]   | ------ ^
[INFO] [stdout]   | |
[INFO] [stdout]   | cannot assign to this expression
[INFO] [stdout] 
[INFO] [stdout] error: aborting due to 10 previous errors
[INFO] [stdout] 
[INFO] [stdout] Some errors have detailed explanations: E0070, E0425.
[INFO] [stdout] For more information about an error, try `rustc --explain E0070`.
[INFO] [stdout] Couldn't compile the test.
[INFO] [stdout] 
[INFO] [stdout] failures:
[INFO] [stdout]     src/api/certificates/v1/mod.rs - api::certificates::v1::CertificateSigningRequestStatus::certificate (line 206)
[INFO] [stdout]     src/api/core/v1/mod.rs - api::core::v1::EndpointSubset (line 1282)
[INFO] [stdout]     src/api/core/v1/mod.rs - api::core::v1::EndpointSubset (line 1289)
[INFO] [stdout]     src/api/core/v1/mod.rs - api::core::v1::Endpoints (line 1314)
[INFO] [stdout]     src/api/flowcontrol/v1beta1/mod.rs - api::flowcontrol::v1beta1::LimitedPriorityLevelConfiguration::assured_concurrency_shares (line 185)
[INFO] [stdout]     src/api/flowcontrol/v1beta2/mod.rs - api::flowcontrol::v1beta2::LimitedPriorityLevelConfiguration::assured_concurrency_shares (line 185)
[INFO] [stdout]     src/api/resource/v1alpha3/mod.rs - api::resource::v1alpha3::CelDeviceSelector::expression (line 104)
[INFO] [stdout]     src/api/resource/v1alpha3/mod.rs - api::resource::v1alpha3::CelDeviceSelector::expression (line 77)
[INFO] [stdout]     src/apimachinery/pkg/api/resource/mod.rs - apimachinery::pkg::api::resource::Quantity (line 8)
[INFO] [stdout]     src/apimachinery/pkg/apis/meta/v1/mod.rs - apimachinery::pkg::apis::meta::v1::Condition (line 153)
[INFO] [stdout]     src/apimachinery/pkg/runtime/mod.rs - apimachinery::pkg::runtime::RawExtension (line 10)
[INFO] [stdout]     src/apimachinery/pkg/runtime/mod.rs - apimachinery::pkg::runtime::RawExtension (line 21)
[INFO] [stdout]     src/apimachinery/pkg/runtime/mod.rs - apimachinery::pkg::runtime::RawExtension (line 32)
[INFO] [stdout]     src/apimachinery/pkg/runtime/mod.rs - apimachinery::pkg::runtime::TypeMeta (line 63)
[INFO] [stdout] 
[INFO] [stdout] test result: FAILED. 0 passed; 14 failed; 0 ignored; 0 measured; 0 filtered out; finished in 0.06s
[INFO] [stdout] 
[INFO] [stderr] error: doctest failed, to rerun pass `--doc`
[INFO] running `Command { std: "docker" "inspect" "17a94f5f21adc3d84fdc0ed0d1270941ca60101f15c76b6c28291c13e5ebedfc", kill_on_drop: false }`
[INFO] running `Command { std: "docker" "rm" "-f" "17a94f5f21adc3d84fdc0ed0d1270941ca60101f15c76b6c28291c13e5ebedfc", kill_on_drop: false }`
[INFO] [stdout] 17a94f5f21adc3d84fdc0ed0d1270941ca60101f15c76b6c28291c13e5ebedfc
