[INFO] fetching crate jwt2 0.1.0-alpha.0...
[INFO] testing jwt2-0.1.0-alpha.0 against nightly-2024-10-28+rustflags=-Zrandomize-layout for randomize-layout
[INFO] extracting crate jwt2 0.1.0-alpha.0 into /workspace/builds/worker-6-tc2/source
[INFO] validating manifest of crates.io crate jwt2 0.1.0-alpha.0 on toolchain nightly-2024-10-28
[INFO] running `Command { std: CARGO_HOME="/workspace/cargo-home" RUSTUP_HOME="/workspace/rustup-home" "/workspace/cargo-home/bin/cargo" "+nightly-2024-10-28" "metadata" "--manifest-path" "Cargo.toml" "--no-deps", kill_on_drop: false }`
[INFO] started tweaking crates.io crate jwt2 0.1.0-alpha.0
[INFO] finished tweaking crates.io crate jwt2 0.1.0-alpha.0
[INFO] tweaked toml for crates.io crate jwt2 0.1.0-alpha.0 written to /workspace/builds/worker-6-tc2/source/Cargo.toml
[INFO] running `Command { std: CARGO_HOME="/workspace/cargo-home" RUSTUP_HOME="/workspace/rustup-home" "/workspace/cargo-home/bin/cargo" "+nightly-2024-10-28" "generate-lockfile" "--manifest-path" "Cargo.toml", kill_on_drop: false }`
[INFO] [stderr]     Updating crates.io index
[INFO] [stderr]      Locking 64 packages to latest compatible versions
[INFO] running `Command { std: CARGO_HOME="/workspace/cargo-home" RUSTUP_HOME="/workspace/rustup-home" "/workspace/cargo-home/bin/cargo" "+nightly-2024-10-28" "fetch" "--manifest-path" "Cargo.toml", kill_on_drop: false }`
[INFO] running `Command { std: "docker" "create" "-v" "/var/lib/crater-agent-workspace/builds/worker-6-tc2/target:/opt/rustwide/target:rw,Z" "-v" "/var/lib/crater-agent-workspace/builds/worker-6-tc2/source:/opt/rustwide/workdir:ro,Z" "-v" "/var/lib/crater-agent-workspace/cargo-home:/opt/rustwide/cargo-home:ro,Z" "-v" "/var/lib/crater-agent-workspace/rustup-home:/opt/rustwide/rustup-home:ro,Z" "-e" "SOURCE_DIR=/opt/rustwide/workdir" "-e" "CARGO_TARGET_DIR=/opt/rustwide/target" "-e" "CARGO_HOME=/opt/rustwide/cargo-home" "-e" "RUSTUP_HOME=/opt/rustwide/rustup-home" "-w" "/opt/rustwide/workdir" "-m" "1610612736" "--user" "0:0" "--network" "none" "ghcr.io/rust-lang/crates-build-env/linux@sha256:4a844ea9eb2546a2d2c7022eacef16ef2e8229c7fbb2c7d4d55a9ceca922f72d" "/opt/rustwide/cargo-home/bin/cargo" "+nightly-2024-10-28" "metadata" "--no-deps" "--format-version=1", kill_on_drop: false }`
[INFO] [stdout] 9715c84cdea096e1986b014bbc1d83badc5360e69b62f3c30652cc31d832767a
[INFO] running `Command { std: "docker" "start" "-a" "9715c84cdea096e1986b014bbc1d83badc5360e69b62f3c30652cc31d832767a", kill_on_drop: false }`
[INFO] running `Command { std: "docker" "inspect" "9715c84cdea096e1986b014bbc1d83badc5360e69b62f3c30652cc31d832767a", kill_on_drop: false }`
[INFO] running `Command { std: "docker" "rm" "-f" "9715c84cdea096e1986b014bbc1d83badc5360e69b62f3c30652cc31d832767a", kill_on_drop: false }`
[INFO] [stdout] 9715c84cdea096e1986b014bbc1d83badc5360e69b62f3c30652cc31d832767a
[INFO] running `Command { std: "docker" "create" "-v" "/var/lib/crater-agent-workspace/builds/worker-6-tc2/target:/opt/rustwide/target:rw,Z" "-v" "/var/lib/crater-agent-workspace/builds/worker-6-tc2/source:/opt/rustwide/workdir:ro,Z" "-v" "/var/lib/crater-agent-workspace/cargo-home:/opt/rustwide/cargo-home:ro,Z" "-v" "/var/lib/crater-agent-workspace/rustup-home:/opt/rustwide/rustup-home:ro,Z" "-e" "SOURCE_DIR=/opt/rustwide/workdir" "-e" "CARGO_TARGET_DIR=/opt/rustwide/target" "-e" "CARGO_INCREMENTAL=0" "-e" "RUST_BACKTRACE=full" "-e" "RUSTFLAGS=--cap-lints=forbid -Zrandomize-layout" "-e" "RUSTDOCFLAGS=--cap-lints=forbid" "-e" "CARGO_HOME=/opt/rustwide/cargo-home" "-e" "RUSTUP_HOME=/opt/rustwide/rustup-home" "-w" "/opt/rustwide/workdir" "-m" "1610612736" "--user" "0:0" "--network" "none" "ghcr.io/rust-lang/crates-build-env/linux@sha256:4a844ea9eb2546a2d2c7022eacef16ef2e8229c7fbb2c7d4d55a9ceca922f72d" "/opt/rustwide/cargo-home/bin/cargo" "+nightly-2024-10-28" "build" "--frozen" "--message-format=json", kill_on_drop: false }`
[INFO] [stdout] d8657377a654bf4dfd9043538a7856e284d26e130f91889ce11b68f7dbd522f6
[INFO] running `Command { std: "docker" "start" "-a" "d8657377a654bf4dfd9043538a7856e284d26e130f91889ce11b68f7dbd522f6", kill_on_drop: false }`
[INFO] [stderr]    Compiling base64ct v1.6.0
[INFO] [stderr]    Compiling jwt2 v0.1.0-alpha.0 (/opt/rustwide/workdir)
[INFO] [stdout] warning: unused variable: `value`
[INFO] [stdout]   --> src/util.rs:36:29
[INFO] [stdout]    |
[INFO] [stdout] 36 |                   fn from_str(value: &str) -> Result<Self, Self::Err> {
[INFO] [stdout]    |                               ^^^^^ help: if this is intentional, prefix it with an underscore: `_value`
[INFO] [stdout]    |
[INFO] [stdout]   ::: src/sign.rs:28:1
[INFO] [stdout]    |
[INFO] [stdout] 28 | / algorithms_decl!(
[INFO] [stdout] 29 | |     /// Signing algorithms supported by `jwt2`.
[INFO] [stdout] 30 | |     ///
[INFO] [stdout] 31 | |     /// The list of algorithms supported is non-exhaustive, but should endeavour to be
[INFO] [stdout] ...  |
[INFO] [stdout] 93 | |     }*/
[INFO] [stdout] 94 | | );
[INFO] [stdout]    | |_- in this macro invocation
[INFO] [stdout]    |
[INFO] [stdout]    = note: `#[warn(unused_variables)]` on by default
[INFO] [stdout]    = note: this warning originates in the macro `algorithms_decl` (in Nightly builds, run with -Z macro-backtrace for more info)
[INFO] [stdout] 
[INFO] [stdout] 
[INFO] [stdout] warning: unused variable: `ser`
[INFO] [stdout]   --> src/util.rs:62:40
[INFO] [stdout]    |
[INFO] [stdout] 62 |                   fn serialize<S>(&self, ser: S) -> Result<S::Ok, S::Error>
[INFO] [stdout]    |                                          ^^^ help: if this is intentional, prefix it with an underscore: `_ser`
[INFO] [stdout]    |
[INFO] [stdout]   ::: src/sign.rs:28:1
[INFO] [stdout]    |
[INFO] [stdout] 28 | / algorithms_decl!(
[INFO] [stdout] 29 | |     /// Signing algorithms supported by `jwt2`.
[INFO] [stdout] 30 | |     ///
[INFO] [stdout] 31 | |     /// The list of algorithms supported is non-exhaustive, but should endeavour to be
[INFO] [stdout] ...  |
[INFO] [stdout] 93 | |     }*/
[INFO] [stdout] 94 | | );
[INFO] [stdout]    | |_- in this macro invocation
[INFO] [stdout]    |
[INFO] [stdout]    = note: this warning originates in the macro `algorithms_decl` (in Nightly builds, run with -Z macro-backtrace for more info)
[INFO] [stdout] 
[INFO] [stdout] 
[INFO] [stdout] warning: function `to_byte_vec` is never used
[INFO] [stdout]    --> src/util.rs:113:15
[INFO] [stdout]     |
[INFO] [stdout] 113 | pub(crate) fn to_byte_vec(r: &[u8]) -> Vec<u8> {
[INFO] [stdout]     |               ^^^^^^^^^^^
[INFO] [stdout]     |
[INFO] [stdout]     = note: `#[warn(dead_code)]` on by default
[INFO] [stdout] 
[INFO] [stdout] 
[INFO] [stderr]     Finished `dev` profile [unoptimized + debuginfo] target(s) in 0.61s
[INFO] running `Command { std: "docker" "inspect" "d8657377a654bf4dfd9043538a7856e284d26e130f91889ce11b68f7dbd522f6", kill_on_drop: false }`
[INFO] running `Command { std: "docker" "rm" "-f" "d8657377a654bf4dfd9043538a7856e284d26e130f91889ce11b68f7dbd522f6", kill_on_drop: false }`
[INFO] [stdout] d8657377a654bf4dfd9043538a7856e284d26e130f91889ce11b68f7dbd522f6
[INFO] running `Command { std: "docker" "create" "-v" "/var/lib/crater-agent-workspace/builds/worker-6-tc2/target:/opt/rustwide/target:rw,Z" "-v" "/var/lib/crater-agent-workspace/builds/worker-6-tc2/source:/opt/rustwide/workdir:ro,Z" "-v" "/var/lib/crater-agent-workspace/cargo-home:/opt/rustwide/cargo-home:ro,Z" "-v" "/var/lib/crater-agent-workspace/rustup-home:/opt/rustwide/rustup-home:ro,Z" "-e" "SOURCE_DIR=/opt/rustwide/workdir" "-e" "CARGO_TARGET_DIR=/opt/rustwide/target" "-e" "CARGO_INCREMENTAL=0" "-e" "RUST_BACKTRACE=full" "-e" "RUSTFLAGS=--cap-lints=forbid -Zrandomize-layout" "-e" "RUSTDOCFLAGS=--cap-lints=forbid" "-e" "CARGO_HOME=/opt/rustwide/cargo-home" "-e" "RUSTUP_HOME=/opt/rustwide/rustup-home" "-w" "/opt/rustwide/workdir" "-m" "1610612736" "--user" "0:0" "--network" "none" "ghcr.io/rust-lang/crates-build-env/linux@sha256:4a844ea9eb2546a2d2c7022eacef16ef2e8229c7fbb2c7d4d55a9ceca922f72d" "/opt/rustwide/cargo-home/bin/cargo" "+nightly-2024-10-28" "test" "--frozen" "--no-run" "--message-format=json", kill_on_drop: false }`
[INFO] [stdout] 4167798c8ea5c38d6f59714bdae5a6e2ffc80c57eba7072aea31f3e83027916d
[INFO] running `Command { std: "docker" "start" "-a" "4167798c8ea5c38d6f59714bdae5a6e2ffc80c57eba7072aea31f3e83027916d", kill_on_drop: false }`
[INFO] [stdout] warning: unused variable: `value`
[INFO] [stdout]   --> src/util.rs:36:29
[INFO] [stdout]    |
[INFO] [stdout] 36 |                   fn from_str(value: &str) -> Result<Self, Self::Err> {
[INFO] [stdout]    |                               ^^^^^ help: if this is intentional, prefix it with an underscore: `_value`
[INFO] [stdout]    |
[INFO] [stdout]   ::: src/sign.rs:28:1
[INFO] [stdout]    |
[INFO] [stdout] 28 | / algorithms_decl!(
[INFO] [stdout] 29 | |     /// Signing algorithms supported by `jwt2`.
[INFO] [stdout] 30 | |     ///
[INFO] [stdout] 31 | |     /// The list of algorithms supported is non-exhaustive, but should endeavour to be
[INFO] [stdout] ...  |
[INFO] [stdout] 93 | |     }*/
[INFO] [stdout] 94 | | );
[INFO] [stdout]    | |_- in this macro invocation
[INFO] [stdout]    |
[INFO] [stdout]    = note: `#[warn(unused_variables)]` on by default
[INFO] [stdout]    = note: this warning originates in the macro `algorithms_decl` (in Nightly builds, run with -Z macro-backtrace for more info)
[INFO] [stdout] 
[INFO] [stdout] 
[INFO] [stderr]    Compiling jwt2 v0.1.0-alpha.0 (/opt/rustwide/workdir)
[INFO] [stdout] warning: unused variable: `ser`
[INFO] [stdout]   --> src/util.rs:62:40
[INFO] [stdout]    |
[INFO] [stdout] 62 |                   fn serialize<S>(&self, ser: S) -> Result<S::Ok, S::Error>
[INFO] [stdout]    |                                          ^^^ help: if this is intentional, prefix it with an underscore: `_ser`
[INFO] [stdout]    |
[INFO] [stdout]   ::: src/sign.rs:28:1
[INFO] [stdout]    |
[INFO] [stdout] 28 | / algorithms_decl!(
[INFO] [stdout] 29 | |     /// Signing algorithms supported by `jwt2`.
[INFO] [stdout] 30 | |     ///
[INFO] [stdout] 31 | |     /// The list of algorithms supported is non-exhaustive, but should endeavour to be
[INFO] [stdout] ...  |
[INFO] [stdout] 93 | |     }*/
[INFO] [stdout] 94 | | );
[INFO] [stdout]    | |_- in this macro invocation
[INFO] [stdout]    |
[INFO] [stdout]    = note: this warning originates in the macro `algorithms_decl` (in Nightly builds, run with -Z macro-backtrace for more info)
[INFO] [stdout] 
[INFO] [stdout] 
[INFO] [stdout] warning: function `to_byte_vec` is never used
[INFO] [stdout]    --> src/util.rs:113:15
[INFO] [stdout]     |
[INFO] [stdout] 113 | pub(crate) fn to_byte_vec(r: &[u8]) -> Vec<u8> {
[INFO] [stdout]     |               ^^^^^^^^^^^
[INFO] [stdout]     |
[INFO] [stdout]     = note: `#[warn(dead_code)]` on by default
[INFO] [stdout] 
[INFO] [stdout] 
[INFO] [stdout] warning: unused import: `sign::SigningAlgorithm`
[INFO] [stdout]    --> src/header.rs:138:13
[INFO] [stdout]     |
[INFO] [stdout] 138 |         use sign::SigningAlgorithm;
[INFO] [stdout]     |             ^^^^^^^^^^^^^^^^^^^^^^
[INFO] [stdout]     |
[INFO] [stdout]     = note: `#[warn(unused_imports)]` on by default
[INFO] [stdout] 
[INFO] [stdout] 
[INFO] [stdout] warning: unused variable: `value`
[INFO] [stdout]   --> src/util.rs:36:29
[INFO] [stdout]    |
[INFO] [stdout] 36 |                   fn from_str(value: &str) -> Result<Self, Self::Err> {
[INFO] [stdout]    |                               ^^^^^ help: if this is intentional, prefix it with an underscore: `_value`
[INFO] [stdout]    |
[INFO] [stdout]   ::: src/sign.rs:28:1
[INFO] [stdout]    |
[INFO] [stdout] 28 | / algorithms_decl!(
[INFO] [stdout] 29 | |     /// Signing algorithms supported by `jwt2`.
[INFO] [stdout] 30 | |     ///
[INFO] [stdout] 31 | |     /// The list of algorithms supported is non-exhaustive, but should endeavour to be
[INFO] [stdout] ...  |
[INFO] [stdout] 93 | |     }*/
[INFO] [stdout] 94 | | );
[INFO] [stdout]    | |_- in this macro invocation
[INFO] [stdout]    |
[INFO] [stdout]    = note: `#[warn(unused_variables)]` on by default
[INFO] [stdout]    = note: this warning originates in the macro `algorithms_decl` (in Nightly builds, run with -Z macro-backtrace for more info)
[INFO] [stdout] 
[INFO] [stdout] 
[INFO] [stdout] warning: unused variable: `ser`
[INFO] [stdout]   --> src/util.rs:62:40
[INFO] [stdout]    |
[INFO] [stdout] 62 |                   fn serialize<S>(&self, ser: S) -> Result<S::Ok, S::Error>
[INFO] [stdout]    |                                          ^^^ help: if this is intentional, prefix it with an underscore: `_ser`
[INFO] [stdout]    |
[INFO] [stdout]   ::: src/sign.rs:28:1
[INFO] [stdout]    |
[INFO] [stdout] 28 | / algorithms_decl!(
[INFO] [stdout] 29 | |     /// Signing algorithms supported by `jwt2`.
[INFO] [stdout] 30 | |     ///
[INFO] [stdout] 31 | |     /// The list of algorithms supported is non-exhaustive, but should endeavour to be
[INFO] [stdout] ...  |
[INFO] [stdout] 93 | |     }*/
[INFO] [stdout] 94 | | );
[INFO] [stdout]    | |_- in this macro invocation
[INFO] [stdout]    |
[INFO] [stdout]    = note: this warning originates in the macro `algorithms_decl` (in Nightly builds, run with -Z macro-backtrace for more info)
[INFO] [stdout] 
[INFO] [stdout] 
[INFO] [stdout] warning: function `to_byte_vec` is never used
[INFO] [stdout]    --> src/util.rs:113:15
[INFO] [stdout]     |
[INFO] [stdout] 113 | pub(crate) fn to_byte_vec(r: &[u8]) -> Vec<u8> {
[INFO] [stdout]     |               ^^^^^^^^^^^
[INFO] [stdout]     |
[INFO] [stdout]     = note: `#[warn(dead_code)]` on by default
[INFO] [stdout] 
[INFO] [stdout] 
[INFO] [stderr]     Finished `test` profile [unoptimized + debuginfo] target(s) in 0.46s
[INFO] running `Command { std: "docker" "inspect" "4167798c8ea5c38d6f59714bdae5a6e2ffc80c57eba7072aea31f3e83027916d", kill_on_drop: false }`
[INFO] running `Command { std: "docker" "rm" "-f" "4167798c8ea5c38d6f59714bdae5a6e2ffc80c57eba7072aea31f3e83027916d", kill_on_drop: false }`
[INFO] [stdout] 4167798c8ea5c38d6f59714bdae5a6e2ffc80c57eba7072aea31f3e83027916d
[INFO] running `Command { std: "docker" "create" "-v" "/var/lib/crater-agent-workspace/builds/worker-6-tc2/target:/opt/rustwide/target:rw,Z" "-v" "/var/lib/crater-agent-workspace/builds/worker-6-tc2/source:/opt/rustwide/workdir:ro,Z" "-v" "/var/lib/crater-agent-workspace/cargo-home:/opt/rustwide/cargo-home:ro,Z" "-v" "/var/lib/crater-agent-workspace/rustup-home:/opt/rustwide/rustup-home:ro,Z" "-e" "SOURCE_DIR=/opt/rustwide/workdir" "-e" "CARGO_TARGET_DIR=/opt/rustwide/target" "-e" "CARGO_INCREMENTAL=0" "-e" "RUST_BACKTRACE=full" "-e" "RUSTFLAGS=--cap-lints=forbid -Zrandomize-layout" "-e" "RUSTDOCFLAGS=--cap-lints=forbid" "-e" "CARGO_HOME=/opt/rustwide/cargo-home" "-e" "RUSTUP_HOME=/opt/rustwide/rustup-home" "-w" "/opt/rustwide/workdir" "-m" "1610612736" "--user" "0:0" "--network" "none" "ghcr.io/rust-lang/crates-build-env/linux@sha256:4a844ea9eb2546a2d2c7022eacef16ef2e8229c7fbb2c7d4d55a9ceca922f72d" "/opt/rustwide/cargo-home/bin/cargo" "+nightly-2024-10-28" "test" "--frozen", kill_on_drop: false }`
[INFO] [stdout] f2e2c6bc858994891fa7fb6c6166eeaf446dd8c5cb21fa0d7a0fb1625cbea47d
[INFO] running `Command { std: "docker" "start" "-a" "f2e2c6bc858994891fa7fb6c6166eeaf446dd8c5cb21fa0d7a0fb1625cbea47d", kill_on_drop: false }`
[INFO] [stderr] warning: unused variable: `value`
[INFO] [stderr]   --> src/util.rs:36:29
[INFO] [stderr]    |
[INFO] [stderr] 36 |                   fn from_str(value: &str) -> Result<Self, Self::Err> {
[INFO] [stderr]    |                               ^^^^^ help: if this is intentional, prefix it with an underscore: `_value`
[INFO] [stderr]    |
[INFO] [stderr]   ::: src/sign.rs:28:1
[INFO] [stderr]    |
[INFO] [stderr] 28 | / algorithms_decl!(
[INFO] [stderr] 29 | |     /// Signing algorithms supported by `jwt2`.
[INFO] [stderr] 30 | |     ///
[INFO] [stderr] 31 | |     /// The list of algorithms supported is non-exhaustive, but should endeavour to be
[INFO] [stderr] ...  |
[INFO] [stderr] 93 | |     }*/
[INFO] [stderr] 94 | | );
[INFO] [stderr]    | |_- in this macro invocation
[INFO] [stderr]    |
[INFO] [stderr]    = note: `#[warn(unused_variables)]` on by default
[INFO] [stderr]    = note: this warning originates in the macro `algorithms_decl` (in Nightly builds, run with -Z macro-backtrace for more info)
[INFO] [stderr] 
[INFO] [stderr] warning: unused variable: `ser`
[INFO] [stderr]   --> src/util.rs:62:40
[INFO] [stderr]    |
[INFO] [stderr] 62 |                   fn serialize<S>(&self, ser: S) -> Result<S::Ok, S::Error>
[INFO] [stderr]    |                                          ^^^ help: if this is intentional, prefix it with an underscore: `_ser`
[INFO] [stderr]    |
[INFO] [stderr]   ::: src/sign.rs:28:1
[INFO] [stderr]    |
[INFO] [stderr] 28 | / algorithms_decl!(
[INFO] [stderr] 29 | |     /// Signing algorithms supported by `jwt2`.
[INFO] [stderr] 30 | |     ///
[INFO] [stderr] 31 | |     /// The list of algorithms supported is non-exhaustive, but should endeavour to be
[INFO] [stderr] ...  |
[INFO] [stderr] 93 | |     }*/
[INFO] [stderr] 94 | | );
[INFO] [stderr]    | |_- in this macro invocation
[INFO] [stderr]    |
[INFO] [stderr]    = note: this warning originates in the macro `algorithms_decl` (in Nightly builds, run with -Z macro-backtrace for more info)
[INFO] [stderr] 
[INFO] [stderr] warning: function `to_byte_vec` is never used
[INFO] [stderr]    --> src/util.rs:113:15
[INFO] [stderr]     |
[INFO] [stderr] 113 | pub(crate) fn to_byte_vec(r: &[u8]) -> Vec<u8> {
[INFO] [stderr]     |               ^^^^^^^^^^^
[INFO] [stderr]     |
[INFO] [stderr]     = note: `#[warn(dead_code)]` on by default
[INFO] [stderr] 
[INFO] [stderr] warning: unused import: `sign::SigningAlgorithm`
[INFO] [stderr]    --> src/header.rs:138:13
[INFO] [stderr]     |
[INFO] [stderr] 138 |         use sign::SigningAlgorithm;
[INFO] [stderr]     |             ^^^^^^^^^^^^^^^^^^^^^^
[INFO] [stderr]     |
[INFO] [stderr]     = note: `#[warn(unused_imports)]` on by default
[INFO] [stderr] 
[INFO] [stderr] warning: `jwt2` (lib) generated 3 warnings
[INFO] [stderr] warning: `jwt2` (lib test) generated 4 warnings (3 duplicates) (run `cargo fix --lib -p jwt2 --tests` to apply 1 suggestion)
[INFO] [stderr]     Finished `test` profile [unoptimized + debuginfo] target(s) in 0.03s
[INFO] [stderr]      Running unittests src/lib.rs (/opt/rustwide/target/debug/deps/jwt2-9a1a33893779384a)
[INFO] [stdout] 
[INFO] [stdout] running 3 tests
[INFO] [stdout] test header::tests::alg_value ... ok
[INFO] [stdout] test repr::tests::rfc7515_a1_encoding_payload ... ok
[INFO] [stdout] test repr::tests::rfc7515_a1_encoding_header ... ok
[INFO] [stdout] 
[INFO] [stdout] test result: ok. 3 passed; 0 failed; 0 ignored; 0 measured; 0 filtered out; finished in 0.01s
[INFO] [stdout] 
[INFO] [stderr]    Doc-tests jwt2
[INFO] [stdout] 
[INFO] [stdout] running 4 tests
[INFO] [stdout] test src/sign.rs - sign::JwsSigner (line 135) ... FAILED
[INFO] [stdout] test src/sign.rs - sign::JwsVerifier (line 101) ... FAILED
[INFO] [stdout] test src/repr.rs - repr::decode_value_from_base64url (line 52) ... ok
[INFO] [stdout] test src/repr.rs - repr::encode_value_as_base64url (line 36) ... ok
[INFO] [stdout] 
[INFO] [stdout] failures:
[INFO] [stdout] 
[INFO] [stdout] ---- src/sign.rs - sign::JwsSigner (line 135) stdout ----
[INFO] [stdout] error[E0432]: unresolved import `jwt2::sign::hmac_sha2`
[INFO] [stdout]  --> src/sign.rs:138:17
[INFO] [stdout]   |
[INFO] [stdout] 6 | use jwt2::sign::hmac_sha2::HS256;
[INFO] [stdout]   |                 ^^^^^^^^^ could not find `hmac_sha2` in `sign`
[INFO] [stdout]   |
[INFO] [stdout] note: found an item that was configured out
[INFO] [stdout]  --> /opt/rustwide/workdir/src/sign.rs:4:9
[INFO] [stdout]   |
[INFO] [stdout] 4 | pub mod hmac_sha2;
[INFO] [stdout]   |         ^^^^^^^^^
[INFO] [stdout] note: the item is gated behind the `hmac-sha2` feature
[INFO] [stdout]  --> /opt/rustwide/workdir/src/sign.rs:1:7
[INFO] [stdout]   |
[INFO] [stdout] 1 | #[cfg(feature = "hmac-sha2")]
[INFO] [stdout]   |       ^^^^^^^^^^^^^^^^^^^^^
[INFO] [stdout] 
[INFO] [stdout] error: aborting due to 1 previous error
[INFO] [stdout] 
[INFO] [stdout] For more information about this error, try `rustc --explain E0432`.
[INFO] [stdout] Couldn't compile the test.
[INFO] [stdout] ---- src/sign.rs - sign::JwsVerifier (line 101) stdout ----
[INFO] [stdout] error[E0432]: unresolved import `jwt2::sign::hmac_sha2`
[INFO] [stdout]  --> src/sign.rs:104:17
[INFO] [stdout]   |
[INFO] [stdout] 6 | use jwt2::sign::hmac_sha2::HS256;
[INFO] [stdout]   |                 ^^^^^^^^^ could not find `hmac_sha2` in `sign`
[INFO] [stdout]   |
[INFO] [stdout] note: found an item that was configured out
[INFO] [stdout]  --> /opt/rustwide/workdir/src/sign.rs:4:9
[INFO] [stdout]   |
[INFO] [stdout] 4 | pub mod hmac_sha2;
[INFO] [stdout]   |         ^^^^^^^^^
[INFO] [stdout] note: the item is gated behind the `hmac-sha2` feature
[INFO] [stdout]  --> /opt/rustwide/workdir/src/sign.rs:1:7
[INFO] [stdout]   |
[INFO] [stdout] 1 | #[cfg(feature = "hmac-sha2")]
[INFO] [stdout]   |       ^^^^^^^^^^^^^^^^^^^^^
[INFO] [stdout] 
[INFO] [stdout] error: aborting due to 1 previous error
[INFO] [stdout] 
[INFO] [stdout] For more information about this error, try `rustc --explain E0432`.
[INFO] [stdout] Couldn't compile the test.
[INFO] [stdout] 
[INFO] [stdout] failures:
[INFO] [stdout]     src/sign.rs - sign::JwsSigner (line 135)
[INFO] [stdout]     src/sign.rs - sign::JwsVerifier (line 101)
[INFO] [stdout] 
[INFO] [stdout] test result: FAILED. 2 passed; 2 failed; 0 ignored; 0 measured; 0 filtered out; finished in 0.24s
[INFO] [stdout] 
[INFO] [stderr] error: doctest failed, to rerun pass `--doc`
[INFO] running `Command { std: "docker" "inspect" "f2e2c6bc858994891fa7fb6c6166eeaf446dd8c5cb21fa0d7a0fb1625cbea47d", kill_on_drop: false }`
[INFO] running `Command { std: "docker" "rm" "-f" "f2e2c6bc858994891fa7fb6c6166eeaf446dd8c5cb21fa0d7a0fb1625cbea47d", kill_on_drop: false }`
[INFO] [stdout] f2e2c6bc858994891fa7fb6c6166eeaf446dd8c5cb21fa0d7a0fb1625cbea47d
