[INFO] fetching crate jsonrpc-derive 18.0.0...
[INFO] testing jsonrpc-derive-18.0.0 against nightly-2024-10-28+rustflags=-Zrandomize-layout for randomize-layout
[INFO] extracting crate jsonrpc-derive 18.0.0 into /workspace/builds/worker-2-tc2/source
[INFO] validating manifest of crates.io crate jsonrpc-derive 18.0.0 on toolchain nightly-2024-10-28
[INFO] running `Command { std: CARGO_HOME="/workspace/cargo-home" RUSTUP_HOME="/workspace/rustup-home" "/workspace/cargo-home/bin/cargo" "+nightly-2024-10-28" "metadata" "--manifest-path" "Cargo.toml" "--no-deps", kill_on_drop: false }`
[INFO] started tweaking crates.io crate jsonrpc-derive 18.0.0
[INFO] finished tweaking crates.io crate jsonrpc-derive 18.0.0
[INFO] tweaked toml for crates.io crate jsonrpc-derive 18.0.0 written to /workspace/builds/worker-2-tc2/source/Cargo.toml
[INFO] crate crates.io crate jsonrpc-derive 18.0.0 already has a lockfile, it will not be regenerated
[INFO] running `Command { std: CARGO_HOME="/workspace/cargo-home" RUSTUP_HOME="/workspace/rustup-home" "/workspace/cargo-home/bin/cargo" "+nightly-2024-10-28" "fetch" "--manifest-path" "Cargo.toml", kill_on_drop: false }`
[INFO] running `Command { std: "docker" "create" "-v" "/var/lib/crater-agent-workspace/builds/worker-2-tc2/target:/opt/rustwide/target:rw,Z" "-v" "/var/lib/crater-agent-workspace/builds/worker-2-tc2/source:/opt/rustwide/workdir:ro,Z" "-v" "/var/lib/crater-agent-workspace/cargo-home:/opt/rustwide/cargo-home:ro,Z" "-v" "/var/lib/crater-agent-workspace/rustup-home:/opt/rustwide/rustup-home:ro,Z" "-e" "SOURCE_DIR=/opt/rustwide/workdir" "-e" "CARGO_TARGET_DIR=/opt/rustwide/target" "-e" "CARGO_HOME=/opt/rustwide/cargo-home" "-e" "RUSTUP_HOME=/opt/rustwide/rustup-home" "-w" "/opt/rustwide/workdir" "-m" "1610612736" "--user" "0:0" "--network" "none" "ghcr.io/rust-lang/crates-build-env/linux@sha256:4a844ea9eb2546a2d2c7022eacef16ef2e8229c7fbb2c7d4d55a9ceca922f72d" "/opt/rustwide/cargo-home/bin/cargo" "+nightly-2024-10-28" "metadata" "--no-deps" "--format-version=1", kill_on_drop: false }`
[INFO] [stdout] 15d766904dd8b239bc218681aed85724c04e10b810a4dfca4dc1c1099f29820c
[INFO] running `Command { std: "docker" "start" "-a" "15d766904dd8b239bc218681aed85724c04e10b810a4dfca4dc1c1099f29820c", kill_on_drop: false }`
[INFO] running `Command { std: "docker" "inspect" "15d766904dd8b239bc218681aed85724c04e10b810a4dfca4dc1c1099f29820c", kill_on_drop: false }`
[INFO] running `Command { std: "docker" "rm" "-f" "15d766904dd8b239bc218681aed85724c04e10b810a4dfca4dc1c1099f29820c", kill_on_drop: false }`
[INFO] [stdout] 15d766904dd8b239bc218681aed85724c04e10b810a4dfca4dc1c1099f29820c
[INFO] running `Command { std: "docker" "create" "-v" "/var/lib/crater-agent-workspace/builds/worker-2-tc2/target:/opt/rustwide/target:rw,Z" "-v" "/var/lib/crater-agent-workspace/builds/worker-2-tc2/source:/opt/rustwide/workdir:ro,Z" "-v" "/var/lib/crater-agent-workspace/cargo-home:/opt/rustwide/cargo-home:ro,Z" "-v" "/var/lib/crater-agent-workspace/rustup-home:/opt/rustwide/rustup-home:ro,Z" "-e" "SOURCE_DIR=/opt/rustwide/workdir" "-e" "CARGO_TARGET_DIR=/opt/rustwide/target" "-e" "CARGO_INCREMENTAL=0" "-e" "RUST_BACKTRACE=full" "-e" "RUSTFLAGS=--cap-lints=forbid -Zrandomize-layout" "-e" "RUSTDOCFLAGS=--cap-lints=forbid" "-e" "CARGO_HOME=/opt/rustwide/cargo-home" "-e" "RUSTUP_HOME=/opt/rustwide/rustup-home" "-w" "/opt/rustwide/workdir" "-m" "1610612736" "--user" "0:0" "--network" "none" "ghcr.io/rust-lang/crates-build-env/linux@sha256:4a844ea9eb2546a2d2c7022eacef16ef2e8229c7fbb2c7d4d55a9ceca922f72d" "/opt/rustwide/cargo-home/bin/cargo" "+nightly-2024-10-28" "build" "--frozen" "--message-format=json", kill_on_drop: false }`
[INFO] [stdout] 786b6adcccd486f1ad14a7087de2f6fcb12f8e384d971b2c2ddb067e2c43b1f2
[INFO] running `Command { std: "docker" "start" "-a" "786b6adcccd486f1ad14a7087de2f6fcb12f8e384d971b2c2ddb067e2c43b1f2", kill_on_drop: false }`
[INFO] [stderr]    Compiling proc-macro2 v1.0.27
[INFO] [stderr]    Compiling unicode-xid v0.2.2
[INFO] [stderr]    Compiling syn v1.0.73
[INFO] [stderr]    Compiling serde_derive v1.0.126
[INFO] [stderr]    Compiling serde v1.0.126
[INFO] [stderr]    Compiling quote v1.0.9
[INFO] [stderr]    Compiling toml v0.5.8
[INFO] [stderr]    Compiling proc-macro-crate v0.1.5
[INFO] [stderr]    Compiling jsonrpc-derive v18.0.0 (/opt/rustwide/workdir)
[INFO] [stderr]     Finished `dev` profile [unoptimized + debuginfo] target(s) in 8.73s
[INFO] running `Command { std: "docker" "inspect" "786b6adcccd486f1ad14a7087de2f6fcb12f8e384d971b2c2ddb067e2c43b1f2", kill_on_drop: false }`
[INFO] running `Command { std: "docker" "rm" "-f" "786b6adcccd486f1ad14a7087de2f6fcb12f8e384d971b2c2ddb067e2c43b1f2", kill_on_drop: false }`
[INFO] [stdout] 786b6adcccd486f1ad14a7087de2f6fcb12f8e384d971b2c2ddb067e2c43b1f2
[INFO] running `Command { std: "docker" "create" "-v" "/var/lib/crater-agent-workspace/builds/worker-2-tc2/target:/opt/rustwide/target:rw,Z" "-v" "/var/lib/crater-agent-workspace/builds/worker-2-tc2/source:/opt/rustwide/workdir:ro,Z" "-v" "/var/lib/crater-agent-workspace/cargo-home:/opt/rustwide/cargo-home:ro,Z" "-v" "/var/lib/crater-agent-workspace/rustup-home:/opt/rustwide/rustup-home:ro,Z" "-e" "SOURCE_DIR=/opt/rustwide/workdir" "-e" "CARGO_TARGET_DIR=/opt/rustwide/target" "-e" "CARGO_INCREMENTAL=0" "-e" "RUST_BACKTRACE=full" "-e" "RUSTFLAGS=--cap-lints=forbid -Zrandomize-layout" "-e" "RUSTDOCFLAGS=--cap-lints=forbid" "-e" "CARGO_HOME=/opt/rustwide/cargo-home" "-e" "RUSTUP_HOME=/opt/rustwide/rustup-home" "-w" "/opt/rustwide/workdir" "-m" "1610612736" "--user" "0:0" "--network" "none" "ghcr.io/rust-lang/crates-build-env/linux@sha256:4a844ea9eb2546a2d2c7022eacef16ef2e8229c7fbb2c7d4d55a9ceca922f72d" "/opt/rustwide/cargo-home/bin/cargo" "+nightly-2024-10-28" "test" "--frozen" "--no-run" "--message-format=json", kill_on_drop: false }`
[INFO] [stdout] 07a03ab371e2256f382441a170d6521a6faeb8d73e152db563829751624c3231
[INFO] running `Command { std: "docker" "start" "-a" "07a03ab371e2256f382441a170d6521a6faeb8d73e152db563829751624c3231", kill_on_drop: false }`
[INFO] [stderr]    Compiling proc-macro2 v1.0.27
[INFO] [stderr]    Compiling unicode-xid v0.2.2
[INFO] [stderr]    Compiling libc v0.2.98
[INFO] [stderr]    Compiling autocfg v1.0.1
[INFO] [stderr]    Compiling memchr v2.4.0
[INFO] [stderr]    Compiling futures-core v0.3.15
[INFO] [stderr]    Compiling log v0.4.14
[INFO] [stderr]    Compiling pin-project-lite v0.2.7
[INFO] [stderr]    Compiling proc-macro-hack v0.5.19
[INFO] [stderr]    Compiling syn v1.0.73
[INFO] [stderr]    Compiling serde v1.0.126
[INFO] [stderr]    Compiling futures-sink v0.3.15
[INFO] [stderr]    Compiling proc-macro-nested v0.1.7
[INFO] [stderr]    Compiling futures-task v0.3.15
[INFO] [stderr]    Compiling futures-channel v0.3.15
[INFO] [stderr]    Compiling ryu v1.0.5
[INFO] [stderr]    Compiling serde_json v1.0.64
[INFO] [stderr]    Compiling slab v0.4.3
[INFO] [stderr]    Compiling futures-io v0.3.15
[INFO] [stderr]    Compiling futures v0.1.31
[INFO] [stderr]    Compiling itoa v0.4.7
[INFO] [stderr]    Compiling getrandom v0.1.16
[INFO] [stderr]    Compiling instant v0.1.10
[INFO] [stderr]    Compiling scopeguard v1.1.0
[INFO] [stderr]    Compiling smallvec v1.6.1
[INFO] [stderr]    Compiling tinyvec_macros v0.1.0
[INFO] [stderr]    Compiling tinyvec v1.3.0
[INFO] [stderr]    Compiling lock_api v0.4.4
[INFO] [stderr]    Compiling version_check v0.9.3
[INFO] [stderr]    Compiling bytes v1.0.1
[INFO] [stderr]    Compiling ppv-lite86 v0.2.10
[INFO] [stderr]    Compiling unicode-bidi v0.3.5
[INFO] [stderr]    Compiling regex-syntax v0.6.25
[INFO] [stderr]    Compiling futures-macro v0.3.15
[INFO] [stderr]    Compiling futures-util v0.3.15
[INFO] [stderr]    Compiling tokio v1.8.2
[INFO] [stderr]    Compiling convert_case v0.4.0
[INFO] [stderr]    Compiling trybuild v1.0.42
[INFO] [stderr]    Compiling quote v1.0.9
[INFO] [stderr]    Compiling unicase v2.6.0
[INFO] [stderr]    Compiling aho-corasick v0.7.18
[INFO] [stderr]    Compiling bstr v0.2.16
[INFO] [stderr]    Compiling termcolor v1.1.2
[INFO] [stderr]    Compiling glob v0.3.0
[INFO] [stderr]    Compiling num_cpus v1.13.0
[INFO] [stderr]    Compiling mio v0.7.13
[INFO] [stderr]    Compiling parking_lot_core v0.8.3
[INFO] [stderr]    Compiling tower-service v0.3.1
[INFO] [stderr]    Compiling rand_core v0.5.1
[INFO] [stderr]    Compiling assert_matches v1.5.0
[INFO] [stderr]    Compiling parking_lot v0.11.1
[INFO] [stderr]    Compiling rand_chacha v0.2.2
[INFO] [stderr]    Compiling unicode-normalization v0.1.19
[INFO] [stderr]    Compiling rand v0.7.3
[INFO] [stderr]    Compiling regex v1.5.4
[INFO] [stderr]    Compiling idna v0.1.5
[INFO] [stderr]    Compiling url v1.7.2
[INFO] [stderr]    Compiling globset v0.4.8
[INFO] [stderr]    Compiling tokio-stream v0.1.7
[INFO] [stderr]    Compiling tokio-util v0.6.7
[INFO] [stderr]    Compiling serde_derive v1.0.126
[INFO] [stderr]    Compiling derive_more v0.99.16
[INFO] [stderr]    Compiling futures-executor v0.3.15
[INFO] [stderr]    Compiling futures v0.3.15
[INFO] [stderr]    Compiling toml v0.5.8
[INFO] [stderr]    Compiling jsonrpc-core v18.0.0
[INFO] [stderr]    Compiling proc-macro-crate v0.1.5
[INFO] [stderr]    Compiling jsonrpc-derive v18.0.0 (/opt/rustwide/workdir)
[INFO] [stderr]    Compiling jsonrpc-pubsub v18.0.0
[INFO] [stderr]    Compiling jsonrpc-server-utils v18.0.0
[INFO] [stderr]    Compiling jsonrpc-tcp-server v18.0.0
[INFO] [stderr]    Compiling jsonrpc-client-transports v18.0.0
[INFO] [stderr]    Compiling jsonrpc-core-client v18.0.0
[INFO] [stderr]     Finished `test` profile [unoptimized + debuginfo] target(s) in 10.75s
[INFO] running `Command { std: "docker" "inspect" "07a03ab371e2256f382441a170d6521a6faeb8d73e152db563829751624c3231", kill_on_drop: false }`
[INFO] running `Command { std: "docker" "rm" "-f" "07a03ab371e2256f382441a170d6521a6faeb8d73e152db563829751624c3231", kill_on_drop: false }`
[INFO] [stdout] 07a03ab371e2256f382441a170d6521a6faeb8d73e152db563829751624c3231
[INFO] running `Command { std: "docker" "create" "-v" "/var/lib/crater-agent-workspace/builds/worker-2-tc2/target:/opt/rustwide/target:rw,Z" "-v" "/var/lib/crater-agent-workspace/builds/worker-2-tc2/source:/opt/rustwide/workdir:ro,Z" "-v" "/var/lib/crater-agent-workspace/cargo-home:/opt/rustwide/cargo-home:ro,Z" "-v" "/var/lib/crater-agent-workspace/rustup-home:/opt/rustwide/rustup-home:ro,Z" "-e" "SOURCE_DIR=/opt/rustwide/workdir" "-e" "CARGO_TARGET_DIR=/opt/rustwide/target" "-e" "CARGO_INCREMENTAL=0" "-e" "RUST_BACKTRACE=full" "-e" "RUSTFLAGS=--cap-lints=forbid -Zrandomize-layout" "-e" "RUSTDOCFLAGS=--cap-lints=forbid" "-e" "CARGO_HOME=/opt/rustwide/cargo-home" "-e" "RUSTUP_HOME=/opt/rustwide/rustup-home" "-w" "/opt/rustwide/workdir" "-m" "1610612736" "--user" "0:0" "--network" "none" "ghcr.io/rust-lang/crates-build-env/linux@sha256:4a844ea9eb2546a2d2c7022eacef16ef2e8229c7fbb2c7d4d55a9ceca922f72d" "/opt/rustwide/cargo-home/bin/cargo" "+nightly-2024-10-28" "test" "--frozen", kill_on_drop: false }`
[INFO] [stdout] 3ec4cd71b34b0f3f82b30d5635d92bf39d03ad88ade22bf19ed648a51e038139
[INFO] running `Command { std: "docker" "start" "-a" "3ec4cd71b34b0f3f82b30d5635d92bf39d03ad88ade22bf19ed648a51e038139", kill_on_drop: false }`
[INFO] [stderr]     Finished `test` profile [unoptimized + debuginfo] target(s) in 0.06s
[INFO] [stderr]      Running unittests src/lib.rs (/opt/rustwide/target/debug/deps/jsonrpc_derive-e604a69c511f65f7)
[INFO] [stdout] 
[INFO] [stdout] running 0 tests
[INFO] [stdout] 
[INFO] [stdout] test result: ok. 0 passed; 0 failed; 0 ignored; 0 measured; 0 filtered out; finished in 0.00s
[INFO] [stdout] 
[INFO] [stderr]      Running tests/client.rs (/opt/rustwide/target/debug/deps/client-2f3dcba19a1bef2b)
[INFO] [stdout] 
[INFO] [stdout] running 3 tests
[INFO] [stdout] test named_params::client_generates_correct_named_params_payload ... ok
[INFO] [stdout] test raw_params::client_generates_correct_raw_params_payload ... ok
[INFO] [stdout] test client_server::client_server_roundtrip ... ok
[INFO] [stdout] 
[INFO] [stdout] test result: ok. 3 passed; 0 failed; 0 ignored; 0 measured; 0 filtered out; finished in 0.00s
[INFO] [stdout] 
[INFO] [stderr]      Running tests/macros.rs (/opt/rustwide/target/debug/deps/macros-e6440d82a393e4fe)
[INFO] [stdout] 
[INFO] [stdout] running 6 tests
[INFO] [stdout] test should_accept_empty_array_as_no_params ... ok
[INFO] [stdout] test should_accept_any_raw_params ... ok
[INFO] [stdout] test should_accept_multiple_params ... ok
[INFO] [stdout] test should_accept_only_notifications ... ok
[INFO] [stdout] test should_accept_single_param ... ok
[INFO] [stdout] test should_use_method_name_aliases ... ok
[INFO] [stdout] 
[INFO] [stdout] test result: ok. 6 passed; 0 failed; 0 ignored; 0 measured; 0 filtered out; finished in 0.00s
[INFO] [stdout] 
[INFO] [stderr]      Running tests/pubsub-macros.rs (/opt/rustwide/target/debug/deps/pubsub_macros-d9d6cda209640d7e)
[INFO] [stdout] 
[INFO] [stdout] running 3 tests
[INFO] [stdout] test test_invalid_trailing_pubsub_params ... ok
[INFO] [stdout] test test_subscribe_with_alias ... ok
[INFO] [stdout] test test_subscribe_alternate_method ... ok
[INFO] [stdout] 
[INFO] [stdout] test result: ok. 3 passed; 0 failed; 0 ignored; 0 measured; 0 filtered out; finished in 0.00s
[INFO] [stdout] 
[INFO] [stderr]      Running tests/trailing.rs (/opt/rustwide/target/debug/deps/trailing-5d1443749a98e2f0)
[INFO] [stdout] 
[INFO] [stdout] running 4 tests
[INFO] [stdout] test should_accept_trailing_param ... ok
[INFO] [stdout] test should_accept_missing_trailing_param ... ok
[INFO] [stdout] test should_accept_multiple_trailing_params ... ok
[INFO] [stdout] test should_accept_single_trailing_param ... ok
[INFO] [stdout] 
[INFO] [stdout] test result: ok. 4 passed; 0 failed; 0 ignored; 0 measured; 0 filtered out; finished in 0.00s
[INFO] [stdout] 
[INFO] [stderr]      Running tests/trybuild.rs (/opt/rustwide/target/debug/deps/trybuild-fee880d63d0f426e)
[INFO] [stdout] 
[INFO] [stdout] running 1 test
[INFO] [stderr] warning: `/opt/rustwide/target/tests/jsonrpc-derive/.cargo/config` is deprecated in favor of `config.toml`
[INFO] [stderr] note: if you need to support cargo 1.38 or earlier, you can symlink `config` to `config.toml`
[INFO] [stderr]    Compiling proc-macro2 v1.0.27
[INFO] [stderr]    Compiling syn v1.0.73
[INFO] [stderr]    Compiling unicode-xid v0.2.2
[INFO] [stderr]    Compiling libc v0.2.98
[INFO] [stderr]    Compiling cfg-if v1.0.0
[INFO] [stderr]    Compiling autocfg v1.0.1
[INFO] [stderr]    Compiling memchr v2.4.0
[INFO] [stderr]    Compiling serde_derive v1.0.126
[INFO] [stderr]    Compiling serde v1.0.126
[INFO] [stderr]    Compiling futures-core v0.3.15
[INFO] [stderr]    Compiling log v0.4.14
[INFO] [stderr]    Compiling proc-macro-hack v0.5.19
[INFO] [stderr]    Compiling pin-project-lite v0.2.7
[INFO] [stderr]    Compiling futures-channel v0.3.15
[INFO] [stderr]    Compiling proc-macro-nested v0.1.7
[INFO] [stderr]    Compiling futures-sink v0.3.15
[INFO] [stderr]    Compiling futures-task v0.3.15
[INFO] [stderr]    Compiling slab v0.4.3
[INFO] [stderr]    Compiling pin-utils v0.1.0
[INFO] [stderr]    Compiling futures v0.1.31
[INFO] [stderr]    Compiling ryu v1.0.5
[INFO] [stderr]    Compiling futures-io v0.3.15
[INFO] [stderr]    Compiling getrandom v0.1.16
[INFO] [stderr]    Compiling serde_json v1.0.64
[INFO] [stderr]    Compiling itoa v0.4.7
[INFO] [stderr]    Compiling instant v0.1.10
[INFO] [stderr]    Compiling scopeguard v1.1.0
[INFO] [stderr]    Compiling tinyvec_macros v0.1.0
[INFO] [stderr]    Compiling smallvec v1.6.1
[INFO] [stderr]    Compiling matches v0.1.8
[INFO] [stderr]    Compiling version_check v0.9.3
[INFO] [stderr]    Compiling tinyvec v1.3.0
[INFO] [stderr]    Compiling lock_api v0.4.4
[INFO] [stderr]    Compiling lazy_static v1.4.0
[INFO] [stderr]    Compiling ppv-lite86 v0.2.10
[INFO] [stderr]    Compiling bytes v1.0.1
[INFO] [stderr]    Compiling unicode-bidi v0.3.5
[INFO] [stderr]    Compiling regex-syntax v0.6.25
[INFO] [stderr]    Compiling futures-macro v0.3.15
[INFO] [stderr]    Compiling futures-util v0.3.15
[INFO] [stderr]    Compiling tokio v1.8.2
[INFO] [stderr]    Compiling percent-encoding v1.0.1
[INFO] [stderr]    Compiling fnv v1.0.7
[INFO] [stderr]    Compiling convert_case v0.4.0
[INFO] [stderr]    Compiling aho-corasick v0.7.18
[INFO] [stderr]    Compiling bstr v0.2.16
[INFO] [stderr]    Compiling tower-service v0.3.1
[INFO] [stderr]    Compiling quote v1.0.9
[INFO] [stderr]    Compiling assert_matches v1.5.0
[INFO] [stderr]    Compiling unicase v2.6.0
[INFO] [stderr]    Compiling num_cpus v1.13.0
[INFO] [stderr]    Compiling parking_lot_core v0.8.3
[INFO] [stderr]    Compiling mio v0.7.13
[INFO] [stderr]    Compiling rand_core v0.5.1
[INFO] [stderr]    Compiling parking_lot v0.11.1
[INFO] [stderr]    Compiling rand_chacha v0.2.2
[INFO] [stderr]    Compiling unicode-normalization v0.1.19
[INFO] [stderr]    Compiling rand v0.7.3
[INFO] [stderr]    Compiling regex v1.5.4
[INFO] [stderr]    Compiling idna v0.1.5
[INFO] [stderr]    Compiling url v1.7.2
[INFO] [stderr]    Compiling globset v0.4.8
[INFO] [stderr]    Compiling tokio-util v0.6.7
[INFO] [stderr]    Compiling tokio-stream v0.1.7
[INFO] [stderr]    Compiling derive_more v0.99.16
[INFO] [stderr]    Compiling futures-executor v0.3.15
[INFO] [stderr]    Compiling futures v0.3.15
[INFO] [stderr]    Compiling toml v0.5.8
[INFO] [stderr]    Compiling jsonrpc-core v18.0.0
[INFO] [stderr]    Compiling proc-macro-crate v0.1.5
[INFO] [stderr]    Compiling jsonrpc-pubsub v18.0.0
[INFO] [stderr]    Compiling jsonrpc-server-utils v18.0.0
[INFO] [stderr]    Compiling jsonrpc-derive v18.0.0 (/opt/rustwide/workdir)
[INFO] [stderr]    Compiling jsonrpc-tcp-server v18.0.0
[INFO] [stderr]    Compiling jsonrpc-client-transports v18.0.0
[INFO] [stderr]    Compiling jsonrpc-core-client v18.0.0
[INFO] [stderr]    Compiling jsonrpc-derive-tests v0.0.0 (/opt/rustwide/target/tests/jsonrpc-derive)
[INFO] [stderr]     Finished `dev` profile [unoptimized + debuginfo] target(s) in 14.80s
[INFO] [stderr] 
[INFO] [stderr] 
[INFO] [stderr] test attr-invalid-meta-list-names.rs [should fail to compile] ... mismatch
[INFO] [stderr] 
[INFO] [stderr] EXPECTED:
[INFO] [stderr] ┈┈┈┈┈┈┈┈┈┈┈┈┈┈┈┈┈┈┈┈┈┈┈┈┈┈┈┈┈┈┈┈┈┈┈┈┈┈┈┈┈┈┈┈┈┈┈┈┈┈┈┈┈┈┈┈┈┈┈┈
[INFO] [stderr] error: Invalid attribute parameter(s): 'Xalias'. Expected 'alias'
[INFO] [stderr]  --> $DIR/attr-invalid-meta-list-names.rs:5:2
[INFO] [stderr]   |
[INFO] [stderr] 5 | /     /// Returns a protocol version
[INFO] [stderr] 6 | |     #[rpc(name = "protocolVersion", Xalias("alias"))]
[INFO] [stderr] 7 | |     fn protocol_version(&self) -> Result<String>;
[INFO] [stderr]   | |_________________________________________________^
[INFO] [stderr] ┈┈┈┈┈┈┈┈┈┈┈┈┈┈┈┈┈┈┈┈┈┈┈┈┈┈┈┈┈┈┈┈┈┈┈┈┈┈┈┈┈┈┈┈┈┈┈┈┈┈┈┈┈┈┈┈┈┈┈┈
[INFO] [stderr] 
[INFO] [stderr] ACTUAL OUTPUT:
[INFO] [stderr] ┈┈┈┈┈┈┈┈┈┈┈┈┈┈┈┈┈┈┈┈┈┈┈┈┈┈┈┈┈┈┈┈┈┈┈┈┈┈┈┈┈┈┈┈┈┈┈┈┈┈┈┈┈┈┈┈┈┈┈┈
[INFO] [stderr] warning: `/opt/rustwide/target/tests/jsonrpc-derive/.cargo/config` is deprecated in favor of `config.toml`
[INFO] [stderr] note: if you need to support cargo 1.38 or earlier, you can symlink `config` to `config.toml`
[INFO] [stderr] error: Invalid attribute parameter(s): 'Xalias'. Expected 'alias'
[INFO] [stderr]  --> $DIR/attr-invalid-meta-list-names.rs:5:2
[INFO] [stderr]   |
[INFO] [stderr] 5 | /     /// Returns a protocol version
[INFO] [stderr] 6 | |     #[rpc(name = "protocolVersion", Xalias("alias"))]
[INFO] [stderr] 7 | |     fn protocol_version(&self) -> Result<String>;
[INFO] [stderr]   | |_________________________________________________^
[INFO] [stderr] ┈┈┈┈┈┈┈┈┈┈┈┈┈┈┈┈┈┈┈┈┈┈┈┈┈┈┈┈┈┈┈┈┈┈┈┈┈┈┈┈┈┈┈┈┈┈┈┈┈┈┈┈┈┈┈┈┈┈┈┈
[INFO] [stderr] note: If the actual output is the correct output you can bless it by rerunning
[INFO] [stderr]       your test with the environment variable TRYBUILD=overwrite
[INFO] [stderr] 
[INFO] [stderr] test attr-invalid-meta-words.rs [should fail to compile] ... mismatch
[INFO] [stderr] 
[INFO] [stderr] EXPECTED:
[INFO] [stderr] ┈┈┈┈┈┈┈┈┈┈┈┈┈┈┈┈┈┈┈┈┈┈┈┈┈┈┈┈┈┈┈┈┈┈┈┈┈┈┈┈┈┈┈┈┈┈┈┈┈┈┈┈┈┈┈┈┈┈┈┈
[INFO] [stderr] error: Invalid attribute parameter(s): 'Xmeta'. Expected 'meta, raw_params'
[INFO] [stderr]  --> $DIR/attr-invalid-meta-words.rs:5:2
[INFO] [stderr]   |
[INFO] [stderr] 5 | /     /// Returns a protocol version
[INFO] [stderr] 6 | |     #[rpc(name = "protocolVersion", Xmeta)]
[INFO] [stderr] 7 | |     fn protocol_version(&self) -> Result<String>;
[INFO] [stderr]   | |_________________________________________________^
[INFO] [stderr] ┈┈┈┈┈┈┈┈┈┈┈┈┈┈┈┈┈┈┈┈┈┈┈┈┈┈┈┈┈┈┈┈┈┈┈┈┈┈┈┈┈┈┈┈┈┈┈┈┈┈┈┈┈┈┈┈┈┈┈┈
[INFO] [stderr] 
[INFO] [stderr] ACTUAL OUTPUT:
[INFO] [stderr] ┈┈┈┈┈┈┈┈┈┈┈┈┈┈┈┈┈┈┈┈┈┈┈┈┈┈┈┈┈┈┈┈┈┈┈┈┈┈┈┈┈┈┈┈┈┈┈┈┈┈┈┈┈┈┈┈┈┈┈┈
[INFO] [stderr] warning: `/opt/rustwide/target/tests/jsonrpc-derive/.cargo/config` is deprecated in favor of `config.toml`
[INFO] [stderr] note: if you need to support cargo 1.38 or earlier, you can symlink `config` to `config.toml`
[INFO] [stderr] error: Invalid attribute parameter(s): 'Xmeta'. Expected 'meta, raw_params'
[INFO] [stderr]  --> $DIR/attr-invalid-meta-words.rs:5:2
[INFO] [stderr]   |
[INFO] [stderr] 5 | /     /// Returns a protocol version
[INFO] [stderr] 6 | |     #[rpc(name = "protocolVersion", Xmeta)]
[INFO] [stderr] 7 | |     fn protocol_version(&self) -> Result<String>;
[INFO] [stderr]   | |_________________________________________________^
[INFO] [stderr] ┈┈┈┈┈┈┈┈┈┈┈┈┈┈┈┈┈┈┈┈┈┈┈┈┈┈┈┈┈┈┈┈┈┈┈┈┈┈┈┈┈┈┈┈┈┈┈┈┈┈┈┈┈┈┈┈┈┈┈┈
[INFO] [stderr] note: If the actual output is the correct output you can bless it by rerunning
[INFO] [stderr]       your test with the environment variable TRYBUILD=overwrite
[INFO] [stderr] 
[INFO] [stderr] test attr-invalid-name-values.rs [should fail to compile] ... mismatch
[INFO] [stderr] 
[INFO] [stderr] EXPECTED:
[INFO] [stderr] ┈┈┈┈┈┈┈┈┈┈┈┈┈┈┈┈┈┈┈┈┈┈┈┈┈┈┈┈┈┈┈┈┈┈┈┈┈┈┈┈┈┈┈┈┈┈┈┈┈┈┈┈┈┈┈┈┈┈┈┈
[INFO] [stderr] error: Invalid attribute parameter(s): 'Xname'. Expected 'name, returns, params'
[INFO] [stderr]  --> $DIR/attr-invalid-name-values.rs:5:2
[INFO] [stderr]   |
[INFO] [stderr] 5 | /     /// Returns a protocol version
[INFO] [stderr] 6 | |     #[rpc(Xname = "protocolVersion")]
[INFO] [stderr] 7 | |     fn protocol_version(&self) -> Result<String>;
[INFO] [stderr]   | |_________________________________________________^
[INFO] [stderr] ┈┈┈┈┈┈┈┈┈┈┈┈┈┈┈┈┈┈┈┈┈┈┈┈┈┈┈┈┈┈┈┈┈┈┈┈┈┈┈┈┈┈┈┈┈┈┈┈┈┈┈┈┈┈┈┈┈┈┈┈
[INFO] [stderr] 
[INFO] [stderr] ACTUAL OUTPUT:
[INFO] [stderr] ┈┈┈┈┈┈┈┈┈┈┈┈┈┈┈┈┈┈┈┈┈┈┈┈┈┈┈┈┈┈┈┈┈┈┈┈┈┈┈┈┈┈┈┈┈┈┈┈┈┈┈┈┈┈┈┈┈┈┈┈
[INFO] [stderr] warning: `/opt/rustwide/target/tests/jsonrpc-derive/.cargo/config` is deprecated in favor of `config.toml`
[INFO] [stderr] note: if you need to support cargo 1.38 or earlier, you can symlink `config` to `config.toml`
[INFO] [stderr] error: Invalid attribute parameter(s): 'Xname'. Expected 'name, returns, params'
[INFO] [stderr]  --> $DIR/attr-invalid-name-values.rs:5:2
[INFO] [stderr]   |
[INFO] [stderr] 5 | /     /// Returns a protocol version
[INFO] [stderr] 6 | |     #[rpc(Xname = "protocolVersion")]
[INFO] [stderr] 7 | |     fn protocol_version(&self) -> Result<String>;
[INFO] [stderr]   | |_________________________________________________^
[INFO] [stderr] ┈┈┈┈┈┈┈┈┈┈┈┈┈┈┈┈┈┈┈┈┈┈┈┈┈┈┈┈┈┈┈┈┈┈┈┈┈┈┈┈┈┈┈┈┈┈┈┈┈┈┈┈┈┈┈┈┈┈┈┈
[INFO] [stderr] note: If the actual output is the correct output you can bless it by rerunning
[INFO] [stderr]       your test with the environment variable TRYBUILD=overwrite
[INFO] [stderr] 
[INFO] [stderr] test attr-missing-rpc-name.rs [should fail to compile] ... mismatch
[INFO] [stderr] 
[INFO] [stderr] EXPECTED:
[INFO] [stderr] ┈┈┈┈┈┈┈┈┈┈┈┈┈┈┈┈┈┈┈┈┈┈┈┈┈┈┈┈┈┈┈┈┈┈┈┈┈┈┈┈┈┈┈┈┈┈┈┈┈┈┈┈┈┈┈┈┈┈┈┈
[INFO] [stderr] error: rpc attribute should have a name e.g. `name = "method_name"`
[INFO] [stderr]  --> $DIR/attr-missing-rpc-name.rs:5:2
[INFO] [stderr]   |
[INFO] [stderr] 5 | /     /// Returns a protocol version
[INFO] [stderr] 6 | |     #[rpc]
[INFO] [stderr] 7 | |     fn protocol_version(&self) -> Result<String>;
[INFO] [stderr]   | |_________________________________________________^
[INFO] [stderr] ┈┈┈┈┈┈┈┈┈┈┈┈┈┈┈┈┈┈┈┈┈┈┈┈┈┈┈┈┈┈┈┈┈┈┈┈┈┈┈┈┈┈┈┈┈┈┈┈┈┈┈┈┈┈┈┈┈┈┈┈
[INFO] [stderr] 
[INFO] [stderr] ACTUAL OUTPUT:
[INFO] [stderr] ┈┈┈┈┈┈┈┈┈┈┈┈┈┈┈┈┈┈┈┈┈┈┈┈┈┈┈┈┈┈┈┈┈┈┈┈┈┈┈┈┈┈┈┈┈┈┈┈┈┈┈┈┈┈┈┈┈┈┈┈
[INFO] [stderr] warning: `/opt/rustwide/target/tests/jsonrpc-derive/.cargo/config` is deprecated in favor of `config.toml`
[INFO] [stderr] note: if you need to support cargo 1.38 or earlier, you can symlink `config` to `config.toml`
[INFO] [stderr] error: rpc attribute should have a name e.g. `name = "method_name"`
[INFO] [stderr]  --> $DIR/attr-missing-rpc-name.rs:5:2
[INFO] [stderr]   |
[INFO] [stderr] 5 | /     /// Returns a protocol version
[INFO] [stderr] 6 | |     #[rpc]
[INFO] [stderr] 7 | |     fn protocol_version(&self) -> Result<String>;
[INFO] [stderr]   | |_________________________________________________^
[INFO] [stderr] ┈┈┈┈┈┈┈┈┈┈┈┈┈┈┈┈┈┈┈┈┈┈┈┈┈┈┈┈┈┈┈┈┈┈┈┈┈┈┈┈┈┈┈┈┈┈┈┈┈┈┈┈┈┈┈┈┈┈┈┈
[INFO] [stderr] note: If the actual output is the correct output you can bless it by rerunning
[INFO] [stderr]       your test with the environment variable TRYBUILD=overwrite
[INFO] [stderr] 
[INFO] [stderr] test attr-named-params-on-server.rs [should fail to compile] ... mismatch
[INFO] [stderr] 
[INFO] [stderr] EXPECTED:
[INFO] [stderr] ┈┈┈┈┈┈┈┈┈┈┈┈┈┈┈┈┈┈┈┈┈┈┈┈┈┈┈┈┈┈┈┈┈┈┈┈┈┈┈┈┈┈┈┈┈┈┈┈┈┈┈┈┈┈┈┈┈┈┈┈
[INFO] [stderr] error: `params = "named"` can only be used to generate a client (on a trait annotated with #[rpc(client)]). At this time the server does not support named parameters.
[INFO] [stderr]  --> $DIR/attr-named-params-on-server.rs:4:1
[INFO] [stderr]   |
[INFO] [stderr] 4 | / pub trait Rpc {
[INFO] [stderr] 5 | |     /// Returns a protocol version
[INFO] [stderr] 6 | |     #[rpc(name = "add", params = "named")]
[INFO] [stderr] 7 | |     fn add(&self, a: u32, b: u32) -> Result<String>;
[INFO] [stderr] 8 | | }
[INFO] [stderr]   | |_^
[INFO] [stderr] ┈┈┈┈┈┈┈┈┈┈┈┈┈┈┈┈┈┈┈┈┈┈┈┈┈┈┈┈┈┈┈┈┈┈┈┈┈┈┈┈┈┈┈┈┈┈┈┈┈┈┈┈┈┈┈┈┈┈┈┈
[INFO] [stderr] 
[INFO] [stderr] ACTUAL OUTPUT:
[INFO] [stderr] ┈┈┈┈┈┈┈┈┈┈┈┈┈┈┈┈┈┈┈┈┈┈┈┈┈┈┈┈┈┈┈┈┈┈┈┈┈┈┈┈┈┈┈┈┈┈┈┈┈┈┈┈┈┈┈┈┈┈┈┈
[INFO] [stderr] warning: `/opt/rustwide/target/tests/jsonrpc-derive/.cargo/config` is deprecated in favor of `config.toml`
[INFO] [stderr] note: if you need to support cargo 1.38 or earlier, you can symlink `config` to `config.toml`
[INFO] [stderr] error: `params = "named"` can only be used to generate a client (on a trait annotated with #[rpc(client)]). At this time the server does not support named parameters.
[INFO] [stderr]  --> $DIR/attr-named-params-on-server.rs:4:1
[INFO] [stderr]   |
[INFO] [stderr] 4 | / pub trait Rpc {
[INFO] [stderr] 5 | |     /// Returns a protocol version
[INFO] [stderr] 6 | |     #[rpc(name = "add", params = "named")]
[INFO] [stderr] 7 | |     fn add(&self, a: u32, b: u32) -> Result<String>;
[INFO] [stderr] 8 | | }
[INFO] [stderr]   | |_^
[INFO] [stderr] ┈┈┈┈┈┈┈┈┈┈┈┈┈┈┈┈┈┈┈┈┈┈┈┈┈┈┈┈┈┈┈┈┈┈┈┈┈┈┈┈┈┈┈┈┈┈┈┈┈┈┈┈┈┈┈┈┈┈┈┈
[INFO] [stderr] note: If the actual output is the correct output you can bless it by rerunning
[INFO] [stderr]       your test with the environment variable TRYBUILD=overwrite
[INFO] [stderr] 
[INFO] [stderr] test multiple-rpc-attributes.rs [should fail to compile] ... mismatch
[INFO] [stderr] 
[INFO] [stderr] EXPECTED:
[INFO] [stderr] ┈┈┈┈┈┈┈┈┈┈┈┈┈┈┈┈┈┈┈┈┈┈┈┈┈┈┈┈┈┈┈┈┈┈┈┈┈┈┈┈┈┈┈┈┈┈┈┈┈┈┈┈┈┈┈┈┈┈┈┈
[INFO] [stderr] error: Expected only a single rpc attribute per method
[INFO] [stderr]  --> $DIR/multiple-rpc-attributes.rs:5:2
[INFO] [stderr]   |
[INFO] [stderr] 5 | /     /// Returns a protocol version
[INFO] [stderr] 6 | |     #[rpc(name = "protocolVersion")]
[INFO] [stderr] 7 | |     #[rpc(name = "protocolVersionAgain")]
[INFO] [stderr] 8 | |     fn protocol_version(&self) -> Result<String>;
[INFO] [stderr]   | |_________________________________________________^
[INFO] [stderr] ┈┈┈┈┈┈┈┈┈┈┈┈┈┈┈┈┈┈┈┈┈┈┈┈┈┈┈┈┈┈┈┈┈┈┈┈┈┈┈┈┈┈┈┈┈┈┈┈┈┈┈┈┈┈┈┈┈┈┈┈
[INFO] [stderr] 
[INFO] [stderr] ACTUAL OUTPUT:
[INFO] [stderr] ┈┈┈┈┈┈┈┈┈┈┈┈┈┈┈┈┈┈┈┈┈┈┈┈┈┈┈┈┈┈┈┈┈┈┈┈┈┈┈┈┈┈┈┈┈┈┈┈┈┈┈┈┈┈┈┈┈┈┈┈
[INFO] [stderr] warning: `/opt/rustwide/target/tests/jsonrpc-derive/.cargo/config` is deprecated in favor of `config.toml`
[INFO] [stderr] note: if you need to support cargo 1.38 or earlier, you can symlink `config` to `config.toml`
[INFO] [stderr] error: Expected only a single rpc attribute per method
[INFO] [stderr]  --> $DIR/multiple-rpc-attributes.rs:5:2
[INFO] [stderr]   |
[INFO] [stderr] 5 | /     /// Returns a protocol version
[INFO] [stderr] 6 | |     #[rpc(name = "protocolVersion")]
[INFO] [stderr] 7 | |     #[rpc(name = "protocolVersionAgain")]
[INFO] [stderr] 8 | |     fn protocol_version(&self) -> Result<String>;
[INFO] [stderr]   | |_________________________________________________^
[INFO] [stderr] ┈┈┈┈┈┈┈┈┈┈┈┈┈┈┈┈┈┈┈┈┈┈┈┈┈┈┈┈┈┈┈┈┈┈┈┈┈┈┈┈┈┈┈┈┈┈┈┈┈┈┈┈┈┈┈┈┈┈┈┈
[INFO] [stderr] note: If the actual output is the correct output you can bless it by rerunning
[INFO] [stderr]       your test with the environment variable TRYBUILD=overwrite
[INFO] [stderr] 
[INFO] [stderr] test too-many-params.rs [should fail to compile] ... mismatch
[INFO] [stderr] 
[INFO] [stderr] EXPECTED:
[INFO] [stderr] ┈┈┈┈┈┈┈┈┈┈┈┈┈┈┈┈┈┈┈┈┈┈┈┈┈┈┈┈┈┈┈┈┈┈┈┈┈┈┈┈┈┈┈┈┈┈┈┈┈┈┈┈┈┈┈┈┈┈┈┈
[INFO] [stderr] error: Maximum supported number of params is 16
[INFO] [stderr]   --> $DIR/too-many-params.rs:5:2
[INFO] [stderr]    |
[INFO] [stderr] 5  | /     /// Has too many params
[INFO] [stderr] 6  | |     #[rpc(name = "tooManyParams")]
[INFO] [stderr] 7  | |     fn to_many_params(
[INFO] [stderr] 8  | |         &self,
[INFO] [stderr] 9  | |         a: u64, b: u64, c: u64, d: u64, e: u64, f: u64, g: u64, h: u64, i: u64, j: u64,
[INFO] [stderr] 10 | |         k: u64, l: u64, m: u64, n: u64, o: u64, p: u64, q: u64,
[INFO] [stderr] 11 | |     ) -> Result<String>;
[INFO] [stderr]    | |________________________^
[INFO] [stderr] ┈┈┈┈┈┈┈┈┈┈┈┈┈┈┈┈┈┈┈┈┈┈┈┈┈┈┈┈┈┈┈┈┈┈┈┈┈┈┈┈┈┈┈┈┈┈┈┈┈┈┈┈┈┈┈┈┈┈┈┈
[INFO] [stderr] 
[INFO] [stderr] ACTUAL OUTPUT:
[INFO] [stderr] ┈┈┈┈┈┈┈┈┈┈┈┈┈┈┈┈┈┈┈┈┈┈┈┈┈┈┈┈┈┈┈┈┈┈┈┈┈┈┈┈┈┈┈┈┈┈┈┈┈┈┈┈┈┈┈┈┈┈┈┈
[INFO] [stderr] warning: `/opt/rustwide/target/tests/jsonrpc-derive/.cargo/config` is deprecated in favor of `config.toml`
[INFO] [stderr] note: if you need to support cargo 1.38 or earlier, you can symlink `config` to `config.toml`
[INFO] [stderr] error: Maximum supported number of params is 16
[INFO] [stderr]   --> $DIR/too-many-params.rs:5:2
[INFO] [stderr]    |
[INFO] [stderr] 5  | /     /// Has too many params
[INFO] [stderr] 6  | |     #[rpc(name = "tooManyParams")]
[INFO] [stderr] 7  | |     fn to_many_params(
[INFO] [stderr] 8  | |         &self,
[INFO] [stderr] 9  | |         a: u64, b: u64, c: u64, d: u64, e: u64, f: u64, g: u64, h: u64, i: u64, j: u64,
[INFO] [stderr] 10 | |         k: u64, l: u64, m: u64, n: u64, o: u64, p: u64, q: u64,
[INFO] [stderr] 11 | |     ) -> Result<String>;
[INFO] [stderr]    | |________________________^
[INFO] [stderr] ┈┈┈┈┈┈┈┈┈┈┈┈┈┈┈┈┈┈┈┈┈┈┈┈┈┈┈┈┈┈┈┈┈┈┈┈┈┈┈┈┈┈┈┈┈┈┈┈┈┈┈┈┈┈┈┈┈┈┈┈
[INFO] [stderr] note: If the actual output is the correct output you can bless it by rerunning
[INFO] [stderr]       your test with the environment variable TRYBUILD=overwrite
[INFO] [stderr] 
[INFO] [stderr] test trait-attr-named-params-on-server.rs [should fail to compile] ... mismatch
[INFO] [stderr] 
[INFO] [stderr] EXPECTED:
[INFO] [stderr] ┈┈┈┈┈┈┈┈┈┈┈┈┈┈┈┈┈┈┈┈┈┈┈┈┈┈┈┈┈┈┈┈┈┈┈┈┈┈┈┈┈┈┈┈┈┈┈┈┈┈┈┈┈┈┈┈┈┈┈┈
[INFO] [stderr] error: custom attribute panicked
[INFO] [stderr]  --> $DIR/trait-attr-named-params-on-server.rs:3:1
[INFO] [stderr]   |
[INFO] [stderr] 3 | #[rpc(server, params = "named")]
[INFO] [stderr]   | ^^^^^^^^^^^^^^^^^^^^^^^^^^^^^^^^
[INFO] [stderr]   |
[INFO] [stderr]   = help: message: Server code generation only supports `params = "positional"` (default) or `params = "raw" at this time.
[INFO] [stderr] ┈┈┈┈┈┈┈┈┈┈┈┈┈┈┈┈┈┈┈┈┈┈┈┈┈┈┈┈┈┈┈┈┈┈┈┈┈┈┈┈┈┈┈┈┈┈┈┈┈┈┈┈┈┈┈┈┈┈┈┈
[INFO] [stderr] 
[INFO] [stderr] ACTUAL OUTPUT:
[INFO] [stderr] ┈┈┈┈┈┈┈┈┈┈┈┈┈┈┈┈┈┈┈┈┈┈┈┈┈┈┈┈┈┈┈┈┈┈┈┈┈┈┈┈┈┈┈┈┈┈┈┈┈┈┈┈┈┈┈┈┈┈┈┈
[INFO] [stderr] warning: `/opt/rustwide/target/tests/jsonrpc-derive/.cargo/config` is deprecated in favor of `config.toml`
[INFO] [stderr] note: if you need to support cargo 1.38 or earlier, you can symlink `config` to `config.toml`
[INFO] [stderr] error: custom attribute panicked
[INFO] [stderr]  --> $DIR/trait-attr-named-params-on-server.rs:3:1
[INFO] [stderr]   |
[INFO] [stderr] 3 | #[rpc(server, params = "named")]
[INFO] [stderr]   | ^^^^^^^^^^^^^^^^^^^^^^^^^^^^^^^^
[INFO] [stderr]   |
[INFO] [stderr]   = help: message: Server code generation only supports `params = "positional"` (default) or `params = "raw" at this time.
[INFO] [stderr] ┈┈┈┈┈┈┈┈┈┈┈┈┈┈┈┈┈┈┈┈┈┈┈┈┈┈┈┈┈┈┈┈┈┈┈┈┈┈┈┈┈┈┈┈┈┈┈┈┈┈┈┈┈┈┈┈┈┈┈┈
[INFO] [stderr] note: If the actual output is the correct output you can bless it by rerunning
[INFO] [stderr]       your test with the environment variable TRYBUILD=overwrite
[INFO] [stderr] 
[INFO] [stderr] test client_only.rs [should pass] ... ok
[INFO] [stderr] 
[INFO] [stderr] WARNINGS:
[INFO] [stderr] ┈┈┈┈┈┈┈┈┈┈┈┈┈┈┈┈┈┈┈┈┈┈┈┈┈┈┈┈┈┈┈┈┈┈┈┈┈┈┈┈┈┈┈┈┈┈┈┈┈┈┈┈┈┈┈┈┈┈┈┈
[INFO] [stderr] warning: `/opt/rustwide/target/tests/jsonrpc-derive/.cargo/config` is deprecated in favor of `config.toml`
[INFO] [stderr] note: if you need to support cargo 1.38 or earlier, you can symlink `config` to `config.toml`
[INFO] [stderr] ┈┈┈┈┈┈┈┈┈┈┈┈┈┈┈┈┈┈┈┈┈┈┈┈┈┈┈┈┈┈┈┈┈┈┈┈┈┈┈┈┈┈┈┈┈┈┈┈┈┈┈┈┈┈┈┈┈┈┈┈
[INFO] [stderr] 
[INFO] [stderr] STDERR:
[INFO] [stderr] ┈┈┈┈┈┈┈┈┈┈┈┈┈┈┈┈┈┈┈┈┈┈┈┈┈┈┈┈┈┈┈┈┈┈┈┈┈┈┈┈┈┈┈┈┈┈┈┈┈┈┈┈┈┈┈┈┈┈┈┈
[INFO] [stderr] warning: `/opt/rustwide/target/tests/jsonrpc-derive/.cargo/config` is deprecated in favor of `config.toml`
[INFO] [stderr] note: if you need to support cargo 1.38 or earlier, you can symlink `config` to `config.toml`
[INFO] [stderr] ┈┈┈┈┈┈┈┈┈┈┈┈┈┈┈┈┈┈┈┈┈┈┈┈┈┈┈┈┈┈┈┈┈┈┈┈┈┈┈┈┈┈┈┈┈┈┈┈┈┈┈┈┈┈┈┈┈┈┈┈
[INFO] [stderr] 
[INFO] [stderr] test client_with_generic_trait_bounds.rs [should pass] ... ok
[INFO] [stderr] 
[INFO] [stderr] WARNINGS:
[INFO] [stderr] ┈┈┈┈┈┈┈┈┈┈┈┈┈┈┈┈┈┈┈┈┈┈┈┈┈┈┈┈┈┈┈┈┈┈┈┈┈┈┈┈┈┈┈┈┈┈┈┈┈┈┈┈┈┈┈┈┈┈┈┈
[INFO] [stderr] warning: `/opt/rustwide/target/tests/jsonrpc-derive/.cargo/config` is deprecated in favor of `config.toml`
[INFO] [stderr] note: if you need to support cargo 1.38 or earlier, you can symlink `config` to `config.toml`
[INFO] [stderr] ┈┈┈┈┈┈┈┈┈┈┈┈┈┈┈┈┈┈┈┈┈┈┈┈┈┈┈┈┈┈┈┈┈┈┈┈┈┈┈┈┈┈┈┈┈┈┈┈┈┈┈┈┈┈┈┈┈┈┈┈
[INFO] [stderr] 
[INFO] [stderr] STDERR:
[INFO] [stderr] ┈┈┈┈┈┈┈┈┈┈┈┈┈┈┈┈┈┈┈┈┈┈┈┈┈┈┈┈┈┈┈┈┈┈┈┈┈┈┈┈┈┈┈┈┈┈┈┈┈┈┈┈┈┈┈┈┈┈┈┈
[INFO] [stderr] warning: `/opt/rustwide/target/tests/jsonrpc-derive/.cargo/config` is deprecated in favor of `config.toml`
[INFO] [stderr] note: if you need to support cargo 1.38 or earlier, you can symlink `config` to `config.toml`
[INFO] [stderr] ┈┈┈┈┈┈┈┈┈┈┈┈┈┈┈┈┈┈┈┈┈┈┈┈┈┈┈┈┈┈┈┈┈┈┈┈┈┈┈┈┈┈┈┈┈┈┈┈┈┈┈┈┈┈┈┈┈┈┈┈
[INFO] [stderr] 
[INFO] [stderr] test pubsub-dependency-not-required-for-vanilla-rpc.rs [should pass] ... ok
[INFO] [stderr] 
[INFO] [stderr] WARNINGS:
[INFO] [stderr] ┈┈┈┈┈┈┈┈┈┈┈┈┈┈┈┈┈┈┈┈┈┈┈┈┈┈┈┈┈┈┈┈┈┈┈┈┈┈┈┈┈┈┈┈┈┈┈┈┈┈┈┈┈┈┈┈┈┈┈┈
[INFO] [stderr] warning: `/opt/rustwide/target/tests/jsonrpc-derive/.cargo/config` is deprecated in favor of `config.toml`
[INFO] [stderr] note: if you need to support cargo 1.38 or earlier, you can symlink `config` to `config.toml`
[INFO] [stderr] ┈┈┈┈┈┈┈┈┈┈┈┈┈┈┈┈┈┈┈┈┈┈┈┈┈┈┈┈┈┈┈┈┈┈┈┈┈┈┈┈┈┈┈┈┈┈┈┈┈┈┈┈┈┈┈┈┈┈┈┈
[INFO] [stderr] 
[INFO] [stderr] STDERR:
[INFO] [stderr] ┈┈┈┈┈┈┈┈┈┈┈┈┈┈┈┈┈┈┈┈┈┈┈┈┈┈┈┈┈┈┈┈┈┈┈┈┈┈┈┈┈┈┈┈┈┈┈┈┈┈┈┈┈┈┈┈┈┈┈┈
[INFO] [stderr] warning: `/opt/rustwide/target/tests/jsonrpc-derive/.cargo/config` is deprecated in favor of `config.toml`
[INFO] [stderr] note: if you need to support cargo 1.38 or earlier, you can symlink `config` to `config.toml`
[INFO] [stderr] ┈┈┈┈┈┈┈┈┈┈┈┈┈┈┈┈┈┈┈┈┈┈┈┈┈┈┈┈┈┈┈┈┈┈┈┈┈┈┈┈┈┈┈┈┈┈┈┈┈┈┈┈┈┈┈┈┈┈┈┈
[INFO] [stderr] 
[INFO] [stderr] test pubsub-subscription-generic-type-with-deserialize.rs [should pass] ... ok
[INFO] [stderr] 
[INFO] [stderr] WARNINGS:
[INFO] [stderr] ┈┈┈┈┈┈┈┈┈┈┈┈┈┈┈┈┈┈┈┈┈┈┈┈┈┈┈┈┈┈┈┈┈┈┈┈┈┈┈┈┈┈┈┈┈┈┈┈┈┈┈┈┈┈┈┈┈┈┈┈
[INFO] [stderr] warning: `/opt/rustwide/target/tests/jsonrpc-derive/.cargo/config` is deprecated in favor of `config.toml`
[INFO] [stderr] note: if you need to support cargo 1.38 or earlier, you can symlink `config` to `config.toml`
[INFO] [stderr] ┈┈┈┈┈┈┈┈┈┈┈┈┈┈┈┈┈┈┈┈┈┈┈┈┈┈┈┈┈┈┈┈┈┈┈┈┈┈┈┈┈┈┈┈┈┈┈┈┈┈┈┈┈┈┈┈┈┈┈┈
[INFO] [stderr] 
[INFO] [stderr] STDERR:
[INFO] [stderr] ┈┈┈┈┈┈┈┈┈┈┈┈┈┈┈┈┈┈┈┈┈┈┈┈┈┈┈┈┈┈┈┈┈┈┈┈┈┈┈┈┈┈┈┈┈┈┈┈┈┈┈┈┈┈┈┈┈┈┈┈
[INFO] [stderr] warning: `/opt/rustwide/target/tests/jsonrpc-derive/.cargo/config` is deprecated in favor of `config.toml`
[INFO] [stderr] note: if you need to support cargo 1.38 or earlier, you can symlink `config` to `config.toml`
[INFO] [stderr] ┈┈┈┈┈┈┈┈┈┈┈┈┈┈┈┈┈┈┈┈┈┈┈┈┈┈┈┈┈┈┈┈┈┈┈┈┈┈┈┈┈┈┈┈┈┈┈┈┈┈┈┈┈┈┈┈┈┈┈┈
[INFO] [stderr] 
[INFO] [stderr] test pubsub-subscription-type-with-deserialize.rs [should pass] ... ok
[INFO] [stderr] 
[INFO] [stderr] WARNINGS:
[INFO] [stderr] ┈┈┈┈┈┈┈┈┈┈┈┈┈┈┈┈┈┈┈┈┈┈┈┈┈┈┈┈┈┈┈┈┈┈┈┈┈┈┈┈┈┈┈┈┈┈┈┈┈┈┈┈┈┈┈┈┈┈┈┈
[INFO] [stderr] warning: `/opt/rustwide/target/tests/jsonrpc-derive/.cargo/config` is deprecated in favor of `config.toml`
[INFO] [stderr] note: if you need to support cargo 1.38 or earlier, you can symlink `config` to `config.toml`
[INFO] [stderr] ┈┈┈┈┈┈┈┈┈┈┈┈┈┈┈┈┈┈┈┈┈┈┈┈┈┈┈┈┈┈┈┈┈┈┈┈┈┈┈┈┈┈┈┈┈┈┈┈┈┈┈┈┈┈┈┈┈┈┈┈
[INFO] [stderr] 
[INFO] [stderr] STDERR:
[INFO] [stderr] ┈┈┈┈┈┈┈┈┈┈┈┈┈┈┈┈┈┈┈┈┈┈┈┈┈┈┈┈┈┈┈┈┈┈┈┈┈┈┈┈┈┈┈┈┈┈┈┈┈┈┈┈┈┈┈┈┈┈┈┈
[INFO] [stderr] warning: `/opt/rustwide/target/tests/jsonrpc-derive/.cargo/config` is deprecated in favor of `config.toml`
[INFO] [stderr] note: if you need to support cargo 1.38 or earlier, you can symlink `config` to `config.toml`
[INFO] [stderr] ┈┈┈┈┈┈┈┈┈┈┈┈┈┈┈┈┈┈┈┈┈┈┈┈┈┈┈┈┈┈┈┈┈┈┈┈┈┈┈┈┈┈┈┈┈┈┈┈┈┈┈┈┈┈┈┈┈┈┈┈
[INFO] [stderr] 
[INFO] [stderr] test pubsub-subscription-type-without-deserialize.rs [should pass] ... ok
[INFO] [stderr] 
[INFO] [stderr] WARNINGS:
[INFO] [stderr] ┈┈┈┈┈┈┈┈┈┈┈┈┈┈┈┈┈┈┈┈┈┈┈┈┈┈┈┈┈┈┈┈┈┈┈┈┈┈┈┈┈┈┈┈┈┈┈┈┈┈┈┈┈┈┈┈┈┈┈┈
[INFO] [stderr] warning: `/opt/rustwide/target/tests/jsonrpc-derive/.cargo/config` is deprecated in favor of `config.toml`
[INFO] [stderr] note: if you need to support cargo 1.38 or earlier, you can symlink `config` to `config.toml`
[INFO] [stderr] ┈┈┈┈┈┈┈┈┈┈┈┈┈┈┈┈┈┈┈┈┈┈┈┈┈┈┈┈┈┈┈┈┈┈┈┈┈┈┈┈┈┈┈┈┈┈┈┈┈┈┈┈┈┈┈┈┈┈┈┈
[INFO] [stderr] 
[INFO] [stderr] STDERR:
[INFO] [stderr] ┈┈┈┈┈┈┈┈┈┈┈┈┈┈┈┈┈┈┈┈┈┈┈┈┈┈┈┈┈┈┈┈┈┈┈┈┈┈┈┈┈┈┈┈┈┈┈┈┈┈┈┈┈┈┈┈┈┈┈┈
[INFO] [stderr] warning: `/opt/rustwide/target/tests/jsonrpc-derive/.cargo/config` is deprecated in favor of `config.toml`
[INFO] [stderr] note: if you need to support cargo 1.38 or earlier, you can symlink `config` to `config.toml`
[INFO] [stderr] ┈┈┈┈┈┈┈┈┈┈┈┈┈┈┈┈┈┈┈┈┈┈┈┈┈┈┈┈┈┈┈┈┈┈┈┈┈┈┈┈┈┈┈┈┈┈┈┈┈┈┈┈┈┈┈┈┈┈┈┈
[INFO] [stderr] 
[INFO] [stderr] test server_only.rs [should pass] ... ok
[INFO] [stderr] 
[INFO] [stderr] WARNINGS:
[INFO] [stderr] ┈┈┈┈┈┈┈┈┈┈┈┈┈┈┈┈┈┈┈┈┈┈┈┈┈┈┈┈┈┈┈┈┈┈┈┈┈┈┈┈┈┈┈┈┈┈┈┈┈┈┈┈┈┈┈┈┈┈┈┈
[INFO] [stderr] warning: `/opt/rustwide/target/tests/jsonrpc-derive/.cargo/config` is deprecated in favor of `config.toml`
[INFO] [stderr] note: if you need to support cargo 1.38 or earlier, you can symlink `config` to `config.toml`
[INFO] [stderr] ┈┈┈┈┈┈┈┈┈┈┈┈┈┈┈┈┈┈┈┈┈┈┈┈┈┈┈┈┈┈┈┈┈┈┈┈┈┈┈┈┈┈┈┈┈┈┈┈┈┈┈┈┈┈┈┈┈┈┈┈
[INFO] [stderr] 
[INFO] [stderr] STDERR:
[INFO] [stderr] ┈┈┈┈┈┈┈┈┈┈┈┈┈┈┈┈┈┈┈┈┈┈┈┈┈┈┈┈┈┈┈┈┈┈┈┈┈┈┈┈┈┈┈┈┈┈┈┈┈┈┈┈┈┈┈┈┈┈┈┈
[INFO] [stderr] warning: `/opt/rustwide/target/tests/jsonrpc-derive/.cargo/config` is deprecated in favor of `config.toml`
[INFO] [stderr] note: if you need to support cargo 1.38 or earlier, you can symlink `config` to `config.toml`
[INFO] [stderr] ┈┈┈┈┈┈┈┈┈┈┈┈┈┈┈┈┈┈┈┈┈┈┈┈┈┈┈┈┈┈┈┈┈┈┈┈┈┈┈┈┈┈┈┈┈┈┈┈┈┈┈┈┈┈┈┈┈┈┈┈
[INFO] [stderr] 
[INFO] [stderr] 
[INFO] [stderr] 
[INFO] [stdout] test compile_test ... FAILED
[INFO] [stdout] 
[INFO] [stdout] failures:
[INFO] [stdout] 
[INFO] [stdout] ---- compile_test stdout ----
[INFO] [stdout] thread 'compile_test' panicked at /opt/rustwide/cargo-home/registry/src/index.crates.io-6f17d22bba15001f/trybuild-1.0.42/src/run.rs:73:13:
[INFO] [stdout] 8 of 15 tests failed
[INFO] [stdout] stack backtrace:
[INFO] [stdout]    0:     0x5631a5eb9e4a - std::backtrace_rs::backtrace::libunwind::trace::h207520d6e9873551
[INFO] [stdout]                                at /rustc/df4ca44d3fbc9301ee17f30f4d474e6ae4b05252/library/std/src/../../backtrace/src/backtrace/libunwind.rs:116:5
[INFO] [stdout]    1:     0x5631a5eb9e4a - std::backtrace_rs::backtrace::trace_unsynchronized::h2ed7433f370e3eca
[INFO] [stdout]                                at /rustc/df4ca44d3fbc9301ee17f30f4d474e6ae4b05252/library/std/src/../../backtrace/src/backtrace/mod.rs:66:5
[INFO] [stdout]    2:     0x5631a5eb9e4a - std::sys::backtrace::_print_fmt::h916fac51166b18d7
[INFO] [stdout]                                at /rustc/df4ca44d3fbc9301ee17f30f4d474e6ae4b05252/library/std/src/sys/backtrace.rs:66:9
[INFO] [stdout]    3:     0x5631a5eb9e4a - <std::sys::backtrace::BacktraceLock::print::DisplayBacktrace as core::fmt::Display>::fmt::ha0a4c9b8ce3802e6
[INFO] [stdout]                                at /rustc/df4ca44d3fbc9301ee17f30f4d474e6ae4b05252/library/std/src/sys/backtrace.rs:39:26
[INFO] [stdout]    4:     0x5631a5ee2f83 - core::fmt::rt::Argument::fmt::h4cfc8587d52b3eb5
[INFO] [stdout]                                at /rustc/df4ca44d3fbc9301ee17f30f4d474e6ae4b05252/library/core/src/fmt/rt.rs:177:76
[INFO] [stdout]    5:     0x5631a5ee2f83 - core::fmt::write::h522cc39e5b36ae9f
[INFO] [stdout]                                at /rustc/df4ca44d3fbc9301ee17f30f4d474e6ae4b05252/library/core/src/fmt/mod.rs:1190:21
[INFO] [stdout]    6:     0x5631a5eb5e83 - std::io::Write::write_fmt::h7d3c26752da97734
[INFO] [stdout]                                at /rustc/df4ca44d3fbc9301ee17f30f4d474e6ae4b05252/library/std/src/io/mod.rs:1839:15
[INFO] [stdout]    7:     0x5631a5eb9c92 - std::sys::backtrace::BacktraceLock::print::h4b9e00b29e9c0942
[INFO] [stdout]                                at /rustc/df4ca44d3fbc9301ee17f30f4d474e6ae4b05252/library/std/src/sys/backtrace.rs:42:9
[INFO] [stdout]    8:     0x5631a5ebb2da - std::panicking::default_hook::{{closure}}::hb59b88280d0324d9
[INFO] [stdout]                                at /rustc/df4ca44d3fbc9301ee17f30f4d474e6ae4b05252/library/std/src/panicking.rs:268:22
[INFO] [stdout]    9:     0x5631a5ebb0e4 - std::panicking::default_hook::he1dd496665be4a29
[INFO] [stdout]                                at /rustc/df4ca44d3fbc9301ee17f30f4d474e6ae4b05252/library/std/src/panicking.rs:292:9
[INFO] [stdout]   10:     0x5631a5e82c79 - <alloc::boxed::Box<F,A> as core::ops::function::Fn<Args>>::call::h4ff71de18744e1dc
[INFO] [stdout]                                at /rustc/df4ca44d3fbc9301ee17f30f4d474e6ae4b05252/library/alloc/src/boxed.rs:2468:9
[INFO] [stdout]   11:     0x5631a5e82c79 - test::test_main::{{closure}}::hcf7c055ce117aa81
[INFO] [stdout]                                at /rustc/df4ca44d3fbc9301ee17f30f4d474e6ae4b05252/library/test/src/lib.rs:133:21
[INFO] [stdout]   12:     0x5631a5ebb9d8 - <alloc::boxed::Box<F,A> as core::ops::function::Fn<Args>>::call::h1d66c6bbd60c9692
[INFO] [stdout]                                at /rustc/df4ca44d3fbc9301ee17f30f4d474e6ae4b05252/library/alloc/src/boxed.rs:2468:9
[INFO] [stdout]   13:     0x5631a5ebb9d8 - std::panicking::rust_panic_with_hook::h2ff17fe8f26dfcf8
[INFO] [stdout]                                at /rustc/df4ca44d3fbc9301ee17f30f4d474e6ae4b05252/library/std/src/panicking.rs:809:13
[INFO] [stdout]   14:     0x5631a5ebb79a - std::panicking::begin_panic_handler::{{closure}}::h4fad77951c07e101
[INFO] [stdout]                                at /rustc/df4ca44d3fbc9301ee17f30f4d474e6ae4b05252/library/std/src/panicking.rs:674:13
[INFO] [stdout]   15:     0x5631a5eba329 - std::sys::backtrace::__rust_end_short_backtrace::hb1a25b3da5d0ea08
[INFO] [stdout]                                at /rustc/df4ca44d3fbc9301ee17f30f4d474e6ae4b05252/library/std/src/sys/backtrace.rs:170:18
[INFO] [stdout]   16:     0x5631a5ebb42c - rust_begin_unwind
[INFO] [stdout]                                at /rustc/df4ca44d3fbc9301ee17f30f4d474e6ae4b05252/library/std/src/panicking.rs:665:5
[INFO] [stdout]   17:     0x5631a5ee1980 - core::panicking::panic_fmt::ha9db07b529f9b256
[INFO] [stdout]                                at /rustc/df4ca44d3fbc9301ee17f30f4d474e6ae4b05252/library/core/src/panicking.rs:75:14
[INFO] [stdout]   18:     0x5631a5cb4e11 - trybuild::run::<impl trybuild::Runner>::run::hc4b307fa1e151282
[INFO] [stdout]                                at /opt/rustwide/cargo-home/registry/src/index.crates.io-6f17d22bba15001f/trybuild-1.0.42/src/run.rs:73:13
[INFO] [stdout]   19:     0x5631a5cb9138 - <trybuild::TestCases as core::ops::drop::Drop>::drop::hede03b9f9ce027a1
[INFO] [stdout]                                at /opt/rustwide/cargo-home/registry/src/index.crates.io-6f17d22bba15001f/trybuild-1.0.42/src/lib.rs:305:13
[INFO] [stdout]   20:     0x5631a5ca8d77 - core::ptr::drop_in_place<trybuild::TestCases>::h09805fc5b180864c
[INFO] [stdout]                                at /rustc/df4ca44d3fbc9301ee17f30f4d474e6ae4b05252/library/core/src/ptr/mod.rs:521:1
[INFO] [stdout]   21:     0x5631a5ca961b - trybuild::compile_test::h932193f5da922d1d
[INFO] [stdout]                                at /opt/rustwide/workdir/tests/trybuild.rs:6:1
[INFO] [stdout]   22:     0x5631a5ca9597 - trybuild::compile_test::{{closure}}::h2bcc6c5f94e50af3
[INFO] [stdout]                                at /opt/rustwide/workdir/tests/trybuild.rs:2:18
[INFO] [stdout]   23:     0x5631a5ca8cd6 - core::ops::function::FnOnce::call_once::h4f6e28134dd37698
[INFO] [stdout]                                at /rustc/df4ca44d3fbc9301ee17f30f4d474e6ae4b05252/library/core/src/ops/function.rs:250:5
[INFO] [stdout]   24:     0x5631a5e8754b - core::ops::function::FnOnce::call_once::h22c3ba5715e93f05
[INFO] [stdout]                                at /rustc/df4ca44d3fbc9301ee17f30f4d474e6ae4b05252/library/core/src/ops/function.rs:250:5
[INFO] [stdout]   25:     0x5631a5e8754b - test::__rust_begin_short_backtrace::h8e82d8113d0da17f
[INFO] [stdout]                                at /rustc/df4ca44d3fbc9301ee17f30f4d474e6ae4b05252/library/test/src/lib.rs:621:18
[INFO] [stdout]   26:     0x5631a5e86ec7 - test::run_test_in_process::{{closure}}::h33235f4f20b7b7c7
[INFO] [stdout]                                at /rustc/df4ca44d3fbc9301ee17f30f4d474e6ae4b05252/library/test/src/lib.rs:644:60
[INFO] [stdout]   27:     0x5631a5e86ec7 - <core::panic::unwind_safe::AssertUnwindSafe<F> as core::ops::function::FnOnce<()>>::call_once::hb5043206310c586f
[INFO] [stdout]                                at /rustc/df4ca44d3fbc9301ee17f30f4d474e6ae4b05252/library/core/src/panic/unwind_safe.rs:272:9
[INFO] [stdout]   28:     0x5631a5e86ec7 - std::panicking::try::do_call::h9ad4731a60ab23e2
[INFO] [stdout]                                at /rustc/df4ca44d3fbc9301ee17f30f4d474e6ae4b05252/library/std/src/panicking.rs:557:40
[INFO] [stdout]   29:     0x5631a5e86ec7 - std::panicking::try::h3824d23db772a716
[INFO] [stdout]                                at /rustc/df4ca44d3fbc9301ee17f30f4d474e6ae4b05252/library/std/src/panicking.rs:520:19
[INFO] [stdout]   30:     0x5631a5e86ec7 - std::panic::catch_unwind::h5afd514605fde46b
[INFO] [stdout]                                at /rustc/df4ca44d3fbc9301ee17f30f4d474e6ae4b05252/library/std/src/panic.rs:358:14
[INFO] [stdout]   31:     0x5631a5e86ec7 - test::run_test_in_process::h0d5cbfa7067d1720
[INFO] [stdout]                                at /rustc/df4ca44d3fbc9301ee17f30f4d474e6ae4b05252/library/test/src/lib.rs:644:27
[INFO] [stdout]   32:     0x5631a5e86ec7 - test::run_test::{{closure}}::h708eb8872708115d
[INFO] [stdout]                                at /rustc/df4ca44d3fbc9301ee17f30f4d474e6ae4b05252/library/test/src/lib.rs:565:43
[INFO] [stdout]   33:     0x5631a5e4a5e4 - test::run_test::{{closure}}::h392c51cee94713ab
[INFO] [stdout]                                at /rustc/df4ca44d3fbc9301ee17f30f4d474e6ae4b05252/library/test/src/lib.rs:595:41
[INFO] [stdout]   34:     0x5631a5e4a5e4 - std::sys::backtrace::__rust_begin_short_backtrace::h2f40290710935a8b
[INFO] [stdout]                                at /rustc/df4ca44d3fbc9301ee17f30f4d474e6ae4b05252/library/std/src/sys/backtrace.rs:154:18
[INFO] [stdout]   35:     0x5631a5e4dd8e - std::thread::Builder::spawn_unchecked_::{{closure}}::{{closure}}::h3fd968d89053a903
[INFO] [stdout]                                at /rustc/df4ca44d3fbc9301ee17f30f4d474e6ae4b05252/library/std/src/thread/mod.rs:541:17
[INFO] [stdout]   36:     0x5631a5e4dd8e - <core::panic::unwind_safe::AssertUnwindSafe<F> as core::ops::function::FnOnce<()>>::call_once::h743f637ba4229880
[INFO] [stdout]                                at /rustc/df4ca44d3fbc9301ee17f30f4d474e6ae4b05252/library/core/src/panic/unwind_safe.rs:272:9
[INFO] [stdout]   37:     0x5631a5e4dd8e - std::panicking::try::do_call::h07440897322525a6
[INFO] [stdout]                                at /rustc/df4ca44d3fbc9301ee17f30f4d474e6ae4b05252/library/std/src/panicking.rs:557:40
[INFO] [stdout]   38:     0x5631a5e4dd8e - std::panicking::try::he5a2e00188156637
[INFO] [stdout]                                at /rustc/df4ca44d3fbc9301ee17f30f4d474e6ae4b05252/library/std/src/panicking.rs:520:19
[INFO] [stdout]   39:     0x5631a5e4dd8e - std::panic::catch_unwind::hbaf3cae49b3c6433
[INFO] [stdout]                                at /rustc/df4ca44d3fbc9301ee17f30f4d474e6ae4b05252/library/std/src/panic.rs:358:14
[INFO] [stdout]   40:     0x5631a5e4dd8e - std::thread::Builder::spawn_unchecked_::{{closure}}::h8e141ea224820bce
[INFO] [stdout]                                at /rustc/df4ca44d3fbc9301ee17f30f4d474e6ae4b05252/library/std/src/thread/mod.rs:540:30
[INFO] [stdout]   41:     0x5631a5e4dd8e - core::ops::function::FnOnce::call_once{{vtable.shim}}::h90d312fedd7b8ea8
[INFO] [stdout]                                at /rustc/df4ca44d3fbc9301ee17f30f4d474e6ae4b05252/library/core/src/ops/function.rs:250:5
[INFO] [stdout]   42:     0x5631a5ec079b - <alloc::boxed::Box<F,A> as core::ops::function::FnOnce<Args>>::call_once::h69aa08ddb6adb8b6
[INFO] [stdout]                                at /rustc/df4ca44d3fbc9301ee17f30f4d474e6ae4b05252/library/alloc/src/boxed.rs:2454:9
[INFO] [stdout]   43:     0x5631a5ec079b - <alloc::boxed::Box<F,A> as core::ops::function::FnOnce<Args>>::call_once::h5aa36efdb79c806f
[INFO] [stdout]                                at /rustc/df4ca44d3fbc9301ee17f30f4d474e6ae4b05252/library/alloc/src/boxed.rs:2454:9
[INFO] [stdout]   44:     0x5631a5ec079b - std::sys::pal::unix::thread::Thread::new::thread_start::h6cd80a1b4be5158d
[INFO] [stdout]                                at /rustc/df4ca44d3fbc9301ee17f30f4d474e6ae4b05252/library/std/src/sys/pal/unix/thread.rs:105:17
[INFO] [stdout]   45:     0x7ed404000ac3 - <unknown>
[INFO] [stdout]   46:     0x7ed404091a04 - clone
[INFO] [stdout]   47:                0x0 - <unknown>
[INFO] [stdout] 
[INFO] [stdout] 
[INFO] [stdout] failures:
[INFO] [stdout]     compile_test
[INFO] [stdout] 
[INFO] [stdout] test result: FAILED. 0 passed; 1 failed; 0 ignored; 0 measured; 0 filtered out; finished in 19.61s
[INFO] [stdout] 
[INFO] [stderr] error: test failed, to rerun pass `--test trybuild`
[INFO] running `Command { std: "docker" "inspect" "3ec4cd71b34b0f3f82b30d5635d92bf39d03ad88ade22bf19ed648a51e038139", kill_on_drop: false }`
[INFO] running `Command { std: "docker" "rm" "-f" "3ec4cd71b34b0f3f82b30d5635d92bf39d03ad88ade22bf19ed648a51e038139", kill_on_drop: false }`
[INFO] [stdout] 3ec4cd71b34b0f3f82b30d5635d92bf39d03ad88ade22bf19ed648a51e038139
