[INFO] fetching crate json_validate_rs 0.3.1...
[INFO] testing json_validate_rs-0.3.1 against nightly-2024-10-28 for randomize-layout
[INFO] extracting crate json_validate_rs 0.3.1 into /workspace/builds/worker-7-tc1/source
[INFO] validating manifest of crates.io crate json_validate_rs 0.3.1 on toolchain nightly-2024-10-28
[INFO] running `Command { std: CARGO_HOME="/workspace/cargo-home" RUSTUP_HOME="/workspace/rustup-home" "/workspace/cargo-home/bin/cargo" "+nightly-2024-10-28" "metadata" "--manifest-path" "Cargo.toml" "--no-deps", kill_on_drop: false }`
[INFO] started tweaking crates.io crate json_validate_rs 0.3.1
[INFO] finished tweaking crates.io crate json_validate_rs 0.3.1
[INFO] tweaked toml for crates.io crate json_validate_rs 0.3.1 written to /workspace/builds/worker-7-tc1/source/Cargo.toml
[INFO] crate crates.io crate json_validate_rs 0.3.1 already has a lockfile, it will not be regenerated
[INFO] running `Command { std: CARGO_HOME="/workspace/cargo-home" RUSTUP_HOME="/workspace/rustup-home" "/workspace/cargo-home/bin/cargo" "+nightly-2024-10-28" "fetch" "--manifest-path" "Cargo.toml", kill_on_drop: false }`
[INFO] running `Command { std: "docker" "create" "-v" "/var/lib/crater-agent-workspace/builds/worker-7-tc1/target:/opt/rustwide/target:rw,Z" "-v" "/var/lib/crater-agent-workspace/builds/worker-7-tc1/source:/opt/rustwide/workdir:ro,Z" "-v" "/var/lib/crater-agent-workspace/cargo-home:/opt/rustwide/cargo-home:ro,Z" "-v" "/var/lib/crater-agent-workspace/rustup-home:/opt/rustwide/rustup-home:ro,Z" "-e" "SOURCE_DIR=/opt/rustwide/workdir" "-e" "CARGO_TARGET_DIR=/opt/rustwide/target" "-e" "CARGO_HOME=/opt/rustwide/cargo-home" "-e" "RUSTUP_HOME=/opt/rustwide/rustup-home" "-w" "/opt/rustwide/workdir" "-m" "1610612736" "--user" "0:0" "--network" "none" "ghcr.io/rust-lang/crates-build-env/linux@sha256:4a844ea9eb2546a2d2c7022eacef16ef2e8229c7fbb2c7d4d55a9ceca922f72d" "/opt/rustwide/cargo-home/bin/cargo" "+nightly-2024-10-28" "metadata" "--no-deps" "--format-version=1", kill_on_drop: false }`
[INFO] [stdout] 453bd7b80fd18f4fda7e6e42266a59c9b1b3d79a30db243b861c39e5bc36a4b2
[INFO] running `Command { std: "docker" "start" "-a" "453bd7b80fd18f4fda7e6e42266a59c9b1b3d79a30db243b861c39e5bc36a4b2", kill_on_drop: false }`
[INFO] running `Command { std: "docker" "inspect" "453bd7b80fd18f4fda7e6e42266a59c9b1b3d79a30db243b861c39e5bc36a4b2", kill_on_drop: false }`
[INFO] running `Command { std: "docker" "rm" "-f" "453bd7b80fd18f4fda7e6e42266a59c9b1b3d79a30db243b861c39e5bc36a4b2", kill_on_drop: false }`
[INFO] [stdout] 453bd7b80fd18f4fda7e6e42266a59c9b1b3d79a30db243b861c39e5bc36a4b2
[INFO] running `Command { std: "docker" "create" "-v" "/var/lib/crater-agent-workspace/builds/worker-7-tc1/target:/opt/rustwide/target:rw,Z" "-v" "/var/lib/crater-agent-workspace/builds/worker-7-tc1/source:/opt/rustwide/workdir:ro,Z" "-v" "/var/lib/crater-agent-workspace/cargo-home:/opt/rustwide/cargo-home:ro,Z" "-v" "/var/lib/crater-agent-workspace/rustup-home:/opt/rustwide/rustup-home:ro,Z" "-e" "SOURCE_DIR=/opt/rustwide/workdir" "-e" "CARGO_TARGET_DIR=/opt/rustwide/target" "-e" "CARGO_INCREMENTAL=0" "-e" "RUST_BACKTRACE=full" "-e" "RUSTFLAGS=--cap-lints=forbid" "-e" "RUSTDOCFLAGS=--cap-lints=forbid" "-e" "CARGO_HOME=/opt/rustwide/cargo-home" "-e" "RUSTUP_HOME=/opt/rustwide/rustup-home" "-w" "/opt/rustwide/workdir" "-m" "1610612736" "--user" "0:0" "--network" "none" "ghcr.io/rust-lang/crates-build-env/linux@sha256:4a844ea9eb2546a2d2c7022eacef16ef2e8229c7fbb2c7d4d55a9ceca922f72d" "/opt/rustwide/cargo-home/bin/cargo" "+nightly-2024-10-28" "build" "--frozen" "--message-format=json", kill_on_drop: false }`
[INFO] [stdout] 5508197aa7445ae877472f388333ac79ab2eff1944c79b23070935ce3a99ee74
[INFO] running `Command { std: "docker" "start" "-a" "5508197aa7445ae877472f388333ac79ab2eff1944c79b23070935ce3a99ee74", kill_on_drop: false }`
[INFO] [stderr]    Compiling aho-corasick v1.1.3
[INFO] [stderr]    Compiling adler v1.0.2
[INFO] [stderr]    Compiling base64 v0.21.7
[INFO] [stderr]    Compiling md5 v0.7.0
[INFO] [stderr]    Compiling json v0.12.4
[INFO] [stderr]    Compiling miniz_oxide v0.7.4
[INFO] [stderr]    Compiling flate2 v1.0.30
[INFO] [stderr]    Compiling regex-automata v0.4.7
[INFO] [stderr]    Compiling regex v1.10.5
[INFO] [stderr]    Compiling json_validate_rs v0.3.1 (/opt/rustwide/workdir)
[INFO] [stderr]     Finished `dev` profile [unoptimized + debuginfo] target(s) in 7.32s
[INFO] running `Command { std: "docker" "inspect" "5508197aa7445ae877472f388333ac79ab2eff1944c79b23070935ce3a99ee74", kill_on_drop: false }`
[INFO] running `Command { std: "docker" "rm" "-f" "5508197aa7445ae877472f388333ac79ab2eff1944c79b23070935ce3a99ee74", kill_on_drop: false }`
[INFO] [stdout] 5508197aa7445ae877472f388333ac79ab2eff1944c79b23070935ce3a99ee74
[INFO] running `Command { std: "docker" "create" "-v" "/var/lib/crater-agent-workspace/builds/worker-7-tc1/target:/opt/rustwide/target:rw,Z" "-v" "/var/lib/crater-agent-workspace/builds/worker-7-tc1/source:/opt/rustwide/workdir:ro,Z" "-v" "/var/lib/crater-agent-workspace/cargo-home:/opt/rustwide/cargo-home:ro,Z" "-v" "/var/lib/crater-agent-workspace/rustup-home:/opt/rustwide/rustup-home:ro,Z" "-e" "SOURCE_DIR=/opt/rustwide/workdir" "-e" "CARGO_TARGET_DIR=/opt/rustwide/target" "-e" "CARGO_INCREMENTAL=0" "-e" "RUST_BACKTRACE=full" "-e" "RUSTFLAGS=--cap-lints=forbid" "-e" "RUSTDOCFLAGS=--cap-lints=forbid" "-e" "CARGO_HOME=/opt/rustwide/cargo-home" "-e" "RUSTUP_HOME=/opt/rustwide/rustup-home" "-w" "/opt/rustwide/workdir" "-m" "1610612736" "--user" "0:0" "--network" "none" "ghcr.io/rust-lang/crates-build-env/linux@sha256:4a844ea9eb2546a2d2c7022eacef16ef2e8229c7fbb2c7d4d55a9ceca922f72d" "/opt/rustwide/cargo-home/bin/cargo" "+nightly-2024-10-28" "test" "--frozen" "--no-run" "--message-format=json", kill_on_drop: false }`
[INFO] [stdout] cc1e7346fc9f9a372ecdfe3965af9a6abfe35f1493dc683c75587d72390fe4d4
[INFO] running `Command { std: "docker" "start" "-a" "cc1e7346fc9f9a372ecdfe3965af9a6abfe35f1493dc683c75587d72390fe4d4", kill_on_drop: false }`
[INFO] [stderr]    Compiling json_validate_rs v0.3.1 (/opt/rustwide/workdir)
[INFO] [stderr]     Finished `test` profile [unoptimized + debuginfo] target(s) in 0.74s
[INFO] running `Command { std: "docker" "inspect" "cc1e7346fc9f9a372ecdfe3965af9a6abfe35f1493dc683c75587d72390fe4d4", kill_on_drop: false }`
[INFO] running `Command { std: "docker" "rm" "-f" "cc1e7346fc9f9a372ecdfe3965af9a6abfe35f1493dc683c75587d72390fe4d4", kill_on_drop: false }`
[INFO] [stdout] cc1e7346fc9f9a372ecdfe3965af9a6abfe35f1493dc683c75587d72390fe4d4
[INFO] running `Command { std: "docker" "create" "-v" "/var/lib/crater-agent-workspace/builds/worker-7-tc1/target:/opt/rustwide/target:rw,Z" "-v" "/var/lib/crater-agent-workspace/builds/worker-7-tc1/source:/opt/rustwide/workdir:ro,Z" "-v" "/var/lib/crater-agent-workspace/cargo-home:/opt/rustwide/cargo-home:ro,Z" "-v" "/var/lib/crater-agent-workspace/rustup-home:/opt/rustwide/rustup-home:ro,Z" "-e" "SOURCE_DIR=/opt/rustwide/workdir" "-e" "CARGO_TARGET_DIR=/opt/rustwide/target" "-e" "CARGO_INCREMENTAL=0" "-e" "RUST_BACKTRACE=full" "-e" "RUSTFLAGS=--cap-lints=forbid" "-e" "RUSTDOCFLAGS=--cap-lints=forbid" "-e" "CARGO_HOME=/opt/rustwide/cargo-home" "-e" "RUSTUP_HOME=/opt/rustwide/rustup-home" "-w" "/opt/rustwide/workdir" "-m" "1610612736" "--user" "0:0" "--network" "none" "ghcr.io/rust-lang/crates-build-env/linux@sha256:4a844ea9eb2546a2d2c7022eacef16ef2e8229c7fbb2c7d4d55a9ceca922f72d" "/opt/rustwide/cargo-home/bin/cargo" "+nightly-2024-10-28" "test" "--frozen", kill_on_drop: false }`
[INFO] [stdout] e57e1a78a237467b5bb972480a35aea11a247daaccb38509043258889d92c74c
[INFO] running `Command { std: "docker" "start" "-a" "e57e1a78a237467b5bb972480a35aea11a247daaccb38509043258889d92c74c", kill_on_drop: false }`
[INFO] [stderr]     Finished `test` profile [unoptimized + debuginfo] target(s) in 0.03s
[INFO] [stderr]      Running unittests src/lib.rs (/opt/rustwide/target/debug/deps/json_validate_rs-73d14aaa7fb211e6)
[INFO] [stdout] 
[INFO] [stdout] running 1 test
[INFO] [stdout] test compressor::tests::test_compress ... ok
[INFO] [stderr]      Running unittests src/main.rs (/opt/rustwide/target/debug/deps/json_validate_rs-60d4f661e2b79fa0)
[INFO] [stdout] 
[INFO] [stdout] test result: ok. 1 passed; 0 failed; 0 ignored; 0 measured; 0 filtered out; finished in 0.01s
[INFO] [stdout] 
[INFO] [stdout] 
[INFO] [stdout] running 1 test
[INFO] [stdout] test compressor::tests::test_compress ... ok
[INFO] [stdout] 
[INFO] [stdout] test result: ok. 1 passed; 0 failed; 0 ignored; 0 measured; 0 filtered out; finished in 0.01s
[INFO] [stdout] 
[INFO] [stderr]    Doc-tests json_validate_rs
[INFO] [stdout] 
[INFO] [stdout] running 1 test
[INFO] [stdout] test src/validater.rs - validater::run (line 68) ... FAILED
[INFO] [stdout] 
[INFO] [stdout] failures:
[INFO] [stdout] 
[INFO] [stdout] ---- src/validater.rs - validater::run (line 68) stdout ----
[INFO] [stdout] error: cannot find macro `object` in this scope
[INFO] [stdout]    --> src/validater.rs:263:16
[INFO] [stdout]     |
[INFO] [stdout] 197 |     let data = object! {
[INFO] [stdout]     |                ^^^^^^
[INFO] [stdout]     |
[INFO] [stdout] help: consider importing this macro
[INFO] [stdout]     |
[INFO] [stdout] 3   + use json::object;
[INFO] [stdout]     |
[INFO] [stdout] 
[INFO] [stdout] error: cannot find macro `object` in this scope
[INFO] [stdout]  --> src/validater.rs:72:18
[INFO] [stdout]   |
[INFO] [stdout] 6 |     let format = object! {
[INFO] [stdout]   |                  ^^^^^^
[INFO] [stdout]   |
[INFO] [stdout] help: consider importing this macro
[INFO] [stdout]   |
[INFO] [stdout] 3 + use json::object;
[INFO] [stdout]   |
[INFO] [stdout] 
[INFO] [stdout] error[E0425]: cannot find function `validate` in this scope
[INFO] [stdout]    --> src/validater.rs:360:15
[INFO] [stdout]     |
[INFO] [stdout] 294 |     let run = validate(
[INFO] [stdout]     |               ^^^^^^^^ not found in this scope
[INFO] [stdout]     |
[INFO] [stdout] help: consider importing this function
[INFO] [stdout]     |
[INFO] [stdout] 3   + use json_validate_rs::validate;
[INFO] [stdout]     |
[INFO] [stdout] 
[INFO] [stdout] error: aborting due to 3 previous errors
[INFO] [stdout] 
[INFO] [stdout] For more information about this error, try `rustc --explain E0425`.
[INFO] [stdout] Couldn't compile the test.
[INFO] [stdout] 
[INFO] [stdout] failures:
[INFO] [stdout]     src/validater.rs - validater::run (line 68)
[INFO] [stdout] 
[INFO] [stdout] test result: FAILED. 0 passed; 1 failed; 0 ignored; 0 measured; 0 filtered out; finished in 0.10s
[INFO] [stdout] 
[INFO] [stderr] error: doctest failed, to rerun pass `--doc`
[INFO] running `Command { std: "docker" "inspect" "e57e1a78a237467b5bb972480a35aea11a247daaccb38509043258889d92c74c", kill_on_drop: false }`
[INFO] running `Command { std: "docker" "rm" "-f" "e57e1a78a237467b5bb972480a35aea11a247daaccb38509043258889d92c74c", kill_on_drop: false }`
[INFO] [stdout] e57e1a78a237467b5bb972480a35aea11a247daaccb38509043258889d92c74c
