[INFO] fetching crate json-commons 0.3.0...
[INFO] testing json-commons-0.3.0 against nightly-2024-10-28 for randomize-layout
[INFO] extracting crate json-commons 0.3.0 into /workspace/builds/worker-4-tc1/source
[INFO] validating manifest of crates.io crate json-commons 0.3.0 on toolchain nightly-2024-10-28
[INFO] running `Command { std: CARGO_HOME="/workspace/cargo-home" RUSTUP_HOME="/workspace/rustup-home" "/workspace/cargo-home/bin/cargo" "+nightly-2024-10-28" "metadata" "--manifest-path" "Cargo.toml" "--no-deps", kill_on_drop: false }`
[INFO] started tweaking crates.io crate json-commons 0.3.0
[INFO] finished tweaking crates.io crate json-commons 0.3.0
[INFO] tweaked toml for crates.io crate json-commons 0.3.0 written to /workspace/builds/worker-4-tc1/source/Cargo.toml
[INFO] running `Command { std: CARGO_HOME="/workspace/cargo-home" RUSTUP_HOME="/workspace/rustup-home" "/workspace/cargo-home/bin/cargo" "+nightly-2024-10-28" "generate-lockfile" "--manifest-path" "Cargo.toml", kill_on_drop: false }`
[INFO] [stderr]     Updating crates.io index
[INFO] [stderr]      Locking 52 packages to latest compatible versions
[INFO] running `Command { std: CARGO_HOME="/workspace/cargo-home" RUSTUP_HOME="/workspace/rustup-home" "/workspace/cargo-home/bin/cargo" "+nightly-2024-10-28" "fetch" "--manifest-path" "Cargo.toml", kill_on_drop: false }`
[INFO] running `Command { std: "docker" "create" "-v" "/var/lib/crater-agent-workspace/builds/worker-4-tc1/target:/opt/rustwide/target:rw,Z" "-v" "/var/lib/crater-agent-workspace/builds/worker-4-tc1/source:/opt/rustwide/workdir:ro,Z" "-v" "/var/lib/crater-agent-workspace/cargo-home:/opt/rustwide/cargo-home:ro,Z" "-v" "/var/lib/crater-agent-workspace/rustup-home:/opt/rustwide/rustup-home:ro,Z" "-e" "SOURCE_DIR=/opt/rustwide/workdir" "-e" "CARGO_TARGET_DIR=/opt/rustwide/target" "-e" "CARGO_HOME=/opt/rustwide/cargo-home" "-e" "RUSTUP_HOME=/opt/rustwide/rustup-home" "-w" "/opt/rustwide/workdir" "-m" "1610612736" "--user" "0:0" "--network" "none" "ghcr.io/rust-lang/crates-build-env/linux@sha256:4a844ea9eb2546a2d2c7022eacef16ef2e8229c7fbb2c7d4d55a9ceca922f72d" "/opt/rustwide/cargo-home/bin/cargo" "+nightly-2024-10-28" "metadata" "--no-deps" "--format-version=1", kill_on_drop: false }`
[INFO] [stdout] c09a2a5dc27cf647da1a1bb32133d2531a4158fe35a0ff458bd100621b21cad7
[INFO] running `Command { std: "docker" "start" "-a" "c09a2a5dc27cf647da1a1bb32133d2531a4158fe35a0ff458bd100621b21cad7", kill_on_drop: false }`
[INFO] running `Command { std: "docker" "inspect" "c09a2a5dc27cf647da1a1bb32133d2531a4158fe35a0ff458bd100621b21cad7", kill_on_drop: false }`
[INFO] running `Command { std: "docker" "rm" "-f" "c09a2a5dc27cf647da1a1bb32133d2531a4158fe35a0ff458bd100621b21cad7", kill_on_drop: false }`
[INFO] [stdout] c09a2a5dc27cf647da1a1bb32133d2531a4158fe35a0ff458bd100621b21cad7
[INFO] running `Command { std: "docker" "create" "-v" "/var/lib/crater-agent-workspace/builds/worker-4-tc1/target:/opt/rustwide/target:rw,Z" "-v" "/var/lib/crater-agent-workspace/builds/worker-4-tc1/source:/opt/rustwide/workdir:ro,Z" "-v" "/var/lib/crater-agent-workspace/cargo-home:/opt/rustwide/cargo-home:ro,Z" "-v" "/var/lib/crater-agent-workspace/rustup-home:/opt/rustwide/rustup-home:ro,Z" "-e" "SOURCE_DIR=/opt/rustwide/workdir" "-e" "CARGO_TARGET_DIR=/opt/rustwide/target" "-e" "CARGO_INCREMENTAL=0" "-e" "RUST_BACKTRACE=full" "-e" "RUSTFLAGS=--cap-lints=forbid" "-e" "RUSTDOCFLAGS=--cap-lints=forbid" "-e" "CARGO_HOME=/opt/rustwide/cargo-home" "-e" "RUSTUP_HOME=/opt/rustwide/rustup-home" "-w" "/opt/rustwide/workdir" "-m" "1610612736" "--user" "0:0" "--network" "none" "ghcr.io/rust-lang/crates-build-env/linux@sha256:4a844ea9eb2546a2d2c7022eacef16ef2e8229c7fbb2c7d4d55a9ceca922f72d" "/opt/rustwide/cargo-home/bin/cargo" "+nightly-2024-10-28" "build" "--frozen" "--message-format=json", kill_on_drop: false }`
[INFO] [stdout] 694fc4a5f3af8771c04d52b7d114635dd294b801cd7e4d606cd50dc4489c5d94
[INFO] running `Command { std: "docker" "start" "-a" "694fc4a5f3af8771c04d52b7d114635dd294b801cd7e4d606cd50dc4489c5d94", kill_on_drop: false }`
[INFO] [stderr]    Compiling libc v0.2.161
[INFO] [stderr]    Compiling byteorder v1.5.0
[INFO] [stderr]    Compiling radium v0.7.0
[INFO] [stderr]    Compiling ahash v0.8.11
[INFO] [stderr]    Compiling tap v1.0.1
[INFO] [stderr]    Compiling syn v2.0.86
[INFO] [stderr]    Compiling serde_json v1.0.132
[INFO] [stderr]    Compiling time-macros v0.2.18
[INFO] [stderr]    Compiling wyz v0.5.1
[INFO] [stderr]    Compiling funty v2.0.0
[INFO] [stderr]    Compiling base64 v0.13.1
[INFO] [stderr]    Compiling hex v0.4.3
[INFO] [stderr]    Compiling json v0.12.4
[INFO] [stderr]    Compiling bitvec v1.0.1
[INFO] [stderr]    Compiling getrandom v0.2.15
[INFO] [stderr]    Compiling rand_core v0.6.4
[INFO] [stderr]    Compiling time v0.3.36
[INFO] [stderr]    Compiling zerocopy-derive v0.7.35
[INFO] [stderr]    Compiling serde_derive v1.0.214
[INFO] [stderr]    Compiling zerocopy v0.7.35
[INFO] [stderr]    Compiling ppv-lite86 v0.2.20
[INFO] [stderr]    Compiling rand_chacha v0.3.1
[INFO] [stderr]    Compiling rand v0.8.5
[INFO] [stderr]    Compiling serde v1.0.214
[INFO] [stderr]    Compiling uuid v1.11.0
[INFO] [stderr]    Compiling serde_bytes v0.11.15
[INFO] [stderr]    Compiling bson v2.13.0
[INFO] [stderr]    Compiling json-commons v0.3.0 (/opt/rustwide/workdir)
[INFO] [stderr]     Finished `dev` profile [unoptimized + debuginfo] target(s) in 16.89s
[INFO] running `Command { std: "docker" "inspect" "694fc4a5f3af8771c04d52b7d114635dd294b801cd7e4d606cd50dc4489c5d94", kill_on_drop: false }`
[INFO] running `Command { std: "docker" "rm" "-f" "694fc4a5f3af8771c04d52b7d114635dd294b801cd7e4d606cd50dc4489c5d94", kill_on_drop: false }`
[INFO] [stdout] 694fc4a5f3af8771c04d52b7d114635dd294b801cd7e4d606cd50dc4489c5d94
[INFO] running `Command { std: "docker" "create" "-v" "/var/lib/crater-agent-workspace/builds/worker-4-tc1/target:/opt/rustwide/target:rw,Z" "-v" "/var/lib/crater-agent-workspace/builds/worker-4-tc1/source:/opt/rustwide/workdir:ro,Z" "-v" "/var/lib/crater-agent-workspace/cargo-home:/opt/rustwide/cargo-home:ro,Z" "-v" "/var/lib/crater-agent-workspace/rustup-home:/opt/rustwide/rustup-home:ro,Z" "-e" "SOURCE_DIR=/opt/rustwide/workdir" "-e" "CARGO_TARGET_DIR=/opt/rustwide/target" "-e" "CARGO_INCREMENTAL=0" "-e" "RUST_BACKTRACE=full" "-e" "RUSTFLAGS=--cap-lints=forbid" "-e" "RUSTDOCFLAGS=--cap-lints=forbid" "-e" "CARGO_HOME=/opt/rustwide/cargo-home" "-e" "RUSTUP_HOME=/opt/rustwide/rustup-home" "-w" "/opt/rustwide/workdir" "-m" "1610612736" "--user" "0:0" "--network" "none" "ghcr.io/rust-lang/crates-build-env/linux@sha256:4a844ea9eb2546a2d2c7022eacef16ef2e8229c7fbb2c7d4d55a9ceca922f72d" "/opt/rustwide/cargo-home/bin/cargo" "+nightly-2024-10-28" "test" "--frozen" "--no-run" "--message-format=json", kill_on_drop: false }`
[INFO] [stdout] 2ccb47b40f8594facc6d23ce9c2bf4ba2f4e4e784c302f890ee822e0afe1c236
[INFO] running `Command { std: "docker" "start" "-a" "2ccb47b40f8594facc6d23ce9c2bf4ba2f4e4e784c302f890ee822e0afe1c236", kill_on_drop: false }`
[INFO] [stderr]    Compiling json-commons v0.3.0 (/opt/rustwide/workdir)
[INFO] [stderr]     Finished `test` profile [unoptimized + debuginfo] target(s) in 0.36s
[INFO] running `Command { std: "docker" "inspect" "2ccb47b40f8594facc6d23ce9c2bf4ba2f4e4e784c302f890ee822e0afe1c236", kill_on_drop: false }`
[INFO] running `Command { std: "docker" "rm" "-f" "2ccb47b40f8594facc6d23ce9c2bf4ba2f4e4e784c302f890ee822e0afe1c236", kill_on_drop: false }`
[INFO] [stdout] 2ccb47b40f8594facc6d23ce9c2bf4ba2f4e4e784c302f890ee822e0afe1c236
[INFO] running `Command { std: "docker" "create" "-v" "/var/lib/crater-agent-workspace/builds/worker-4-tc1/target:/opt/rustwide/target:rw,Z" "-v" "/var/lib/crater-agent-workspace/builds/worker-4-tc1/source:/opt/rustwide/workdir:ro,Z" "-v" "/var/lib/crater-agent-workspace/cargo-home:/opt/rustwide/cargo-home:ro,Z" "-v" "/var/lib/crater-agent-workspace/rustup-home:/opt/rustwide/rustup-home:ro,Z" "-e" "SOURCE_DIR=/opt/rustwide/workdir" "-e" "CARGO_TARGET_DIR=/opt/rustwide/target" "-e" "CARGO_INCREMENTAL=0" "-e" "RUST_BACKTRACE=full" "-e" "RUSTFLAGS=--cap-lints=forbid" "-e" "RUSTDOCFLAGS=--cap-lints=forbid" "-e" "CARGO_HOME=/opt/rustwide/cargo-home" "-e" "RUSTUP_HOME=/opt/rustwide/rustup-home" "-w" "/opt/rustwide/workdir" "-m" "1610612736" "--user" "0:0" "--network" "none" "ghcr.io/rust-lang/crates-build-env/linux@sha256:4a844ea9eb2546a2d2c7022eacef16ef2e8229c7fbb2c7d4d55a9ceca922f72d" "/opt/rustwide/cargo-home/bin/cargo" "+nightly-2024-10-28" "test" "--frozen", kill_on_drop: false }`
[INFO] [stdout] 11c996d02f5acfb44fc90ad9fa233ea96074860a6899a17bd7a7f56dcf8e2e3b
[INFO] running `Command { std: "docker" "start" "-a" "11c996d02f5acfb44fc90ad9fa233ea96074860a6899a17bd7a7f56dcf8e2e3b", kill_on_drop: false }`
[INFO] [stderr]     Finished `test` profile [unoptimized + debuginfo] target(s) in 0.06s
[INFO] [stderr]      Running unittests src/lib.rs (/opt/rustwide/target/debug/deps/json_commons-e3e6d7939a79c592)
[INFO] [stdout] 
[INFO] [stdout] running 0 tests
[INFO] [stdout] 
[INFO] [stdout] test result: ok. 0 passed; 0 failed; 0 ignored; 0 measured; 0 filtered out; finished in 0.00s
[INFO] [stdout] 
[INFO] [stderr]    Doc-tests json_commons
[INFO] [stdout] 
[INFO] [stdout] running 6 tests
[INFO] [stdout] test src/commons/json.rs - commons::json::JsonCommons::serialize_to_bson_hex (line 209) ... FAILED
[INFO] [stdout] test src/commons/json.rs - commons::json::JsonCommons::read_file (line 41) ... FAILED
[INFO] [stdout] test src/commons/json.rs - commons::json::JsonCommons::read_str (line 27) ... FAILED
[INFO] [stdout] test src/commons/json.rs - commons::json::JsonCommons::parse_to_vec (line 128) ... FAILED
[INFO] [stdout] test src/commons/json.rs - commons::json::JsonCommons::serialize (line 156) ... FAILED
[INFO] [stdout] test src/commons/json.rs - commons::json::JsonCommons::new (line 14) ... ok
[INFO] [stdout] 
[INFO] [stdout] failures:
[INFO] [stdout] 
[INFO] [stdout] ---- src/commons/json.rs - commons::json::JsonCommons::serialize_to_bson_hex (line 209) stdout ----
[INFO] [stdout] error[E0425]: cannot find value `jsonc` in this scope
[INFO] [stdout]  --> src/commons/json.rs:210:16
[INFO] [stdout]   |
[INFO] [stdout] 3 | let bson_hex = jsonc.serialize_to_bson_hex(myjson);
[INFO] [stdout]   |                ^^^^^ not found in this scope
[INFO] [stdout] 
[INFO] [stdout] error[E0425]: cannot find value `myjson` in this scope
[INFO] [stdout]  --> src/commons/json.rs:210:44
[INFO] [stdout]   |
[INFO] [stdout] 3 | let bson_hex = jsonc.serialize_to_bson_hex(myjson);
[INFO] [stdout]   |                                            ^^^^^^ not found in this scope
[INFO] [stdout] 
[INFO] [stdout] error: aborting due to 2 previous errors
[INFO] [stderr] error: doctest failed, to rerun pass `--doc`
[INFO] [stdout] 
[INFO] [stdout] For more information about this error, try `rustc --explain E0425`.
[INFO] [stdout] Couldn't compile the test.
[INFO] [stdout] ---- src/commons/json.rs - commons::json::JsonCommons::read_file (line 41) stdout ----
[INFO] [stdout] error[E0425]: cannot find value `jsonc` in this scope
[INFO] [stdout]  --> src/commons/json.rs:43:12
[INFO] [stdout]   |
[INFO] [stdout] 4 | let json = jsonc.read_file(path);
[INFO] [stdout]   |            ^^^^^ not found in this scope
[INFO] [stdout] 
[INFO] [stdout] error: aborting due to 1 previous error
[INFO] [stdout] 
[INFO] [stdout] For more information about this error, try `rustc --explain E0425`.
[INFO] [stdout] Couldn't compile the test.
[INFO] [stdout] ---- src/commons/json.rs - commons::json::JsonCommons::read_str (line 27) stdout ----
[INFO] [stdout] error[E0425]: cannot find value `jsonc` in this scope
[INFO] [stdout]  --> src/commons/json.rs:30:12
[INFO] [stdout]   |
[INFO] [stdout] 5 | let json = jsonc.read_str(content);
[INFO] [stdout]   |            ^^^^^ not found in this scope
[INFO] [stdout] 
[INFO] [stdout] error: aborting due to 1 previous error
[INFO] [stdout] 
[INFO] [stdout] For more information about this error, try `rustc --explain E0425`.
[INFO] [stdout] Couldn't compile the test.
[INFO] [stdout] ---- src/commons/json.rs - commons::json::JsonCommons::parse_to_vec (line 128) stdout ----
[INFO] [stdout] error[E0425]: cannot find value `jsonc` in this scope
[INFO] [stdout]  --> src/commons/json.rs:129:12
[INFO] [stdout]   |
[INFO] [stdout] 3 | let json = jsonc.read_str(content);
[INFO] [stdout]   |            ^^^^^ not found in this scope
[INFO] [stdout] 
[INFO] [stdout] error[E0425]: cannot find value `content` in this scope
[INFO] [stdout]  --> src/commons/json.rs:129:27
[INFO] [stdout]   |
[INFO] [stdout] 3 | let json = jsonc.read_str(content);
[INFO] [stdout]   |                           ^^^^^^^ not found in this scope
[INFO] [stdout] 
[INFO] [stdout] error[E0425]: cannot find value `jsonc` in this scope
[INFO] [stdout]  --> src/commons/json.rs:130:12
[INFO] [stdout]   |
[INFO] [stdout] 4 | let cars = jsonc.get_path("cars", json).unwrap();
[INFO] [stdout]   |            ^^^^^ help: a local variable with a similar name exists: `json`
[INFO] [stdout] 
[INFO] [stdout] error[E0425]: cannot find value `jsonc` in this scope
[INFO] [stdout]  --> src/commons/json.rs:132:1
[INFO] [stdout]   |
[INFO] [stdout] 6 | jsonc.parse_to_vec(cars); // The output is a vec of JsonValue, with len 2
[INFO] [stdout]   | ^^^^^ help: a local variable with a similar name exists: `json`
[INFO] [stdout] 
[INFO] [stdout] error: aborting due to 4 previous errors
[INFO] [stdout] 
[INFO] [stdout] For more information about this error, try `rustc --explain E0425`.
[INFO] [stdout] Couldn't compile the test.
[INFO] [stdout] ---- src/commons/json.rs - commons::json::JsonCommons::serialize (line 156) stdout ----
[INFO] [stdout] error[E0425]: cannot find value `jsonc` in this scope
[INFO] [stdout]  --> src/commons/json.rs:157:18
[INFO] [stdout]   |
[INFO] [stdout] 3 | let serialized = jsonc.serialize(myjson);
[INFO] [stdout]   |                  ^^^^^ not found in this scope
[INFO] [stdout] 
[INFO] [stdout] error[E0425]: cannot find value `myjson` in this scope
[INFO] [stdout]  --> src/commons/json.rs:157:34
[INFO] [stdout]   |
[INFO] [stdout] 3 | let serialized = jsonc.serialize(myjson);
[INFO] [stdout]   |                                  ^^^^^^ not found in this scope
[INFO] [stdout] 
[INFO] [stdout] error: aborting due to 2 previous errors
[INFO] [stdout] 
[INFO] [stdout] For more information about this error, try `rustc --explain E0425`.
[INFO] [stdout] Couldn't compile the test.
[INFO] [stdout] 
[INFO] [stdout] failures:
[INFO] [stdout]     src/commons/json.rs - commons::json::JsonCommons::parse_to_vec (line 128)
[INFO] [stdout]     src/commons/json.rs - commons::json::JsonCommons::read_file (line 41)
[INFO] [stdout]     src/commons/json.rs - commons::json::JsonCommons::read_str (line 27)
[INFO] [stdout]     src/commons/json.rs - commons::json::JsonCommons::serialize (line 156)
[INFO] [stdout]     src/commons/json.rs - commons::json::JsonCommons::serialize_to_bson_hex (line 209)
[INFO] [stdout] 
[INFO] [stdout] test result: FAILED. 1 passed; 5 failed; 0 ignored; 0 measured; 0 filtered out; finished in 0.37s
[INFO] [stdout] 
[INFO] running `Command { std: "docker" "inspect" "11c996d02f5acfb44fc90ad9fa233ea96074860a6899a17bd7a7f56dcf8e2e3b", kill_on_drop: false }`
[INFO] running `Command { std: "docker" "rm" "-f" "11c996d02f5acfb44fc90ad9fa233ea96074860a6899a17bd7a7f56dcf8e2e3b", kill_on_drop: false }`
[INFO] [stdout] 11c996d02f5acfb44fc90ad9fa233ea96074860a6899a17bd7a7f56dcf8e2e3b
