[INFO] fetching crate jpreprocess 0.10.0...
[INFO] testing jpreprocess-0.10.0 against nightly-2024-10-28 for randomize-layout
[INFO] extracting crate jpreprocess 0.10.0 into /workspace/builds/worker-2-tc1/source
[INFO] validating manifest of crates.io crate jpreprocess 0.10.0 on toolchain nightly-2024-10-28
[INFO] running `Command { std: CARGO_HOME="/workspace/cargo-home" RUSTUP_HOME="/workspace/rustup-home" "/workspace/cargo-home/bin/cargo" "+nightly-2024-10-28" "metadata" "--manifest-path" "Cargo.toml" "--no-deps", kill_on_drop: false }`
[INFO] started tweaking crates.io crate jpreprocess 0.10.0
[INFO] finished tweaking crates.io crate jpreprocess 0.10.0
[INFO] tweaked toml for crates.io crate jpreprocess 0.10.0 written to /workspace/builds/worker-2-tc1/source/Cargo.toml
[INFO] crate crates.io crate jpreprocess 0.10.0 already has a lockfile, it will not be regenerated
[INFO] running `Command { std: CARGO_HOME="/workspace/cargo-home" RUSTUP_HOME="/workspace/rustup-home" "/workspace/cargo-home/bin/cargo" "+nightly-2024-10-28" "fetch" "--manifest-path" "Cargo.toml", kill_on_drop: false }`
[INFO] [stderr]     Updating crates.io index
[INFO] [stderr]  Downloading crates ...
[INFO] [stderr]   Downloaded lindera-tokenizer v0.32.2
[INFO] [stderr]   Downloaded lindera-unidic-builder v0.32.2
[INFO] [stderr]   Downloaded lindera-core v0.32.2
[INFO] [stderr]   Downloaded lindera-decompress v0.32.2
[INFO] [stderr]   Downloaded lindera-dictionary-builder v0.32.2
[INFO] [stderr]   Downloaded rustversion v1.0.15
[INFO] [stderr]   Downloaded jpreprocess-dictionary v0.10.0
[INFO] [stderr]   Downloaded lindera-ko-dic-builder v0.32.2
[INFO] [stderr]   Downloaded jlabel v0.1.4
[INFO] [stderr]   Downloaded yada v0.5.1
[INFO] [stderr]   Downloaded lindera-dictionary v0.32.2
[INFO] [stderr]   Downloaded jpreprocess-dictionary-builder v0.10.0
[INFO] [stderr]   Downloaded jpreprocess-window v0.10.0
[INFO] [stderr]   Downloaded lindera-cc-cedict-builder v0.32.2
[INFO] [stderr]   Downloaded lindera-ipadic-neologd-builder v0.32.2
[INFO] [stderr]   Downloaded jpreprocess-naist-jdic v0.10.0
[INFO] [stderr]   Downloaded lindera-ipadic-builder v0.32.2
[INFO] [stderr]   Downloaded jpreprocess-core v0.10.0
[INFO] [stderr]   Downloaded jpreprocess-jpcommon v0.10.0
[INFO] [stderr]   Downloaded jpreprocess-njd v0.10.0
[INFO] [stderr]   Downloaded rustls v0.23.10
[INFO] running `Command { std: "docker" "create" "-v" "/var/lib/crater-agent-workspace/builds/worker-2-tc1/target:/opt/rustwide/target:rw,Z" "-v" "/var/lib/crater-agent-workspace/builds/worker-2-tc1/source:/opt/rustwide/workdir:ro,Z" "-v" "/var/lib/crater-agent-workspace/cargo-home:/opt/rustwide/cargo-home:ro,Z" "-v" "/var/lib/crater-agent-workspace/rustup-home:/opt/rustwide/rustup-home:ro,Z" "-e" "SOURCE_DIR=/opt/rustwide/workdir" "-e" "CARGO_TARGET_DIR=/opt/rustwide/target" "-e" "CARGO_HOME=/opt/rustwide/cargo-home" "-e" "RUSTUP_HOME=/opt/rustwide/rustup-home" "-w" "/opt/rustwide/workdir" "-m" "1610612736" "--user" "0:0" "--network" "none" "ghcr.io/rust-lang/crates-build-env/linux@sha256:4a844ea9eb2546a2d2c7022eacef16ef2e8229c7fbb2c7d4d55a9ceca922f72d" "/opt/rustwide/cargo-home/bin/cargo" "+nightly-2024-10-28" "metadata" "--no-deps" "--format-version=1", kill_on_drop: false }`
[INFO] [stdout] 3b846f7988c82958da7cfacf1b36384726b57eeabef556964fa6ffbef624c65d
[INFO] running `Command { std: "docker" "start" "-a" "3b846f7988c82958da7cfacf1b36384726b57eeabef556964fa6ffbef624c65d", kill_on_drop: false }`
[INFO] running `Command { std: "docker" "inspect" "3b846f7988c82958da7cfacf1b36384726b57eeabef556964fa6ffbef624c65d", kill_on_drop: false }`
[INFO] running `Command { std: "docker" "rm" "-f" "3b846f7988c82958da7cfacf1b36384726b57eeabef556964fa6ffbef624c65d", kill_on_drop: false }`
[INFO] [stdout] 3b846f7988c82958da7cfacf1b36384726b57eeabef556964fa6ffbef624c65d
[INFO] running `Command { std: "docker" "create" "-v" "/var/lib/crater-agent-workspace/builds/worker-2-tc1/target:/opt/rustwide/target:rw,Z" "-v" "/var/lib/crater-agent-workspace/builds/worker-2-tc1/source:/opt/rustwide/workdir:ro,Z" "-v" "/var/lib/crater-agent-workspace/cargo-home:/opt/rustwide/cargo-home:ro,Z" "-v" "/var/lib/crater-agent-workspace/rustup-home:/opt/rustwide/rustup-home:ro,Z" "-e" "SOURCE_DIR=/opt/rustwide/workdir" "-e" "CARGO_TARGET_DIR=/opt/rustwide/target" "-e" "CARGO_INCREMENTAL=0" "-e" "RUST_BACKTRACE=full" "-e" "RUSTFLAGS=--cap-lints=forbid" "-e" "RUSTDOCFLAGS=--cap-lints=forbid" "-e" "CARGO_HOME=/opt/rustwide/cargo-home" "-e" "RUSTUP_HOME=/opt/rustwide/rustup-home" "-w" "/opt/rustwide/workdir" "-m" "1610612736" "--user" "0:0" "--network" "none" "ghcr.io/rust-lang/crates-build-env/linux@sha256:4a844ea9eb2546a2d2c7022eacef16ef2e8229c7fbb2c7d4d55a9ceca922f72d" "/opt/rustwide/cargo-home/bin/cargo" "+nightly-2024-10-28" "build" "--frozen" "--message-format=json", kill_on_drop: false }`
[INFO] [stdout] b9f1e86df22d187ef2cef664a9af0c80999b800d2cf8d1dafa2976d0443ae86c
[INFO] running `Command { std: "docker" "start" "-a" "b9f1e86df22d187ef2cef664a9af0c80999b800d2cf8d1dafa2976d0443ae86c", kill_on_drop: false }`
[INFO] [stderr]    Compiling proc-macro2 v1.0.86
[INFO] [stderr]    Compiling unicode-ident v1.0.12
[INFO] [stderr]    Compiling serde v1.0.207
[INFO] [stderr]    Compiling encoding_index_tests v0.1.4
[INFO] [stderr]    Compiling strsim v0.10.0
[INFO] [stderr]    Compiling fnv v1.0.7
[INFO] [stderr]    Compiling ident_case v1.0.1
[INFO] [stderr]    Compiling memchr v2.7.1
[INFO] [stderr]    Compiling anyhow v1.0.86
[INFO] [stderr]    Compiling crc32fast v1.4.0
[INFO] [stderr]    Compiling thiserror v1.0.63
[INFO] [stderr]    Compiling adler v1.0.2
[INFO] [stderr]    Compiling itoa v1.0.10
[INFO] [stderr]    Compiling ryu v1.0.17
[INFO] [stderr]    Compiling once_cell v1.19.0
[INFO] [stderr]    Compiling encoding_rs v0.8.33
[INFO] [stderr]    Compiling encoding-index-korean v1.20141219.5
[INFO] [stderr]    Compiling encoding-index-japanese v1.20141219.5
[INFO] [stderr]    Compiling miniz_oxide v0.7.2
[INFO] [stderr]    Compiling encoding-index-tradchinese v1.20141219.5
[INFO] [stderr]    Compiling encoding-index-singlebyte v1.20141219.5
[INFO] [stderr]    Compiling encoding-index-simpchinese v1.20141219.5
[INFO] [stderr]    Compiling log v0.4.22
[INFO] [stderr]    Compiling yada v0.5.1
[INFO] [stderr]    Compiling byteorder v1.5.0
[INFO] [stderr]    Compiling glob v0.3.1
[INFO] [stderr]    Compiling rustversion v1.0.15
[INFO] [stderr]    Compiling heck v0.4.1
[INFO] [stderr]    Compiling serde_json v1.0.114
[INFO] [stderr]    Compiling regex-syntax v0.8.2
[INFO] [stderr]    Compiling encoding v0.2.33
[INFO] [stderr]    Compiling siphasher v0.3.11
[INFO] [stderr]    Compiling crossbeam-utils v0.8.19
[INFO] [stderr]    Compiling rand_core v0.6.4
[INFO] [stderr]    Compiling jpreprocess-window v0.10.0
[INFO] [stderr]    Compiling either v1.10.0
[INFO] [stderr]    Compiling phf_shared v0.11.2
[INFO] [stderr]    Compiling rand v0.8.5
[INFO] [stderr]    Compiling csv-core v0.1.11
[INFO] [stderr]    Compiling flate2 v1.0.31
[INFO] [stderr]    Compiling aho-corasick v1.1.3
[INFO] [stderr]    Compiling quote v1.0.35
[INFO] [stderr]    Compiling syn v2.0.72
[INFO] [stderr]    Compiling crossbeam-epoch v0.9.18
[INFO] [stderr]    Compiling phf_generator v0.11.2
[INFO] [stderr]    Compiling crossbeam-deque v0.8.5
[INFO] [stderr]    Compiling encoding_rs_io v0.1.7
[INFO] [stderr]    Compiling rayon-core v1.12.1
[INFO] [stderr]    Compiling rayon v1.10.0
[INFO] [stderr]    Compiling regex-automata v0.4.6
[INFO] [stderr]    Compiling darling_core v0.20.8
[INFO] [stderr]    Compiling serde_derive v1.0.207
[INFO] [stderr]    Compiling thiserror-impl v1.0.63
[INFO] [stderr]    Compiling strum_macros v0.26.2
[INFO] [stderr]    Compiling phf_macros v0.11.2
[INFO] [stderr]    Compiling regex v1.10.6
[INFO] [stderr]    Compiling phf v0.11.2
[INFO] [stderr]    Compiling jlabel v0.1.4
[INFO] [stderr]    Compiling darling_macro v0.20.8
[INFO] [stderr]    Compiling strum v0.26.2
[INFO] [stderr]    Compiling darling v0.20.8
[INFO] [stderr]    Compiling derive_builder_core v0.20.0
[INFO] [stderr]    Compiling derive_builder_macro v0.20.0
[INFO] [stderr]    Compiling derive_builder v0.20.0
[INFO] [stderr]    Compiling bincode v1.3.3
[INFO] [stderr]    Compiling lindera-decompress v0.32.2
[INFO] [stderr]    Compiling csv v1.3.0
[INFO] [stderr]    Compiling lindera-core v0.32.2
[INFO] [stderr]    Compiling lindera-dictionary-builder v0.32.2
[INFO] [stderr]    Compiling lindera-cc-cedict-builder v0.32.2
[INFO] [stderr]    Compiling lindera-ipadic-builder v0.32.2
[INFO] [stderr]    Compiling lindera-ko-dic-builder v0.32.2
[INFO] [stderr]    Compiling lindera-unidic-builder v0.32.2
[INFO] [stderr]    Compiling lindera-ipadic-neologd-builder v0.32.2
[INFO] [stderr]    Compiling lindera-dictionary v0.32.2
[INFO] [stderr]    Compiling lindera-tokenizer v0.32.2
[INFO] [stderr]    Compiling jpreprocess-core v0.10.0
[INFO] [stderr]    Compiling jpreprocess-dictionary v0.10.0
[INFO] [stderr]    Compiling jpreprocess-njd v0.10.0
[INFO] [stderr]    Compiling jpreprocess-dictionary-builder v0.10.0
[INFO] [stderr]    Compiling jpreprocess-jpcommon v0.10.0
[INFO] [stderr]    Compiling jpreprocess v0.10.0 (/opt/rustwide/workdir)
[INFO] [stderr]     Finished `dev` profile [unoptimized + debuginfo] target(s) in 10.57s
[INFO] running `Command { std: "docker" "inspect" "b9f1e86df22d187ef2cef664a9af0c80999b800d2cf8d1dafa2976d0443ae86c", kill_on_drop: false }`
[INFO] running `Command { std: "docker" "rm" "-f" "b9f1e86df22d187ef2cef664a9af0c80999b800d2cf8d1dafa2976d0443ae86c", kill_on_drop: false }`
[INFO] [stdout] b9f1e86df22d187ef2cef664a9af0c80999b800d2cf8d1dafa2976d0443ae86c
[INFO] running `Command { std: "docker" "create" "-v" "/var/lib/crater-agent-workspace/builds/worker-2-tc1/target:/opt/rustwide/target:rw,Z" "-v" "/var/lib/crater-agent-workspace/builds/worker-2-tc1/source:/opt/rustwide/workdir:ro,Z" "-v" "/var/lib/crater-agent-workspace/cargo-home:/opt/rustwide/cargo-home:ro,Z" "-v" "/var/lib/crater-agent-workspace/rustup-home:/opt/rustwide/rustup-home:ro,Z" "-e" "SOURCE_DIR=/opt/rustwide/workdir" "-e" "CARGO_TARGET_DIR=/opt/rustwide/target" "-e" "CARGO_INCREMENTAL=0" "-e" "RUST_BACKTRACE=full" "-e" "RUSTFLAGS=--cap-lints=forbid" "-e" "RUSTDOCFLAGS=--cap-lints=forbid" "-e" "CARGO_HOME=/opt/rustwide/cargo-home" "-e" "RUSTUP_HOME=/opt/rustwide/rustup-home" "-w" "/opt/rustwide/workdir" "-m" "1610612736" "--user" "0:0" "--network" "none" "ghcr.io/rust-lang/crates-build-env/linux@sha256:4a844ea9eb2546a2d2c7022eacef16ef2e8229c7fbb2c7d4d55a9ceca922f72d" "/opt/rustwide/cargo-home/bin/cargo" "+nightly-2024-10-28" "test" "--frozen" "--no-run" "--message-format=json", kill_on_drop: false }`
[INFO] [stdout] 7a4f8a6d4c4938b643e3cbc1b5c2e13e140daf89c54206dd5b139c39198db061
[INFO] running `Command { std: "docker" "start" "-a" "7a4f8a6d4c4938b643e3cbc1b5c2e13e140daf89c54206dd5b139c39198db061", kill_on_drop: false }`
[INFO] [stderr]    Compiling jpreprocess v0.10.0 (/opt/rustwide/workdir)
[INFO] [stderr]     Finished `test` profile [unoptimized + debuginfo] target(s) in 0.29s
[INFO] running `Command { std: "docker" "inspect" "7a4f8a6d4c4938b643e3cbc1b5c2e13e140daf89c54206dd5b139c39198db061", kill_on_drop: false }`
[INFO] running `Command { std: "docker" "rm" "-f" "7a4f8a6d4c4938b643e3cbc1b5c2e13e140daf89c54206dd5b139c39198db061", kill_on_drop: false }`
[INFO] [stdout] 7a4f8a6d4c4938b643e3cbc1b5c2e13e140daf89c54206dd5b139c39198db061
[INFO] running `Command { std: "docker" "create" "-v" "/var/lib/crater-agent-workspace/builds/worker-2-tc1/target:/opt/rustwide/target:rw,Z" "-v" "/var/lib/crater-agent-workspace/builds/worker-2-tc1/source:/opt/rustwide/workdir:ro,Z" "-v" "/var/lib/crater-agent-workspace/cargo-home:/opt/rustwide/cargo-home:ro,Z" "-v" "/var/lib/crater-agent-workspace/rustup-home:/opt/rustwide/rustup-home:ro,Z" "-e" "SOURCE_DIR=/opt/rustwide/workdir" "-e" "CARGO_TARGET_DIR=/opt/rustwide/target" "-e" "CARGO_INCREMENTAL=0" "-e" "RUST_BACKTRACE=full" "-e" "RUSTFLAGS=--cap-lints=forbid" "-e" "RUSTDOCFLAGS=--cap-lints=forbid" "-e" "CARGO_HOME=/opt/rustwide/cargo-home" "-e" "RUSTUP_HOME=/opt/rustwide/rustup-home" "-w" "/opt/rustwide/workdir" "-m" "1610612736" "--user" "0:0" "--network" "none" "ghcr.io/rust-lang/crates-build-env/linux@sha256:4a844ea9eb2546a2d2c7022eacef16ef2e8229c7fbb2c7d4d55a9ceca922f72d" "/opt/rustwide/cargo-home/bin/cargo" "+nightly-2024-10-28" "test" "--frozen", kill_on_drop: false }`
[INFO] [stdout] 6b48e180632a1a1123bf76fe7b57cf357b60ae18b4a4459df48fb6e46e052db1
[INFO] running `Command { std: "docker" "start" "-a" "6b48e180632a1a1123bf76fe7b57cf357b60ae18b4a4459df48fb6e46e052db1", kill_on_drop: false }`
[INFO] [stderr]     Finished `test` profile [unoptimized + debuginfo] target(s) in 0.06s
[INFO] [stderr]      Running unittests src/lib.rs (/opt/rustwide/target/debug/deps/jpreprocess-507a889f9f174f78)
[INFO] [stdout] 
[INFO] [stdout] running 4 tests
[INFO] [stdout] test normalize_text::tests::ascii ... ok
[INFO] [stdout] test normalize_text::tests::diacritical ... ok
[INFO] [stdout] test tests::multithread ... ok
[INFO] [stdout] test normalize_text::tests::kana ... ok
[INFO] [stdout] 
[INFO] [stdout] test result: ok. 4 passed; 0 failed; 0 ignored; 0 measured; 0 filtered out; finished in 0.00s
[INFO] [stdout] 
[INFO] [stderr]    Doc-tests jpreprocess
[INFO] [stdout] 
[INFO] [stdout] running 4 tests
[INFO] [stdout] test src/lib.rs - JPreprocess<DefaultFetcher>::from_config (line 100) ... ok
[INFO] [stdout] test src/lib.rs - JPreprocess<DefaultFetcher>::from_config (line 81) ... FAILED
[INFO] [stdout] test src/lib.rs - (line 5) ... FAILED
[INFO] [stdout] test src/lib.rs - JPreprocess<F>::text_to_njd (line 165) ... FAILED
[INFO] [stdout] 
[INFO] [stdout] failures:
[INFO] [stdout] 
[INFO] [stdout] ---- src/lib.rs - JPreprocess<DefaultFetcher>::from_config (line 81) stdout ----
[INFO] [stdout] Test executable failed (exit status: 1).
[INFO] [stdout] 
[INFO] [stdout] stderr:
[INFO] [stdout] Error: LinderaError(LinderaError { kind: Io, source: No such file or directory (os error 2)
[INFO] [stdout] 
[INFO] [stdout] Stack backtrace:
[INFO] [stdout]    0: anyhow::error::<impl core::convert::From<E> for anyhow::Error>::from
[INFO] [stdout]              at /opt/rustwide/cargo-home/registry/src/index.crates.io-6f17d22bba15001f/anyhow-1.0.86/src/backtrace.rs:27:14
[INFO] [stdout]    1: lindera_core::error::LinderaErrorKind::with_error
[INFO] [stdout]              at /opt/rustwide/cargo-home/registry/src/index.crates.io-6f17d22bba15001f/lindera-core-0.32.2/src/error.rs:30:21
[INFO] [stdout]    2: lindera_dictionary::DictionaryLoader::read_file::{{closure}}
[INFO] [stdout]              at /opt/rustwide/cargo-home/registry/src/index.crates.io-6f17d22bba15001f/lindera-dictionary-0.32.2/src/lib.rs:128:36
[INFO] [stdout]    3: core::result::Result<T,E>::map_err
[INFO] [stdout]              at /rustc/df4ca44d3fbc9301ee17f30f4d474e6ae4b05252/library/core/src/result.rs:855:27
[INFO] [stdout]    4: lindera_dictionary::DictionaryLoader::read_file
[INFO] [stdout]              at /opt/rustwide/cargo-home/registry/src/index.crates.io-6f17d22bba15001f/lindera-dictionary-0.32.2/src/lib.rs:128:9
[INFO] [stdout]    5: lindera_dictionary::DictionaryLoader::prefix_dict
[INFO] [stdout]              at /opt/rustwide/cargo-home/registry/src/index.crates.io-6f17d22bba15001f/lindera-dictionary-0.32.2/src/lib.rs:133:27
[INFO] [stdout]    6: lindera_dictionary::DictionaryLoader::load_dictionary
[INFO] [stdout]              at /opt/rustwide/cargo-home/registry/src/index.crates.io-6f17d22bba15001f/lindera-dictionary-0.32.2/src/lib.rs:177:19
[INFO] [stdout]    7: lindera_dictionary::DictionaryLoader::load_dictionary_from_config
[INFO] [stdout]              at /opt/rustwide/cargo-home/registry/src/index.crates.io-6f17d22bba15001f/lindera-dictionary-0.32.2/src/lib.rs:222:25
[INFO] [stdout]    8: jpreprocess::dictionary::SystemDictionaryConfig::load
[INFO] [stdout]              at ./src/dictionary/mod.rs:27:17
[INFO] [stdout]    9: jpreprocess::JPreprocess<jpreprocess_dictionary::default::DefaultFetcher>::from_config
[INFO] [stdout]              at ./src/lib.rs:118:26
[INFO] [stdout]   10: rust_out::main
[INFO] [stdout]   11: core::ops::function::FnOnce::call_once
[INFO] [stdout]   12: std::sys::backtrace::__rust_begin_short_backtrace
[INFO] [stdout]   13: std::rt::lang_start::{{closure}}
[INFO] [stdout]   14: core::ops::function::impls::<impl core::ops::function::FnOnce<A> for &F>::call_once
[INFO] [stdout]              at /rustc/df4ca44d3fbc9301ee17f30f4d474e6ae4b05252/library/core/src/ops/function.rs:284:13
[INFO] [stdout]   15: std::panicking::try::do_call
[INFO] [stdout]              at /rustc/df4ca44d3fbc9301ee17f30f4d474e6ae4b05252/library/std/src/panicking.rs:557:40
[INFO] [stdout]   16: std::panicking::try
[INFO] [stdout]              at /rustc/df4ca44d3fbc9301ee17f30f4d474e6ae4b05252/library/std/src/panicking.rs:520:19
[INFO] [stdout]   17: std::panic::catch_unwind
[INFO] [stdout]              at /rustc/df4ca44d3fbc9301ee17f30f4d474e6ae4b05252/library/std/src/panic.rs:358:14
[INFO] [stdout]   18: std::rt::lang_start_internal::{{closure}}
[INFO] [stdout]              at /rustc/df4ca44d3fbc9301ee17f30f4d474e6ae4b05252/library/std/src/rt.rs:174:48
[INFO] [stdout]   19: std::panicking::try::do_call
[INFO] [stdout]              at /rustc/df4ca44d3fbc9301ee17f30f4d474e6ae4b05252/library/std/src/panicking.rs:557:40
[INFO] [stdout]   20: std::panicking::try
[INFO] [stdout]              at /rustc/df4ca44d3fbc9301ee17f30f4d474e6ae4b05252/library/std/src/panicking.rs:520:19
[INFO] [stdout]   21: std::panic::catch_unwind
[INFO] [stdout]              at /rustc/df4ca44d3fbc9301ee17f30f4d474e6ae4b05252/library/std/src/panic.rs:358:14
[INFO] [stdout]   22: std::rt::lang_start_internal
[INFO] [stdout]              at /rustc/df4ca44d3fbc9301ee17f30f4d474e6ae4b05252/library/std/src/rt.rs:174:20
[INFO] [stdout]   23: std::rt::lang_start
[INFO] [stdout]   24: main
[INFO] [stdout]   25: <unknown>
[INFO] [stdout]   26: __libc_start_main
[INFO] [stdout]   27: _start })
[INFO] [stdout] 
[INFO] [stdout] 
[INFO] [stdout] ---- src/lib.rs - (line 5) stdout ----
[INFO] [stdout] Test executable failed (exit status: 1).
[INFO] [stdout] 
[INFO] [stdout] stderr:
[INFO] [stdout] Error: LinderaError(LinderaError { kind: Io, source: No such file or directory (os error 2)
[INFO] [stdout] 
[INFO] [stdout] Stack backtrace:
[INFO] [stdout]    0: anyhow::error::<impl core::convert::From<E> for anyhow::Error>::from
[INFO] [stdout]              at /opt/rustwide/cargo-home/registry/src/index.crates.io-6f17d22bba15001f/anyhow-1.0.86/src/backtrace.rs:27:14
[INFO] [stdout]    1: lindera_core::error::LinderaErrorKind::with_error
[INFO] [stdout]              at /opt/rustwide/cargo-home/registry/src/index.crates.io-6f17d22bba15001f/lindera-core-0.32.2/src/error.rs:30:21
[INFO] [stdout]    2: lindera_dictionary::DictionaryLoader::read_file::{{closure}}
[INFO] [stdout]              at /opt/rustwide/cargo-home/registry/src/index.crates.io-6f17d22bba15001f/lindera-dictionary-0.32.2/src/lib.rs:128:36
[INFO] [stdout]    3: core::result::Result<T,E>::map_err
[INFO] [stdout]              at /rustc/df4ca44d3fbc9301ee17f30f4d474e6ae4b05252/library/core/src/result.rs:855:27
[INFO] [stdout]    4: lindera_dictionary::DictionaryLoader::read_file
[INFO] [stdout]              at /opt/rustwide/cargo-home/registry/src/index.crates.io-6f17d22bba15001f/lindera-dictionary-0.32.2/src/lib.rs:128:9
[INFO] [stdout]    5: lindera_dictionary::DictionaryLoader::prefix_dict
[INFO] [stdout]              at /opt/rustwide/cargo-home/registry/src/index.crates.io-6f17d22bba15001f/lindera-dictionary-0.32.2/src/lib.rs:133:27
[INFO] [stdout]    6: lindera_dictionary::DictionaryLoader::load_dictionary
[INFO] [stdout]              at /opt/rustwide/cargo-home/registry/src/index.crates.io-6f17d22bba15001f/lindera-dictionary-0.32.2/src/lib.rs:177:19
[INFO] [stdout]    7: lindera_dictionary::DictionaryLoader::load_dictionary_from_config
[INFO] [stdout]              at /opt/rustwide/cargo-home/registry/src/index.crates.io-6f17d22bba15001f/lindera-dictionary-0.32.2/src/lib.rs:222:25
[INFO] [stdout]    8: jpreprocess::dictionary::SystemDictionaryConfig::load
[INFO] [stdout]              at ./src/dictionary/mod.rs:27:17
[INFO] [stdout]    9: jpreprocess::JPreprocess<jpreprocess_dictionary::default::DefaultFetcher>::from_config
[INFO] [stdout]              at ./src/lib.rs:118:26
[INFO] [stdout]   10: rust_out::main
[INFO] [stdout]   11: core::ops::function::FnOnce::call_once
[INFO] [stdout]   12: std::sys::backtrace::__rust_begin_short_backtrace
[INFO] [stdout]   13: std::rt::lang_start::{{closure}}
[INFO] [stdout]   14: core::ops::function::impls::<impl core::ops::function::FnOnce<A> for &F>::call_once
[INFO] [stdout]              at /rustc/df4ca44d3fbc9301ee17f30f4d474e6ae4b05252/library/core/src/ops/function.rs:284:13
[INFO] [stdout]   15: std::panicking::try::do_call
[INFO] [stdout]              at /rustc/df4ca44d3fbc9301ee17f30f4d474e6ae4b05252/library/std/src/panicking.rs:557:40
[INFO] [stdout]   16: std::panicking::try
[INFO] [stdout]              at /rustc/df4ca44d3fbc9301ee17f30f4d474e6ae4b05252/library/std/src/panicking.rs:520:19
[INFO] [stdout]   17: std::panic::catch_unwind
[INFO] [stdout]              at /rustc/df4ca44d3fbc9301ee17f30f4d474e6ae4b05252/library/std/src/panic.rs:358:14
[INFO] [stdout]   18: std::rt::lang_start_internal::{{closure}}
[INFO] [stdout]              at /rustc/df4ca44d3fbc9301ee17f30f4d474e6ae4b05252/library/std/src/rt.rs:174:48
[INFO] [stdout]   19: std::panicking::try::do_call
[INFO] [stdout]              at /rustc/df4ca44d3fbc9301ee17f30f4d474e6ae4b05252/library/std/src/panicking.rs:557:40
[INFO] [stdout]   20: std::panicking::try
[INFO] [stdout]              at /rustc/df4ca44d3fbc9301ee17f30f4d474e6ae4b05252/library/std/src/panicking.rs:520:19
[INFO] [stdout]   21: std::panic::catch_unwind
[INFO] [stdout]              at /rustc/df4ca44d3fbc9301ee17f30f4d474e6ae4b05252/library/std/src/panic.rs:358:14
[INFO] [stdout]   22: std::rt::lang_start_internal
[INFO] [stdout]              at /rustc/df4ca44d3fbc9301ee17f30f4d474e6ae4b05252/library/std/src/rt.rs:174:20
[INFO] [stdout]   23: std::rt::lang_start
[INFO] [stdout]   24: main
[INFO] [stdout]   25: <unknown>
[INFO] [stdout]   26: __libc_start_main
[INFO] [stdout]   27: _start })
[INFO] [stdout] 
[INFO] [stdout] 
[INFO] [stdout] ---- src/lib.rs - JPreprocess<F>::text_to_njd (line 165) stdout ----
[INFO] [stdout] Test executable failed (exit status: 1).
[INFO] [stdout] 
[INFO] [stdout] stderr:
[INFO] [stdout] Error: LinderaError(LinderaError { kind: Io, source: No such file or directory (os error 2)
[INFO] [stdout] 
[INFO] [stdout] Stack backtrace:
[INFO] [stdout]    0: anyhow::error::<impl core::convert::From<E> for anyhow::Error>::from
[INFO] [stdout]              at /opt/rustwide/cargo-home/registry/src/index.crates.io-6f17d22bba15001f/anyhow-1.0.86/src/backtrace.rs:27:14
[INFO] [stdout]    1: lindera_core::error::LinderaErrorKind::with_error
[INFO] [stdout]              at /opt/rustwide/cargo-home/registry/src/index.crates.io-6f17d22bba15001f/lindera-core-0.32.2/src/error.rs:30:21
[INFO] [stdout]    2: lindera_dictionary::DictionaryLoader::read_file::{{closure}}
[INFO] [stdout]              at /opt/rustwide/cargo-home/registry/src/index.crates.io-6f17d22bba15001f/lindera-dictionary-0.32.2/src/lib.rs:128:36
[INFO] [stdout]    3: core::result::Result<T,E>::map_err
[INFO] [stdout]              at /rustc/df4ca44d3fbc9301ee17f30f4d474e6ae4b05252/library/core/src/result.rs:855:27
[INFO] [stdout]    4: lindera_dictionary::DictionaryLoader::read_file
[INFO] [stdout]              at /opt/rustwide/cargo-home/registry/src/index.crates.io-6f17d22bba15001f/lindera-dictionary-0.32.2/src/lib.rs:128:9
[INFO] [stdout]    5: lindera_dictionary::DictionaryLoader::prefix_dict
[INFO] [stdout]              at /opt/rustwide/cargo-home/registry/src/index.crates.io-6f17d22bba15001f/lindera-dictionary-0.32.2/src/lib.rs:133:27
[INFO] [stdout]    6: lindera_dictionary::DictionaryLoader::load_dictionary
[INFO] [stdout]              at /opt/rustwide/cargo-home/registry/src/index.crates.io-6f17d22bba15001f/lindera-dictionary-0.32.2/src/lib.rs:177:19
[INFO] [stdout]    7: lindera_dictionary::DictionaryLoader::load_dictionary_from_config
[INFO] [stdout]              at /opt/rustwide/cargo-home/registry/src/index.crates.io-6f17d22bba15001f/lindera-dictionary-0.32.2/src/lib.rs:222:25
[INFO] [stdout]    8: jpreprocess::dictionary::SystemDictionaryConfig::load
[INFO] [stdout]              at ./src/dictionary/mod.rs:27:17
[INFO] [stdout]    9: jpreprocess::JPreprocess<jpreprocess_dictionary::default::DefaultFetcher>::from_config
[INFO] [stdout]              at ./src/lib.rs:118:26
[INFO] [stdout]   10: rust_out::main
[INFO] [stdout]   11: core::ops::function::FnOnce::call_once
[INFO] [stdout]   12: std::sys::backtrace::__rust_begin_short_backtrace
[INFO] [stdout]   13: std::rt::lang_start::{{closure}}
[INFO] [stdout]   14: core::ops::function::impls::<impl core::ops::function::FnOnce<A> for &F>::call_once
[INFO] [stdout]              at /rustc/df4ca44d3fbc9301ee17f30f4d474e6ae4b05252/library/core/src/ops/function.rs:284:13
[INFO] [stdout]   15: std::panicking::try::do_call
[INFO] [stdout]              at /rustc/df4ca44d3fbc9301ee17f30f4d474e6ae4b05252/library/std/src/panicking.rs:557:40
[INFO] [stdout]   16: std::panicking::try
[INFO] [stdout]              at /rustc/df4ca44d3fbc9301ee17f30f4d474e6ae4b05252/library/std/src/panicking.rs:520:19
[INFO] [stdout]   17: std::panic::catch_unwind
[INFO] [stdout]              at /rustc/df4ca44d3fbc9301ee17f30f4d474e6ae4b05252/library/std/src/panic.rs:358:14
[INFO] [stdout]   18: std::rt::lang_start_internal::{{closure}}
[INFO] [stdout]              at /rustc/df4ca44d3fbc9301ee17f30f4d474e6ae4b05252/library/std/src/rt.rs:174:48
[INFO] [stdout]   19: std::panicking::try::do_call
[INFO] [stdout]              at /rustc/df4ca44d3fbc9301ee17f30f4d474e6ae4b05252/library/std/src/panicking.rs:557:40
[INFO] [stdout]   20: std::panicking::try
[INFO] [stdout]              at /rustc/df4ca44d3fbc9301ee17f30f4d474e6ae4b05252/library/std/src/panicking.rs:520:19
[INFO] [stdout]   21: std::panic::catch_unwind
[INFO] [stdout]              at /rustc/df4ca44d3fbc9301ee17f30f4d474e6ae4b05252/library/std/src/panic.rs:358:14
[INFO] [stdout]   22: std::rt::lang_start_internal
[INFO] [stdout]              at /rustc/df4ca44d3fbc9301ee17f30f4d474e6ae4b05252/library/std/src/rt.rs:174:20
[INFO] [stdout]   23: std::rt::lang_start
[INFO] [stdout]   24: main
[INFO] [stdout]   25: <unknown>
[INFO] [stdout]   26: __libc_start_main
[INFO] [stdout]   27: _start })
[INFO] [stdout] 
[INFO] [stdout] 
[INFO] [stdout] 
[INFO] [stdout] failures:
[INFO] [stdout]     src/lib.rs - (line 5)
[INFO] [stdout]     src/lib.rs - JPreprocess<DefaultFetcher>::from_config (line 81)
[INFO] [stdout]     src/lib.rs - JPreprocess<F>::text_to_njd (line 165)
[INFO] [stdout] 
[INFO] [stdout] test result: FAILED. 1 passed; 3 failed; 0 ignored; 0 measured; 0 filtered out; finished in 0.31s
[INFO] [stdout] 
[INFO] [stderr] error: doctest failed, to rerun pass `--doc`
[INFO] running `Command { std: "docker" "inspect" "6b48e180632a1a1123bf76fe7b57cf357b60ae18b4a4459df48fb6e46e052db1", kill_on_drop: false }`
[INFO] running `Command { std: "docker" "rm" "-f" "6b48e180632a1a1123bf76fe7b57cf357b60ae18b4a4459df48fb6e46e052db1", kill_on_drop: false }`
[INFO] [stdout] 6b48e180632a1a1123bf76fe7b57cf357b60ae18b4a4459df48fb6e46e052db1
