[INFO] fetching crate jppe_derive 1.1.0...
[INFO] testing jppe_derive-1.1.0 against nightly-2024-10-28 for randomize-layout
[INFO] extracting crate jppe_derive 1.1.0 into /workspace/builds/worker-7-tc1/source
[INFO] validating manifest of crates.io crate jppe_derive 1.1.0 on toolchain nightly-2024-10-28
[INFO] running `Command { std: CARGO_HOME="/workspace/cargo-home" RUSTUP_HOME="/workspace/rustup-home" "/workspace/cargo-home/bin/cargo" "+nightly-2024-10-28" "metadata" "--manifest-path" "Cargo.toml" "--no-deps", kill_on_drop: false }`
[INFO] started tweaking crates.io crate jppe_derive 1.1.0
[INFO] finished tweaking crates.io crate jppe_derive 1.1.0
[INFO] tweaked toml for crates.io crate jppe_derive 1.1.0 written to /workspace/builds/worker-7-tc1/source/Cargo.toml
[INFO] running `Command { std: CARGO_HOME="/workspace/cargo-home" RUSTUP_HOME="/workspace/rustup-home" "/workspace/cargo-home/bin/cargo" "+nightly-2024-10-28" "generate-lockfile" "--manifest-path" "Cargo.toml", kill_on_drop: false }`
[INFO] [stderr]     Updating crates.io index
[INFO] [stderr]      Locking 5 packages to latest compatible versions
[INFO] running `Command { std: CARGO_HOME="/workspace/cargo-home" RUSTUP_HOME="/workspace/rustup-home" "/workspace/cargo-home/bin/cargo" "+nightly-2024-10-28" "fetch" "--manifest-path" "Cargo.toml", kill_on_drop: false }`
[INFO] [stderr]  Downloading crates ...
[INFO] [stderr]   Downloaded virtue v0.0.17
[INFO] running `Command { std: "docker" "create" "-v" "/var/lib/crater-agent-workspace/builds/worker-7-tc1/target:/opt/rustwide/target:rw,Z" "-v" "/var/lib/crater-agent-workspace/builds/worker-7-tc1/source:/opt/rustwide/workdir:ro,Z" "-v" "/var/lib/crater-agent-workspace/cargo-home:/opt/rustwide/cargo-home:ro,Z" "-v" "/var/lib/crater-agent-workspace/rustup-home:/opt/rustwide/rustup-home:ro,Z" "-e" "SOURCE_DIR=/opt/rustwide/workdir" "-e" "CARGO_TARGET_DIR=/opt/rustwide/target" "-e" "CARGO_HOME=/opt/rustwide/cargo-home" "-e" "RUSTUP_HOME=/opt/rustwide/rustup-home" "-w" "/opt/rustwide/workdir" "-m" "1610612736" "--user" "0:0" "--network" "none" "ghcr.io/rust-lang/crates-build-env/linux@sha256:4a844ea9eb2546a2d2c7022eacef16ef2e8229c7fbb2c7d4d55a9ceca922f72d" "/opt/rustwide/cargo-home/bin/cargo" "+nightly-2024-10-28" "metadata" "--no-deps" "--format-version=1", kill_on_drop: false }`
[INFO] [stdout] 1e97b541d6e78831d3186b6caa4bc53b219219cfb9baa39c1d1e032deaa5ef82
[INFO] running `Command { std: "docker" "start" "-a" "1e97b541d6e78831d3186b6caa4bc53b219219cfb9baa39c1d1e032deaa5ef82", kill_on_drop: false }`
[INFO] running `Command { std: "docker" "inspect" "1e97b541d6e78831d3186b6caa4bc53b219219cfb9baa39c1d1e032deaa5ef82", kill_on_drop: false }`
[INFO] running `Command { std: "docker" "rm" "-f" "1e97b541d6e78831d3186b6caa4bc53b219219cfb9baa39c1d1e032deaa5ef82", kill_on_drop: false }`
[INFO] [stdout] 1e97b541d6e78831d3186b6caa4bc53b219219cfb9baa39c1d1e032deaa5ef82
[INFO] running `Command { std: "docker" "create" "-v" "/var/lib/crater-agent-workspace/builds/worker-7-tc1/target:/opt/rustwide/target:rw,Z" "-v" "/var/lib/crater-agent-workspace/builds/worker-7-tc1/source:/opt/rustwide/workdir:ro,Z" "-v" "/var/lib/crater-agent-workspace/cargo-home:/opt/rustwide/cargo-home:ro,Z" "-v" "/var/lib/crater-agent-workspace/rustup-home:/opt/rustwide/rustup-home:ro,Z" "-e" "SOURCE_DIR=/opt/rustwide/workdir" "-e" "CARGO_TARGET_DIR=/opt/rustwide/target" "-e" "CARGO_INCREMENTAL=0" "-e" "RUST_BACKTRACE=full" "-e" "RUSTFLAGS=--cap-lints=forbid" "-e" "RUSTDOCFLAGS=--cap-lints=forbid" "-e" "CARGO_HOME=/opt/rustwide/cargo-home" "-e" "RUSTUP_HOME=/opt/rustwide/rustup-home" "-w" "/opt/rustwide/workdir" "-m" "1610612736" "--user" "0:0" "--network" "none" "ghcr.io/rust-lang/crates-build-env/linux@sha256:4a844ea9eb2546a2d2c7022eacef16ef2e8229c7fbb2c7d4d55a9ceca922f72d" "/opt/rustwide/cargo-home/bin/cargo" "+nightly-2024-10-28" "build" "--frozen" "--message-format=json", kill_on_drop: false }`
[INFO] [stdout] 8ed9ba3192d0e12271e8010a2188572d451cb363a91203c36912c6b2b34719f8
[INFO] running `Command { std: "docker" "start" "-a" "8ed9ba3192d0e12271e8010a2188572d451cb363a91203c36912c6b2b34719f8", kill_on_drop: false }`
[INFO] [stderr]    Compiling virtue v0.0.17
[INFO] [stderr]    Compiling syn v2.0.86
[INFO] [stderr]    Compiling jppe_derive v1.1.0 (/opt/rustwide/workdir)
[INFO] [stderr]     Finished `dev` profile [unoptimized + debuginfo] target(s) in 5.26s
[INFO] running `Command { std: "docker" "inspect" "8ed9ba3192d0e12271e8010a2188572d451cb363a91203c36912c6b2b34719f8", kill_on_drop: false }`
[INFO] running `Command { std: "docker" "rm" "-f" "8ed9ba3192d0e12271e8010a2188572d451cb363a91203c36912c6b2b34719f8", kill_on_drop: false }`
[INFO] [stdout] 8ed9ba3192d0e12271e8010a2188572d451cb363a91203c36912c6b2b34719f8
[INFO] running `Command { std: "docker" "create" "-v" "/var/lib/crater-agent-workspace/builds/worker-7-tc1/target:/opt/rustwide/target:rw,Z" "-v" "/var/lib/crater-agent-workspace/builds/worker-7-tc1/source:/opt/rustwide/workdir:ro,Z" "-v" "/var/lib/crater-agent-workspace/cargo-home:/opt/rustwide/cargo-home:ro,Z" "-v" "/var/lib/crater-agent-workspace/rustup-home:/opt/rustwide/rustup-home:ro,Z" "-e" "SOURCE_DIR=/opt/rustwide/workdir" "-e" "CARGO_TARGET_DIR=/opt/rustwide/target" "-e" "CARGO_INCREMENTAL=0" "-e" "RUST_BACKTRACE=full" "-e" "RUSTFLAGS=--cap-lints=forbid" "-e" "RUSTDOCFLAGS=--cap-lints=forbid" "-e" "CARGO_HOME=/opt/rustwide/cargo-home" "-e" "RUSTUP_HOME=/opt/rustwide/rustup-home" "-w" "/opt/rustwide/workdir" "-m" "1610612736" "--user" "0:0" "--network" "none" "ghcr.io/rust-lang/crates-build-env/linux@sha256:4a844ea9eb2546a2d2c7022eacef16ef2e8229c7fbb2c7d4d55a9ceca922f72d" "/opt/rustwide/cargo-home/bin/cargo" "+nightly-2024-10-28" "test" "--frozen" "--no-run" "--message-format=json", kill_on_drop: false }`
[INFO] [stdout] 25735b43f3897839bf20482f2cbe18d9f5586f80c594c52d7280a073004a6c18
[INFO] running `Command { std: "docker" "start" "-a" "25735b43f3897839bf20482f2cbe18d9f5586f80c594c52d7280a073004a6c18", kill_on_drop: false }`
[INFO] [stderr]    Compiling jppe_derive v1.1.0 (/opt/rustwide/workdir)
[INFO] [stderr]     Finished `test` profile [unoptimized + debuginfo] target(s) in 1.02s
[INFO] running `Command { std: "docker" "inspect" "25735b43f3897839bf20482f2cbe18d9f5586f80c594c52d7280a073004a6c18", kill_on_drop: false }`
[INFO] running `Command { std: "docker" "rm" "-f" "25735b43f3897839bf20482f2cbe18d9f5586f80c594c52d7280a073004a6c18", kill_on_drop: false }`
[INFO] [stdout] 25735b43f3897839bf20482f2cbe18d9f5586f80c594c52d7280a073004a6c18
[INFO] running `Command { std: "docker" "create" "-v" "/var/lib/crater-agent-workspace/builds/worker-7-tc1/target:/opt/rustwide/target:rw,Z" "-v" "/var/lib/crater-agent-workspace/builds/worker-7-tc1/source:/opt/rustwide/workdir:ro,Z" "-v" "/var/lib/crater-agent-workspace/cargo-home:/opt/rustwide/cargo-home:ro,Z" "-v" "/var/lib/crater-agent-workspace/rustup-home:/opt/rustwide/rustup-home:ro,Z" "-e" "SOURCE_DIR=/opt/rustwide/workdir" "-e" "CARGO_TARGET_DIR=/opt/rustwide/target" "-e" "CARGO_INCREMENTAL=0" "-e" "RUST_BACKTRACE=full" "-e" "RUSTFLAGS=--cap-lints=forbid" "-e" "RUSTDOCFLAGS=--cap-lints=forbid" "-e" "CARGO_HOME=/opt/rustwide/cargo-home" "-e" "RUSTUP_HOME=/opt/rustwide/rustup-home" "-w" "/opt/rustwide/workdir" "-m" "1610612736" "--user" "0:0" "--network" "none" "ghcr.io/rust-lang/crates-build-env/linux@sha256:4a844ea9eb2546a2d2c7022eacef16ef2e8229c7fbb2c7d4d55a9ceca922f72d" "/opt/rustwide/cargo-home/bin/cargo" "+nightly-2024-10-28" "test" "--frozen", kill_on_drop: false }`
[INFO] [stdout] 8f3cd47f74d506ecad9d54b2c0af5df7e4c5567a6c6b483c97c3c73e6c96edc2
[INFO] running `Command { std: "docker" "start" "-a" "8f3cd47f74d506ecad9d54b2c0af5df7e4c5567a6c6b483c97c3c73e6c96edc2", kill_on_drop: false }`
[INFO] [stderr]     Finished `test` profile [unoptimized + debuginfo] target(s) in 0.02s
[INFO] [stderr]      Running unittests src/lib.rs (/opt/rustwide/target/debug/deps/jppe_derive-2704b95b07545984)
[INFO] [stderr]    Doc-tests jppe_derive
[INFO] [stdout] 
[INFO] [stdout] running 1 test
[INFO] [stdout] test jppe::parse::tests::test_attrvalue_parse ... ok
[INFO] [stdout] 
[INFO] [stdout] test result: ok. 1 passed; 0 failed; 0 ignored; 0 measured; 0 filtered out; finished in 0.00s
[INFO] [stdout] 
[INFO] [stdout] 
[INFO] [stdout] running 1 test
[INFO] [stdout] test src/lib.rs - (line 2) ... FAILED
[INFO] [stdout] 
[INFO] [stdout] failures:
[INFO] [stdout] 
[INFO] [stdout] ---- src/lib.rs - (line 2) stdout ----
[INFO] [stdout] error[E0432]: unresolved import `jppe`
[INFO] [stdout]  --> src/lib.rs:5:5
[INFO] [stdout]   |
[INFO] [stdout] 5 | use jppe::{ByteEncode, ByteDecode};
[INFO] [stdout]   |     ^^^^ use of undeclared crate or module `jppe`
[INFO] [stdout] 
[INFO] [stdout] error[E0433]: failed to resolve: use of undeclared crate or module `jppe`
[INFO] [stdout]  --> src/lib.rs:9:32
[INFO] [stdout]   |
[INFO] [stdout] 9 | #[derive(Debug, PartialEq, Eq, ByteEncode, ByteDecode)]
[INFO] [stdout]   |                                ^^^^^^^^^^ use of undeclared crate or module `jppe`
[INFO] [stdout]   |
[INFO] [stdout]   = note: this error originates in the derive macro `ByteEncode` (in Nightly builds, run with -Z macro-backtrace for more info)
[INFO] [stdout] 
[INFO] [stdout] error[E0433]: failed to resolve: use of undeclared crate or module `jppe`
[INFO] [stdout]  --> src/lib.rs:9:44
[INFO] [stdout]   |
[INFO] [stdout] 9 | #[derive(Debug, PartialEq, Eq, ByteEncode, ByteDecode)]
[INFO] [stdout]   |                                            ^^^^^^^^^^ use of undeclared crate or module `jppe`
[INFO] [stdout]   |
[INFO] [stdout]   = note: this error originates in the derive macro `ByteDecode` (in Nightly builds, run with -Z macro-backtrace for more info)
[INFO] [stdout] 
[INFO] [stdout] error[E0433]: failed to resolve: use of undeclared crate or module `jppe`
[INFO] [stdout]   --> src/lib.rs:20:32
[INFO] [stdout]    |
[INFO] [stdout] 20 | #[derive(Debug, PartialEq, Eq, ByteEncode, ByteDecode)]
[INFO] [stdout]    |                                ^^^^^^^^^^ use of undeclared crate or module `jppe`
[INFO] [stdout]    |
[INFO] [stdout]    = note: this error originates in the derive macro `ByteEncode` (in Nightly builds, run with -Z macro-backtrace for more info)
[INFO] [stdout] 
[INFO] [stdout] error[E0433]: failed to resolve: use of undeclared crate or module `jppe`
[INFO] [stdout]   --> src/lib.rs:20:44
[INFO] [stdout]    |
[INFO] [stdout] 20 | #[derive(Debug, PartialEq, Eq, ByteEncode, ByteDecode)]
[INFO] [stdout]    |                                            ^^^^^^^^^^ use of undeclared crate or module `jppe`
[INFO] [stdout]    |
[INFO] [stdout]    = note: this error originates in the derive macro `ByteDecode` (in Nightly builds, run with -Z macro-backtrace for more info)
[INFO] [stdout] 
[INFO] [stdout] error[E0433]: failed to resolve: use of undeclared crate or module `jppe`
[INFO] [stdout]   --> src/lib.rs:37:33
[INFO] [stdout]    |
[INFO] [stdout] 37 |     let (input_remain, value) = jppe::decode::<SimpleExample>(input).unwrap();
[INFO] [stdout]    |                                 ^^^^ use of undeclared crate or module `jppe`
[INFO] [stdout] 
[INFO] [stdout] error[E0433]: failed to resolve: use of undeclared crate or module `jppe`
[INFO] [stdout]   --> src/lib.rs:40:16
[INFO] [stdout]    |
[INFO] [stdout] 40 |     assert_eq!(jppe::encode(value), input);
[INFO] [stdout]    |                ^^^^ use of undeclared crate or module `jppe`
[INFO] [stdout] 
[INFO] [stdout] error: aborting due to 7 previous errors
[INFO] [stdout] 
[INFO] [stdout] Some errors have detailed explanations: E0432, E0433.
[INFO] [stdout] For more information about an error, try `rustc --explain E0432`.
[INFO] [stdout] Couldn't compile the test.
[INFO] [stdout] 
[INFO] [stdout] failures:
[INFO] [stdout]     src/lib.rs - (line 2)
[INFO] [stdout] 
[INFO] [stdout] test result: FAILED. 0 passed; 1 failed; 0 ignored; 0 measured; 0 filtered out; finished in 0.35s
[INFO] [stdout] 
[INFO] [stderr] error: doctest failed, to rerun pass `--doc`
[INFO] running `Command { std: "docker" "inspect" "8f3cd47f74d506ecad9d54b2c0af5df7e4c5567a6c6b483c97c3c73e6c96edc2", kill_on_drop: false }`
[INFO] running `Command { std: "docker" "rm" "-f" "8f3cd47f74d506ecad9d54b2c0af5df7e4c5567a6c6b483c97c3c73e6c96edc2", kill_on_drop: false }`
[INFO] [stdout] 8f3cd47f74d506ecad9d54b2c0af5df7e4c5567a6c6b483c97c3c73e6c96edc2
