[INFO] fetching crate jni-mangle 0.1.2...
[INFO] testing jni-mangle-0.1.2 against nightly-2024-10-28+rustflags=-Zrandomize-layout for randomize-layout
[INFO] extracting crate jni-mangle 0.1.2 into /workspace/builds/worker-3-tc2/source
[INFO] validating manifest of crates.io crate jni-mangle 0.1.2 on toolchain nightly-2024-10-28
[INFO] running `Command { std: CARGO_HOME="/workspace/cargo-home" RUSTUP_HOME="/workspace/rustup-home" "/workspace/cargo-home/bin/cargo" "+nightly-2024-10-28" "metadata" "--manifest-path" "Cargo.toml" "--no-deps", kill_on_drop: false }`
[INFO] started tweaking crates.io crate jni-mangle 0.1.2
[INFO] finished tweaking crates.io crate jni-mangle 0.1.2
[INFO] tweaked toml for crates.io crate jni-mangle 0.1.2 written to /workspace/builds/worker-3-tc2/source/Cargo.toml
[INFO] crate crates.io crate jni-mangle 0.1.2 already has a lockfile, it will not be regenerated
[INFO] running `Command { std: CARGO_HOME="/workspace/cargo-home" RUSTUP_HOME="/workspace/rustup-home" "/workspace/cargo-home/bin/cargo" "+nightly-2024-10-28" "fetch" "--manifest-path" "Cargo.toml", kill_on_drop: false }`
[INFO] running `Command { std: "docker" "create" "-v" "/var/lib/crater-agent-workspace/builds/worker-3-tc2/target:/opt/rustwide/target:rw,Z" "-v" "/var/lib/crater-agent-workspace/builds/worker-3-tc2/source:/opt/rustwide/workdir:ro,Z" "-v" "/var/lib/crater-agent-workspace/cargo-home:/opt/rustwide/cargo-home:ro,Z" "-v" "/var/lib/crater-agent-workspace/rustup-home:/opt/rustwide/rustup-home:ro,Z" "-e" "SOURCE_DIR=/opt/rustwide/workdir" "-e" "CARGO_TARGET_DIR=/opt/rustwide/target" "-e" "CARGO_HOME=/opt/rustwide/cargo-home" "-e" "RUSTUP_HOME=/opt/rustwide/rustup-home" "-w" "/opt/rustwide/workdir" "-m" "1610612736" "--user" "0:0" "--network" "none" "ghcr.io/rust-lang/crates-build-env/linux@sha256:4a844ea9eb2546a2d2c7022eacef16ef2e8229c7fbb2c7d4d55a9ceca922f72d" "/opt/rustwide/cargo-home/bin/cargo" "+nightly-2024-10-28" "metadata" "--no-deps" "--format-version=1", kill_on_drop: false }`
[INFO] [stdout] fc5b894ddc6a7da89e0c7b02281edfdd915055c87b08f737897c662fe078898e
[INFO] running `Command { std: "docker" "start" "-a" "fc5b894ddc6a7da89e0c7b02281edfdd915055c87b08f737897c662fe078898e", kill_on_drop: false }`
[INFO] running `Command { std: "docker" "inspect" "fc5b894ddc6a7da89e0c7b02281edfdd915055c87b08f737897c662fe078898e", kill_on_drop: false }`
[INFO] running `Command { std: "docker" "rm" "-f" "fc5b894ddc6a7da89e0c7b02281edfdd915055c87b08f737897c662fe078898e", kill_on_drop: false }`
[INFO] [stdout] fc5b894ddc6a7da89e0c7b02281edfdd915055c87b08f737897c662fe078898e
[INFO] running `Command { std: "docker" "create" "-v" "/var/lib/crater-agent-workspace/builds/worker-3-tc2/target:/opt/rustwide/target:rw,Z" "-v" "/var/lib/crater-agent-workspace/builds/worker-3-tc2/source:/opt/rustwide/workdir:ro,Z" "-v" "/var/lib/crater-agent-workspace/cargo-home:/opt/rustwide/cargo-home:ro,Z" "-v" "/var/lib/crater-agent-workspace/rustup-home:/opt/rustwide/rustup-home:ro,Z" "-e" "SOURCE_DIR=/opt/rustwide/workdir" "-e" "CARGO_TARGET_DIR=/opt/rustwide/target" "-e" "CARGO_INCREMENTAL=0" "-e" "RUST_BACKTRACE=full" "-e" "RUSTFLAGS=--cap-lints=forbid -Zrandomize-layout" "-e" "RUSTDOCFLAGS=--cap-lints=forbid" "-e" "CARGO_HOME=/opt/rustwide/cargo-home" "-e" "RUSTUP_HOME=/opt/rustwide/rustup-home" "-w" "/opt/rustwide/workdir" "-m" "1610612736" "--user" "0:0" "--network" "none" "ghcr.io/rust-lang/crates-build-env/linux@sha256:4a844ea9eb2546a2d2c7022eacef16ef2e8229c7fbb2c7d4d55a9ceca922f72d" "/opt/rustwide/cargo-home/bin/cargo" "+nightly-2024-10-28" "build" "--frozen" "--message-format=json", kill_on_drop: false }`
[INFO] [stdout] c9982265432643b37743826a58ef31a2c4483b657f10509d1564d439d382e4d7
[INFO] running `Command { std: "docker" "start" "-a" "c9982265432643b37743826a58ef31a2c4483b657f10509d1564d439d382e4d7", kill_on_drop: false }`
[INFO] [stderr]    Compiling ident_case v1.0.1
[INFO] [stderr]    Compiling memchr v2.6.3
[INFO] [stderr]    Compiling fnv v1.0.7
[INFO] [stderr]    Compiling strsim v0.10.0
[INFO] [stderr]    Compiling regex-syntax v0.7.5
[INFO] [stderr]    Compiling syn v2.0.31
[INFO] [stderr]    Compiling aho-corasick v1.0.5
[INFO] [stderr]    Compiling regex-automata v0.3.8
[INFO] [stderr]    Compiling darling_core v0.20.3
[INFO] [stderr]    Compiling regex v1.9.5
[INFO] [stderr]    Compiling darling_macro v0.20.3
[INFO] [stderr]    Compiling darling v0.20.3
[INFO] [stderr]    Compiling jni-mangle v0.1.2 (/opt/rustwide/workdir)
[INFO] [stdout] warning: unused import: `syn::Block`
[INFO] [stdout]  --> src/lib.rs:9:5
[INFO] [stdout]   |
[INFO] [stdout] 9 | use syn::Block;
[INFO] [stdout]   |     ^^^^^^^^^^
[INFO] [stdout]   |
[INFO] [stdout]   = note: `#[warn(unused_imports)]` on by default
[INFO] [stdout] 
[INFO] [stdout] 
[INFO] [stderr]     Finished `dev` profile [unoptimized + debuginfo] target(s) in 4.21s
[INFO] running `Command { std: "docker" "inspect" "c9982265432643b37743826a58ef31a2c4483b657f10509d1564d439d382e4d7", kill_on_drop: false }`
[INFO] running `Command { std: "docker" "rm" "-f" "c9982265432643b37743826a58ef31a2c4483b657f10509d1564d439d382e4d7", kill_on_drop: false }`
[INFO] [stdout] c9982265432643b37743826a58ef31a2c4483b657f10509d1564d439d382e4d7
[INFO] running `Command { std: "docker" "create" "-v" "/var/lib/crater-agent-workspace/builds/worker-3-tc2/target:/opt/rustwide/target:rw,Z" "-v" "/var/lib/crater-agent-workspace/builds/worker-3-tc2/source:/opt/rustwide/workdir:ro,Z" "-v" "/var/lib/crater-agent-workspace/cargo-home:/opt/rustwide/cargo-home:ro,Z" "-v" "/var/lib/crater-agent-workspace/rustup-home:/opt/rustwide/rustup-home:ro,Z" "-e" "SOURCE_DIR=/opt/rustwide/workdir" "-e" "CARGO_TARGET_DIR=/opt/rustwide/target" "-e" "CARGO_INCREMENTAL=0" "-e" "RUST_BACKTRACE=full" "-e" "RUSTFLAGS=--cap-lints=forbid -Zrandomize-layout" "-e" "RUSTDOCFLAGS=--cap-lints=forbid" "-e" "CARGO_HOME=/opt/rustwide/cargo-home" "-e" "RUSTUP_HOME=/opt/rustwide/rustup-home" "-w" "/opt/rustwide/workdir" "-m" "1610612736" "--user" "0:0" "--network" "none" "ghcr.io/rust-lang/crates-build-env/linux@sha256:4a844ea9eb2546a2d2c7022eacef16ef2e8229c7fbb2c7d4d55a9ceca922f72d" "/opt/rustwide/cargo-home/bin/cargo" "+nightly-2024-10-28" "test" "--frozen" "--no-run" "--message-format=json", kill_on_drop: false }`
[INFO] [stdout] c1c6b1635acf595678f435dd40cad901be1586d4bc49d217c8e89556e41baa31
[INFO] running `Command { std: "docker" "start" "-a" "c1c6b1635acf595678f435dd40cad901be1586d4bc49d217c8e89556e41baa31", kill_on_drop: false }`
[INFO] [stderr]    Compiling proc-macro2 v1.0.66
[INFO] [stderr]    Compiling unicode-ident v1.0.11
[INFO] [stderr]    Compiling ident_case v1.0.1
[INFO] [stderr]    Compiling regex-automata v0.3.8
[INFO] [stderr]    Compiling quote v1.0.33
[INFO] [stderr]    Compiling syn v2.0.31
[INFO] [stderr]    Compiling regex v1.9.5
[INFO] [stderr]    Compiling darling_core v0.20.3
[INFO] [stderr]    Compiling darling_macro v0.20.3
[INFO] [stderr]    Compiling darling v0.20.3
[INFO] [stderr]    Compiling jni-mangle v0.1.2 (/opt/rustwide/workdir)
[INFO] [stdout] warning: unused import: `syn::Block`
[INFO] [stdout]  --> src/lib.rs:9:5
[INFO] [stdout]   |
[INFO] [stdout] 9 | use syn::Block;
[INFO] [stdout]   |     ^^^^^^^^^^
[INFO] [stdout]   |
[INFO] [stdout]   = note: `#[warn(unused_imports)]` on by default
[INFO] [stdout] 
[INFO] [stdout] 
[INFO] [stdout] warning: unused import: `syn::Block`
[INFO] [stdout]  --> src/lib.rs:9:5
[INFO] [stdout]   |
[INFO] [stdout] 9 | use syn::Block;
[INFO] [stdout]   |     ^^^^^^^^^^
[INFO] [stdout]   |
[INFO] [stdout]   = note: `#[warn(unused_imports)]` on by default
[INFO] [stdout] 
[INFO] [stdout] 
[INFO] [stdout] warning: functions generic over types or consts must be mangled
[INFO] [stdout]   --> examples/example.rs:26:1
[INFO] [stdout]    |
[INFO] [stdout] 25 |   #[mangle(package = "com.example", class = "Example")]
[INFO] [stdout]    |   ----------------------------------------------------- help: remove this attribute
[INFO] [stdout] 26 | / pub fn test_fn<'a, T>(var: &'a T) -> String
[INFO] [stdout] 27 | | where
[INFO] [stdout] 28 | |     T: ToString,
[INFO] [stdout] 29 | | {
[INFO] [stdout] 30 | |     format!("test_fn({})", var.to_string())
[INFO] [stdout] 31 | | }
[INFO] [stdout]    | |_^
[INFO] [stdout]    |
[INFO] [stdout]    = note: `#[warn(no_mangle_generic_items)]` on by default
[INFO] [stdout] 
[INFO] [stdout] 
[INFO] [stdout] warning: `extern` fn uses type `String`, which is not FFI-safe
[INFO] [stdout]   --> examples/example.rs:26:38
[INFO] [stdout]    |
[INFO] [stdout] 26 | pub fn test_fn<'a, T>(var: &'a T) -> String
[INFO] [stdout]    |                                      ^^^^^^ not FFI-safe
[INFO] [stdout]    |
[INFO] [stdout]    = help: consider adding a `#[repr(C)]` or `#[repr(transparent)]` attribute to this struct
[INFO] [stdout]    = note: this struct has unspecified layout
[INFO] [stdout]    = note: `#[warn(improper_ctypes_definitions)]` on by default
[INFO] [stdout] 
[INFO] [stdout] 
[INFO] [stderr]     Finished `test` profile [unoptimized + debuginfo] target(s) in 4.58s
[INFO] running `Command { std: "docker" "inspect" "c1c6b1635acf595678f435dd40cad901be1586d4bc49d217c8e89556e41baa31", kill_on_drop: false }`
[INFO] running `Command { std: "docker" "rm" "-f" "c1c6b1635acf595678f435dd40cad901be1586d4bc49d217c8e89556e41baa31", kill_on_drop: false }`
[INFO] [stdout] c1c6b1635acf595678f435dd40cad901be1586d4bc49d217c8e89556e41baa31
[INFO] running `Command { std: "docker" "create" "-v" "/var/lib/crater-agent-workspace/builds/worker-3-tc2/target:/opt/rustwide/target:rw,Z" "-v" "/var/lib/crater-agent-workspace/builds/worker-3-tc2/source:/opt/rustwide/workdir:ro,Z" "-v" "/var/lib/crater-agent-workspace/cargo-home:/opt/rustwide/cargo-home:ro,Z" "-v" "/var/lib/crater-agent-workspace/rustup-home:/opt/rustwide/rustup-home:ro,Z" "-e" "SOURCE_DIR=/opt/rustwide/workdir" "-e" "CARGO_TARGET_DIR=/opt/rustwide/target" "-e" "CARGO_INCREMENTAL=0" "-e" "RUST_BACKTRACE=full" "-e" "RUSTFLAGS=--cap-lints=forbid -Zrandomize-layout" "-e" "RUSTDOCFLAGS=--cap-lints=forbid" "-e" "CARGO_HOME=/opt/rustwide/cargo-home" "-e" "RUSTUP_HOME=/opt/rustwide/rustup-home" "-w" "/opt/rustwide/workdir" "-m" "1610612736" "--user" "0:0" "--network" "none" "ghcr.io/rust-lang/crates-build-env/linux@sha256:4a844ea9eb2546a2d2c7022eacef16ef2e8229c7fbb2c7d4d55a9ceca922f72d" "/opt/rustwide/cargo-home/bin/cargo" "+nightly-2024-10-28" "test" "--frozen", kill_on_drop: false }`
[INFO] [stdout] 42e7847295a475349eef49e6528383893d857b3f502f18192d98428abaa93300
[INFO] running `Command { std: "docker" "start" "-a" "42e7847295a475349eef49e6528383893d857b3f502f18192d98428abaa93300", kill_on_drop: false }`
[INFO] [stderr] warning: unused import: `syn::Block`
[INFO] [stderr]  --> src/lib.rs:9:5
[INFO] [stderr]   |
[INFO] [stderr] 9 | use syn::Block;
[INFO] [stderr]   |     ^^^^^^^^^^
[INFO] [stderr]   |
[INFO] [stderr]   = note: `#[warn(unused_imports)]` on by default
[INFO] [stderr] 
[INFO] [stderr] warning: `jni-mangle` (lib) generated 1 warning (run `cargo fix --lib -p jni-mangle` to apply 1 suggestion)
[INFO] [stderr] warning: `jni-mangle` (lib test) generated 1 warning (1 duplicate)
[INFO] [stderr] warning: functions generic over types or consts must be mangled
[INFO] [stderr]   --> examples/example.rs:26:1
[INFO] [stderr]    |
[INFO] [stderr] 25 |   #[mangle(package = "com.example", class = "Example")]
[INFO] [stderr]    |   ----------------------------------------------------- help: remove this attribute
[INFO] [stderr] 26 | / pub fn test_fn<'a, T>(var: &'a T) -> String
[INFO] [stderr] 27 | | where
[INFO] [stderr] 28 | |     T: ToString,
[INFO] [stderr] 29 | | {
[INFO] [stderr] 30 | |     format!("test_fn({})", var.to_string())
[INFO] [stderr] 31 | | }
[INFO] [stderr]    | |_^
[INFO] [stderr]    |
[INFO] [stderr]    = note: `#[warn(no_mangle_generic_items)]` on by default
[INFO] [stderr] 
[INFO] [stderr] warning: `extern` fn uses type `String`, which is not FFI-safe
[INFO] [stderr]   --> examples/example.rs:26:38
[INFO] [stderr]    |
[INFO] [stderr] 26 | pub fn test_fn<'a, T>(var: &'a T) -> String
[INFO] [stderr]    |                                      ^^^^^^ not FFI-safe
[INFO] [stderr]    |
[INFO] [stderr]    = help: consider adding a `#[repr(C)]` or `#[repr(transparent)]` attribute to this struct
[INFO] [stderr]    = note: this struct has unspecified layout
[INFO] [stderr]    = note: `#[warn(improper_ctypes_definitions)]` on by default
[INFO] [stderr] 
[INFO] [stderr] warning: `jni-mangle` (example "example") generated 2 warnings
[INFO] [stderr]     Finished `test` profile [unoptimized + debuginfo] target(s) in 0.01s
[INFO] [stderr]      Running unittests src/lib.rs (/opt/rustwide/target/debug/deps/jni_mangle-49f9ebda21a90e25)
[INFO] [stdout] 
[INFO] [stdout] running 6 tests
[INFO] [stdout] test utils::escape::tests::test_basic_escapes ... ok
[INFO] [stdout] test utils::escape::tests::test_non_ascii_escapes ... ok
[INFO] [stdout] test utils::validators::tests::test_invalid_packages ... ok
[INFO] [stdout] test utils::validators::tests::test_valid_packages ... ok
[INFO] [stdout] test utils::validators::tests::test_invalid_methods ... ok
[INFO] [stdout] test utils::validators::tests::test_valid_methods ... ok
[INFO] [stdout] 
[INFO] [stdout] test result: ok. 6 passed; 0 failed; 0 ignored; 0 measured; 0 filtered out; finished in 0.00s
[INFO] [stdout] 
[INFO] [stderr]    Doc-tests jni_mangle
[INFO] [stdout] 
[INFO] [stdout] running 4 tests
[INFO] [stdout] test src/../README.md - (line 11) ... ok
[INFO] [stdout] test src/../README.md - (line 21) ... ok
[INFO] [stdout] test src/lib.rs - mangle_raw (line 130) ... FAILED
[INFO] [stdout] test src/lib.rs - mangle (line 47) ... FAILED
[INFO] [stdout] 
[INFO] [stdout] failures:
[INFO] [stdout] 
[INFO] [stdout] ---- src/lib.rs - mangle_raw (line 130) stdout ----
[INFO] [stdout] Test executable failed (signal: 6 (SIGABRT) (core dumped)).
[INFO] [stdout] 
[INFO] [stdout] stderr:
[INFO] [stdout] 
[INFO] [stdout] thread 'main' has overflowed its stack
[INFO] [stdout] fatal runtime error: stack overflow
[INFO] [stdout] 
[INFO] [stdout] 
[INFO] [stdout] ---- src/lib.rs - mangle (line 47) stdout ----
[INFO] [stdout] Test executable failed (signal: 6 (SIGABRT) (core dumped)).
[INFO] [stdout] 
[INFO] [stdout] stderr:
[INFO] [stdout] 
[INFO] [stdout] thread 'main' has overflowed its stack
[INFO] [stdout] fatal runtime error: stack overflow
[INFO] [stdout] 
[INFO] [stdout] 
[INFO] [stdout] 
[INFO] [stdout] failures:
[INFO] [stdout]     src/lib.rs - mangle (line 47)
[INFO] [stdout]     src/lib.rs - mangle_raw (line 130)
[INFO] [stdout] 
[INFO] [stdout] test result: FAILED. 2 passed; 2 failed; 0 ignored; 0 measured; 0 filtered out; finished in 0.22s
[INFO] [stdout] 
[INFO] [stderr] error: doctest failed, to rerun pass `--doc`
[INFO] running `Command { std: "docker" "inspect" "42e7847295a475349eef49e6528383893d857b3f502f18192d98428abaa93300", kill_on_drop: false }`
[INFO] running `Command { std: "docker" "rm" "-f" "42e7847295a475349eef49e6528383893d857b3f502f18192d98428abaa93300", kill_on_drop: false }`
[INFO] [stdout] 42e7847295a475349eef49e6528383893d857b3f502f18192d98428abaa93300
