[INFO] fetching crate jist 0.1.3...
[INFO] testing jist-0.1.3 against nightly-2024-10-28 for randomize-layout
[INFO] extracting crate jist 0.1.3 into /workspace/builds/worker-6-tc1/source
[INFO] validating manifest of crates.io crate jist 0.1.3 on toolchain nightly-2024-10-28
[INFO] running `Command { std: CARGO_HOME="/workspace/cargo-home" RUSTUP_HOME="/workspace/rustup-home" "/workspace/cargo-home/bin/cargo" "+nightly-2024-10-28" "metadata" "--manifest-path" "Cargo.toml" "--no-deps", kill_on_drop: false }`
[INFO] started tweaking crates.io crate jist 0.1.3
[INFO] finished tweaking crates.io crate jist 0.1.3
[INFO] tweaked toml for crates.io crate jist 0.1.3 written to /workspace/builds/worker-6-tc1/source/Cargo.toml
[INFO] crate crates.io crate jist 0.1.3 already has a lockfile, it will not be regenerated
[INFO] running `Command { std: CARGO_HOME="/workspace/cargo-home" RUSTUP_HOME="/workspace/rustup-home" "/workspace/cargo-home/bin/cargo" "+nightly-2024-10-28" "fetch" "--manifest-path" "Cargo.toml", kill_on_drop: false }`
[INFO] running `Command { std: "docker" "create" "-v" "/var/lib/crater-agent-workspace/builds/worker-6-tc1/target:/opt/rustwide/target:rw,Z" "-v" "/var/lib/crater-agent-workspace/builds/worker-6-tc1/source:/opt/rustwide/workdir:ro,Z" "-v" "/var/lib/crater-agent-workspace/cargo-home:/opt/rustwide/cargo-home:ro,Z" "-v" "/var/lib/crater-agent-workspace/rustup-home:/opt/rustwide/rustup-home:ro,Z" "-e" "SOURCE_DIR=/opt/rustwide/workdir" "-e" "CARGO_TARGET_DIR=/opt/rustwide/target" "-e" "CARGO_HOME=/opt/rustwide/cargo-home" "-e" "RUSTUP_HOME=/opt/rustwide/rustup-home" "-w" "/opt/rustwide/workdir" "-m" "1610612736" "--user" "0:0" "--network" "none" "ghcr.io/rust-lang/crates-build-env/linux@sha256:4a844ea9eb2546a2d2c7022eacef16ef2e8229c7fbb2c7d4d55a9ceca922f72d" "/opt/rustwide/cargo-home/bin/cargo" "+nightly-2024-10-28" "metadata" "--no-deps" "--format-version=1", kill_on_drop: false }`
[INFO] [stdout] 0e8f669e3fca9a0887ffb411ced516edd82577edbf4d26e4974b9f6bef92602f
[INFO] running `Command { std: "docker" "start" "-a" "0e8f669e3fca9a0887ffb411ced516edd82577edbf4d26e4974b9f6bef92602f", kill_on_drop: false }`
[INFO] running `Command { std: "docker" "inspect" "0e8f669e3fca9a0887ffb411ced516edd82577edbf4d26e4974b9f6bef92602f", kill_on_drop: false }`
[INFO] running `Command { std: "docker" "rm" "-f" "0e8f669e3fca9a0887ffb411ced516edd82577edbf4d26e4974b9f6bef92602f", kill_on_drop: false }`
[INFO] [stdout] 0e8f669e3fca9a0887ffb411ced516edd82577edbf4d26e4974b9f6bef92602f
[INFO] running `Command { std: "docker" "create" "-v" "/var/lib/crater-agent-workspace/builds/worker-6-tc1/target:/opt/rustwide/target:rw,Z" "-v" "/var/lib/crater-agent-workspace/builds/worker-6-tc1/source:/opt/rustwide/workdir:ro,Z" "-v" "/var/lib/crater-agent-workspace/cargo-home:/opt/rustwide/cargo-home:ro,Z" "-v" "/var/lib/crater-agent-workspace/rustup-home:/opt/rustwide/rustup-home:ro,Z" "-e" "SOURCE_DIR=/opt/rustwide/workdir" "-e" "CARGO_TARGET_DIR=/opt/rustwide/target" "-e" "CARGO_INCREMENTAL=0" "-e" "RUST_BACKTRACE=full" "-e" "RUSTFLAGS=--cap-lints=forbid" "-e" "RUSTDOCFLAGS=--cap-lints=forbid" "-e" "CARGO_HOME=/opt/rustwide/cargo-home" "-e" "RUSTUP_HOME=/opt/rustwide/rustup-home" "-w" "/opt/rustwide/workdir" "-m" "1610612736" "--user" "0:0" "--network" "none" "ghcr.io/rust-lang/crates-build-env/linux@sha256:4a844ea9eb2546a2d2c7022eacef16ef2e8229c7fbb2c7d4d55a9ceca922f72d" "/opt/rustwide/cargo-home/bin/cargo" "+nightly-2024-10-28" "build" "--frozen" "--message-format=json", kill_on_drop: false }`
[INFO] [stdout] c3047e9d14b25cd9d10c3742cb69db2f064d6f04c56ae6bb5819ac54b127118c
[INFO] running `Command { std: "docker" "start" "-a" "c3047e9d14b25cd9d10c3742cb69db2f064d6f04c56ae6bb5819ac54b127118c", kill_on_drop: false }`
[INFO] [stderr]    Compiling libc v0.2.159
[INFO] [stderr]    Compiling proc-macro2 v1.0.87
[INFO] [stderr]    Compiling signal-hook v0.3.17
[INFO] [stderr]    Compiling parking_lot_core v0.9.10
[INFO] [stderr]    Compiling lock_api v0.4.12
[INFO] [stderr]    Compiling ansi_term v0.12.1
[INFO] [stderr]    Compiling lazy_static v1.5.0
[INFO] [stderr]    Compiling quote v1.0.37
[INFO] [stderr]    Compiling signal-hook-registry v1.4.2
[INFO] [stderr]    Compiling getrandom v0.2.15
[INFO] [stderr]    Compiling mio v0.8.11
[INFO] [stderr]    Compiling syn v2.0.79
[INFO] [stderr]    Compiling rand_core v0.6.4
[INFO] [stderr]    Compiling parking_lot v0.12.3
[INFO] [stderr]    Compiling signal-hook-mio v0.2.4
[INFO] [stderr]    Compiling crossterm v0.26.1
[INFO] [stderr]    Compiling zerocopy-derive v0.7.35
[INFO] [stderr]    Compiling zerocopy v0.7.35
[INFO] [stderr]    Compiling ppv-lite86 v0.2.20
[INFO] [stderr]    Compiling rand_chacha v0.3.1
[INFO] [stderr]    Compiling rand v0.8.5
[INFO] [stderr]    Compiling jist v0.1.3 (/opt/rustwide/workdir)
[INFO] [stdout] warning: unused import: `parse_operator`
[INFO] [stdout]   --> src/compiler.rs:15:49
[INFO] [stdout]    |
[INFO] [stdout] 15 |     use crate::compilers::variable::{operation, parse_operator};
[INFO] [stdout]    |                                                 ^^^^^^^^^^^^^^
[INFO] [stdout]    |
[INFO] [stdout]    = note: `#[warn(unused_imports)]` on by default
[INFO] [stdout] 
[INFO] [stdout] 
[INFO] [stdout] warning: unused imports: `IntNode` and `OperatorNode`
[INFO] [stdout]   --> src/compiler.rs:17:39
[INFO] [stdout]    |
[INFO] [stdout] 17 |     use crate::node::nodes::{ASTNode, IntNode, OperatorNode};
[INFO] [stdout]    |                                       ^^^^^^^  ^^^^^^^^^^^^
[INFO] [stdout] 
[INFO] [stdout] 
[INFO] [stdout] warning: unreachable statement
[INFO] [stdout]    --> src/statement_tokenizer/tokenizer.rs:303:9
[INFO] [stdout]     |
[INFO] [stdout] 273 |         exit(1);
[INFO] [stdout]     |         ------- any code following this expression is unreachable
[INFO] [stdout] ...
[INFO] [stdout] 303 |         return none;
[INFO] [stdout]     |         ^^^^^^^^^^^^ unreachable statement
[INFO] [stdout]     |
[INFO] [stdout]     = note: `#[warn(unreachable_code)]` on by default
[INFO] [stdout] 
[INFO] [stdout] 
[INFO] [stdout] warning: unused variable: `result`
[INFO] [stdout]   --> src/compiler.rs:60:25
[INFO] [stdout]    |
[INFO] [stdout] 60 |                     let result = compile_dot_statement(expression);
[INFO] [stdout]    |                         ^^^^^^ help: if this is intentional, prefix it with an underscore: `_result`
[INFO] [stdout]    |
[INFO] [stdout]    = note: `#[warn(unused_variables)]` on by default
[INFO] [stdout] 
[INFO] [stdout] 
[INFO] [stdout] warning: unused variable: `result`
[INFO] [stdout]    --> src/function.rs:383:25
[INFO] [stdout]     |
[INFO] [stdout] 383 |                     let result = f(&mut arg1.clone(), arg2.clone(), arg3.clone());
[INFO] [stdout]     |                         ^^^^^^ help: if this is intentional, prefix it with an underscore: `_result`
[INFO] [stdout] 
[INFO] [stdout] 
[INFO] [stdout] warning: unused variable: `args_a`
[INFO] [stdout]    --> src/token_type.rs:242:40
[INFO] [stdout]     |
[INFO] [stdout] 242 |                         arguments: ref args_a,
[INFO] [stdout]     |                                        ^^^^^^ help: if this is intentional, prefix it with an underscore: `_args_a`
[INFO] [stdout] 
[INFO] [stdout] 
[INFO] [stdout] warning: unused variable: `args_b`
[INFO] [stdout]    --> src/token_type.rs:247:40
[INFO] [stdout]     |
[INFO] [stdout] 247 |                         arguments: ref args_b,
[INFO] [stdout]     |                                        ^^^^^^ help: if this is intentional, prefix it with an underscore: `_args_b`
[INFO] [stdout] 
[INFO] [stdout] 
[INFO] [stdout] warning: unused variable: `expression`
[INFO] [stdout]   --> src/statement_tokenizer/basic_tokenizer.rs:63:9
[INFO] [stdout]    |
[INFO] [stdout] 63 |         expression: String,
[INFO] [stdout]    |         ^^^^^^^^^^ help: if this is intentional, prefix it with an underscore: `_expression`
[INFO] [stdout] 
[INFO] [stdout] 
[INFO] [stdout] warning: unused variable: `index`
[INFO] [stdout]   --> src/statement_tokenizer/basic_tokenizer.rs:66:9
[INFO] [stdout]    |
[INFO] [stdout] 66 |         index: usize,
[INFO] [stdout]    |         ^^^^^ help: if this is intentional, prefix it with an underscore: `_index`
[INFO] [stdout] 
[INFO] [stdout] 
[INFO] [stdout] warning: unused variable: `char`
[INFO] [stdout]    --> src/statement_tokenizer/basic_tokenizer.rs:151:45
[INFO] [stdout]     |
[INFO] [stdout] 151 |     pub fn read_numbers(expression: String, char: char, index: usize) -> ParseInfo {
[INFO] [stdout]     |                                             ^^^^ help: if this is intentional, prefix it with an underscore: `_char`
[INFO] [stdout] 
[INFO] [stdout] 
[INFO] [stdout] warning: unused variable: `i`
[INFO] [stdout]   --> src/statement_tokenizer/conditional_tokenizer.rs:39:13
[INFO] [stdout]    |
[INFO] [stdout] 39 |         let i = 0;
[INFO] [stdout]    |             ^ help: if this is intentional, prefix it with an underscore: `_i`
[INFO] [stdout] 
[INFO] [stdout] 
[INFO] [stdout] warning: unused variable: `keyword`
[INFO] [stdout]   --> src/statement_tokenizer/conditional_tokenizer.rs:41:13
[INFO] [stdout]    |
[INFO] [stdout] 41 |         let keyword = String::new();
[INFO] [stdout]    |             ^^^^^^^ help: if this is intentional, prefix it with an underscore: `_keyword`
[INFO] [stdout] 
[INFO] [stdout] 
[INFO] [stdout] warning: variable does not need to be mutable
[INFO] [stdout]    --> src/compilers/conditional.rs:166:13
[INFO] [stdout]     |
[INFO] [stdout] 166 |         let mut index = 0;
[INFO] [stdout]     |             ----^^^^^
[INFO] [stdout]     |             |
[INFO] [stdout]     |             help: remove this `mut`
[INFO] [stdout]     |
[INFO] [stdout]     = note: `#[warn(unused_mut)]` on by default
[INFO] [stdout] 
[INFO] [stdout] 
[INFO] [stdout] warning: unused variable: `v`
[INFO] [stdout]    --> src/compilers/function.rs:176:43
[INFO] [stdout]     |
[INFO] [stdout] 176 |                     ASTNode::VariableCall(v) => {
[INFO] [stdout]     |                                           ^ help: if this is intentional, prefix it with an underscore: `_v`
[INFO] [stdout] 
[INFO] [stdout] 
[INFO] [stdout] warning: unused variable: `arg1`
[INFO] [stdout]    --> src/compilers/function.rs:182:29
[INFO] [stdout]     |
[INFO] [stdout] 182 |                         let arg1 = (String::new(), BaseTypes::Int(n.value.clone()));
[INFO] [stdout]     |                             ^^^^ help: if this is intentional, prefix it with an underscore: `_arg1`
[INFO] [stdout] 
[INFO] [stdout] 
[INFO] [stdout] warning: unused variable: `variable`
[INFO] [stdout]    --> src/compilers/function.rs:266:5
[INFO] [stdout]     |
[INFO] [stdout] 266 |     variable: Option<Variable>,
[INFO] [stdout]     |     ^^^^^^^^ help: if this is intentional, prefix it with an underscore: `_variable`
[INFO] [stdout] 
[INFO] [stdout] 
[INFO] [stdout] warning: value assigned to `evaluation_result` is never read
[INFO] [stdout]   --> src/compilers/loops.rs:84:29
[INFO] [stdout]    |
[INFO] [stdout] 84 |                     let mut evaluation_result: bool = false; // Rename for clarity
[INFO] [stdout]    |                             ^^^^^^^^^^^^^^^^^
[INFO] [stdout]    |
[INFO] [stdout]    = help: maybe it is overwritten before being read?
[INFO] [stdout]    = note: `#[warn(unused_assignments)]` on by default
[INFO] [stdout] 
[INFO] [stdout] 
[INFO] [stdout] warning: value assigned to `evaluation_result` is never read
[INFO] [stdout]    --> src/compilers/loops.rs:115:25
[INFO] [stdout]     |
[INFO] [stdout] 115 |                         evaluation_result = false; // Reset the evaluation result
[INFO] [stdout]     |                         ^^^^^^^^^^^^^^^^^
[INFO] [stdout]     |
[INFO] [stdout]     = help: maybe it is overwritten before being read?
[INFO] [stdout] 
[INFO] [stdout] 
[INFO] [stdout] warning: variable `variable` is assigned to, but never used
[INFO] [stdout]    --> src/compilers/variable.rs:112:17
[INFO] [stdout]     |
[INFO] [stdout] 112 |             let variable: (String, BaseTypes);
[INFO] [stdout]     |                 ^^^^^^^^
[INFO] [stdout]     |
[INFO] [stdout]     = note: consider using `_variable` instead
[INFO] [stdout] 
[INFO] [stdout] 
[INFO] [stdout] warning: variable `collection` is assigned to, but never used
[INFO] [stdout]    --> src/compilers/variable.rs:113:17
[INFO] [stdout]     |
[INFO] [stdout] 113 |             let collection: (String, Vec<BaseTypes>);
[INFO] [stdout]     |                 ^^^^^^^^^^
[INFO] [stdout]     |
[INFO] [stdout]     = note: consider using `_collection` instead
[INFO] [stdout] 
[INFO] [stdout] 
[INFO] [stdout] warning: unused variable: `c`
[INFO] [stdout]    --> src/compilers/variable.rs:126:37
[INFO] [stdout]     |
[INFO] [stdout] 126 |                 ASTNode::ObjectCall(c) => {
[INFO] [stdout]     |                                     ^ help: if this is intentional, prefix it with an underscore: `_c`
[INFO] [stdout] 
[INFO] [stdout] 
[INFO] [stdout] warning: unused variable: `name`
[INFO] [stdout]    --> src/compilers/variable.rs:173:37
[INFO] [stdout]     |
[INFO] [stdout] 173 | ...                   name,
[INFO] [stdout]     |                       ^^^^ help: try ignoring the field: `name: _`
[INFO] [stdout] 
[INFO] [stdout] 
[INFO] [stdout] warning: unused variable: `data`
[INFO] [stdout]    --> src/compilers/variable.rs:174:37
[INFO] [stdout]     |
[INFO] [stdout] 174 | ...                   data,
[INFO] [stdout]     |                       ^^^^ help: try ignoring the field: `data: _`
[INFO] [stdout] 
[INFO] [stdout] 
[INFO] [stdout] warning: unused variable: `value_type`
[INFO] [stdout]    --> src/compilers/variable.rs:175:37
[INFO] [stdout]     |
[INFO] [stdout] 175 | ...                   value_type,
[INFO] [stdout]     |                       ^^^^^^^^^^ help: try ignoring the field: `value_type: _`
[INFO] [stdout] 
[INFO] [stdout] 
[INFO] [stdout] warning: unused variable: `c`
[INFO] [stdout]    --> src/compilers/variable.rs:213:37
[INFO] [stdout]     |
[INFO] [stdout] 213 |                 ASTNode::Collection(c) => {
[INFO] [stdout]     |                                     ^ help: if this is intentional, prefix it with an underscore: `_c`
[INFO] [stdout] 
[INFO] [stdout] 
[INFO] [stdout] warning: value assigned to `collection` is never read
[INFO] [stdout]    --> src/compilers/variable.rs:214:21
[INFO] [stdout]     |
[INFO] [stdout] 214 |                     collection = parse_collection_call(&object_nodes).unwrap()
[INFO] [stdout]     |                     ^^^^^^^^^^
[INFO] [stdout]     |
[INFO] [stdout]     = help: maybe it is overwritten before being read?
[INFO] [stdout] 
[INFO] [stdout] 
[INFO] [stdout] warning: unused variable: `c`
[INFO] [stdout]    --> src/compilers/variable.rs:216:39
[INFO] [stdout]     |
[INFO] [stdout] 216 |                 ASTNode::VariableCall(c) => {
[INFO] [stdout]     |                                       ^ help: if this is intentional, prefix it with an underscore: `_c`
[INFO] [stdout] 
[INFO] [stdout] 
[INFO] [stdout] warning: value assigned to `variable` is never read
[INFO] [stdout]    --> src/compilers/variable.rs:217:21
[INFO] [stdout]     |
[INFO] [stdout] 217 |                     variable = parse_variable_call(object_nodes.get(0).unwrap())?
[INFO] [stdout]     |                     ^^^^^^^^
[INFO] [stdout]     |
[INFO] [stdout]     = help: maybe it is overwritten before being read?
[INFO] [stdout] 
[INFO] [stdout] 
[INFO] [stdout] warning: unused variable: `value`
[INFO] [stdout]    --> src/compilers/variable.rs:358:29
[INFO] [stdout]     |
[INFO] [stdout] 358 |                         let value: BaseTypes = next_node.into();
[INFO] [stdout]     |                             ^^^^^ help: if this is intentional, prefix it with an underscore: `_value`
[INFO] [stdout] 
[INFO] [stdout] 
[INFO] [stdout] warning: value assigned to `var_value` is never read
[INFO] [stdout]    --> src/compilers/variable.rs:406:13
[INFO] [stdout]     |
[INFO] [stdout] 406 |     let mut var_value = ASTNode::Int(IntNode { value: 0 });
[INFO] [stdout]     |             ^^^^^^^^^
[INFO] [stdout]     |
[INFO] [stdout]     = help: maybe it is overwritten before being read?
[INFO] [stdout] 
[INFO] [stdout] 
[INFO] [stdout] warning: variable `first` is assigned to, but never used
[INFO] [stdout]    --> src/compilers/variable.rs:407:13
[INFO] [stdout]     |
[INFO] [stdout] 407 |     let mut first: Option<ASTNode> = Option::None;
[INFO] [stdout]     |             ^^^^^
[INFO] [stdout]     |
[INFO] [stdout]     = note: consider using `_first` instead
[INFO] [stdout] 
[INFO] [stdout] 
[INFO] [stdout] warning: variable `parenthesis` is assigned to, but never used
[INFO] [stdout]    --> src/compilers/variable.rs:408:13
[INFO] [stdout]     |
[INFO] [stdout] 408 |     let mut parenthesis: bool = false;
[INFO] [stdout]     |             ^^^^^^^^^^^
[INFO] [stdout]     |
[INFO] [stdout]     = note: consider using `_parenthesis` instead
[INFO] [stdout] 
[INFO] [stdout] 
[INFO] [stdout] warning: value assigned to `first` is never read
[INFO] [stdout]    --> src/compilers/variable.rs:521:21
[INFO] [stdout]     |
[INFO] [stdout] 521 |                     first = Some(ASTNode::Float(f.clone()));
[INFO] [stdout]     |                     ^^^^^
[INFO] [stdout]     |
[INFO] [stdout]     = help: maybe it is overwritten before being read?
[INFO] [stdout] 
[INFO] [stdout] 
[INFO] [stdout] warning: value assigned to `first` is never read
[INFO] [stdout]    --> src/compilers/variable.rs:534:21
[INFO] [stdout]     |
[INFO] [stdout] 534 |                     first = Some(ASTNode::String(s.clone()));
[INFO] [stdout]     |                     ^^^^^
[INFO] [stdout]     |
[INFO] [stdout]     = help: maybe it is overwritten before being read?
[INFO] [stdout] 
[INFO] [stdout] 
[INFO] [stdout] warning: value assigned to `parenthesis` is never read
[INFO] [stdout]    --> src/compilers/variable.rs:559:17
[INFO] [stdout]     |
[INFO] [stdout] 559 |                 parenthesis = true;
[INFO] [stdout]     |                 ^^^^^^^^^^^
[INFO] [stdout]     |
[INFO] [stdout]     = help: maybe it is overwritten before being read?
[INFO] [stdout] 
[INFO] [stdout] 
[INFO] [stdout] warning: unused variable: `left_val`
[INFO] [stdout]    --> src/compilers/variable.rs:700:38
[INFO] [stdout]     |
[INFO] [stdout] 700 |                 if let (ASTNode::Int(left_val), ASTNode::Int(right_val)) = (left, right) {
[INFO] [stdout]     |                                      ^^^^^^^^ help: if this is intentional, prefix it with an underscore: `_left_val`
[INFO] [stdout] 
[INFO] [stdout] 
[INFO] [stdout] warning: value assigned to `result` is never read
[INFO] [stdout]    --> src/compilers/variable.rs:833:13
[INFO] [stdout]     |
[INFO] [stdout] 833 |     let mut result: i32 = 0;
[INFO] [stdout]     |             ^^^^^^
[INFO] [stdout]     |
[INFO] [stdout]     = help: maybe it is overwritten before being read?
[INFO] [stdout] 
[INFO] [stdout] 
[INFO] [stdout] warning: unused variable: `n`
[INFO] [stdout]    --> src/compilers/variable.rs:846:34
[INFO] [stdout]     |
[INFO] [stdout] 846 |                 ASTNode::Int(ref n) => {
[INFO] [stdout]     |                                  ^ help: if this is intentional, prefix it with an underscore: `_n`
[INFO] [stdout] 
[INFO] [stdout] 
[INFO] [stdout] warning: associated function `len` is never used
[INFO] [stdout]    --> src/function_map.rs:149:8
[INFO] [stdout]     |
[INFO] [stdout] 50  | impl FunctionMap {
[INFO] [stdout]     | ---------------- associated function in this implementation
[INFO] [stdout] ...
[INFO] [stdout] 149 |     fn len(s: String) -> usize {
[INFO] [stdout]     |        ^^^
[INFO] [stdout]     |
[INFO] [stdout]     = note: `#[warn(dead_code)]` on by default
[INFO] [stdout] 
[INFO] [stdout] 
[INFO] [stdout] warning: method `eq` is never used
[INFO] [stdout]   --> src/statement_tokenizer/tokenizer.rs:55:12
[INFO] [stdout]    |
[INFO] [stdout] 54 |     impl ParseInfo {
[INFO] [stdout]    |     -------------- method in this implementation
[INFO] [stdout] 55 |         fn eq(&self, other: &Self) -> bool {
[INFO] [stdout]    |            ^^
[INFO] [stdout] 
[INFO] [stdout] 
[INFO] [stdout] warning: function `find_function_in_stack` is never used
[INFO] [stdout]   --> src/compilers/function.rs:27:4
[INFO] [stdout]    |
[INFO] [stdout] 27 | fn find_function_in_stack(function_name: &str) -> Function {
[INFO] [stdout]    |    ^^^^^^^^^^^^^^^^^^^^^^
[INFO] [stdout] 
[INFO] [stdout] 
[INFO] [stdout] warning: function `parse_numeric_expression` is never used
[INFO] [stdout]    --> src/compilers/variable.rs:828:4
[INFO] [stdout]     |
[INFO] [stdout] 828 | fn parse_numeric_expression(exp_stack: &mut Vec<ASTNode>) -> Result<BaseTypes, Box<dyn Error>> {
[INFO] [stdout]     |    ^^^^^^^^^^^^^^^^^^^^^^^^
[INFO] [stdout] 
[INFO] [stdout] 
[INFO] [stdout] warning: function `process_value_expression` is never used
[INFO] [stdout]    --> src/compilers/variable.rs:909:4
[INFO] [stdout]     |
[INFO] [stdout] 909 | fn process_value_expression(exp_stack: &mut Vec<ASTNode>) -> Result<BaseTypes, Box<dyn Error>> {
[INFO] [stdout]     |    ^^^^^^^^^^^^^^^^^^^^^^^^
[INFO] [stdout] 
[INFO] [stdout] 
[INFO] [stdout] warning: creating a mutable reference to mutable static is discouraged
[INFO] [stdout]    --> src/base_variable.rs:307:38
[INFO] [stdout]     |
[INFO] [stdout] 307 |             for variable in unsafe { VARIABLE_STACK.iter_mut() } {
[INFO] [stdout]     |                                      ^^^^^^^^^^^^^^^^^^^^^^^^^ mutable reference to mutable static
[INFO] [stdout]     |
[INFO] [stdout]     = note: for more information, see <https://doc.rust-lang.org/nightly/edition-guide/rust-2024/static-mut-references.html>
[INFO] [stdout]     = note: mutable references to mutable statics are dangerous; it's undefined behavior if any other pointer to the static is used or if any other reference is created for the static while the mutable reference lives
[INFO] [stdout]     = note: `#[warn(static_mut_refs)]` on by default
[INFO] [stdout] 
[INFO] [stdout] 
[INFO] [stdout] warning: creating a mutable reference to mutable static is discouraged
[INFO] [stdout]    --> src/base_variable.rs:326:46
[INFO] [stdout]     |
[INFO] [stdout] 326 |                     for variable in unsafe { VARIABLE_STACK.iter_mut() } {
[INFO] [stdout]     |                                              ^^^^^^^^^^^^^^^^^^^^^^^^^ mutable reference to mutable static
[INFO] [stdout]     |
[INFO] [stdout]     = note: for more information, see <https://doc.rust-lang.org/nightly/edition-guide/rust-2024/static-mut-references.html>
[INFO] [stdout]     = note: mutable references to mutable statics are dangerous; it's undefined behavior if any other pointer to the static is used or if any other reference is created for the static while the mutable reference lives
[INFO] [stdout] 
[INFO] [stdout] 
[INFO] [stdout] warning: creating a mutable reference to mutable static is discouraged
[INFO] [stdout]    --> src/base_variable.rs:338:46
[INFO] [stdout]     |
[INFO] [stdout] 338 |                     for variable in unsafe { VARIABLE_STACK.iter_mut() } {
[INFO] [stdout]     |                                              ^^^^^^^^^^^^^^^^^^^^^^^^^ mutable reference to mutable static
[INFO] [stdout]     |
[INFO] [stdout]     = note: for more information, see <https://doc.rust-lang.org/nightly/edition-guide/rust-2024/static-mut-references.html>
[INFO] [stdout]     = note: mutable references to mutable statics are dangerous; it's undefined behavior if any other pointer to the static is used or if any other reference is created for the static while the mutable reference lives
[INFO] [stdout] 
[INFO] [stdout] 
[INFO] [stdout] warning: creating a mutable reference to mutable static is discouraged
[INFO] [stdout]    --> src/base_variable.rs:357:46
[INFO] [stdout]     |
[INFO] [stdout] 357 |                     for variable in unsafe { VARIABLE_STACK.iter_mut() } {
[INFO] [stdout]     |                                              ^^^^^^^^^^^^^^^^^^^^^^^^^ mutable reference to mutable static
[INFO] [stdout]     |
[INFO] [stdout]     = note: for more information, see <https://doc.rust-lang.org/nightly/edition-guide/rust-2024/static-mut-references.html>
[INFO] [stdout]     = note: mutable references to mutable statics are dangerous; it's undefined behavior if any other pointer to the static is used or if any other reference is created for the static while the mutable reference lives
[INFO] [stdout] 
[INFO] [stdout] 
[INFO] [stdout] warning: creating a mutable reference to mutable static is discouraged
[INFO] [stdout]    --> src/base_variable.rs:369:46
[INFO] [stdout]     |
[INFO] [stdout] 369 |                     for variable in unsafe { VARIABLE_STACK.iter_mut() } {
[INFO] [stdout]     |                                              ^^^^^^^^^^^^^^^^^^^^^^^^^ mutable reference to mutable static
[INFO] [stdout]     |
[INFO] [stdout]     = note: for more information, see <https://doc.rust-lang.org/nightly/edition-guide/rust-2024/static-mut-references.html>
[INFO] [stdout]     = note: mutable references to mutable statics are dangerous; it's undefined behavior if any other pointer to the static is used or if any other reference is created for the static while the mutable reference lives
[INFO] [stdout] 
[INFO] [stdout] 
[INFO] [stdout] warning: trait method `GetType` should have a snake case name
[INFO] [stdout]    --> src/base_variable.rs:627:12
[INFO] [stdout]     |
[INFO] [stdout] 627 |         fn GetType(&self) -> String;
[INFO] [stdout]     |            ^^^^^^^ help: convert the identifier to snake case: `get_type`
[INFO] [stdout]     |
[INFO] [stdout]     = note: `#[warn(non_snake_case)]` on by default
[INFO] [stdout] 
[INFO] [stdout] 
[INFO] [stdout] warning: creating a shared reference to mutable static is discouraged
[INFO] [stdout]    --> src/statement_tokenizer/variable_tokenizer.rs:229:38
[INFO] [stdout]     |
[INFO] [stdout] 229 |             for variable in unsafe { &VARIABLE_STACK } {
[INFO] [stdout]     |                                      ^^^^^^^^^^^^^^^ shared reference to mutable static
[INFO] [stdout]     |
[INFO] [stdout]     = note: for more information, see <https://doc.rust-lang.org/nightly/edition-guide/rust-2024/static-mut-references.html>
[INFO] [stdout]     = note: shared references to mutable statics are dangerous; it's undefined behavior if the static is mutated or if a mutable reference is created for it while the shared reference lives
[INFO] [stdout] help: use `&raw const` instead to create a raw pointer
[INFO] [stdout]     |
[INFO] [stdout] 229 |             for variable in unsafe { &raw const VARIABLE_STACK } {
[INFO] [stdout]     |                                      ~~~~~~~~~~
[INFO] [stdout] 
[INFO] [stdout] 
[INFO] [stdout] warning: creating a shared reference to mutable static is discouraged
[INFO] [stdout]    --> src/compilers/function.rs:396:37
[INFO] [stdout]     |
[INFO] [stdout] 396 |                 for var in unsafe { VARIABLE_STACK.iter() } {
[INFO] [stdout]     |                                     ^^^^^^^^^^^^^^^^^^^^^ shared reference to mutable static
[INFO] [stdout]     |
[INFO] [stdout]     = note: for more information, see <https://doc.rust-lang.org/nightly/edition-guide/rust-2024/static-mut-references.html>
[INFO] [stdout]     = note: shared references to mutable statics are dangerous; it's undefined behavior if the static is mutated or if a mutable reference is created for it while the shared reference lives
[INFO] [stdout] 
[INFO] [stdout] 
[INFO] [stdout] warning: creating a shared reference to mutable static is discouraged
[INFO] [stdout]    --> src/compilers/variable.rs:246:33
[INFO] [stdout]     |
[INFO] [stdout] 246 |             for var in unsafe { VARIABLE_STACK.iter() } {
[INFO] [stdout]     |                                 ^^^^^^^^^^^^^^^^^^^^^ shared reference to mutable static
[INFO] [stdout]     |
[INFO] [stdout]     = note: for more information, see <https://doc.rust-lang.org/nightly/edition-guide/rust-2024/static-mut-references.html>
[INFO] [stdout]     = note: shared references to mutable statics are dangerous; it's undefined behavior if the static is mutated or if a mutable reference is created for it while the shared reference lives
[INFO] [stdout] 
[INFO] [stdout] 
[INFO] [stdout] warning: creating a shared reference to mutable static is discouraged
[INFO] [stdout]    --> src/compilers/variable.rs:290:29
[INFO] [stdout]     |
[INFO] [stdout] 290 |         for var in unsafe { &VARIABLE_STACK } {
[INFO] [stdout]     |                             ^^^^^^^^^^^^^^^ shared reference to mutable static
[INFO] [stdout]     |
[INFO] [stdout]     = note: for more information, see <https://doc.rust-lang.org/nightly/edition-guide/rust-2024/static-mut-references.html>
[INFO] [stdout]     = note: shared references to mutable statics are dangerous; it's undefined behavior if the static is mutated or if a mutable reference is created for it while the shared reference lives
[INFO] [stdout] help: use `&raw const` instead to create a raw pointer
[INFO] [stdout]     |
[INFO] [stdout] 290 |         for var in unsafe { &raw const VARIABLE_STACK } {
[INFO] [stdout]     |                             ~~~~~~~~~~
[INFO] [stdout] 
[INFO] [stdout] 
[INFO] [stdout] warning: creating a mutable reference to mutable static is discouraged
[INFO] [stdout]    --> src/compilers/variable.rs:581:9
[INFO] [stdout]     |
[INFO] [stdout] 581 |         VARIABLE_STACK.push(variable.clone());
[INFO] [stdout]     |         ^^^^^^^^^^^^^^^^^^^^^^^^^^^^^^^^^^^^^ mutable reference to mutable static
[INFO] [stdout]     |
[INFO] [stdout]     = note: for more information, see <https://doc.rust-lang.org/nightly/edition-guide/rust-2024/static-mut-references.html>
[INFO] [stdout]     = note: mutable references to mutable statics are dangerous; it's undefined behavior if any other pointer to the static is used or if any other reference is created for the static while the mutable reference lives
[INFO] [stdout] 
[INFO] [stdout] 
[INFO] [stdout] warning: unused import: `parse_operator`
[INFO] [stdout]   --> src/compiler.rs:15:49
[INFO] [stdout]    |
[INFO] [stdout] 15 |     use crate::compilers::variable::{operation, parse_operator};
[INFO] [stdout]    |                                                 ^^^^^^^^^^^^^^
[INFO] [stdout]    |
[INFO] [stdout]    = note: `#[warn(unused_imports)]` on by default
[INFO] [stdout] 
[INFO] [stdout] 
[INFO] [stdout] warning: unused imports: `IntNode` and `OperatorNode`
[INFO] [stdout]   --> src/compiler.rs:17:39
[INFO] [stdout]    |
[INFO] [stdout] 17 |     use crate::node::nodes::{ASTNode, IntNode, OperatorNode};
[INFO] [stdout]    |                                       ^^^^^^^  ^^^^^^^^^^^^
[INFO] [stdout] 
[INFO] [stdout] 
[INFO] [stdout] warning: unused imports: `ExecutableCommand` and `self`
[INFO] [stdout]    --> src/main.rs:349:16
[INFO] [stdout]     |
[INFO] [stdout] 349 |     terminal::{self, disable_raw_mode, enable_raw_mode},
[INFO] [stdout]     |                ^^^^
[INFO] [stdout] 350 |     ExecutableCommand,
[INFO] [stdout]     |     ^^^^^^^^^^^^^^^^^
[INFO] [stdout] 
[INFO] [stdout] 
[INFO] [stdout] warning: unreachable statement
[INFO] [stdout]    --> src/statement_tokenizer/tokenizer.rs:303:9
[INFO] [stdout]     |
[INFO] [stdout] 273 |         exit(1);
[INFO] [stdout]     |         ------- any code following this expression is unreachable
[INFO] [stdout] ...
[INFO] [stdout] 303 |         return none;
[INFO] [stdout]     |         ^^^^^^^^^^^^ unreachable statement
[INFO] [stdout]     |
[INFO] [stdout]     = note: `#[warn(unreachable_code)]` on by default
[INFO] [stdout] 
[INFO] [stdout] 
[INFO] [stdout] warning: unused variable: `result`
[INFO] [stdout]   --> src/compiler.rs:60:25
[INFO] [stdout]    |
[INFO] [stdout] 60 |                     let result = compile_dot_statement(expression);
[INFO] [stdout]    |                         ^^^^^^ help: if this is intentional, prefix it with an underscore: `_result`
[INFO] [stdout]    |
[INFO] [stdout]    = note: `#[warn(unused_variables)]` on by default
[INFO] [stdout] 
[INFO] [stdout] 
[INFO] [stdout] warning: unused variable: `result`
[INFO] [stdout]    --> src/function.rs:383:25
[INFO] [stdout]     |
[INFO] [stdout] 383 |                     let result = f(&mut arg1.clone(), arg2.clone(), arg3.clone());
[INFO] [stdout]     |                         ^^^^^^ help: if this is intentional, prefix it with an underscore: `_result`
[INFO] [stdout] 
[INFO] [stdout] 
[INFO] [stdout] warning: unused variable: `args_a`
[INFO] [stdout]    --> src/token_type.rs:242:40
[INFO] [stdout]     |
[INFO] [stdout] 242 |                         arguments: ref args_a,
[INFO] [stdout]     |                                        ^^^^^^ help: if this is intentional, prefix it with an underscore: `_args_a`
[INFO] [stdout] 
[INFO] [stdout] 
[INFO] [stdout] warning: unused variable: `args_b`
[INFO] [stdout]    --> src/token_type.rs:247:40
[INFO] [stdout]     |
[INFO] [stdout] 247 |                         arguments: ref args_b,
[INFO] [stdout]     |                                        ^^^^^^ help: if this is intentional, prefix it with an underscore: `_args_b`
[INFO] [stdout] 
[INFO] [stdout] 
[INFO] [stdout] warning: variable does not need to be mutable
[INFO] [stdout]    --> src/compilers/conditional.rs:166:13
[INFO] [stdout]     |
[INFO] [stdout] 166 |         let mut index = 0;
[INFO] [stdout]     |             ----^^^^^
[INFO] [stdout]     |             |
[INFO] [stdout]     |             help: remove this `mut`
[INFO] [stdout]     |
[INFO] [stdout]     = note: `#[warn(unused_mut)]` on by default
[INFO] [stdout] 
[INFO] [stdout] 
[INFO] [stdout] warning: unused variable: `v`
[INFO] [stdout]    --> src/compilers/function.rs:176:43
[INFO] [stdout]     |
[INFO] [stdout] 176 |                     ASTNode::VariableCall(v) => {
[INFO] [stdout]     |                                           ^ help: if this is intentional, prefix it with an underscore: `_v`
[INFO] [stdout] 
[INFO] [stdout] 
[INFO] [stdout] warning: unused variable: `arg1`
[INFO] [stdout]    --> src/compilers/function.rs:182:29
[INFO] [stdout]     |
[INFO] [stdout] 182 |                         let arg1 = (String::new(), BaseTypes::Int(n.value.clone()));
[INFO] [stdout]     |                             ^^^^ help: if this is intentional, prefix it with an underscore: `_arg1`
[INFO] [stdout] 
[INFO] [stdout] 
[INFO] [stdout] warning: unused variable: `variable`
[INFO] [stdout]    --> src/compilers/function.rs:266:5
[INFO] [stdout]     |
[INFO] [stdout] 266 |     variable: Option<Variable>,
[INFO] [stdout]     |     ^^^^^^^^ help: if this is intentional, prefix it with an underscore: `_variable`
[INFO] [stdout] 
[INFO] [stdout] 
[INFO] [stdout] warning: value assigned to `evaluation_result` is never read
[INFO] [stdout]   --> src/compilers/loops.rs:84:29
[INFO] [stdout]    |
[INFO] [stdout] 84 |                     let mut evaluation_result: bool = false; // Rename for clarity
[INFO] [stdout]    |                             ^^^^^^^^^^^^^^^^^
[INFO] [stdout]    |
[INFO] [stdout]    = help: maybe it is overwritten before being read?
[INFO] [stdout]    = note: `#[warn(unused_assignments)]` on by default
[INFO] [stdout] 
[INFO] [stdout] 
[INFO] [stdout] warning: value assigned to `evaluation_result` is never read
[INFO] [stdout]    --> src/compilers/loops.rs:115:25
[INFO] [stdout]     |
[INFO] [stdout] 115 |                         evaluation_result = false; // Reset the evaluation result
[INFO] [stdout]     |                         ^^^^^^^^^^^^^^^^^
[INFO] [stdout]     |
[INFO] [stdout]     = help: maybe it is overwritten before being read?
[INFO] [stdout] 
[INFO] [stdout] 
[INFO] [stdout] warning: variable `variable` is assigned to, but never used
[INFO] [stdout]    --> src/compilers/variable.rs:112:17
[INFO] [stdout]     |
[INFO] [stdout] 112 |             let variable: (String, BaseTypes);
[INFO] [stdout]     |                 ^^^^^^^^
[INFO] [stdout]     |
[INFO] [stdout]     = note: consider using `_variable` instead
[INFO] [stdout] 
[INFO] [stdout] 
[INFO] [stdout] warning: variable `collection` is assigned to, but never used
[INFO] [stdout]    --> src/compilers/variable.rs:113:17
[INFO] [stdout]     |
[INFO] [stdout] 113 |             let collection: (String, Vec<BaseTypes>);
[INFO] [stdout]     |                 ^^^^^^^^^^
[INFO] [stdout]     |
[INFO] [stdout]     = note: consider using `_collection` instead
[INFO] [stdout] 
[INFO] [stdout] 
[INFO] [stdout] warning: unused variable: `c`
[INFO] [stdout]    --> src/compilers/variable.rs:126:37
[INFO] [stdout]     |
[INFO] [stdout] 126 |                 ASTNode::ObjectCall(c) => {
[INFO] [stdout]     |                                     ^ help: if this is intentional, prefix it with an underscore: `_c`
[INFO] [stdout] 
[INFO] [stdout] 
[INFO] [stdout] warning: unused variable: `name`
[INFO] [stdout]    --> src/compilers/variable.rs:173:37
[INFO] [stdout]     |
[INFO] [stdout] 173 | ...                   name,
[INFO] [stdout]     |                       ^^^^ help: try ignoring the field: `name: _`
[INFO] [stdout] 
[INFO] [stdout] 
[INFO] [stdout] warning: unused variable: `data`
[INFO] [stdout]    --> src/compilers/variable.rs:174:37
[INFO] [stdout]     |
[INFO] [stdout] 174 | ...                   data,
[INFO] [stdout]     |                       ^^^^ help: try ignoring the field: `data: _`
[INFO] [stdout] 
[INFO] [stdout] 
[INFO] [stdout] warning: unused variable: `value_type`
[INFO] [stdout]    --> src/compilers/variable.rs:175:37
[INFO] [stdout]     |
[INFO] [stdout] 175 | ...                   value_type,
[INFO] [stdout]     |                       ^^^^^^^^^^ help: try ignoring the field: `value_type: _`
[INFO] [stdout] 
[INFO] [stdout] 
[INFO] [stdout] warning: unused variable: `c`
[INFO] [stdout]    --> src/compilers/variable.rs:213:37
[INFO] [stdout]     |
[INFO] [stdout] 213 |                 ASTNode::Collection(c) => {
[INFO] [stdout]     |                                     ^ help: if this is intentional, prefix it with an underscore: `_c`
[INFO] [stdout] 
[INFO] [stdout] 
[INFO] [stdout] warning: value assigned to `collection` is never read
[INFO] [stdout]    --> src/compilers/variable.rs:214:21
[INFO] [stdout]     |
[INFO] [stdout] 214 |                     collection = parse_collection_call(&object_nodes).unwrap()
[INFO] [stdout]     |                     ^^^^^^^^^^
[INFO] [stdout]     |
[INFO] [stdout]     = help: maybe it is overwritten before being read?
[INFO] [stdout] 
[INFO] [stdout] 
[INFO] [stdout] warning: unused variable: `c`
[INFO] [stdout]    --> src/compilers/variable.rs:216:39
[INFO] [stdout]     |
[INFO] [stdout] 216 |                 ASTNode::VariableCall(c) => {
[INFO] [stdout]     |                                       ^ help: if this is intentional, prefix it with an underscore: `_c`
[INFO] [stdout] 
[INFO] [stdout] 
[INFO] [stdout] warning: value assigned to `variable` is never read
[INFO] [stdout]    --> src/compilers/variable.rs:217:21
[INFO] [stdout]     |
[INFO] [stdout] 217 |                     variable = parse_variable_call(object_nodes.get(0).unwrap())?
[INFO] [stdout]     |                     ^^^^^^^^
[INFO] [stdout]     |
[INFO] [stdout]     = help: maybe it is overwritten before being read?
[INFO] [stdout] 
[INFO] [stdout] 
[INFO] [stdout] warning: unused variable: `value`
[INFO] [stdout]    --> src/compilers/variable.rs:358:29
[INFO] [stdout]     |
[INFO] [stdout] 358 |                         let value: BaseTypes = next_node.into();
[INFO] [stdout]     |                             ^^^^^ help: if this is intentional, prefix it with an underscore: `_value`
[INFO] [stdout] 
[INFO] [stdout] 
[INFO] [stdout] warning: value assigned to `var_value` is never read
[INFO] [stdout]    --> src/compilers/variable.rs:406:13
[INFO] [stdout]     |
[INFO] [stdout] 406 |     let mut var_value = ASTNode::Int(IntNode { value: 0 });
[INFO] [stdout]     |             ^^^^^^^^^
[INFO] [stdout]     |
[INFO] [stdout]     = help: maybe it is overwritten before being read?
[INFO] [stdout] 
[INFO] [stdout] 
[INFO] [stdout] warning: variable `first` is assigned to, but never used
[INFO] [stdout]    --> src/compilers/variable.rs:407:13
[INFO] [stdout]     |
[INFO] [stdout] 407 |     let mut first: Option<ASTNode> = Option::None;
[INFO] [stdout]     |             ^^^^^
[INFO] [stdout]     |
[INFO] [stdout]     = note: consider using `_first` instead
[INFO] [stdout] 
[INFO] [stdout] 
[INFO] [stdout] warning: variable `parenthesis` is assigned to, but never used
[INFO] [stdout]    --> src/compilers/variable.rs:408:13
[INFO] [stdout]     |
[INFO] [stdout] 408 |     let mut parenthesis: bool = false;
[INFO] [stdout]     |             ^^^^^^^^^^^
[INFO] [stdout]     |
[INFO] [stdout]     = note: consider using `_parenthesis` instead
[INFO] [stdout] 
[INFO] [stdout] 
[INFO] [stdout] warning: value assigned to `first` is never read
[INFO] [stdout]    --> src/compilers/variable.rs:521:21
[INFO] [stdout]     |
[INFO] [stdout] 521 |                     first = Some(ASTNode::Float(f.clone()));
[INFO] [stdout]     |                     ^^^^^
[INFO] [stdout]     |
[INFO] [stdout]     = help: maybe it is overwritten before being read?
[INFO] [stdout] 
[INFO] [stdout] 
[INFO] [stdout] warning: value assigned to `first` is never read
[INFO] [stdout]    --> src/compilers/variable.rs:534:21
[INFO] [stdout]     |
[INFO] [stdout] 534 |                     first = Some(ASTNode::String(s.clone()));
[INFO] [stdout]     |                     ^^^^^
[INFO] [stdout]     |
[INFO] [stdout]     = help: maybe it is overwritten before being read?
[INFO] [stdout] 
[INFO] [stdout] 
[INFO] [stdout] warning: value assigned to `parenthesis` is never read
[INFO] [stdout]    --> src/compilers/variable.rs:559:17
[INFO] [stdout]     |
[INFO] [stdout] 559 |                 parenthesis = true;
[INFO] [stdout]     |                 ^^^^^^^^^^^
[INFO] [stdout]     |
[INFO] [stdout]     = help: maybe it is overwritten before being read?
[INFO] [stdout] 
[INFO] [stdout] 
[INFO] [stdout] warning: unused variable: `left_val`
[INFO] [stdout]    --> src/compilers/variable.rs:700:38
[INFO] [stdout]     |
[INFO] [stdout] 700 |                 if let (ASTNode::Int(left_val), ASTNode::Int(right_val)) = (left, right) {
[INFO] [stdout]     |                                      ^^^^^^^^ help: if this is intentional, prefix it with an underscore: `_left_val`
[INFO] [stdout] 
[INFO] [stdout] 
[INFO] [stdout] warning: value assigned to `result` is never read
[INFO] [stdout]    --> src/compilers/variable.rs:833:13
[INFO] [stdout]     |
[INFO] [stdout] 833 |     let mut result: i32 = 0;
[INFO] [stdout]     |             ^^^^^^
[INFO] [stdout]     |
[INFO] [stdout]     = help: maybe it is overwritten before being read?
[INFO] [stdout] 
[INFO] [stdout] 
[INFO] [stdout] warning: unused variable: `n`
[INFO] [stdout]    --> src/compilers/variable.rs:846:34
[INFO] [stdout]     |
[INFO] [stdout] 846 |                 ASTNode::Int(ref n) => {
[INFO] [stdout]     |                                  ^ help: if this is intentional, prefix it with an underscore: `_n`
[INFO] [stdout] 
[INFO] [stdout] 
[INFO] [stdout] warning: unused variable: `expression`
[INFO] [stdout]   --> src/statement_tokenizer/basic_tokenizer.rs:63:9
[INFO] [stdout]    |
[INFO] [stdout] 63 |         expression: String,
[INFO] [stdout]    |         ^^^^^^^^^^ help: if this is intentional, prefix it with an underscore: `_expression`
[INFO] [stdout] 
[INFO] [stdout] 
[INFO] [stdout] warning: unused variable: `index`
[INFO] [stdout]   --> src/statement_tokenizer/basic_tokenizer.rs:66:9
[INFO] [stdout]    |
[INFO] [stdout] 66 |         index: usize,
[INFO] [stdout]    |         ^^^^^ help: if this is intentional, prefix it with an underscore: `_index`
[INFO] [stdout] 
[INFO] [stdout] 
[INFO] [stdout] warning: unused variable: `char`
[INFO] [stdout]    --> src/statement_tokenizer/basic_tokenizer.rs:151:45
[INFO] [stdout]     |
[INFO] [stdout] 151 |     pub fn read_numbers(expression: String, char: char, index: usize) -> ParseInfo {
[INFO] [stdout]     |                                             ^^^^ help: if this is intentional, prefix it with an underscore: `_char`
[INFO] [stdout] 
[INFO] [stdout] 
[INFO] [stdout] warning: unused variable: `i`
[INFO] [stdout]   --> src/statement_tokenizer/conditional_tokenizer.rs:39:13
[INFO] [stdout]    |
[INFO] [stdout] 39 |         let i = 0;
[INFO] [stdout]    |             ^ help: if this is intentional, prefix it with an underscore: `_i`
[INFO] [stdout] 
[INFO] [stdout] 
[INFO] [stdout] warning: unused variable: `keyword`
[INFO] [stdout]   --> src/statement_tokenizer/conditional_tokenizer.rs:41:13
[INFO] [stdout]    |
[INFO] [stdout] 41 |         let keyword = String::new();
[INFO] [stdout]    |             ^^^^^^^ help: if this is intentional, prefix it with an underscore: `_keyword`
[INFO] [stdout] 
[INFO] [stdout] 
[INFO] [stdout] warning: variable `result` is assigned to, but never used
[INFO] [stdout]    --> src/main.rs:108:13
[INFO] [stdout]     |
[INFO] [stdout] 108 |     let mut result = true;
[INFO] [stdout]     |             ^^^^^^
[INFO] [stdout]     |
[INFO] [stdout]     = note: consider using `_result` instead
[INFO] [stdout] 
[INFO] [stdout] 
[INFO] [stdout] warning: value assigned to `result` is never read
[INFO] [stdout]    --> src/main.rs:113:17
[INFO] [stdout]     |
[INFO] [stdout] 113 |                 result = route_to_parser(&mut tokenized_expression, None)?;
[INFO] [stdout]     |                 ^^^^^^
[INFO] [stdout]     |
[INFO] [stdout]     = help: maybe it is overwritten before being read?
[INFO] [stdout] 
[INFO] [stdout] 
[INFO] [stdout] warning: value assigned to `result` is never read
[INFO] [stdout]    --> src/main.rs:123:13
[INFO] [stdout]     |
[INFO] [stdout] 123 |             result = route_to_parser(&mut tokenized_expression, None)?;
[INFO] [stdout]     |             ^^^^^^
[INFO] [stdout]     |
[INFO] [stdout]     = help: maybe it is overwritten before being read?
[INFO] [stdout] 
[INFO] [stdout] 
[INFO] [stdout] warning: variable `hasroot` is assigned to, but never used
[INFO] [stdout]    --> src/main.rs:271:17
[INFO] [stdout]     |
[INFO] [stdout] 271 |         let mut hasroot = true;
[INFO] [stdout]     |                 ^^^^^^^
[INFO] [stdout]     |
[INFO] [stdout]     = note: consider using `_hasroot` instead
[INFO] [stdout] 
[INFO] [stdout] 
[INFO] [stdout] warning: value assigned to `hasroot` is never read
[INFO] [stdout]    --> src/main.rs:337:21
[INFO] [stdout]     |
[INFO] [stdout] 337 |                     hasroot = true; // Mark that we have a valid root
[INFO] [stdout]     |                     ^^^^^^^
[INFO] [stdout]     |
[INFO] [stdout]     = help: maybe it is overwritten before being read?
[INFO] [stdout] 
[INFO] [stdout] 
[INFO] [stdout] warning: struct `AST` is never constructed
[INFO] [stdout]  --> src/ast.rs:5:16
[INFO] [stdout]   |
[INFO] [stdout] 5 |     pub struct AST {
[INFO] [stdout]   |                ^^^
[INFO] [stdout]   |
[INFO] [stdout]   = note: `AST` has derived impls for the traits `Clone` and `Debug`, but these are intentionally ignored during dead code analysis
[INFO] [stdout]   = note: `#[warn(dead_code)]` on by default
[INFO] [stdout] 
[INFO] [stdout] 
[INFO] [stdout] warning: associated items `new` and `add_child` are never used
[INFO] [stdout]   --> src/ast.rs:10:16
[INFO] [stdout]    |
[INFO] [stdout] 9  |     impl AST {
[INFO] [stdout]    |     -------- associated items in this implementation
[INFO] [stdout] 10 |         pub fn new(root: ASTNode) -> Self {
[INFO] [stdout]    |                ^^^
[INFO] [stdout] ...
[INFO] [stdout] 14 |         pub fn add_child(&mut self, node: ASTNode) {
[INFO] [stdout]    |                ^^^^^^^^^
[INFO] [stdout] 
[INFO] [stdout] 
[INFO] [stdout] warning: variant `Print` is never constructed
[INFO] [stdout]    --> src/collection.rs:117:5
[INFO] [stdout]     |
[INFO] [stdout] 110 | pub enum ArrayFunctions {
[INFO] [stdout]     |          -------------- variant in this enum
[INFO] [stdout] ...
[INFO] [stdout] 117 |     Print,
[INFO] [stdout]     |     ^^^^^
[INFO] [stdout] 
[INFO] [stdout] 
[INFO] [stdout] warning: method `print` is never used
[INFO] [stdout]    --> src/collection.rs:147:12
[INFO] [stdout]     |
[INFO] [stdout] 120 | impl ArrayFunctions {
[INFO] [stdout]     | ------------------- method in this implementation
[INFO] [stdout] ...
[INFO] [stdout] 147 |     pub fn print(&mut self, array: &Array) {
[INFO] [stdout]     |            ^^^^^
[INFO] [stdout] 
[INFO] [stdout] 
[INFO] [stdout] warning: variant `Print` is never constructed
[INFO] [stdout]    --> src/collection.rs:159:5
[INFO] [stdout]     |
[INFO] [stdout] 152 | pub enum DictionaryFunctions {
[INFO] [stdout]     |          ------------------- variant in this enum
[INFO] [stdout] ...
[INFO] [stdout] 159 |     Print,
[INFO] [stdout]     |     ^^^^^
[INFO] [stdout] 
[INFO] [stdout] 
[INFO] [stdout] warning: method `print` is never used
[INFO] [stdout]    --> src/collection.rs:248:12
[INFO] [stdout]     |
[INFO] [stdout] 212 | impl DictionaryFunctions {
[INFO] [stdout]     | ------------------------ method in this implementation
[INFO] [stdout] ...
[INFO] [stdout] 248 |     pub fn print(&mut self, dictionary: &Dictionary) {
[INFO] [stdout]     |            ^^^^^
[INFO] [stdout] 
[INFO] [stdout] 
[INFO] [stdout] warning: associated function `len` is never used
[INFO] [stdout]    --> src/function_map.rs:149:8
[INFO] [stdout]     |
[INFO] [stdout] 50  | impl FunctionMap {
[INFO] [stdout]     | ---------------- associated function in this implementation
[INFO] [stdout] ...
[INFO] [stdout] 149 |     fn len(s: String) -> usize {
[INFO] [stdout]     |        ^^^
[INFO] [stdout] 
[INFO] [stdout] 
[INFO] [stdout] warning: associated function `new` is never used
[INFO] [stdout]    --> src/node.rs:269:16
[INFO] [stdout]     |
[INFO] [stdout] 268 |     impl ElseNode {
[INFO] [stdout]     |     ------------- associated function in this implementation
[INFO] [stdout] 269 |         pub fn new() -> Self {
[INFO] [stdout]     |                ^^^
[INFO] [stdout] 
[INFO] [stdout] 
[INFO] [stdout] warning: associated function `new` is never used
[INFO] [stdout]    --> src/node.rs:284:16
[INFO] [stdout]     |
[INFO] [stdout] 283 |     impl TryNode {
[INFO] [stdout]     |     ------------ associated function in this implementation
[INFO] [stdout] 284 |         pub fn new() -> Self {
[INFO] [stdout]     |                ^^^
[INFO] [stdout] 
[INFO] [stdout] 
[INFO] [stdout] warning: associated function `new` is never used
[INFO] [stdout]    --> src/node.rs:299:16
[INFO] [stdout]     |
[INFO] [stdout] 298 |     impl CatchNode {
[INFO] [stdout]     |     -------------- associated function in this implementation
[INFO] [stdout] 299 |         pub fn new() -> Self {
[INFO] [stdout]     |                ^^^
[INFO] [stdout] 
[INFO] [stdout] 
[INFO] [stdout] warning: associated function `new` is never used
[INFO] [stdout]    --> src/node.rs:314:16
[INFO] [stdout]     |
[INFO] [stdout] 313 |     impl FinallyNode {
[INFO] [stdout]     |     ---------------- associated function in this implementation
[INFO] [stdout] 314 |         pub fn new() -> Self {
[INFO] [stdout]     |                ^^^
[INFO] [stdout] 
[INFO] [stdout] 
[INFO] [stdout] warning: associated items `new` and `display_info` are never used
[INFO] [stdout]    --> src/node.rs:443:16
[INFO] [stdout]     |
[INFO] [stdout] 442 |     impl FunctionCallArgumentsNode {
[INFO] [stdout]     |     ------------------------------ associated items in this implementation
[INFO] [stdout] 443 |         pub fn new(value: String) -> Self {
[INFO] [stdout]     |                ^^^
[INFO] [stdout] ...
[INFO] [stdout] 446 |         pub fn display_info(&self) {
[INFO] [stdout]     |                ^^^^^^^^^^^^
[INFO] [stdout] 
[INFO] [stdout] 
[INFO] [stdout] warning: associated items `new` and `display_info` are never used
[INFO] [stdout]    --> src/node.rs:489:16
[INFO] [stdout]     |
[INFO] [stdout] 488 |     impl SemiColonNode {
[INFO] [stdout]     |     ------------------ associated items in this implementation
[INFO] [stdout] 489 |         pub fn new() -> Self {
[INFO] [stdout]     |                ^^^
[INFO] [stdout] ...
[INFO] [stdout] 492 |         pub fn display_info(&self) {
[INFO] [stdout]     |                ^^^^^^^^^^^^
[INFO] [stdout] 
[INFO] [stdout] 
[INFO] [stdout] warning: function `find_function_in_stack` is never used
[INFO] [stdout]   --> src/compilers/function.rs:27:4
[INFO] [stdout]    |
[INFO] [stdout] 27 | fn find_function_in_stack(function_name: &str) -> Function {
[INFO] [stdout]    |    ^^^^^^^^^^^^^^^^^^^^^^
[INFO] [stdout] 
[INFO] [stdout] 
[INFO] [stdout] warning: function `parse_numeric_expression` is never used
[INFO] [stdout]    --> src/compilers/variable.rs:828:4
[INFO] [stdout]     |
[INFO] [stdout] 828 | fn parse_numeric_expression(exp_stack: &mut Vec<ASTNode>) -> Result<BaseTypes, Box<dyn Error>> {
[INFO] [stdout]     |    ^^^^^^^^^^^^^^^^^^^^^^^^
[INFO] [stdout] 
[INFO] [stdout] 
[INFO] [stdout] warning: function `process_value_expression` is never used
[INFO] [stdout]    --> src/compilers/variable.rs:909:4
[INFO] [stdout]     |
[INFO] [stdout] 909 | fn process_value_expression(exp_stack: &mut Vec<ASTNode>) -> Result<BaseTypes, Box<dyn Error>> {
[INFO] [stdout]     |    ^^^^^^^^^^^^^^^^^^^^^^^^
[INFO] [stdout] 
[INFO] [stdout] 
[INFO] [stdout] warning: function `read_function_declaration` is never used
[INFO] [stdout]    --> src/statement_tokenizer/function_tokenizer.rs:143:12
[INFO] [stdout]     |
[INFO] [stdout] 143 |     pub fn read_function_declaration(expression: &String, index: usize) -> ParseInfo {
[INFO] [stdout]     |            ^^^^^^^^^^^^^^^^^^^^^^^^^
[INFO] [stdout] 
[INFO] [stdout] 
[INFO] [stdout] warning: method `to_string` is never used
[INFO] [stdout]   --> src/statement_tokenizer/tokenizer.rs:43:16
[INFO] [stdout]    |
[INFO] [stdout] 35 |     impl ParseInfo {
[INFO] [stdout]    |     -------------- method in this implementation
[INFO] [stdout] ...
[INFO] [stdout] 43 |         pub fn to_string(&self) -> String {
[INFO] [stdout]    |                ^^^^^^^^^
[INFO] [stdout] 
[INFO] [stdout] 
[INFO] [stdout] warning: method `eq` is never used
[INFO] [stdout]   --> src/statement_tokenizer/tokenizer.rs:55:12
[INFO] [stdout]    |
[INFO] [stdout] 54 |     impl ParseInfo {
[INFO] [stdout]    |     -------------- method in this implementation
[INFO] [stdout] 55 |         fn eq(&self, other: &Self) -> bool {
[INFO] [stdout]    |            ^^
[INFO] [stdout] 
[INFO] [stdout] 
[INFO] [stdout] warning: struct `Token` is never constructed
[INFO] [stdout]   --> src/statement_tokenizer/tokenizer.rs:60:16
[INFO] [stdout]    |
[INFO] [stdout] 60 |     pub struct Token<T> {
[INFO] [stdout]    |                ^^^^^
[INFO] [stdout] 
[INFO] [stdout] 
[INFO] [stdout] warning: method `to_string` is never used
[INFO] [stdout]   --> src/statement_tokenizer/tokenizer.rs:65:16
[INFO] [stdout]    |
[INFO] [stdout] 64 |     impl<T: std::fmt::Display> Token<T> {
[INFO] [stdout]    |     ----------------------------------- method in this implementation
[INFO] [stdout] 65 |         pub fn to_string(&self) -> String {
[INFO] [stdout]    |                ^^^^^^^^^
[INFO] [stdout] 
[INFO] [stdout] 
[INFO] [stdout] warning: associated function `new` is never used
[INFO] [stdout]   --> src/statement_tokenizer/tokenizer.rs:74:16
[INFO] [stdout]    |
[INFO] [stdout] 73 |     impl<T> Token<T> {
[INFO] [stdout]    |     ---------------- associated function in this implementation
[INFO] [stdout] 74 |         pub fn new(value: T, token_type: TokenTypes) -> Self {
[INFO] [stdout]    |                ^^^
[INFO] [stdout] 
[INFO] [stdout] 
[INFO] [stdout] warning: creating a shared reference to mutable static is discouraged
[INFO] [stdout]    --> src/main.rs:483:30
[INFO] [stdout]     |
[INFO] [stdout] 483 |     for variable in unsafe { VARIABLE_STACK.iter() } {
[INFO] [stdout]     |                              ^^^^^^^^^^^^^^^^^^^^^ shared reference to mutable static
[INFO] [stdout]     |
[INFO] [stdout]     = note: for more information, see <https://doc.rust-lang.org/nightly/edition-guide/rust-2024/static-mut-references.html>
[INFO] [stdout]     = note: shared references to mutable statics are dangerous; it's undefined behavior if the static is mutated or if a mutable reference is created for it while the shared reference lives
[INFO] [stdout]     = note: `#[warn(static_mut_refs)]` on by default
[INFO] [stdout] 
[INFO] [stdout] 
[INFO] [stdout] warning: creating a mutable reference to mutable static is discouraged
[INFO] [stdout]    --> src/base_variable.rs:307:38
[INFO] [stdout]     |
[INFO] [stdout] 307 |             for variable in unsafe { VARIABLE_STACK.iter_mut() } {
[INFO] [stdout]     |                                      ^^^^^^^^^^^^^^^^^^^^^^^^^ mutable reference to mutable static
[INFO] [stdout]     |
[INFO] [stdout]     = note: for more information, see <https://doc.rust-lang.org/nightly/edition-guide/rust-2024/static-mut-references.html>
[INFO] [stdout]     = note: mutable references to mutable statics are dangerous; it's undefined behavior if any other pointer to the static is used or if any other reference is created for the static while the mutable reference lives
[INFO] [stdout] 
[INFO] [stdout] 
[INFO] [stdout] warning: creating a mutable reference to mutable static is discouraged
[INFO] [stdout]    --> src/base_variable.rs:326:46
[INFO] [stdout]     |
[INFO] [stdout] 326 |                     for variable in unsafe { VARIABLE_STACK.iter_mut() } {
[INFO] [stdout]     |                                              ^^^^^^^^^^^^^^^^^^^^^^^^^ mutable reference to mutable static
[INFO] [stdout]     |
[INFO] [stdout]     = note: for more information, see <https://doc.rust-lang.org/nightly/edition-guide/rust-2024/static-mut-references.html>
[INFO] [stdout]     = note: mutable references to mutable statics are dangerous; it's undefined behavior if any other pointer to the static is used or if any other reference is created for the static while the mutable reference lives
[INFO] [stdout] 
[INFO] [stdout] 
[INFO] [stdout] warning: creating a mutable reference to mutable static is discouraged
[INFO] [stdout]    --> src/base_variable.rs:338:46
[INFO] [stdout]     |
[INFO] [stdout] 338 |                     for variable in unsafe { VARIABLE_STACK.iter_mut() } {
[INFO] [stdout]     |                                              ^^^^^^^^^^^^^^^^^^^^^^^^^ mutable reference to mutable static
[INFO] [stdout]     |
[INFO] [stdout]     = note: for more information, see <https://doc.rust-lang.org/nightly/edition-guide/rust-2024/static-mut-references.html>
[INFO] [stdout]     = note: mutable references to mutable statics are dangerous; it's undefined behavior if any other pointer to the static is used or if any other reference is created for the static while the mutable reference lives
[INFO] [stdout] 
[INFO] [stdout] 
[INFO] [stdout] warning: creating a mutable reference to mutable static is discouraged
[INFO] [stdout]    --> src/base_variable.rs:357:46
[INFO] [stdout]     |
[INFO] [stdout] 357 |                     for variable in unsafe { VARIABLE_STACK.iter_mut() } {
[INFO] [stdout]     |                                              ^^^^^^^^^^^^^^^^^^^^^^^^^ mutable reference to mutable static
[INFO] [stdout]     |
[INFO] [stdout]     = note: for more information, see <https://doc.rust-lang.org/nightly/edition-guide/rust-2024/static-mut-references.html>
[INFO] [stdout]     = note: mutable references to mutable statics are dangerous; it's undefined behavior if any other pointer to the static is used or if any other reference is created for the static while the mutable reference lives
[INFO] [stdout] 
[INFO] [stdout] 
[INFO] [stdout] warning: creating a mutable reference to mutable static is discouraged
[INFO] [stdout]    --> src/base_variable.rs:369:46
[INFO] [stdout]     |
[INFO] [stdout] 369 |                     for variable in unsafe { VARIABLE_STACK.iter_mut() } {
[INFO] [stdout]     |                                              ^^^^^^^^^^^^^^^^^^^^^^^^^ mutable reference to mutable static
[INFO] [stdout]     |
[INFO] [stdout]     = note: for more information, see <https://doc.rust-lang.org/nightly/edition-guide/rust-2024/static-mut-references.html>
[INFO] [stdout]     = note: mutable references to mutable statics are dangerous; it's undefined behavior if any other pointer to the static is used or if any other reference is created for the static while the mutable reference lives
[INFO] [stdout] 
[INFO] [stdout] 
[INFO] [stdout] warning: trait method `GetType` should have a snake case name
[INFO] [stdout]    --> src/base_variable.rs:627:12
[INFO] [stdout]     |
[INFO] [stdout] 627 |         fn GetType(&self) -> String;
[INFO] [stdout]     |            ^^^^^^^ help: convert the identifier to snake case: `get_type`
[INFO] [stdout]     |
[INFO] [stdout]     = note: `#[warn(non_snake_case)]` on by default
[INFO] [stdout] 
[INFO] [stdout] 
[INFO] [stdout] warning: creating a shared reference to mutable static is discouraged
[INFO] [stdout]    --> src/compilers/function.rs:396:37
[INFO] [stdout]     |
[INFO] [stdout] 396 |                 for var in unsafe { VARIABLE_STACK.iter() } {
[INFO] [stdout]     |                                     ^^^^^^^^^^^^^^^^^^^^^ shared reference to mutable static
[INFO] [stdout]     |
[INFO] [stdout]     = note: for more information, see <https://doc.rust-lang.org/nightly/edition-guide/rust-2024/static-mut-references.html>
[INFO] [stdout]     = note: shared references to mutable statics are dangerous; it's undefined behavior if the static is mutated or if a mutable reference is created for it while the shared reference lives
[INFO] [stdout] 
[INFO] [stdout] 
[INFO] [stdout] warning: creating a shared reference to mutable static is discouraged
[INFO] [stdout]    --> src/compilers/variable.rs:246:33
[INFO] [stdout]     |
[INFO] [stdout] 246 |             for var in unsafe { VARIABLE_STACK.iter() } {
[INFO] [stdout]     |                                 ^^^^^^^^^^^^^^^^^^^^^ shared reference to mutable static
[INFO] [stdout]     |
[INFO] [stdout]     = note: for more information, see <https://doc.rust-lang.org/nightly/edition-guide/rust-2024/static-mut-references.html>
[INFO] [stdout]     = note: shared references to mutable statics are dangerous; it's undefined behavior if the static is mutated or if a mutable reference is created for it while the shared reference lives
[INFO] [stdout] 
[INFO] [stdout] 
[INFO] [stdout] warning: creating a shared reference to mutable static is discouraged
[INFO] [stdout]    --> src/compilers/variable.rs:290:29
[INFO] [stdout]     |
[INFO] [stdout] 290 |         for var in unsafe { &VARIABLE_STACK } {
[INFO] [stdout]     |                             ^^^^^^^^^^^^^^^ shared reference to mutable static
[INFO] [stdout]     |
[INFO] [stdout]     = note: for more information, see <https://doc.rust-lang.org/nightly/edition-guide/rust-2024/static-mut-references.html>
[INFO] [stdout]     = note: shared references to mutable statics are dangerous; it's undefined behavior if the static is mutated or if a mutable reference is created for it while the shared reference lives
[INFO] [stdout] help: use `&raw const` instead to create a raw pointer
[INFO] [stdout]     |
[INFO] [stdout] 290 |         for var in unsafe { &raw const VARIABLE_STACK } {
[INFO] [stdout]     |                             ~~~~~~~~~~
[INFO] [stdout] 
[INFO] [stdout] 
[INFO] [stdout] warning: creating a mutable reference to mutable static is discouraged
[INFO] [stdout]    --> src/compilers/variable.rs:581:9
[INFO] [stdout]     |
[INFO] [stdout] 581 |         VARIABLE_STACK.push(variable.clone());
[INFO] [stdout]     |         ^^^^^^^^^^^^^^^^^^^^^^^^^^^^^^^^^^^^^ mutable reference to mutable static
[INFO] [stdout]     |
[INFO] [stdout]     = note: for more information, see <https://doc.rust-lang.org/nightly/edition-guide/rust-2024/static-mut-references.html>
[INFO] [stdout]     = note: mutable references to mutable statics are dangerous; it's undefined behavior if any other pointer to the static is used or if any other reference is created for the static while the mutable reference lives
[INFO] [stdout] 
[INFO] [stdout] 
[INFO] [stdout] warning: creating a shared reference to mutable static is discouraged
[INFO] [stdout]    --> src/statement_tokenizer/variable_tokenizer.rs:229:38
[INFO] [stdout]     |
[INFO] [stdout] 229 |             for variable in unsafe { &VARIABLE_STACK } {
[INFO] [stdout]     |                                      ^^^^^^^^^^^^^^^ shared reference to mutable static
[INFO] [stdout]     |
[INFO] [stdout]     = note: for more information, see <https://doc.rust-lang.org/nightly/edition-guide/rust-2024/static-mut-references.html>
[INFO] [stdout]     = note: shared references to mutable statics are dangerous; it's undefined behavior if the static is mutated or if a mutable reference is created for it while the shared reference lives
[INFO] [stdout] help: use `&raw const` instead to create a raw pointer
[INFO] [stdout]     |
[INFO] [stdout] 229 |             for variable in unsafe { &raw const VARIABLE_STACK } {
[INFO] [stdout]     |                                      ~~~~~~~~~~
[INFO] [stdout] 
[INFO] [stdout] 
[INFO] [stderr]     Finished `dev` profile [unoptimized + debuginfo] target(s) in 6.19s
[INFO] running `Command { std: "docker" "inspect" "c3047e9d14b25cd9d10c3742cb69db2f064d6f04c56ae6bb5819ac54b127118c", kill_on_drop: false }`
[INFO] running `Command { std: "docker" "rm" "-f" "c3047e9d14b25cd9d10c3742cb69db2f064d6f04c56ae6bb5819ac54b127118c", kill_on_drop: false }`
[INFO] [stdout] c3047e9d14b25cd9d10c3742cb69db2f064d6f04c56ae6bb5819ac54b127118c
[INFO] running `Command { std: "docker" "create" "-v" "/var/lib/crater-agent-workspace/builds/worker-6-tc1/target:/opt/rustwide/target:rw,Z" "-v" "/var/lib/crater-agent-workspace/builds/worker-6-tc1/source:/opt/rustwide/workdir:ro,Z" "-v" "/var/lib/crater-agent-workspace/cargo-home:/opt/rustwide/cargo-home:ro,Z" "-v" "/var/lib/crater-agent-workspace/rustup-home:/opt/rustwide/rustup-home:ro,Z" "-e" "SOURCE_DIR=/opt/rustwide/workdir" "-e" "CARGO_TARGET_DIR=/opt/rustwide/target" "-e" "CARGO_INCREMENTAL=0" "-e" "RUST_BACKTRACE=full" "-e" "RUSTFLAGS=--cap-lints=forbid" "-e" "RUSTDOCFLAGS=--cap-lints=forbid" "-e" "CARGO_HOME=/opt/rustwide/cargo-home" "-e" "RUSTUP_HOME=/opt/rustwide/rustup-home" "-w" "/opt/rustwide/workdir" "-m" "1610612736" "--user" "0:0" "--network" "none" "ghcr.io/rust-lang/crates-build-env/linux@sha256:4a844ea9eb2546a2d2c7022eacef16ef2e8229c7fbb2c7d4d55a9ceca922f72d" "/opt/rustwide/cargo-home/bin/cargo" "+nightly-2024-10-28" "test" "--frozen" "--no-run" "--message-format=json", kill_on_drop: false }`
[INFO] [stdout] 0534cebffffd14e1761c6b1ef5700bc2c25fc99b94f8bfdafb1d70f17f8b009c
[INFO] running `Command { std: "docker" "start" "-a" "0534cebffffd14e1761c6b1ef5700bc2c25fc99b94f8bfdafb1d70f17f8b009c", kill_on_drop: false }`
[INFO] [stderr]    Compiling aho-corasick v1.1.3
[INFO] [stderr]    Compiling wait-timeout v0.2.0
[INFO] [stderr]    Compiling predicates v3.1.2
[INFO] [stderr]    Compiling difference v2.0.0
[INFO] [stderr]    Compiling float-cmp v0.8.0
[INFO] [stdout] warning: unused import: `parse_operator`
[INFO] [stdout]   --> src/compiler.rs:15:49
[INFO] [stdout]    |
[INFO] [stdout] 15 |     use crate::compilers::variable::{operation, parse_operator};
[INFO] [stdout]    |                                                 ^^^^^^^^^^^^^^
[INFO] [stdout]    |
[INFO] [stdout]    = note: `#[warn(unused_imports)]` on by default
[INFO] [stdout] 
[INFO] [stdout] 
[INFO] [stdout] warning: unused imports: `IntNode` and `OperatorNode`
[INFO] [stdout]   --> src/compiler.rs:17:39
[INFO] [stdout]    |
[INFO] [stdout] 17 |     use crate::node::nodes::{ASTNode, IntNode, OperatorNode};
[INFO] [stdout]    |                                       ^^^^^^^  ^^^^^^^^^^^^
[INFO] [stdout] 
[INFO] [stdout] 
[INFO] [stdout] warning: unreachable statement
[INFO] [stdout]    --> src/statement_tokenizer/tokenizer.rs:303:9
[INFO] [stdout]     |
[INFO] [stdout] 273 |         exit(1);
[INFO] [stdout]     |         ------- any code following this expression is unreachable
[INFO] [stdout] ...
[INFO] [stdout] 303 |         return none;
[INFO] [stdout]     |         ^^^^^^^^^^^^ unreachable statement
[INFO] [stdout]     |
[INFO] [stdout]     = note: `#[warn(unreachable_code)]` on by default
[INFO] [stdout] 
[INFO] [stdout] 
[INFO] [stdout] warning: unused variable: `result`
[INFO] [stdout]   --> src/compiler.rs:60:25
[INFO] [stdout]    |
[INFO] [stdout] 60 |                     let result = compile_dot_statement(expression);
[INFO] [stdout]    |                         ^^^^^^ help: if this is intentional, prefix it with an underscore: `_result`
[INFO] [stdout]    |
[INFO] [stdout]    = note: `#[warn(unused_variables)]` on by default
[INFO] [stdout] 
[INFO] [stdout] 
[INFO] [stdout] warning: unused variable: `result`
[INFO] [stdout]    --> src/function.rs:383:25
[INFO] [stdout]     |
[INFO] [stdout] 383 |                     let result = f(&mut arg1.clone(), arg2.clone(), arg3.clone());
[INFO] [stdout]     |                         ^^^^^^ help: if this is intentional, prefix it with an underscore: `_result`
[INFO] [stdout] 
[INFO] [stdout] 
[INFO] [stdout] warning: unused variable: `args_a`
[INFO] [stdout]    --> src/token_type.rs:242:40
[INFO] [stdout]     |
[INFO] [stdout] 242 |                         arguments: ref args_a,
[INFO] [stdout]     |                                        ^^^^^^ help: if this is intentional, prefix it with an underscore: `_args_a`
[INFO] [stdout] 
[INFO] [stdout] 
[INFO] [stdout] warning: unused variable: `args_b`
[INFO] [stdout]    --> src/token_type.rs:247:40
[INFO] [stdout]     |
[INFO] [stdout] 247 |                         arguments: ref args_b,
[INFO] [stdout]     |                                        ^^^^^^ help: if this is intentional, prefix it with an underscore: `_args_b`
[INFO] [stdout] 
[INFO] [stdout] 
[INFO] [stdout] warning: unused variable: `expression`
[INFO] [stdout]   --> src/statement_tokenizer/basic_tokenizer.rs:63:9
[INFO] [stdout]    |
[INFO] [stdout] 63 |         expression: String,
[INFO] [stdout]    |         ^^^^^^^^^^ help: if this is intentional, prefix it with an underscore: `_expression`
[INFO] [stdout] 
[INFO] [stdout] 
[INFO] [stdout] warning: unused variable: `index`
[INFO] [stdout]   --> src/statement_tokenizer/basic_tokenizer.rs:66:9
[INFO] [stdout]    |
[INFO] [stdout] 66 |         index: usize,
[INFO] [stdout]    |         ^^^^^ help: if this is intentional, prefix it with an underscore: `_index`
[INFO] [stdout] 
[INFO] [stdout] 
[INFO] [stdout] warning: unused variable: `char`
[INFO] [stdout]    --> src/statement_tokenizer/basic_tokenizer.rs:151:45
[INFO] [stdout]     |
[INFO] [stdout] 151 |     pub fn read_numbers(expression: String, char: char, index: usize) -> ParseInfo {
[INFO] [stdout]     |                                             ^^^^ help: if this is intentional, prefix it with an underscore: `_char`
[INFO] [stdout] 
[INFO] [stdout] 
[INFO] [stdout] warning: unused variable: `i`
[INFO] [stdout]   --> src/statement_tokenizer/conditional_tokenizer.rs:39:13
[INFO] [stdout]    |
[INFO] [stdout] 39 |         let i = 0;
[INFO] [stdout]    |             ^ help: if this is intentional, prefix it with an underscore: `_i`
[INFO] [stdout] 
[INFO] [stdout] 
[INFO] [stdout] warning: unused variable: `keyword`
[INFO] [stdout]   --> src/statement_tokenizer/conditional_tokenizer.rs:41:13
[INFO] [stdout]    |
[INFO] [stdout] 41 |         let keyword = String::new();
[INFO] [stdout]    |             ^^^^^^^ help: if this is intentional, prefix it with an underscore: `_keyword`
[INFO] [stdout] 
[INFO] [stdout] 
[INFO] [stdout] warning: variable does not need to be mutable
[INFO] [stdout]    --> src/compilers/conditional.rs:166:13
[INFO] [stdout]     |
[INFO] [stdout] 166 |         let mut index = 0;
[INFO] [stdout]     |             ----^^^^^
[INFO] [stdout]     |             |
[INFO] [stdout]     |             help: remove this `mut`
[INFO] [stdout]     |
[INFO] [stdout]     = note: `#[warn(unused_mut)]` on by default
[INFO] [stdout] 
[INFO] [stdout] 
[INFO] [stdout] warning: unused variable: `v`
[INFO] [stdout]    --> src/compilers/function.rs:176:43
[INFO] [stdout]     |
[INFO] [stdout] 176 |                     ASTNode::VariableCall(v) => {
[INFO] [stdout]     |                                           ^ help: if this is intentional, prefix it with an underscore: `_v`
[INFO] [stdout] 
[INFO] [stdout] 
[INFO] [stdout] warning: unused variable: `arg1`
[INFO] [stdout]    --> src/compilers/function.rs:182:29
[INFO] [stdout]     |
[INFO] [stdout] 182 |                         let arg1 = (String::new(), BaseTypes::Int(n.value.clone()));
[INFO] [stdout]     |                             ^^^^ help: if this is intentional, prefix it with an underscore: `_arg1`
[INFO] [stdout] 
[INFO] [stdout] 
[INFO] [stdout] warning: unused variable: `variable`
[INFO] [stdout]    --> src/compilers/function.rs:266:5
[INFO] [stdout]     |
[INFO] [stdout] 266 |     variable: Option<Variable>,
[INFO] [stdout]     |     ^^^^^^^^ help: if this is intentional, prefix it with an underscore: `_variable`
[INFO] [stdout] 
[INFO] [stdout] 
[INFO] [stdout] warning: value assigned to `evaluation_result` is never read
[INFO] [stdout]   --> src/compilers/loops.rs:84:29
[INFO] [stdout]    |
[INFO] [stdout] 84 |                     let mut evaluation_result: bool = false; // Rename for clarity
[INFO] [stdout]    |                             ^^^^^^^^^^^^^^^^^
[INFO] [stdout]    |
[INFO] [stdout]    = help: maybe it is overwritten before being read?
[INFO] [stdout]    = note: `#[warn(unused_assignments)]` on by default
[INFO] [stdout] 
[INFO] [stdout] 
[INFO] [stdout] warning: value assigned to `evaluation_result` is never read
[INFO] [stdout]    --> src/compilers/loops.rs:115:25
[INFO] [stdout]     |
[INFO] [stdout] 115 |                         evaluation_result = false; // Reset the evaluation result
[INFO] [stdout]     |                         ^^^^^^^^^^^^^^^^^
[INFO] [stdout]     |
[INFO] [stdout]     = help: maybe it is overwritten before being read?
[INFO] [stdout] 
[INFO] [stdout] 
[INFO] [stdout] warning: variable `variable` is assigned to, but never used
[INFO] [stdout]    --> src/compilers/variable.rs:112:17
[INFO] [stdout]     |
[INFO] [stdout] 112 |             let variable: (String, BaseTypes);
[INFO] [stdout]     |                 ^^^^^^^^
[INFO] [stdout]     |
[INFO] [stdout]     = note: consider using `_variable` instead
[INFO] [stdout] 
[INFO] [stdout] 
[INFO] [stdout] warning: variable `collection` is assigned to, but never used
[INFO] [stdout]    --> src/compilers/variable.rs:113:17
[INFO] [stdout]     |
[INFO] [stdout] 113 |             let collection: (String, Vec<BaseTypes>);
[INFO] [stdout]     |                 ^^^^^^^^^^
[INFO] [stdout]     |
[INFO] [stdout]     = note: consider using `_collection` instead
[INFO] [stdout] 
[INFO] [stdout] 
[INFO] [stdout] warning: unused variable: `c`
[INFO] [stdout]    --> src/compilers/variable.rs:126:37
[INFO] [stdout]     |
[INFO] [stdout] 126 |                 ASTNode::ObjectCall(c) => {
[INFO] [stdout]     |                                     ^ help: if this is intentional, prefix it with an underscore: `_c`
[INFO] [stdout] 
[INFO] [stdout] 
[INFO] [stdout] warning: unused variable: `name`
[INFO] [stdout]    --> src/compilers/variable.rs:173:37
[INFO] [stdout]     |
[INFO] [stdout] 173 | ...                   name,
[INFO] [stdout]     |                       ^^^^ help: try ignoring the field: `name: _`
[INFO] [stdout] 
[INFO] [stdout] 
[INFO] [stdout] warning: unused variable: `data`
[INFO] [stdout]    --> src/compilers/variable.rs:174:37
[INFO] [stdout]     |
[INFO] [stdout] 174 | ...                   data,
[INFO] [stdout]     |                       ^^^^ help: try ignoring the field: `data: _`
[INFO] [stdout] 
[INFO] [stdout] 
[INFO] [stdout] warning: unused variable: `value_type`
[INFO] [stdout]    --> src/compilers/variable.rs:175:37
[INFO] [stdout]     |
[INFO] [stdout] 175 | ...                   value_type,
[INFO] [stdout]     |                       ^^^^^^^^^^ help: try ignoring the field: `value_type: _`
[INFO] [stdout] 
[INFO] [stdout] 
[INFO] [stdout] warning: unused variable: `c`
[INFO] [stdout]    --> src/compilers/variable.rs:213:37
[INFO] [stdout]     |
[INFO] [stdout] 213 |                 ASTNode::Collection(c) => {
[INFO] [stdout]     |                                     ^ help: if this is intentional, prefix it with an underscore: `_c`
[INFO] [stdout] 
[INFO] [stdout] 
[INFO] [stdout] warning: value assigned to `collection` is never read
[INFO] [stdout]    --> src/compilers/variable.rs:214:21
[INFO] [stdout]     |
[INFO] [stdout] 214 |                     collection = parse_collection_call(&object_nodes).unwrap()
[INFO] [stdout]     |                     ^^^^^^^^^^
[INFO] [stdout]     |
[INFO] [stdout]     = help: maybe it is overwritten before being read?
[INFO] [stdout] 
[INFO] [stdout] 
[INFO] [stdout] warning: unused variable: `c`
[INFO] [stdout]    --> src/compilers/variable.rs:216:39
[INFO] [stdout]     |
[INFO] [stdout] 216 |                 ASTNode::VariableCall(c) => {
[INFO] [stdout]     |                                       ^ help: if this is intentional, prefix it with an underscore: `_c`
[INFO] [stdout] 
[INFO] [stdout] 
[INFO] [stdout] warning: value assigned to `variable` is never read
[INFO] [stdout]    --> src/compilers/variable.rs:217:21
[INFO] [stdout]     |
[INFO] [stdout] 217 |                     variable = parse_variable_call(object_nodes.get(0).unwrap())?
[INFO] [stdout]     |                     ^^^^^^^^
[INFO] [stdout]     |
[INFO] [stdout]     = help: maybe it is overwritten before being read?
[INFO] [stdout] 
[INFO] [stdout] 
[INFO] [stdout] warning: unused variable: `value`
[INFO] [stdout]    --> src/compilers/variable.rs:358:29
[INFO] [stdout]     |
[INFO] [stdout] 358 |                         let value: BaseTypes = next_node.into();
[INFO] [stdout]     |                             ^^^^^ help: if this is intentional, prefix it with an underscore: `_value`
[INFO] [stdout] 
[INFO] [stdout] 
[INFO] [stdout] warning: value assigned to `var_value` is never read
[INFO] [stdout]    --> src/compilers/variable.rs:406:13
[INFO] [stdout]     |
[INFO] [stdout] 406 |     let mut var_value = ASTNode::Int(IntNode { value: 0 });
[INFO] [stdout]     |             ^^^^^^^^^
[INFO] [stdout]     |
[INFO] [stdout]     = help: maybe it is overwritten before being read?
[INFO] [stdout] 
[INFO] [stdout] 
[INFO] [stdout] warning: variable `first` is assigned to, but never used
[INFO] [stdout]    --> src/compilers/variable.rs:407:13
[INFO] [stdout]     |
[INFO] [stdout] 407 |     let mut first: Option<ASTNode> = Option::None;
[INFO] [stdout]     |             ^^^^^
[INFO] [stdout]     |
[INFO] [stdout]     = note: consider using `_first` instead
[INFO] [stdout] 
[INFO] [stdout] 
[INFO] [stdout] warning: variable `parenthesis` is assigned to, but never used
[INFO] [stdout]    --> src/compilers/variable.rs:408:13
[INFO] [stdout]     |
[INFO] [stdout] 408 |     let mut parenthesis: bool = false;
[INFO] [stdout]     |             ^^^^^^^^^^^
[INFO] [stdout]     |
[INFO] [stdout]     = note: consider using `_parenthesis` instead
[INFO] [stdout] 
[INFO] [stdout] 
[INFO] [stdout] warning: value assigned to `first` is never read
[INFO] [stdout]    --> src/compilers/variable.rs:521:21
[INFO] [stdout]     |
[INFO] [stdout] 521 |                     first = Some(ASTNode::Float(f.clone()));
[INFO] [stdout]     |                     ^^^^^
[INFO] [stdout]     |
[INFO] [stdout]     = help: maybe it is overwritten before being read?
[INFO] [stdout] 
[INFO] [stdout] 
[INFO] [stdout] warning: value assigned to `first` is never read
[INFO] [stdout]    --> src/compilers/variable.rs:534:21
[INFO] [stdout]     |
[INFO] [stdout] 534 |                     first = Some(ASTNode::String(s.clone()));
[INFO] [stdout]     |                     ^^^^^
[INFO] [stdout]     |
[INFO] [stdout]     = help: maybe it is overwritten before being read?
[INFO] [stdout] 
[INFO] [stdout] 
[INFO] [stdout] warning: value assigned to `parenthesis` is never read
[INFO] [stdout]    --> src/compilers/variable.rs:559:17
[INFO] [stdout]     |
[INFO] [stdout] 559 |                 parenthesis = true;
[INFO] [stdout]     |                 ^^^^^^^^^^^
[INFO] [stdout]     |
[INFO] [stdout]     = help: maybe it is overwritten before being read?
[INFO] [stdout] 
[INFO] [stdout] 
[INFO] [stdout] warning: unused variable: `left_val`
[INFO] [stdout]    --> src/compilers/variable.rs:700:38
[INFO] [stdout]     |
[INFO] [stdout] 700 |                 if let (ASTNode::Int(left_val), ASTNode::Int(right_val)) = (left, right) {
[INFO] [stdout]     |                                      ^^^^^^^^ help: if this is intentional, prefix it with an underscore: `_left_val`
[INFO] [stdout] 
[INFO] [stdout] 
[INFO] [stdout] warning: value assigned to `result` is never read
[INFO] [stdout]    --> src/compilers/variable.rs:833:13
[INFO] [stdout]     |
[INFO] [stdout] 833 |     let mut result: i32 = 0;
[INFO] [stdout]     |             ^^^^^^
[INFO] [stdout]     |
[INFO] [stdout]     = help: maybe it is overwritten before being read?
[INFO] [stdout] 
[INFO] [stdout] 
[INFO] [stdout] warning: unused variable: `n`
[INFO] [stdout]    --> src/compilers/variable.rs:846:34
[INFO] [stdout]     |
[INFO] [stdout] 846 |                 ASTNode::Int(ref n) => {
[INFO] [stdout]     |                                  ^ help: if this is intentional, prefix it with an underscore: `_n`
[INFO] [stdout] 
[INFO] [stdout] 
[INFO] [stdout] warning: associated function `len` is never used
[INFO] [stdout]    --> src/function_map.rs:149:8
[INFO] [stdout]     |
[INFO] [stdout] 50  | impl FunctionMap {
[INFO] [stdout]     | ---------------- associated function in this implementation
[INFO] [stdout] ...
[INFO] [stdout] 149 |     fn len(s: String) -> usize {
[INFO] [stdout]     |        ^^^
[INFO] [stdout]     |
[INFO] [stdout]     = note: `#[warn(dead_code)]` on by default
[INFO] [stdout] 
[INFO] [stdout] 
[INFO] [stdout] warning: method `eq` is never used
[INFO] [stdout]   --> src/statement_tokenizer/tokenizer.rs:55:12
[INFO] [stdout]    |
[INFO] [stdout] 54 |     impl ParseInfo {
[INFO] [stdout]    |     -------------- method in this implementation
[INFO] [stdout] 55 |         fn eq(&self, other: &Self) -> bool {
[INFO] [stdout]    |            ^^
[INFO] [stdout] 
[INFO] [stdout] 
[INFO] [stdout] warning: function `find_function_in_stack` is never used
[INFO] [stdout]   --> src/compilers/function.rs:27:4
[INFO] [stdout]    |
[INFO] [stdout] 27 | fn find_function_in_stack(function_name: &str) -> Function {
[INFO] [stdout]    |    ^^^^^^^^^^^^^^^^^^^^^^
[INFO] [stdout] 
[INFO] [stdout] 
[INFO] [stdout] warning: function `parse_numeric_expression` is never used
[INFO] [stdout]    --> src/compilers/variable.rs:828:4
[INFO] [stdout]     |
[INFO] [stdout] 828 | fn parse_numeric_expression(exp_stack: &mut Vec<ASTNode>) -> Result<BaseTypes, Box<dyn Error>> {
[INFO] [stdout]     |    ^^^^^^^^^^^^^^^^^^^^^^^^
[INFO] [stdout] 
[INFO] [stdout] 
[INFO] [stdout] warning: function `process_value_expression` is never used
[INFO] [stdout]    --> src/compilers/variable.rs:909:4
[INFO] [stdout]     |
[INFO] [stdout] 909 | fn process_value_expression(exp_stack: &mut Vec<ASTNode>) -> Result<BaseTypes, Box<dyn Error>> {
[INFO] [stdout]     |    ^^^^^^^^^^^^^^^^^^^^^^^^
[INFO] [stdout] 
[INFO] [stdout] 
[INFO] [stdout] warning: creating a mutable reference to mutable static is discouraged
[INFO] [stdout]    --> src/base_variable.rs:307:38
[INFO] [stdout]     |
[INFO] [stdout] 307 |             for variable in unsafe { VARIABLE_STACK.iter_mut() } {
[INFO] [stdout]     |                                      ^^^^^^^^^^^^^^^^^^^^^^^^^ mutable reference to mutable static
[INFO] [stdout]     |
[INFO] [stdout]     = note: for more information, see <https://doc.rust-lang.org/nightly/edition-guide/rust-2024/static-mut-references.html>
[INFO] [stdout]     = note: mutable references to mutable statics are dangerous; it's undefined behavior if any other pointer to the static is used or if any other reference is created for the static while the mutable reference lives
[INFO] [stdout]     = note: `#[warn(static_mut_refs)]` on by default
[INFO] [stdout] 
[INFO] [stdout] 
[INFO] [stdout] warning: creating a mutable reference to mutable static is discouraged
[INFO] [stdout]    --> src/base_variable.rs:326:46
[INFO] [stdout]     |
[INFO] [stdout] 326 |                     for variable in unsafe { VARIABLE_STACK.iter_mut() } {
[INFO] [stdout]     |                                              ^^^^^^^^^^^^^^^^^^^^^^^^^ mutable reference to mutable static
[INFO] [stdout]     |
[INFO] [stdout]     = note: for more information, see <https://doc.rust-lang.org/nightly/edition-guide/rust-2024/static-mut-references.html>
[INFO] [stdout]     = note: mutable references to mutable statics are dangerous; it's undefined behavior if any other pointer to the static is used or if any other reference is created for the static while the mutable reference lives
[INFO] [stdout] 
[INFO] [stdout] 
[INFO] [stdout] warning: creating a mutable reference to mutable static is discouraged
[INFO] [stdout]    --> src/base_variable.rs:338:46
[INFO] [stdout]     |
[INFO] [stdout] 338 |                     for variable in unsafe { VARIABLE_STACK.iter_mut() } {
[INFO] [stdout]     |                                              ^^^^^^^^^^^^^^^^^^^^^^^^^ mutable reference to mutable static
[INFO] [stdout]     |
[INFO] [stdout]     = note: for more information, see <https://doc.rust-lang.org/nightly/edition-guide/rust-2024/static-mut-references.html>
[INFO] [stdout]     = note: mutable references to mutable statics are dangerous; it's undefined behavior if any other pointer to the static is used or if any other reference is created for the static while the mutable reference lives
[INFO] [stdout] 
[INFO] [stdout] 
[INFO] [stdout] warning: creating a mutable reference to mutable static is discouraged
[INFO] [stdout]    --> src/base_variable.rs:357:46
[INFO] [stdout]     |
[INFO] [stdout] 357 |                     for variable in unsafe { VARIABLE_STACK.iter_mut() } {
[INFO] [stdout]     |                                              ^^^^^^^^^^^^^^^^^^^^^^^^^ mutable reference to mutable static
[INFO] [stdout]     |
[INFO] [stdout]     = note: for more information, see <https://doc.rust-lang.org/nightly/edition-guide/rust-2024/static-mut-references.html>
[INFO] [stdout]     = note: mutable references to mutable statics are dangerous; it's undefined behavior if any other pointer to the static is used or if any other reference is created for the static while the mutable reference lives
[INFO] [stdout] 
[INFO] [stdout] 
[INFO] [stdout] warning: creating a mutable reference to mutable static is discouraged
[INFO] [stdout]    --> src/base_variable.rs:369:46
[INFO] [stdout]     |
[INFO] [stdout] 369 |                     for variable in unsafe { VARIABLE_STACK.iter_mut() } {
[INFO] [stdout]     |                                              ^^^^^^^^^^^^^^^^^^^^^^^^^ mutable reference to mutable static
[INFO] [stdout]     |
[INFO] [stdout]     = note: for more information, see <https://doc.rust-lang.org/nightly/edition-guide/rust-2024/static-mut-references.html>
[INFO] [stdout]     = note: mutable references to mutable statics are dangerous; it's undefined behavior if any other pointer to the static is used or if any other reference is created for the static while the mutable reference lives
[INFO] [stdout] 
[INFO] [stdout] 
[INFO] [stdout] warning: trait method `GetType` should have a snake case name
[INFO] [stdout]    --> src/base_variable.rs:627:12
[INFO] [stdout]     |
[INFO] [stdout] 627 |         fn GetType(&self) -> String;
[INFO] [stdout]     |            ^^^^^^^ help: convert the identifier to snake case: `get_type`
[INFO] [stdout]     |
[INFO] [stdout]     = note: `#[warn(non_snake_case)]` on by default
[INFO] [stdout] 
[INFO] [stdout] 
[INFO] [stdout] warning: creating a shared reference to mutable static is discouraged
[INFO] [stdout]    --> src/statement_tokenizer/variable_tokenizer.rs:229:38
[INFO] [stdout]     |
[INFO] [stdout] 229 |             for variable in unsafe { &VARIABLE_STACK } {
[INFO] [stdout]     |                                      ^^^^^^^^^^^^^^^ shared reference to mutable static
[INFO] [stdout]     |
[INFO] [stdout]     = note: for more information, see <https://doc.rust-lang.org/nightly/edition-guide/rust-2024/static-mut-references.html>
[INFO] [stdout]     = note: shared references to mutable statics are dangerous; it's undefined behavior if the static is mutated or if a mutable reference is created for it while the shared reference lives
[INFO] [stdout] help: use `&raw const` instead to create a raw pointer
[INFO] [stdout]     |
[INFO] [stdout] 229 |             for variable in unsafe { &raw const VARIABLE_STACK } {
[INFO] [stdout]     |                                      ~~~~~~~~~~
[INFO] [stdout] 
[INFO] [stdout] 
[INFO] [stdout] warning: creating a shared reference to mutable static is discouraged
[INFO] [stdout]    --> src/compilers/function.rs:396:37
[INFO] [stdout]     |
[INFO] [stdout] 396 |                 for var in unsafe { VARIABLE_STACK.iter() } {
[INFO] [stdout]     |                                     ^^^^^^^^^^^^^^^^^^^^^ shared reference to mutable static
[INFO] [stdout]     |
[INFO] [stdout]     = note: for more information, see <https://doc.rust-lang.org/nightly/edition-guide/rust-2024/static-mut-references.html>
[INFO] [stdout]     = note: shared references to mutable statics are dangerous; it's undefined behavior if the static is mutated or if a mutable reference is created for it while the shared reference lives
[INFO] [stdout] 
[INFO] [stdout] 
[INFO] [stdout] warning: creating a shared reference to mutable static is discouraged
[INFO] [stdout]    --> src/compilers/variable.rs:246:33
[INFO] [stdout]     |
[INFO] [stdout] 246 |             for var in unsafe { VARIABLE_STACK.iter() } {
[INFO] [stdout]     |                                 ^^^^^^^^^^^^^^^^^^^^^ shared reference to mutable static
[INFO] [stdout]     |
[INFO] [stdout]     = note: for more information, see <https://doc.rust-lang.org/nightly/edition-guide/rust-2024/static-mut-references.html>
[INFO] [stdout]     = note: shared references to mutable statics are dangerous; it's undefined behavior if the static is mutated or if a mutable reference is created for it while the shared reference lives
[INFO] [stdout] 
[INFO] [stdout] 
[INFO] [stdout] warning: creating a shared reference to mutable static is discouraged
[INFO] [stdout]    --> src/compilers/variable.rs:290:29
[INFO] [stdout]     |
[INFO] [stdout] 290 |         for var in unsafe { &VARIABLE_STACK } {
[INFO] [stdout]     |                             ^^^^^^^^^^^^^^^ shared reference to mutable static
[INFO] [stdout]     |
[INFO] [stdout]     = note: for more information, see <https://doc.rust-lang.org/nightly/edition-guide/rust-2024/static-mut-references.html>
[INFO] [stdout]     = note: shared references to mutable statics are dangerous; it's undefined behavior if the static is mutated or if a mutable reference is created for it while the shared reference lives
[INFO] [stdout] help: use `&raw const` instead to create a raw pointer
[INFO] [stdout]     |
[INFO] [stdout] 290 |         for var in unsafe { &raw const VARIABLE_STACK } {
[INFO] [stdout]     |                             ~~~~~~~~~~
[INFO] [stdout] 
[INFO] [stdout] 
[INFO] [stdout] warning: creating a mutable reference to mutable static is discouraged
[INFO] [stdout]    --> src/compilers/variable.rs:581:9
[INFO] [stdout]     |
[INFO] [stdout] 581 |         VARIABLE_STACK.push(variable.clone());
[INFO] [stdout]     |         ^^^^^^^^^^^^^^^^^^^^^^^^^^^^^^^^^^^^^ mutable reference to mutable static
[INFO] [stdout]     |
[INFO] [stdout]     = note: for more information, see <https://doc.rust-lang.org/nightly/edition-guide/rust-2024/static-mut-references.html>
[INFO] [stdout]     = note: mutable references to mutable statics are dangerous; it's undefined behavior if any other pointer to the static is used or if any other reference is created for the static while the mutable reference lives
[INFO] [stdout] 
[INFO] [stdout] 
[INFO] [stderr]    Compiling regex-automata v0.4.8
[INFO] [stderr]    Compiling regex v1.11.0
[INFO] [stderr]    Compiling bstr v1.10.0
[INFO] [stderr]    Compiling predicates v1.0.8
[INFO] [stderr]    Compiling assert_cmd v2.0.16
[INFO] [stderr]    Compiling jist v0.1.3 (/opt/rustwide/workdir)
[INFO] [stdout] warning: unused import: `parse_operator`
[INFO] [stdout]   --> src/compiler.rs:15:49
[INFO] [stdout]    |
[INFO] [stdout] 15 |     use crate::compilers::variable::{operation, parse_operator};
[INFO] [stdout]    |                                                 ^^^^^^^^^^^^^^
[INFO] [stdout]    |
[INFO] [stdout]    = note: `#[warn(unused_imports)]` on by default
[INFO] [stdout] 
[INFO] [stdout] 
[INFO] [stdout] warning: unused imports: `IntNode` and `OperatorNode`
[INFO] [stdout]   --> src/compiler.rs:17:39
[INFO] [stdout]    |
[INFO] [stdout] 17 |     use crate::node::nodes::{ASTNode, IntNode, OperatorNode};
[INFO] [stdout]    |                                       ^^^^^^^  ^^^^^^^^^^^^
[INFO] [stdout] 
[INFO] [stdout] 
[INFO] [stdout] warning: unused import: `parse_operator`
[INFO] [stdout]   --> src/compiler.rs:15:49
[INFO] [stdout]    |
[INFO] [stdout] 15 |     use crate::compilers::variable::{operation, parse_operator};
[INFO] [stdout]    |                                                 ^^^^^^^^^^^^^^
[INFO] [stdout]    |
[INFO] [stdout]    = note: `#[warn(unused_imports)]` on by default
[INFO] [stdout] 
[INFO] [stdout] 
[INFO] [stdout] warning: unused imports: `IntNode` and `OperatorNode`
[INFO] [stdout]   --> src/compiler.rs:17:39
[INFO] [stdout]    |
[INFO] [stdout] 17 |     use crate::node::nodes::{ASTNode, IntNode, OperatorNode};
[INFO] [stdout]    |                                       ^^^^^^^  ^^^^^^^^^^^^
[INFO] [stdout] 
[INFO] [stdout] 
[INFO] [stdout] warning: unused imports: `ExecutableCommand` and `self`
[INFO] [stdout]    --> src/main.rs:349:16
[INFO] [stdout]     |
[INFO] [stdout] 349 |     terminal::{self, disable_raw_mode, enable_raw_mode},
[INFO] [stdout]     |                ^^^^
[INFO] [stdout] 350 |     ExecutableCommand,
[INFO] [stdout]     |     ^^^^^^^^^^^^^^^^^
[INFO] [stdout] 
[INFO] [stdout] 
[INFO] [stdout] warning: unreachable statement
[INFO] [stdout]    --> src/statement_tokenizer/tokenizer.rs:303:9
[INFO] [stdout]     |
[INFO] [stdout] 273 |         exit(1);
[INFO] [stdout]     |         ------- any code following this expression is unreachable
[INFO] [stdout] ...
[INFO] [stdout] 303 |         return none;
[INFO] [stdout]     |         ^^^^^^^^^^^^ unreachable statement
[INFO] [stdout]     |
[INFO] [stdout]     = note: `#[warn(unreachable_code)]` on by default
[INFO] [stdout] 
[INFO] [stdout] 
[INFO] [stdout] warning: unused variable: `result`
[INFO] [stdout]   --> src/compiler.rs:60:25
[INFO] [stdout]    |
[INFO] [stdout] 60 |                     let result = compile_dot_statement(expression);
[INFO] [stdout]    |                         ^^^^^^ help: if this is intentional, prefix it with an underscore: `_result`
[INFO] [stdout]    |
[INFO] [stdout]    = note: `#[warn(unused_variables)]` on by default
[INFO] [stdout] 
[INFO] [stdout] 
[INFO] [stdout] warning: unused variable: `result`
[INFO] [stdout]    --> src/function.rs:383:25
[INFO] [stdout]     |
[INFO] [stdout] 383 |                     let result = f(&mut arg1.clone(), arg2.clone(), arg3.clone());
[INFO] [stdout]     |                         ^^^^^^ help: if this is intentional, prefix it with an underscore: `_result`
[INFO] [stdout] 
[INFO] [stdout] 
[INFO] [stdout] warning: unused variable: `args_a`
[INFO] [stdout]    --> src/token_type.rs:242:40
[INFO] [stdout]     |
[INFO] [stdout] 242 |                         arguments: ref args_a,
[INFO] [stdout]     |                                        ^^^^^^ help: if this is intentional, prefix it with an underscore: `_args_a`
[INFO] [stdout] 
[INFO] [stdout] 
[INFO] [stdout] warning: unused variable: `args_b`
[INFO] [stdout]    --> src/token_type.rs:247:40
[INFO] [stdout]     |
[INFO] [stdout] 247 |                         arguments: ref args_b,
[INFO] [stdout]     |                                        ^^^^^^ help: if this is intentional, prefix it with an underscore: `_args_b`
[INFO] [stdout] 
[INFO] [stdout] 
[INFO] [stdout] warning: unused variable: `expression`
[INFO] [stdout]   --> src/statement_tokenizer/basic_tokenizer.rs:63:9
[INFO] [stdout]    |
[INFO] [stdout] 63 |         expression: String,
[INFO] [stdout]    |         ^^^^^^^^^^ help: if this is intentional, prefix it with an underscore: `_expression`
[INFO] [stdout] 
[INFO] [stdout] 
[INFO] [stdout] warning: unused variable: `index`
[INFO] [stdout]   --> src/statement_tokenizer/basic_tokenizer.rs:66:9
[INFO] [stdout]    |
[INFO] [stdout] 66 |         index: usize,
[INFO] [stdout]    |         ^^^^^ help: if this is intentional, prefix it with an underscore: `_index`
[INFO] [stdout] 
[INFO] [stdout] 
[INFO] [stdout] warning: unused variable: `char`
[INFO] [stdout]    --> src/statement_tokenizer/basic_tokenizer.rs:151:45
[INFO] [stdout]     |
[INFO] [stdout] 151 |     pub fn read_numbers(expression: String, char: char, index: usize) -> ParseInfo {
[INFO] [stdout]     |                                             ^^^^ help: if this is intentional, prefix it with an underscore: `_char`
[INFO] [stdout] 
[INFO] [stdout] 
[INFO] [stdout] warning: unused variable: `i`
[INFO] [stdout]   --> src/statement_tokenizer/conditional_tokenizer.rs:39:13
[INFO] [stdout]    |
[INFO] [stdout] 39 |         let i = 0;
[INFO] [stdout]    |             ^ help: if this is intentional, prefix it with an underscore: `_i`
[INFO] [stdout] 
[INFO] [stdout] 
[INFO] [stdout] warning: unused variable: `keyword`
[INFO] [stdout]   --> src/statement_tokenizer/conditional_tokenizer.rs:41:13
[INFO] [stdout]    |
[INFO] [stdout] 41 |         let keyword = String::new();
[INFO] [stdout]    |             ^^^^^^^ help: if this is intentional, prefix it with an underscore: `_keyword`
[INFO] [stdout] 
[INFO] [stdout] 
[INFO] [stdout] warning: unreachable statement
[INFO] [stdout]    --> src/statement_tokenizer/tokenizer.rs:303:9
[INFO] [stdout]     |
[INFO] [stdout] 273 |         exit(1);
[INFO] [stdout]     |         ------- any code following this expression is unreachable
[INFO] [stdout] ...
[INFO] [stdout] 303 |         return none;
[INFO] [stdout]     |         ^^^^^^^^^^^^ unreachable statement
[INFO] [stdout]     |
[INFO] [stdout]     = note: `#[warn(unreachable_code)]` on by default
[INFO] [stdout] 
[INFO] [stdout] 
[INFO] [stdout] warning: variable does not need to be mutable
[INFO] [stdout]    --> src/compilers/conditional.rs:166:13
[INFO] [stdout]     |
[INFO] [stdout] 166 |         let mut index = 0;
[INFO] [stdout]     |             ----^^^^^
[INFO] [stdout]     |             |
[INFO] [stdout]     |             help: remove this `mut`
[INFO] [stdout]     |
[INFO] [stdout]     = note: `#[warn(unused_mut)]` on by default
[INFO] [stdout] 
[INFO] [stdout] 
[INFO] [stdout] warning: unused variable: `v`
[INFO] [stdout]    --> src/compilers/function.rs:176:43
[INFO] [stdout]     |
[INFO] [stdout] 176 |                     ASTNode::VariableCall(v) => {
[INFO] [stdout]     |                                           ^ help: if this is intentional, prefix it with an underscore: `_v`
[INFO] [stdout] 
[INFO] [stdout] 
[INFO] [stdout] warning: unused variable: `arg1`
[INFO] [stdout]    --> src/compilers/function.rs:182:29
[INFO] [stdout]     |
[INFO] [stdout] 182 |                         let arg1 = (String::new(), BaseTypes::Int(n.value.clone()));
[INFO] [stdout]     |                             ^^^^ help: if this is intentional, prefix it with an underscore: `_arg1`
[INFO] [stdout] 
[INFO] [stdout] 
[INFO] [stdout] warning: unused variable: `variable`
[INFO] [stdout]    --> src/compilers/function.rs:266:5
[INFO] [stdout]     |
[INFO] [stdout] 266 |     variable: Option<Variable>,
[INFO] [stdout]     |     ^^^^^^^^ help: if this is intentional, prefix it with an underscore: `_variable`
[INFO] [stdout] 
[INFO] [stdout] 
[INFO] [stdout] warning: value assigned to `evaluation_result` is never read
[INFO] [stdout]   --> src/compilers/loops.rs:84:29
[INFO] [stdout]    |
[INFO] [stdout] 84 |                     let mut evaluation_result: bool = false; // Rename for clarity
[INFO] [stdout]    |                             ^^^^^^^^^^^^^^^^^
[INFO] [stdout]    |
[INFO] [stdout]    = help: maybe it is overwritten before being read?
[INFO] [stdout]    = note: `#[warn(unused_assignments)]` on by default
[INFO] [stdout] 
[INFO] [stdout] 
[INFO] [stdout] warning: value assigned to `evaluation_result` is never read
[INFO] [stdout]    --> src/compilers/loops.rs:115:25
[INFO] [stdout]     |
[INFO] [stdout] 115 |                         evaluation_result = false; // Reset the evaluation result
[INFO] [stdout]     |                         ^^^^^^^^^^^^^^^^^
[INFO] [stdout]     |
[INFO] [stdout]     = help: maybe it is overwritten before being read?
[INFO] [stdout] 
[INFO] [stdout] 
[INFO] [stdout] warning: variable `variable` is assigned to, but never used
[INFO] [stdout]    --> src/compilers/variable.rs:112:17
[INFO] [stdout]     |
[INFO] [stdout] 112 |             let variable: (String, BaseTypes);
[INFO] [stdout]     |                 ^^^^^^^^
[INFO] [stdout]     |
[INFO] [stdout]     = note: consider using `_variable` instead
[INFO] [stdout] 
[INFO] [stdout] 
[INFO] [stdout] warning: variable `collection` is assigned to, but never used
[INFO] [stdout]    --> src/compilers/variable.rs:113:17
[INFO] [stdout]     |
[INFO] [stdout] 113 |             let collection: (String, Vec<BaseTypes>);
[INFO] [stdout]     |                 ^^^^^^^^^^
[INFO] [stdout]     |
[INFO] [stdout]     = note: consider using `_collection` instead
[INFO] [stdout] 
[INFO] [stdout] 
[INFO] [stdout] warning: unused variable: `c`
[INFO] [stdout]    --> src/compilers/variable.rs:126:37
[INFO] [stdout]     |
[INFO] [stdout] 126 |                 ASTNode::ObjectCall(c) => {
[INFO] [stdout]     |                                     ^ help: if this is intentional, prefix it with an underscore: `_c`
[INFO] [stdout] 
[INFO] [stdout] 
[INFO] [stdout] warning: unused variable: `name`
[INFO] [stdout]    --> src/compilers/variable.rs:173:37
[INFO] [stdout]     |
[INFO] [stdout] 173 | ...                   name,
[INFO] [stdout]     |                       ^^^^ help: try ignoring the field: `name: _`
[INFO] [stdout] 
[INFO] [stdout] 
[INFO] [stdout] warning: unused variable: `data`
[INFO] [stdout]    --> src/compilers/variable.rs:174:37
[INFO] [stdout]     |
[INFO] [stdout] 174 | ...                   data,
[INFO] [stdout]     |                       ^^^^ help: try ignoring the field: `data: _`
[INFO] [stdout] 
[INFO] [stdout] 
[INFO] [stdout] warning: unused variable: `value_type`
[INFO] [stdout]    --> src/compilers/variable.rs:175:37
[INFO] [stdout]     |
[INFO] [stdout] 175 | ...                   value_type,
[INFO] [stdout]     |                       ^^^^^^^^^^ help: try ignoring the field: `value_type: _`
[INFO] [stdout] 
[INFO] [stdout] 
[INFO] [stdout] warning: unused variable: `c`
[INFO] [stdout]    --> src/compilers/variable.rs:213:37
[INFO] [stdout]     |
[INFO] [stdout] 213 |                 ASTNode::Collection(c) => {
[INFO] [stdout]     |                                     ^ help: if this is intentional, prefix it with an underscore: `_c`
[INFO] [stdout] 
[INFO] [stdout] 
[INFO] [stdout] warning: value assigned to `collection` is never read
[INFO] [stdout]    --> src/compilers/variable.rs:214:21
[INFO] [stdout]     |
[INFO] [stdout] 214 |                     collection = parse_collection_call(&object_nodes).unwrap()
[INFO] [stdout]     |                     ^^^^^^^^^^
[INFO] [stdout]     |
[INFO] [stdout]     = help: maybe it is overwritten before being read?
[INFO] [stdout] 
[INFO] [stdout] 
[INFO] [stdout] warning: unused variable: `c`
[INFO] [stdout]    --> src/compilers/variable.rs:216:39
[INFO] [stdout]     |
[INFO] [stdout] 216 |                 ASTNode::VariableCall(c) => {
[INFO] [stdout]     |                                       ^ help: if this is intentional, prefix it with an underscore: `_c`
[INFO] [stdout] 
[INFO] [stdout] 
[INFO] [stdout] warning: value assigned to `variable` is never read
[INFO] [stdout]    --> src/compilers/variable.rs:217:21
[INFO] [stdout]     |
[INFO] [stdout] 217 |                     variable = parse_variable_call(object_nodes.get(0).unwrap())?
[INFO] [stdout]     |                     ^^^^^^^^
[INFO] [stdout]     |
[INFO] [stdout]     = help: maybe it is overwritten before being read?
[INFO] [stdout] 
[INFO] [stdout] 
[INFO] [stdout] warning: unused variable: `value`
[INFO] [stdout]    --> src/compilers/variable.rs:358:29
[INFO] [stdout]     |
[INFO] [stdout] 358 |                         let value: BaseTypes = next_node.into();
[INFO] [stdout]     |                             ^^^^^ help: if this is intentional, prefix it with an underscore: `_value`
[INFO] [stdout] 
[INFO] [stdout] 
[INFO] [stdout] warning: value assigned to `var_value` is never read
[INFO] [stdout]    --> src/compilers/variable.rs:406:13
[INFO] [stdout]     |
[INFO] [stdout] 406 |     let mut var_value = ASTNode::Int(IntNode { value: 0 });
[INFO] [stdout]     |             ^^^^^^^^^
[INFO] [stdout]     |
[INFO] [stdout]     = help: maybe it is overwritten before being read?
[INFO] [stdout] 
[INFO] [stdout] 
[INFO] [stdout] warning: variable `first` is assigned to, but never used
[INFO] [stdout]    --> src/compilers/variable.rs:407:13
[INFO] [stdout]     |
[INFO] [stdout] 407 |     let mut first: Option<ASTNode> = Option::None;
[INFO] [stdout]     |             ^^^^^
[INFO] [stdout]     |
[INFO] [stdout]     = note: consider using `_first` instead
[INFO] [stdout] 
[INFO] [stdout] 
[INFO] [stdout] warning: variable `parenthesis` is assigned to, but never used
[INFO] [stdout]    --> src/compilers/variable.rs:408:13
[INFO] [stdout]     |
[INFO] [stdout] 408 |     let mut parenthesis: bool = false;
[INFO] [stdout]     |             ^^^^^^^^^^^
[INFO] [stdout]     |
[INFO] [stdout]     = note: consider using `_parenthesis` instead
[INFO] [stdout] 
[INFO] [stdout] 
[INFO] [stdout] warning: value assigned to `first` is never read
[INFO] [stdout]    --> src/compilers/variable.rs:521:21
[INFO] [stdout]     |
[INFO] [stdout] 521 |                     first = Some(ASTNode::Float(f.clone()));
[INFO] [stdout]     |                     ^^^^^
[INFO] [stdout]     |
[INFO] [stdout]     = help: maybe it is overwritten before being read?
[INFO] [stdout] 
[INFO] [stdout] 
[INFO] [stdout] warning: value assigned to `first` is never read
[INFO] [stdout]    --> src/compilers/variable.rs:534:21
[INFO] [stdout]     |
[INFO] [stdout] 534 |                     first = Some(ASTNode::String(s.clone()));
[INFO] [stdout]     |                     ^^^^^
[INFO] [stdout]     |
[INFO] [stdout]     = help: maybe it is overwritten before being read?
[INFO] [stdout] 
[INFO] [stdout] 
[INFO] [stdout] warning: value assigned to `parenthesis` is never read
[INFO] [stdout]    --> src/compilers/variable.rs:559:17
[INFO] [stdout]     |
[INFO] [stdout] 559 |                 parenthesis = true;
[INFO] [stdout]     |                 ^^^^^^^^^^^
[INFO] [stdout]     |
[INFO] [stdout]     = help: maybe it is overwritten before being read?
[INFO] [stdout] 
[INFO] [stdout] 
[INFO] [stdout] warning: unused variable: `result`
[INFO] [stdout]   --> src/compiler.rs:60:25
[INFO] [stdout]    |
[INFO] [stdout] 60 |                     let result = compile_dot_statement(expression);
[INFO] [stdout]    |                         ^^^^^^ help: if this is intentional, prefix it with an underscore: `_result`
[INFO] [stdout]    |
[INFO] [stdout]    = note: `#[warn(unused_variables)]` on by default
[INFO] [stdout] 
[INFO] [stdout] 
[INFO] [stdout] warning: unused variable: `left_val`
[INFO] [stdout]    --> src/compilers/variable.rs:700:38
[INFO] [stdout]     |
[INFO] [stdout] 700 |                 if let (ASTNode::Int(left_val), ASTNode::Int(right_val)) = (left, right) {
[INFO] [stdout]     |                                      ^^^^^^^^ help: if this is intentional, prefix it with an underscore: `_left_val`
[INFO] [stdout] 
[INFO] [stdout] 
[INFO] [stdout] warning: value assigned to `result` is never read
[INFO] [stdout]    --> src/compilers/variable.rs:833:13
[INFO] [stdout]     |
[INFO] [stdout] 833 |     let mut result: i32 = 0;
[INFO] [stdout]     |             ^^^^^^
[INFO] [stdout]     |
[INFO] [stdout]     = help: maybe it is overwritten before being read?
[INFO] [stdout] 
[INFO] [stdout] 
[INFO] [stdout] warning: unused variable: `n`
[INFO] [stdout]    --> src/compilers/variable.rs:846:34
[INFO] [stdout]     |
[INFO] [stdout] 846 |                 ASTNode::Int(ref n) => {
[INFO] [stdout]     |                                  ^ help: if this is intentional, prefix it with an underscore: `_n`
[INFO] [stdout] 
[INFO] [stdout] 
[INFO] [stdout] warning: unused variable: `result`
[INFO] [stdout]    --> src/function.rs:383:25
[INFO] [stdout]     |
[INFO] [stdout] 383 |                     let result = f(&mut arg1.clone(), arg2.clone(), arg3.clone());
[INFO] [stdout]     |                         ^^^^^^ help: if this is intentional, prefix it with an underscore: `_result`
[INFO] [stdout] 
[INFO] [stdout] 
[INFO] [stdout] warning: associated function `len` is never used
[INFO] [stdout]    --> src/function_map.rs:149:8
[INFO] [stdout]     |
[INFO] [stdout] 50  | impl FunctionMap {
[INFO] [stdout]     | ---------------- associated function in this implementation
[INFO] [stdout] ...
[INFO] [stdout] 149 |     fn len(s: String) -> usize {
[INFO] [stdout]     |        ^^^
[INFO] [stdout]     |
[INFO] [stdout]     = note: `#[warn(dead_code)]` on by default
[INFO] [stdout] 
[INFO] [stdout] 
[INFO] [stdout] warning: method `eq` is never used
[INFO] [stdout]   --> src/statement_tokenizer/tokenizer.rs:55:12
[INFO] [stdout]    |
[INFO] [stdout] 54 |     impl ParseInfo {
[INFO] [stdout]    |     -------------- method in this implementation
[INFO] [stdout] 55 |         fn eq(&self, other: &Self) -> bool {
[INFO] [stdout]    |            ^^
[INFO] [stdout] 
[INFO] [stdout] 
[INFO] [stdout] warning: function `find_function_in_stack` is never used
[INFO] [stdout]   --> src/compilers/function.rs:27:4
[INFO] [stdout]    |
[INFO] [stdout] 27 | fn find_function_in_stack(function_name: &str) -> Function {
[INFO] [stdout]    |    ^^^^^^^^^^^^^^^^^^^^^^
[INFO] [stdout] 
[INFO] [stdout] 
[INFO] [stdout] warning: function `parse_numeric_expression` is never used
[INFO] [stdout]    --> src/compilers/variable.rs:828:4
[INFO] [stdout]     |
[INFO] [stdout] 828 | fn parse_numeric_expression(exp_stack: &mut Vec<ASTNode>) -> Result<BaseTypes, Box<dyn Error>> {
[INFO] [stdout]     |    ^^^^^^^^^^^^^^^^^^^^^^^^
[INFO] [stdout] 
[INFO] [stdout] 
[INFO] [stdout] warning: function `process_value_expression` is never used
[INFO] [stdout]    --> src/compilers/variable.rs:909:4
[INFO] [stdout]     |
[INFO] [stdout] 909 | fn process_value_expression(exp_stack: &mut Vec<ASTNode>) -> Result<BaseTypes, Box<dyn Error>> {
[INFO] [stdout]     |    ^^^^^^^^^^^^^^^^^^^^^^^^
[INFO] [stdout] 
[INFO] [stdout] 
[INFO] [stdout] warning: creating a mutable reference to mutable static is discouraged
[INFO] [stdout]    --> src/base_variable.rs:307:38
[INFO] [stdout]     |
[INFO] [stdout] 307 |             for variable in unsafe { VARIABLE_STACK.iter_mut() } {
[INFO] [stdout]     |                                      ^^^^^^^^^^^^^^^^^^^^^^^^^ mutable reference to mutable static
[INFO] [stdout]     |
[INFO] [stdout]     = note: for more information, see <https://doc.rust-lang.org/nightly/edition-guide/rust-2024/static-mut-references.html>
[INFO] [stdout]     = note: mutable references to mutable statics are dangerous; it's undefined behavior if any other pointer to the static is used or if any other reference is created for the static while the mutable reference lives
[INFO] [stdout]     = note: `#[warn(static_mut_refs)]` on by default
[INFO] [stdout] 
[INFO] [stdout] 
[INFO] [stdout] warning: creating a mutable reference to mutable static is discouraged
[INFO] [stdout]    --> src/base_variable.rs:326:46
[INFO] [stdout]     |
[INFO] [stdout] 326 |                     for variable in unsafe { VARIABLE_STACK.iter_mut() } {
[INFO] [stdout]     |                                              ^^^^^^^^^^^^^^^^^^^^^^^^^ mutable reference to mutable static
[INFO] [stdout]     |
[INFO] [stdout]     = note: for more information, see <https://doc.rust-lang.org/nightly/edition-guide/rust-2024/static-mut-references.html>
[INFO] [stdout]     = note: mutable references to mutable statics are dangerous; it's undefined behavior if any other pointer to the static is used or if any other reference is created for the static while the mutable reference lives
[INFO] [stdout] 
[INFO] [stdout] 
[INFO] [stdout] warning: creating a mutable reference to mutable static is discouraged
[INFO] [stdout]    --> src/base_variable.rs:338:46
[INFO] [stdout]     |
[INFO] [stdout] 338 |                     for variable in unsafe { VARIABLE_STACK.iter_mut() } {
[INFO] [stdout]     |                                              ^^^^^^^^^^^^^^^^^^^^^^^^^ mutable reference to mutable static
[INFO] [stdout]     |
[INFO] [stdout]     = note: for more information, see <https://doc.rust-lang.org/nightly/edition-guide/rust-2024/static-mut-references.html>
[INFO] [stdout]     = note: mutable references to mutable statics are dangerous; it's undefined behavior if any other pointer to the static is used or if any other reference is created for the static while the mutable reference lives
[INFO] [stdout] 
[INFO] [stdout] 
[INFO] [stdout] warning: creating a mutable reference to mutable static is discouraged
[INFO] [stdout]    --> src/base_variable.rs:357:46
[INFO] [stdout]     |
[INFO] [stdout] 357 |                     for variable in unsafe { VARIABLE_STACK.iter_mut() } {
[INFO] [stdout]     |                                              ^^^^^^^^^^^^^^^^^^^^^^^^^ mutable reference to mutable static
[INFO] [stdout]     |
[INFO] [stdout]     = note: for more information, see <https://doc.rust-lang.org/nightly/edition-guide/rust-2024/static-mut-references.html>
[INFO] [stdout]     = note: mutable references to mutable statics are dangerous; it's undefined behavior if any other pointer to the static is used or if any other reference is created for the static while the mutable reference lives
[INFO] [stdout] 
[INFO] [stdout] 
[INFO] [stdout] warning: creating a mutable reference to mutable static is discouraged
[INFO] [stdout]    --> src/base_variable.rs:369:46
[INFO] [stdout]     |
[INFO] [stdout] 369 |                     for variable in unsafe { VARIABLE_STACK.iter_mut() } {
[INFO] [stdout]     |                                              ^^^^^^^^^^^^^^^^^^^^^^^^^ mutable reference to mutable static
[INFO] [stdout]     |
[INFO] [stdout]     = note: for more information, see <https://doc.rust-lang.org/nightly/edition-guide/rust-2024/static-mut-references.html>
[INFO] [stdout]     = note: mutable references to mutable statics are dangerous; it's undefined behavior if any other pointer to the static is used or if any other reference is created for the static while the mutable reference lives
[INFO] [stdout] 
[INFO] [stdout] 
[INFO] [stdout] warning: trait method `GetType` should have a snake case name
[INFO] [stdout]    --> src/base_variable.rs:627:12
[INFO] [stdout]     |
[INFO] [stdout] 627 |         fn GetType(&self) -> String;
[INFO] [stdout]     |            ^^^^^^^ help: convert the identifier to snake case: `get_type`
[INFO] [stdout]     |
[INFO] [stdout]     = note: `#[warn(non_snake_case)]` on by default
[INFO] [stdout] 
[INFO] [stdout] 
[INFO] [stdout] warning: creating a shared reference to mutable static is discouraged
[INFO] [stdout]    --> src/statement_tokenizer/variable_tokenizer.rs:229:38
[INFO] [stdout]     |
[INFO] [stdout] 229 |             for variable in unsafe { &VARIABLE_STACK } {
[INFO] [stdout]     |                                      ^^^^^^^^^^^^^^^ shared reference to mutable static
[INFO] [stdout]     |
[INFO] [stdout]     = note: for more information, see <https://doc.rust-lang.org/nightly/edition-guide/rust-2024/static-mut-references.html>
[INFO] [stdout]     = note: shared references to mutable statics are dangerous; it's undefined behavior if the static is mutated or if a mutable reference is created for it while the shared reference lives
[INFO] [stdout] help: use `&raw const` instead to create a raw pointer
[INFO] [stdout]     |
[INFO] [stdout] 229 |             for variable in unsafe { &raw const VARIABLE_STACK } {
[INFO] [stdout]     |                                      ~~~~~~~~~~
[INFO] [stdout] 
[INFO] [stdout] 
[INFO] [stdout] warning: creating a shared reference to mutable static is discouraged
[INFO] [stdout]    --> src/compilers/function.rs:396:37
[INFO] [stdout]     |
[INFO] [stdout] 396 |                 for var in unsafe { VARIABLE_STACK.iter() } {
[INFO] [stdout]     |                                     ^^^^^^^^^^^^^^^^^^^^^ shared reference to mutable static
[INFO] [stdout]     |
[INFO] [stdout]     = note: for more information, see <https://doc.rust-lang.org/nightly/edition-guide/rust-2024/static-mut-references.html>
[INFO] [stdout]     = note: shared references to mutable statics are dangerous; it's undefined behavior if the static is mutated or if a mutable reference is created for it while the shared reference lives
[INFO] [stdout] 
[INFO] [stdout] 
[INFO] [stdout] warning: creating a shared reference to mutable static is discouraged
[INFO] [stdout]    --> src/compilers/variable.rs:246:33
[INFO] [stdout]     |
[INFO] [stdout] 246 |             for var in unsafe { VARIABLE_STACK.iter() } {
[INFO] [stdout]     |                                 ^^^^^^^^^^^^^^^^^^^^^ shared reference to mutable static
[INFO] [stdout]     |
[INFO] [stdout]     = note: for more information, see <https://doc.rust-lang.org/nightly/edition-guide/rust-2024/static-mut-references.html>
[INFO] [stdout]     = note: shared references to mutable statics are dangerous; it's undefined behavior if the static is mutated or if a mutable reference is created for it while the shared reference lives
[INFO] [stdout] 
[INFO] [stdout] 
[INFO] [stdout] warning: creating a shared reference to mutable static is discouraged
[INFO] [stdout]    --> src/compilers/variable.rs:290:29
[INFO] [stdout]     |
[INFO] [stdout] 290 |         for var in unsafe { &VARIABLE_STACK } {
[INFO] [stdout]     |                             ^^^^^^^^^^^^^^^ shared reference to mutable static
[INFO] [stdout]     |
[INFO] [stdout]     = note: for more information, see <https://doc.rust-lang.org/nightly/edition-guide/rust-2024/static-mut-references.html>
[INFO] [stdout]     = note: shared references to mutable statics are dangerous; it's undefined behavior if the static is mutated or if a mutable reference is created for it while the shared reference lives
[INFO] [stdout] help: use `&raw const` instead to create a raw pointer
[INFO] [stdout]     |
[INFO] [stdout] 290 |         for var in unsafe { &raw const VARIABLE_STACK } {
[INFO] [stdout]     |                             ~~~~~~~~~~
[INFO] [stdout] 
[INFO] [stdout] 
[INFO] [stdout] warning: creating a mutable reference to mutable static is discouraged
[INFO] [stdout]    --> src/compilers/variable.rs:581:9
[INFO] [stdout]     |
[INFO] [stdout] 581 |         VARIABLE_STACK.push(variable.clone());
[INFO] [stdout]     |         ^^^^^^^^^^^^^^^^^^^^^^^^^^^^^^^^^^^^^ mutable reference to mutable static
[INFO] [stdout]     |
[INFO] [stdout]     = note: for more information, see <https://doc.rust-lang.org/nightly/edition-guide/rust-2024/static-mut-references.html>
[INFO] [stdout]     = note: mutable references to mutable statics are dangerous; it's undefined behavior if any other pointer to the static is used or if any other reference is created for the static while the mutable reference lives
[INFO] [stdout] 
[INFO] [stdout] 
[INFO] [stdout] warning: unused variable: `args_a`
[INFO] [stdout]    --> src/token_type.rs:242:40
[INFO] [stdout]     |
[INFO] [stdout] 242 |                         arguments: ref args_a,
[INFO] [stdout]     |                                        ^^^^^^ help: if this is intentional, prefix it with an underscore: `_args_a`
[INFO] [stdout] 
[INFO] [stdout] 
[INFO] [stdout] warning: unused variable: `args_b`
[INFO] [stdout]    --> src/token_type.rs:247:40
[INFO] [stdout]     |
[INFO] [stdout] 247 |                         arguments: ref args_b,
[INFO] [stdout]     |                                        ^^^^^^ help: if this is intentional, prefix it with an underscore: `_args_b`
[INFO] [stdout] 
[INFO] [stdout] 
[INFO] [stdout] warning: variable does not need to be mutable
[INFO] [stdout]    --> src/compilers/conditional.rs:166:13
[INFO] [stdout]     |
[INFO] [stdout] 166 |         let mut index = 0;
[INFO] [stdout]     |             ----^^^^^
[INFO] [stdout]     |             |
[INFO] [stdout]     |             help: remove this `mut`
[INFO] [stdout]     |
[INFO] [stdout]     = note: `#[warn(unused_mut)]` on by default
[INFO] [stdout] 
[INFO] [stdout] 
[INFO] [stdout] warning: unused variable: `v`
[INFO] [stdout]    --> src/compilers/function.rs:176:43
[INFO] [stdout]     |
[INFO] [stdout] 176 |                     ASTNode::VariableCall(v) => {
[INFO] [stdout]     |                                           ^ help: if this is intentional, prefix it with an underscore: `_v`
[INFO] [stdout] 
[INFO] [stdout] 
[INFO] [stdout] warning: unused variable: `arg1`
[INFO] [stdout]    --> src/compilers/function.rs:182:29
[INFO] [stdout]     |
[INFO] [stdout] 182 |                         let arg1 = (String::new(), BaseTypes::Int(n.value.clone()));
[INFO] [stdout]     |                             ^^^^ help: if this is intentional, prefix it with an underscore: `_arg1`
[INFO] [stdout] 
[INFO] [stdout] 
[INFO] [stdout] warning: unused variable: `variable`
[INFO] [stdout]    --> src/compilers/function.rs:266:5
[INFO] [stdout]     |
[INFO] [stdout] 266 |     variable: Option<Variable>,
[INFO] [stdout]     |     ^^^^^^^^ help: if this is intentional, prefix it with an underscore: `_variable`
[INFO] [stdout] 
[INFO] [stdout] 
[INFO] [stdout] warning: value assigned to `evaluation_result` is never read
[INFO] [stdout]   --> src/compilers/loops.rs:84:29
[INFO] [stdout]    |
[INFO] [stdout] 84 |                     let mut evaluation_result: bool = false; // Rename for clarity
[INFO] [stdout]    |                             ^^^^^^^^^^^^^^^^^
[INFO] [stdout]    |
[INFO] [stdout]    = help: maybe it is overwritten before being read?
[INFO] [stdout]    = note: `#[warn(unused_assignments)]` on by default
[INFO] [stdout] 
[INFO] [stdout] 
[INFO] [stdout] warning: value assigned to `evaluation_result` is never read
[INFO] [stdout]    --> src/compilers/loops.rs:115:25
[INFO] [stdout]     |
[INFO] [stdout] 115 |                         evaluation_result = false; // Reset the evaluation result
[INFO] [stdout]     |                         ^^^^^^^^^^^^^^^^^
[INFO] [stdout]     |
[INFO] [stdout]     = help: maybe it is overwritten before being read?
[INFO] [stdout] 
[INFO] [stdout] 
[INFO] [stdout] warning: variable `variable` is assigned to, but never used
[INFO] [stdout]    --> src/compilers/variable.rs:112:17
[INFO] [stdout]     |
[INFO] [stdout] 112 |             let variable: (String, BaseTypes);
[INFO] [stdout]     |                 ^^^^^^^^
[INFO] [stdout]     |
[INFO] [stdout]     = note: consider using `_variable` instead
[INFO] [stdout] 
[INFO] [stdout] 
[INFO] [stdout] warning: variable `collection` is assigned to, but never used
[INFO] [stdout]    --> src/compilers/variable.rs:113:17
[INFO] [stdout]     |
[INFO] [stdout] 113 |             let collection: (String, Vec<BaseTypes>);
[INFO] [stdout]     |                 ^^^^^^^^^^
[INFO] [stdout]     |
[INFO] [stdout]     = note: consider using `_collection` instead
[INFO] [stdout] 
[INFO] [stdout] 
[INFO] [stdout] warning: unused variable: `c`
[INFO] [stdout]    --> src/compilers/variable.rs:126:37
[INFO] [stdout]     |
[INFO] [stdout] 126 |                 ASTNode::ObjectCall(c) => {
[INFO] [stdout]     |                                     ^ help: if this is intentional, prefix it with an underscore: `_c`
[INFO] [stdout] 
[INFO] [stdout] 
[INFO] [stdout] warning: unused variable: `name`
[INFO] [stdout]    --> src/compilers/variable.rs:173:37
[INFO] [stdout]     |
[INFO] [stdout] 173 | ...                   name,
[INFO] [stdout]     |                       ^^^^ help: try ignoring the field: `name: _`
[INFO] [stdout] 
[INFO] [stdout] 
[INFO] [stdout] warning: unused variable: `data`
[INFO] [stdout]    --> src/compilers/variable.rs:174:37
[INFO] [stdout]     |
[INFO] [stdout] 174 | ...                   data,
[INFO] [stdout]     |                       ^^^^ help: try ignoring the field: `data: _`
[INFO] [stdout] 
[INFO] [stdout] 
[INFO] [stdout] warning: unused variable: `value_type`
[INFO] [stdout]    --> src/compilers/variable.rs:175:37
[INFO] [stdout]     |
[INFO] [stdout] 175 | ...                   value_type,
[INFO] [stdout]     |                       ^^^^^^^^^^ help: try ignoring the field: `value_type: _`
[INFO] [stdout] 
[INFO] [stdout] 
[INFO] [stdout] warning: unused variable: `c`
[INFO] [stdout]    --> src/compilers/variable.rs:213:37
[INFO] [stdout]     |
[INFO] [stdout] 213 |                 ASTNode::Collection(c) => {
[INFO] [stdout]     |                                     ^ help: if this is intentional, prefix it with an underscore: `_c`
[INFO] [stdout] 
[INFO] [stdout] 
[INFO] [stdout] warning: value assigned to `collection` is never read
[INFO] [stdout]    --> src/compilers/variable.rs:214:21
[INFO] [stdout]     |
[INFO] [stdout] 214 |                     collection = parse_collection_call(&object_nodes).unwrap()
[INFO] [stdout]     |                     ^^^^^^^^^^
[INFO] [stdout]     |
[INFO] [stdout]     = help: maybe it is overwritten before being read?
[INFO] [stdout] 
[INFO] [stdout] 
[INFO] [stdout] warning: unused variable: `c`
[INFO] [stdout]    --> src/compilers/variable.rs:216:39
[INFO] [stdout]     |
[INFO] [stdout] 216 |                 ASTNode::VariableCall(c) => {
[INFO] [stdout]     |                                       ^ help: if this is intentional, prefix it with an underscore: `_c`
[INFO] [stdout] 
[INFO] [stdout] 
[INFO] [stdout] warning: value assigned to `variable` is never read
[INFO] [stdout]    --> src/compilers/variable.rs:217:21
[INFO] [stdout]     |
[INFO] [stdout] 217 |                     variable = parse_variable_call(object_nodes.get(0).unwrap())?
[INFO] [stdout]     |                     ^^^^^^^^
[INFO] [stdout]     |
[INFO] [stdout]     = help: maybe it is overwritten before being read?
[INFO] [stdout] 
[INFO] [stdout] 
[INFO] [stdout] warning: unused variable: `value`
[INFO] [stdout]    --> src/compilers/variable.rs:358:29
[INFO] [stdout]     |
[INFO] [stdout] 358 |                         let value: BaseTypes = next_node.into();
[INFO] [stdout]     |                             ^^^^^ help: if this is intentional, prefix it with an underscore: `_value`
[INFO] [stdout] 
[INFO] [stdout] 
[INFO] [stdout] warning: value assigned to `var_value` is never read
[INFO] [stdout]    --> src/compilers/variable.rs:406:13
[INFO] [stdout]     |
[INFO] [stdout] 406 |     let mut var_value = ASTNode::Int(IntNode { value: 0 });
[INFO] [stdout]     |             ^^^^^^^^^
[INFO] [stdout]     |
[INFO] [stdout]     = help: maybe it is overwritten before being read?
[INFO] [stdout] 
[INFO] [stdout] 
[INFO] [stdout] warning: variable `first` is assigned to, but never used
[INFO] [stdout]    --> src/compilers/variable.rs:407:13
[INFO] [stdout]     |
[INFO] [stdout] 407 |     let mut first: Option<ASTNode> = Option::None;
[INFO] [stdout]     |             ^^^^^
[INFO] [stdout]     |
[INFO] [stdout]     = note: consider using `_first` instead
[INFO] [stdout] 
[INFO] [stdout] 
[INFO] [stdout] warning: variable `parenthesis` is assigned to, but never used
[INFO] [stdout]    --> src/compilers/variable.rs:408:13
[INFO] [stdout]     |
[INFO] [stdout] 408 |     let mut parenthesis: bool = false;
[INFO] [stdout]     |             ^^^^^^^^^^^
[INFO] [stdout]     |
[INFO] [stdout]     = note: consider using `_parenthesis` instead
[INFO] [stdout] 
[INFO] [stdout] 
[INFO] [stdout] warning: value assigned to `first` is never read
[INFO] [stdout]    --> src/compilers/variable.rs:521:21
[INFO] [stdout]     |
[INFO] [stdout] 521 |                     first = Some(ASTNode::Float(f.clone()));
[INFO] [stdout]     |                     ^^^^^
[INFO] [stdout]     |
[INFO] [stdout]     = help: maybe it is overwritten before being read?
[INFO] [stdout] 
[INFO] [stdout] 
[INFO] [stdout] warning: value assigned to `first` is never read
[INFO] [stdout]    --> src/compilers/variable.rs:534:21
[INFO] [stdout]     |
[INFO] [stdout] 534 |                     first = Some(ASTNode::String(s.clone()));
[INFO] [stdout]     |                     ^^^^^
[INFO] [stdout]     |
[INFO] [stdout]     = help: maybe it is overwritten before being read?
[INFO] [stdout] 
[INFO] [stdout] 
[INFO] [stdout] warning: value assigned to `parenthesis` is never read
[INFO] [stdout]    --> src/compilers/variable.rs:559:17
[INFO] [stdout]     |
[INFO] [stdout] 559 |                 parenthesis = true;
[INFO] [stdout]     |                 ^^^^^^^^^^^
[INFO] [stdout]     |
[INFO] [stdout]     = help: maybe it is overwritten before being read?
[INFO] [stdout] 
[INFO] [stdout] 
[INFO] [stdout] warning: unused variable: `left_val`
[INFO] [stdout]    --> src/compilers/variable.rs:700:38
[INFO] [stdout]     |
[INFO] [stdout] 700 |                 if let (ASTNode::Int(left_val), ASTNode::Int(right_val)) = (left, right) {
[INFO] [stdout]     |                                      ^^^^^^^^ help: if this is intentional, prefix it with an underscore: `_left_val`
[INFO] [stdout] 
[INFO] [stdout] 
[INFO] [stdout] warning: value assigned to `result` is never read
[INFO] [stdout]    --> src/compilers/variable.rs:833:13
[INFO] [stdout]     |
[INFO] [stdout] 833 |     let mut result: i32 = 0;
[INFO] [stdout]     |             ^^^^^^
[INFO] [stdout]     |
[INFO] [stdout]     = help: maybe it is overwritten before being read?
[INFO] [stdout] 
[INFO] [stdout] 
[INFO] [stdout] warning: unused variable: `n`
[INFO] [stdout]    --> src/compilers/variable.rs:846:34
[INFO] [stdout]     |
[INFO] [stdout] 846 |                 ASTNode::Int(ref n) => {
[INFO] [stdout]     |                                  ^ help: if this is intentional, prefix it with an underscore: `_n`
[INFO] [stdout] 
[INFO] [stdout] 
[INFO] [stdout] warning: unused variable: `expression`
[INFO] [stdout]   --> src/statement_tokenizer/basic_tokenizer.rs:63:9
[INFO] [stdout]    |
[INFO] [stdout] 63 |         expression: String,
[INFO] [stdout]    |         ^^^^^^^^^^ help: if this is intentional, prefix it with an underscore: `_expression`
[INFO] [stdout] 
[INFO] [stdout] 
[INFO] [stdout] warning: unused variable: `index`
[INFO] [stdout]   --> src/statement_tokenizer/basic_tokenizer.rs:66:9
[INFO] [stdout]    |
[INFO] [stdout] 66 |         index: usize,
[INFO] [stdout]    |         ^^^^^ help: if this is intentional, prefix it with an underscore: `_index`
[INFO] [stdout] 
[INFO] [stdout] 
[INFO] [stdout] warning: unused variable: `char`
[INFO] [stdout]    --> src/statement_tokenizer/basic_tokenizer.rs:151:45
[INFO] [stdout]     |
[INFO] [stdout] 151 |     pub fn read_numbers(expression: String, char: char, index: usize) -> ParseInfo {
[INFO] [stdout]     |                                             ^^^^ help: if this is intentional, prefix it with an underscore: `_char`
[INFO] [stdout] 
[INFO] [stdout] 
[INFO] [stdout] warning: unused variable: `i`
[INFO] [stdout]   --> src/statement_tokenizer/conditional_tokenizer.rs:39:13
[INFO] [stdout]    |
[INFO] [stdout] 39 |         let i = 0;
[INFO] [stdout]    |             ^ help: if this is intentional, prefix it with an underscore: `_i`
[INFO] [stdout] 
[INFO] [stdout] 
[INFO] [stdout] warning: unused variable: `keyword`
[INFO] [stdout]   --> src/statement_tokenizer/conditional_tokenizer.rs:41:13
[INFO] [stdout]    |
[INFO] [stdout] 41 |         let keyword = String::new();
[INFO] [stdout]    |             ^^^^^^^ help: if this is intentional, prefix it with an underscore: `_keyword`
[INFO] [stdout] 
[INFO] [stdout] 
[INFO] [stdout] warning: variable `result` is assigned to, but never used
[INFO] [stdout]    --> src/main.rs:108:13
[INFO] [stdout]     |
[INFO] [stdout] 108 |     let mut result = true;
[INFO] [stdout]     |             ^^^^^^
[INFO] [stdout]     |
[INFO] [stdout]     = note: consider using `_result` instead
[INFO] [stdout] 
[INFO] [stdout] 
[INFO] [stdout] warning: value assigned to `result` is never read
[INFO] [stdout]    --> src/main.rs:113:17
[INFO] [stdout]     |
[INFO] [stdout] 113 |                 result = route_to_parser(&mut tokenized_expression, None)?;
[INFO] [stdout]     |                 ^^^^^^
[INFO] [stdout]     |
[INFO] [stdout]     = help: maybe it is overwritten before being read?
[INFO] [stdout] 
[INFO] [stdout] 
[INFO] [stdout] warning: value assigned to `result` is never read
[INFO] [stdout]    --> src/main.rs:123:13
[INFO] [stdout]     |
[INFO] [stdout] 123 |             result = route_to_parser(&mut tokenized_expression, None)?;
[INFO] [stdout]     |             ^^^^^^
[INFO] [stdout]     |
[INFO] [stdout]     = help: maybe it is overwritten before being read?
[INFO] [stdout] 
[INFO] [stdout] 
[INFO] [stdout] warning: variable `hasroot` is assigned to, but never used
[INFO] [stdout]    --> src/main.rs:271:17
[INFO] [stdout]     |
[INFO] [stdout] 271 |         let mut hasroot = true;
[INFO] [stdout]     |                 ^^^^^^^
[INFO] [stdout]     |
[INFO] [stdout]     = note: consider using `_hasroot` instead
[INFO] [stdout] 
[INFO] [stdout] 
[INFO] [stdout] warning: value assigned to `hasroot` is never read
[INFO] [stdout]    --> src/main.rs:337:21
[INFO] [stdout]     |
[INFO] [stdout] 337 |                     hasroot = true; // Mark that we have a valid root
[INFO] [stdout]     |                     ^^^^^^^
[INFO] [stdout]     |
[INFO] [stdout]     = help: maybe it is overwritten before being read?
[INFO] [stdout] 
[INFO] [stdout] 
[INFO] [stdout] warning: struct `AST` is never constructed
[INFO] [stdout]  --> src/ast.rs:5:16
[INFO] [stdout]   |
[INFO] [stdout] 5 |     pub struct AST {
[INFO] [stdout]   |                ^^^
[INFO] [stdout]   |
[INFO] [stdout]   = note: `AST` has derived impls for the traits `Clone` and `Debug`, but these are intentionally ignored during dead code analysis
[INFO] [stdout]   = note: `#[warn(dead_code)]` on by default
[INFO] [stdout] 
[INFO] [stdout] 
[INFO] [stdout] warning: associated items `new` and `add_child` are never used
[INFO] [stdout]   --> src/ast.rs:10:16
[INFO] [stdout]    |
[INFO] [stdout] 9  |     impl AST {
[INFO] [stdout]    |     -------- associated items in this implementation
[INFO] [stdout] 10 |         pub fn new(root: ASTNode) -> Self {
[INFO] [stdout]    |                ^^^
[INFO] [stdout] ...
[INFO] [stdout] 14 |         pub fn add_child(&mut self, node: ASTNode) {
[INFO] [stdout]    |                ^^^^^^^^^
[INFO] [stdout] 
[INFO] [stdout] 
[INFO] [stdout] warning: variant `Print` is never constructed
[INFO] [stdout]    --> src/collection.rs:117:5
[INFO] [stdout]     |
[INFO] [stdout] 110 | pub enum ArrayFunctions {
[INFO] [stdout]     |          -------------- variant in this enum
[INFO] [stdout] ...
[INFO] [stdout] 117 |     Print,
[INFO] [stdout]     |     ^^^^^
[INFO] [stdout] 
[INFO] [stdout] 
[INFO] [stdout] warning: method `print` is never used
[INFO] [stdout]    --> src/collection.rs:147:12
[INFO] [stdout]     |
[INFO] [stdout] 120 | impl ArrayFunctions {
[INFO] [stdout]     | ------------------- method in this implementation
[INFO] [stdout] ...
[INFO] [stdout] 147 |     pub fn print(&mut self, array: &Array) {
[INFO] [stdout]     |            ^^^^^
[INFO] [stdout] 
[INFO] [stdout] 
[INFO] [stdout] warning: variant `Print` is never constructed
[INFO] [stdout]    --> src/collection.rs:159:5
[INFO] [stdout]     |
[INFO] [stdout] 152 | pub enum DictionaryFunctions {
[INFO] [stdout]     |          ------------------- variant in this enum
[INFO] [stdout] ...
[INFO] [stdout] 159 |     Print,
[INFO] [stdout]     |     ^^^^^
[INFO] [stdout] 
[INFO] [stdout] 
[INFO] [stdout] warning: method `print` is never used
[INFO] [stdout]    --> src/collection.rs:248:12
[INFO] [stdout]     |
[INFO] [stdout] 212 | impl DictionaryFunctions {
[INFO] [stdout]     | ------------------------ method in this implementation
[INFO] [stdout] ...
[INFO] [stdout] 248 |     pub fn print(&mut self, dictionary: &Dictionary) {
[INFO] [stdout]     |            ^^^^^
[INFO] [stdout] 
[INFO] [stdout] 
[INFO] [stdout] warning: associated function `len` is never used
[INFO] [stdout]    --> src/function_map.rs:149:8
[INFO] [stdout]     |
[INFO] [stdout] 50  | impl FunctionMap {
[INFO] [stdout]     | ---------------- associated function in this implementation
[INFO] [stdout] ...
[INFO] [stdout] 149 |     fn len(s: String) -> usize {
[INFO] [stdout]     |        ^^^
[INFO] [stdout] 
[INFO] [stdout] 
[INFO] [stdout] warning: associated function `new` is never used
[INFO] [stdout]    --> src/node.rs:269:16
[INFO] [stdout]     |
[INFO] [stdout] 268 |     impl ElseNode {
[INFO] [stdout]     |     ------------- associated function in this implementation
[INFO] [stdout] 269 |         pub fn new() -> Self {
[INFO] [stdout]     |                ^^^
[INFO] [stdout] 
[INFO] [stdout] 
[INFO] [stdout] warning: associated function `new` is never used
[INFO] [stdout]    --> src/node.rs:284:16
[INFO] [stdout]     |
[INFO] [stdout] 283 |     impl TryNode {
[INFO] [stdout]     |     ------------ associated function in this implementation
[INFO] [stdout] 284 |         pub fn new() -> Self {
[INFO] [stdout]     |                ^^^
[INFO] [stdout] 
[INFO] [stdout] 
[INFO] [stdout] warning: associated function `new` is never used
[INFO] [stdout]    --> src/node.rs:299:16
[INFO] [stdout]     |
[INFO] [stdout] 298 |     impl CatchNode {
[INFO] [stdout]     |     -------------- associated function in this implementation
[INFO] [stdout] 299 |         pub fn new() -> Self {
[INFO] [stdout]     |                ^^^
[INFO] [stdout] 
[INFO] [stdout] 
[INFO] [stdout] warning: associated function `new` is never used
[INFO] [stdout]    --> src/node.rs:314:16
[INFO] [stdout]     |
[INFO] [stdout] 313 |     impl FinallyNode {
[INFO] [stdout]     |     ---------------- associated function in this implementation
[INFO] [stdout] 314 |         pub fn new() -> Self {
[INFO] [stdout]     |                ^^^
[INFO] [stdout] 
[INFO] [stdout] 
[INFO] [stdout] warning: associated items `new` and `display_info` are never used
[INFO] [stdout]    --> src/node.rs:443:16
[INFO] [stdout]     |
[INFO] [stdout] 442 |     impl FunctionCallArgumentsNode {
[INFO] [stdout]     |     ------------------------------ associated items in this implementation
[INFO] [stdout] 443 |         pub fn new(value: String) -> Self {
[INFO] [stdout]     |                ^^^
[INFO] [stdout] ...
[INFO] [stdout] 446 |         pub fn display_info(&self) {
[INFO] [stdout]     |                ^^^^^^^^^^^^
[INFO] [stdout] 
[INFO] [stdout] 
[INFO] [stdout] warning: associated items `new` and `display_info` are never used
[INFO] [stdout]    --> src/node.rs:489:16
[INFO] [stdout]     |
[INFO] [stdout] 488 |     impl SemiColonNode {
[INFO] [stdout]     |     ------------------ associated items in this implementation
[INFO] [stdout] 489 |         pub fn new() -> Self {
[INFO] [stdout]     |                ^^^
[INFO] [stdout] ...
[INFO] [stdout] 492 |         pub fn display_info(&self) {
[INFO] [stdout]     |                ^^^^^^^^^^^^
[INFO] [stdout] 
[INFO] [stdout] 
[INFO] [stdout] warning: function `find_function_in_stack` is never used
[INFO] [stdout]   --> src/compilers/function.rs:27:4
[INFO] [stdout]    |
[INFO] [stdout] 27 | fn find_function_in_stack(function_name: &str) -> Function {
[INFO] [stdout]    |    ^^^^^^^^^^^^^^^^^^^^^^
[INFO] [stdout] 
[INFO] [stdout] 
[INFO] [stdout] warning: function `parse_numeric_expression` is never used
[INFO] [stdout]    --> src/compilers/variable.rs:828:4
[INFO] [stdout]     |
[INFO] [stdout] 828 | fn parse_numeric_expression(exp_stack: &mut Vec<ASTNode>) -> Result<BaseTypes, Box<dyn Error>> {
[INFO] [stdout]     |    ^^^^^^^^^^^^^^^^^^^^^^^^
[INFO] [stdout] 
[INFO] [stdout] 
[INFO] [stdout] warning: function `process_value_expression` is never used
[INFO] [stdout]    --> src/compilers/variable.rs:909:4
[INFO] [stdout]     |
[INFO] [stdout] 909 | fn process_value_expression(exp_stack: &mut Vec<ASTNode>) -> Result<BaseTypes, Box<dyn Error>> {
[INFO] [stdout]     |    ^^^^^^^^^^^^^^^^^^^^^^^^
[INFO] [stdout] 
[INFO] [stdout] 
[INFO] [stdout] warning: function `read_function_declaration` is never used
[INFO] [stdout]    --> src/statement_tokenizer/function_tokenizer.rs:143:12
[INFO] [stdout]     |
[INFO] [stdout] 143 |     pub fn read_function_declaration(expression: &String, index: usize) -> ParseInfo {
[INFO] [stdout]     |            ^^^^^^^^^^^^^^^^^^^^^^^^^
[INFO] [stdout] 
[INFO] [stdout] 
[INFO] [stdout] warning: method `to_string` is never used
[INFO] [stdout]   --> src/statement_tokenizer/tokenizer.rs:43:16
[INFO] [stdout]    |
[INFO] [stdout] 35 |     impl ParseInfo {
[INFO] [stdout]    |     -------------- method in this implementation
[INFO] [stdout] ...
[INFO] [stdout] 43 |         pub fn to_string(&self) -> String {
[INFO] [stdout]    |                ^^^^^^^^^
[INFO] [stdout] 
[INFO] [stdout] 
[INFO] [stdout] warning: method `eq` is never used
[INFO] [stdout]   --> src/statement_tokenizer/tokenizer.rs:55:12
[INFO] [stdout]    |
[INFO] [stdout] 54 |     impl ParseInfo {
[INFO] [stdout]    |     -------------- method in this implementation
[INFO] [stdout] 55 |         fn eq(&self, other: &Self) -> bool {
[INFO] [stdout]    |            ^^
[INFO] [stdout] 
[INFO] [stdout] 
[INFO] [stdout] warning: struct `Token` is never constructed
[INFO] [stdout]   --> src/statement_tokenizer/tokenizer.rs:60:16
[INFO] [stdout]    |
[INFO] [stdout] 60 |     pub struct Token<T> {
[INFO] [stdout]    |                ^^^^^
[INFO] [stdout] 
[INFO] [stdout] 
[INFO] [stdout] warning: method `to_string` is never used
[INFO] [stdout]   --> src/statement_tokenizer/tokenizer.rs:65:16
[INFO] [stdout]    |
[INFO] [stdout] 64 |     impl<T: std::fmt::Display> Token<T> {
[INFO] [stdout]    |     ----------------------------------- method in this implementation
[INFO] [stdout] 65 |         pub fn to_string(&self) -> String {
[INFO] [stdout]    |                ^^^^^^^^^
[INFO] [stdout] 
[INFO] [stdout] 
[INFO] [stdout] warning: associated function `new` is never used
[INFO] [stdout]   --> src/statement_tokenizer/tokenizer.rs:74:16
[INFO] [stdout]    |
[INFO] [stdout] 73 |     impl<T> Token<T> {
[INFO] [stdout]    |     ---------------- associated function in this implementation
[INFO] [stdout] 74 |         pub fn new(value: T, token_type: TokenTypes) -> Self {
[INFO] [stdout]    |                ^^^
[INFO] [stdout] 
[INFO] [stdout] 
[INFO] [stdout] warning: creating a shared reference to mutable static is discouraged
[INFO] [stdout]    --> src/main.rs:483:30
[INFO] [stdout]     |
[INFO] [stdout] 483 |     for variable in unsafe { VARIABLE_STACK.iter() } {
[INFO] [stdout]     |                              ^^^^^^^^^^^^^^^^^^^^^ shared reference to mutable static
[INFO] [stdout]     |
[INFO] [stdout]     = note: for more information, see <https://doc.rust-lang.org/nightly/edition-guide/rust-2024/static-mut-references.html>
[INFO] [stdout]     = note: shared references to mutable statics are dangerous; it's undefined behavior if the static is mutated or if a mutable reference is created for it while the shared reference lives
[INFO] [stdout]     = note: `#[warn(static_mut_refs)]` on by default
[INFO] [stdout] 
[INFO] [stdout] 
[INFO] [stdout] warning: creating a mutable reference to mutable static is discouraged
[INFO] [stdout]    --> src/base_variable.rs:307:38
[INFO] [stdout]     |
[INFO] [stdout] 307 |             for variable in unsafe { VARIABLE_STACK.iter_mut() } {
[INFO] [stdout]     |                                      ^^^^^^^^^^^^^^^^^^^^^^^^^ mutable reference to mutable static
[INFO] [stdout]     |
[INFO] [stdout]     = note: for more information, see <https://doc.rust-lang.org/nightly/edition-guide/rust-2024/static-mut-references.html>
[INFO] [stdout]     = note: mutable references to mutable statics are dangerous; it's undefined behavior if any other pointer to the static is used or if any other reference is created for the static while the mutable reference lives
[INFO] [stdout] 
[INFO] [stdout] 
[INFO] [stdout] warning: creating a mutable reference to mutable static is discouraged
[INFO] [stdout]    --> src/base_variable.rs:326:46
[INFO] [stdout]     |
[INFO] [stdout] 326 |                     for variable in unsafe { VARIABLE_STACK.iter_mut() } {
[INFO] [stdout]     |                                              ^^^^^^^^^^^^^^^^^^^^^^^^^ mutable reference to mutable static
[INFO] [stdout]     |
[INFO] [stdout]     = note: for more information, see <https://doc.rust-lang.org/nightly/edition-guide/rust-2024/static-mut-references.html>
[INFO] [stdout]     = note: mutable references to mutable statics are dangerous; it's undefined behavior if any other pointer to the static is used or if any other reference is created for the static while the mutable reference lives
[INFO] [stdout] 
[INFO] [stdout] 
[INFO] [stdout] warning: creating a mutable reference to mutable static is discouraged
[INFO] [stdout]    --> src/base_variable.rs:338:46
[INFO] [stdout]     |
[INFO] [stdout] 338 |                     for variable in unsafe { VARIABLE_STACK.iter_mut() } {
[INFO] [stdout]     |                                              ^^^^^^^^^^^^^^^^^^^^^^^^^ mutable reference to mutable static
[INFO] [stdout]     |
[INFO] [stdout]     = note: for more information, see <https://doc.rust-lang.org/nightly/edition-guide/rust-2024/static-mut-references.html>
[INFO] [stdout]     = note: mutable references to mutable statics are dangerous; it's undefined behavior if any other pointer to the static is used or if any other reference is created for the static while the mutable reference lives
[INFO] [stdout] 
[INFO] [stdout] 
[INFO] [stdout] warning: creating a mutable reference to mutable static is discouraged
[INFO] [stdout]    --> src/base_variable.rs:357:46
[INFO] [stdout]     |
[INFO] [stdout] 357 |                     for variable in unsafe { VARIABLE_STACK.iter_mut() } {
[INFO] [stdout]     |                                              ^^^^^^^^^^^^^^^^^^^^^^^^^ mutable reference to mutable static
[INFO] [stdout]     |
[INFO] [stdout]     = note: for more information, see <https://doc.rust-lang.org/nightly/edition-guide/rust-2024/static-mut-references.html>
[INFO] [stdout]     = note: mutable references to mutable statics are dangerous; it's undefined behavior if any other pointer to the static is used or if any other reference is created for the static while the mutable reference lives
[INFO] [stdout] 
[INFO] [stdout] 
[INFO] [stdout] warning: creating a mutable reference to mutable static is discouraged
[INFO] [stdout]    --> src/base_variable.rs:369:46
[INFO] [stdout]     |
[INFO] [stdout] 369 |                     for variable in unsafe { VARIABLE_STACK.iter_mut() } {
[INFO] [stdout]     |                                              ^^^^^^^^^^^^^^^^^^^^^^^^^ mutable reference to mutable static
[INFO] [stdout]     |
[INFO] [stdout]     = note: for more information, see <https://doc.rust-lang.org/nightly/edition-guide/rust-2024/static-mut-references.html>
[INFO] [stdout]     = note: mutable references to mutable statics are dangerous; it's undefined behavior if any other pointer to the static is used or if any other reference is created for the static while the mutable reference lives
[INFO] [stdout] 
[INFO] [stdout] 
[INFO] [stdout] warning: trait method `GetType` should have a snake case name
[INFO] [stdout]    --> src/base_variable.rs:627:12
[INFO] [stdout]     |
[INFO] [stdout] 627 |         fn GetType(&self) -> String;
[INFO] [stdout]     |            ^^^^^^^ help: convert the identifier to snake case: `get_type`
[INFO] [stdout]     |
[INFO] [stdout]     = note: `#[warn(non_snake_case)]` on by default
[INFO] [stdout] 
[INFO] [stdout] 
[INFO] [stdout] warning: creating a shared reference to mutable static is discouraged
[INFO] [stdout]    --> src/compilers/function.rs:396:37
[INFO] [stdout]     |
[INFO] [stdout] 396 |                 for var in unsafe { VARIABLE_STACK.iter() } {
[INFO] [stdout]     |                                     ^^^^^^^^^^^^^^^^^^^^^ shared reference to mutable static
[INFO] [stdout]     |
[INFO] [stdout]     = note: for more information, see <https://doc.rust-lang.org/nightly/edition-guide/rust-2024/static-mut-references.html>
[INFO] [stdout]     = note: shared references to mutable statics are dangerous; it's undefined behavior if the static is mutated or if a mutable reference is created for it while the shared reference lives
[INFO] [stdout] 
[INFO] [stdout] 
[INFO] [stdout] warning: creating a shared reference to mutable static is discouraged
[INFO] [stdout]    --> src/compilers/variable.rs:246:33
[INFO] [stdout]     |
[INFO] [stdout] 246 |             for var in unsafe { VARIABLE_STACK.iter() } {
[INFO] [stdout]     |                                 ^^^^^^^^^^^^^^^^^^^^^ shared reference to mutable static
[INFO] [stdout]     |
[INFO] [stdout]     = note: for more information, see <https://doc.rust-lang.org/nightly/edition-guide/rust-2024/static-mut-references.html>
[INFO] [stdout]     = note: shared references to mutable statics are dangerous; it's undefined behavior if the static is mutated or if a mutable reference is created for it while the shared reference lives
[INFO] [stdout] 
[INFO] [stdout] 
[INFO] [stdout] warning: creating a shared reference to mutable static is discouraged
[INFO] [stdout]    --> src/compilers/variable.rs:290:29
[INFO] [stdout]     |
[INFO] [stdout] 290 |         for var in unsafe { &VARIABLE_STACK } {
[INFO] [stdout]     |                             ^^^^^^^^^^^^^^^ shared reference to mutable static
[INFO] [stdout]     |
[INFO] [stdout]     = note: for more information, see <https://doc.rust-lang.org/nightly/edition-guide/rust-2024/static-mut-references.html>
[INFO] [stdout]     = note: shared references to mutable statics are dangerous; it's undefined behavior if the static is mutated or if a mutable reference is created for it while the shared reference lives
[INFO] [stdout] help: use `&raw const` instead to create a raw pointer
[INFO] [stdout]     |
[INFO] [stdout] 290 |         for var in unsafe { &raw const VARIABLE_STACK } {
[INFO] [stdout]     |                             ~~~~~~~~~~
[INFO] [stdout] 
[INFO] [stdout] 
[INFO] [stdout] warning: creating a mutable reference to mutable static is discouraged
[INFO] [stdout]    --> src/compilers/variable.rs:581:9
[INFO] [stdout]     |
[INFO] [stdout] 581 |         VARIABLE_STACK.push(variable.clone());
[INFO] [stdout]     |         ^^^^^^^^^^^^^^^^^^^^^^^^^^^^^^^^^^^^^ mutable reference to mutable static
[INFO] [stdout]     |
[INFO] [stdout]     = note: for more information, see <https://doc.rust-lang.org/nightly/edition-guide/rust-2024/static-mut-references.html>
[INFO] [stdout]     = note: mutable references to mutable statics are dangerous; it's undefined behavior if any other pointer to the static is used or if any other reference is created for the static while the mutable reference lives
[INFO] [stdout] 
[INFO] [stdout] 
[INFO] [stdout] warning: creating a shared reference to mutable static is discouraged
[INFO] [stdout]    --> src/statement_tokenizer/variable_tokenizer.rs:229:38
[INFO] [stdout]     |
[INFO] [stdout] 229 |             for variable in unsafe { &VARIABLE_STACK } {
[INFO] [stdout]     |                                      ^^^^^^^^^^^^^^^ shared reference to mutable static
[INFO] [stdout]     |
[INFO] [stdout]     = note: for more information, see <https://doc.rust-lang.org/nightly/edition-guide/rust-2024/static-mut-references.html>
[INFO] [stdout]     = note: shared references to mutable statics are dangerous; it's undefined behavior if the static is mutated or if a mutable reference is created for it while the shared reference lives
[INFO] [stdout] help: use `&raw const` instead to create a raw pointer
[INFO] [stdout]     |
[INFO] [stdout] 229 |             for variable in unsafe { &raw const VARIABLE_STACK } {
[INFO] [stdout]     |                                      ~~~~~~~~~~
[INFO] [stdout] 
[INFO] [stdout] 
[INFO] [stderr]     Finished `test` profile [unoptimized + debuginfo] target(s) in 5.55s
[INFO] running `Command { std: "docker" "inspect" "0534cebffffd14e1761c6b1ef5700bc2c25fc99b94f8bfdafb1d70f17f8b009c", kill_on_drop: false }`
[INFO] running `Command { std: "docker" "rm" "-f" "0534cebffffd14e1761c6b1ef5700bc2c25fc99b94f8bfdafb1d70f17f8b009c", kill_on_drop: false }`
[INFO] [stdout] 0534cebffffd14e1761c6b1ef5700bc2c25fc99b94f8bfdafb1d70f17f8b009c
[INFO] running `Command { std: "docker" "create" "-v" "/var/lib/crater-agent-workspace/builds/worker-6-tc1/target:/opt/rustwide/target:rw,Z" "-v" "/var/lib/crater-agent-workspace/builds/worker-6-tc1/source:/opt/rustwide/workdir:ro,Z" "-v" "/var/lib/crater-agent-workspace/cargo-home:/opt/rustwide/cargo-home:ro,Z" "-v" "/var/lib/crater-agent-workspace/rustup-home:/opt/rustwide/rustup-home:ro,Z" "-e" "SOURCE_DIR=/opt/rustwide/workdir" "-e" "CARGO_TARGET_DIR=/opt/rustwide/target" "-e" "CARGO_INCREMENTAL=0" "-e" "RUST_BACKTRACE=full" "-e" "RUSTFLAGS=--cap-lints=forbid" "-e" "RUSTDOCFLAGS=--cap-lints=forbid" "-e" "CARGO_HOME=/opt/rustwide/cargo-home" "-e" "RUSTUP_HOME=/opt/rustwide/rustup-home" "-w" "/opt/rustwide/workdir" "-m" "1610612736" "--user" "0:0" "--network" "none" "ghcr.io/rust-lang/crates-build-env/linux@sha256:4a844ea9eb2546a2d2c7022eacef16ef2e8229c7fbb2c7d4d55a9ceca922f72d" "/opt/rustwide/cargo-home/bin/cargo" "+nightly-2024-10-28" "test" "--frozen", kill_on_drop: false }`
[INFO] [stdout] 368f44de99be6fa2dfb0c514b19ca81e2f7400734a5054826e61ce05507a2248
[INFO] running `Command { std: "docker" "start" "-a" "368f44de99be6fa2dfb0c514b19ca81e2f7400734a5054826e61ce05507a2248", kill_on_drop: false }`
[INFO] [stderr] warning: unused import: `parse_operator`
[INFO] [stderr]   --> src/compiler.rs:15:49
[INFO] [stderr]    |
[INFO] [stderr] 15 |     use crate::compilers::variable::{operation, parse_operator};
[INFO] [stderr]    |                                                 ^^^^^^^^^^^^^^
[INFO] [stderr]    |
[INFO] [stderr]    = note: `#[warn(unused_imports)]` on by default
[INFO] [stderr] 
[INFO] [stderr] warning: unused imports: `IntNode` and `OperatorNode`
[INFO] [stderr]   --> src/compiler.rs:17:39
[INFO] [stderr]    |
[INFO] [stderr] 17 |     use crate::node::nodes::{ASTNode, IntNode, OperatorNode};
[INFO] [stderr]    |                                       ^^^^^^^  ^^^^^^^^^^^^
[INFO] [stderr] 
[INFO] [stderr] warning: unreachable statement
[INFO] [stderr]    --> src/statement_tokenizer/tokenizer.rs:303:9
[INFO] [stderr]     |
[INFO] [stderr] 273 |         exit(1);
[INFO] [stderr]     |         ------- any code following this expression is unreachable
[INFO] [stderr] ...
[INFO] [stderr] 303 |         return none;
[INFO] [stderr]     |         ^^^^^^^^^^^^ unreachable statement
[INFO] [stderr]     |
[INFO] [stderr]     = note: `#[warn(unreachable_code)]` on by default
[INFO] [stderr] 
[INFO] [stderr] warning: unused variable: `result`
[INFO] [stderr]   --> src/compiler.rs:60:25
[INFO] [stderr]    |
[INFO] [stderr] 60 |                     let result = compile_dot_statement(expression);
[INFO] [stderr]    |                         ^^^^^^ help: if this is intentional, prefix it with an underscore: `_result`
[INFO] [stderr]    |
[INFO] [stderr]    = note: `#[warn(unused_variables)]` on by default
[INFO] [stderr] 
[INFO] [stderr] warning: unused variable: `result`
[INFO] [stderr]    --> src/function.rs:383:25
[INFO] [stderr]     |
[INFO] [stderr] 383 |                     let result = f(&mut arg1.clone(), arg2.clone(), arg3.clone());
[INFO] [stderr]     |                         ^^^^^^ help: if this is intentional, prefix it with an underscore: `_result`
[INFO] [stderr] 
[INFO] [stderr] warning: unused variable: `args_a`
[INFO] [stderr]    --> src/token_type.rs:242:40
[INFO] [stderr]     |
[INFO] [stderr] 242 |                         arguments: ref args_a,
[INFO] [stderr]     |                                        ^^^^^^ help: if this is intentional, prefix it with an underscore: `_args_a`
[INFO] [stderr] 
[INFO] [stderr] warning: unused variable: `args_b`
[INFO] [stderr]    --> src/token_type.rs:247:40
[INFO] [stderr]     |
[INFO] [stderr] 247 |                         arguments: ref args_b,
[INFO] [stderr]     |                                        ^^^^^^ help: if this is intentional, prefix it with an underscore: `_args_b`
[INFO] [stderr] 
[INFO] [stderr] warning: unused variable: `expression`
[INFO] [stderr]   --> src/statement_tokenizer/basic_tokenizer.rs:63:9
[INFO] [stderr]    |
[INFO] [stderr] 63 |         expression: String,
[INFO] [stderr]    |         ^^^^^^^^^^ help: if this is intentional, prefix it with an underscore: `_expression`
[INFO] [stderr] 
[INFO] [stderr] warning: unused variable: `index`
[INFO] [stderr]   --> src/statement_tokenizer/basic_tokenizer.rs:66:9
[INFO] [stderr]    |
[INFO] [stderr] 66 |         index: usize,
[INFO] [stderr]    |         ^^^^^ help: if this is intentional, prefix it with an underscore: `_index`
[INFO] [stderr] 
[INFO] [stderr] warning: unused variable: `char`
[INFO] [stderr]    --> src/statement_tokenizer/basic_tokenizer.rs:151:45
[INFO] [stderr]     |
[INFO] [stderr] 151 |     pub fn read_numbers(expression: String, char: char, index: usize) -> ParseInfo {
[INFO] [stderr]     |                                             ^^^^ help: if this is intentional, prefix it with an underscore: `_char`
[INFO] [stderr] 
[INFO] [stderr] warning: unused variable: `i`
[INFO] [stderr]   --> src/statement_tokenizer/conditional_tokenizer.rs:39:13
[INFO] [stderr]    |
[INFO] [stderr] 39 |         let i = 0;
[INFO] [stderr]    |             ^ help: if this is intentional, prefix it with an underscore: `_i`
[INFO] [stderr] 
[INFO] [stderr] warning: unused variable: `keyword`
[INFO] [stderr]   --> src/statement_tokenizer/conditional_tokenizer.rs:41:13
[INFO] [stderr]    |
[INFO] [stderr] 41 |         let keyword = String::new();
[INFO] [stderr]    |             ^^^^^^^ help: if this is intentional, prefix it with an underscore: `_keyword`
[INFO] [stderr] 
[INFO] [stderr] warning: variable does not need to be mutable
[INFO] [stderr]    --> src/compilers/conditional.rs:166:13
[INFO] [stderr]     |
[INFO] [stderr] 166 |         let mut index = 0;
[INFO] [stderr]     |             ----^^^^^
[INFO] [stderr]     |             |
[INFO] [stderr]     |             help: remove this `mut`
[INFO] [stderr]     |
[INFO] [stderr]     = note: `#[warn(unused_mut)]` on by default
[INFO] [stderr] 
[INFO] [stderr] warning: unused variable: `v`
[INFO] [stderr]    --> src/compilers/function.rs:176:43
[INFO] [stderr]     |
[INFO] [stderr] 176 |                     ASTNode::VariableCall(v) => {
[INFO] [stderr]     |                                           ^ help: if this is intentional, prefix it with an underscore: `_v`
[INFO] [stderr] 
[INFO] [stderr] warning: unused variable: `arg1`
[INFO] [stderr]    --> src/compilers/function.rs:182:29
[INFO] [stderr]     |
[INFO] [stderr] 182 |                         let arg1 = (String::new(), BaseTypes::Int(n.value.clone()));
[INFO] [stderr]     |                             ^^^^ help: if this is intentional, prefix it with an underscore: `_arg1`
[INFO] [stderr] 
[INFO] [stderr] warning: unused variable: `variable`
[INFO] [stderr]    --> src/compilers/function.rs:266:5
[INFO] [stderr]     |
[INFO] [stderr] 266 |     variable: Option<Variable>,
[INFO] [stderr]     |     ^^^^^^^^ help: if this is intentional, prefix it with an underscore: `_variable`
[INFO] [stderr] 
[INFO] [stderr] warning: value assigned to `evaluation_result` is never read
[INFO] [stderr]   --> src/compilers/loops.rs:84:29
[INFO] [stderr]    |
[INFO] [stderr] 84 |                     let mut evaluation_result: bool = false; // Rename for clarity
[INFO] [stderr]    |                             ^^^^^^^^^^^^^^^^^
[INFO] [stderr]    |
[INFO] [stderr]    = help: maybe it is overwritten before being read?
[INFO] [stderr]    = note: `#[warn(unused_assignments)]` on by default
[INFO] [stderr] 
[INFO] [stderr] warning: value assigned to `evaluation_result` is never read
[INFO] [stderr]    --> src/compilers/loops.rs:115:25
[INFO] [stderr]     |
[INFO] [stderr] 115 |                         evaluation_result = false; // Reset the evaluation result
[INFO] [stderr]     |                         ^^^^^^^^^^^^^^^^^
[INFO] [stderr]     |
[INFO] [stderr]     = help: maybe it is overwritten before being read?
[INFO] [stderr] 
[INFO] [stderr] warning: variable `variable` is assigned to, but never used
[INFO] [stderr]    --> src/compilers/variable.rs:112:17
[INFO] [stderr]     |
[INFO] [stderr] 112 |             let variable: (String, BaseTypes);
[INFO] [stderr]     |                 ^^^^^^^^
[INFO] [stderr]     |
[INFO] [stderr]     = note: consider using `_variable` instead
[INFO] [stderr] 
[INFO] [stderr] warning: variable `collection` is assigned to, but never used
[INFO] [stderr]    --> src/compilers/variable.rs:113:17
[INFO] [stderr]     |
[INFO] [stderr] 113 |             let collection: (String, Vec<BaseTypes>);
[INFO] [stderr]     |                 ^^^^^^^^^^
[INFO] [stderr]     |
[INFO] [stderr]     = note: consider using `_collection` instead
[INFO] [stderr] 
[INFO] [stderr] warning: unused variable: `c`
[INFO] [stderr]    --> src/compilers/variable.rs:126:37
[INFO] [stderr]     |
[INFO] [stderr] 126 |                 ASTNode::ObjectCall(c) => {
[INFO] [stderr]     |                                     ^ help: if this is intentional, prefix it with an underscore: `_c`
[INFO] [stderr] 
[INFO] [stderr] warning: unused variable: `name`
[INFO] [stderr]    --> src/compilers/variable.rs:173:37
[INFO] [stderr]     |
[INFO] [stderr] 173 | ...                   name,
[INFO] [stderr]     |                       ^^^^ help: try ignoring the field: `name: _`
[INFO] [stderr] 
[INFO] [stderr] warning: unused variable: `data`
[INFO] [stderr]    --> src/compilers/variable.rs:174:37
[INFO] [stderr]     |
[INFO] [stderr] 174 | ...                   data,
[INFO] [stderr]     |                       ^^^^ help: try ignoring the field: `data: _`
[INFO] [stderr] 
[INFO] [stderr] warning: unused variable: `value_type`
[INFO] [stderr]    --> src/compilers/variable.rs:175:37
[INFO] [stderr]     |
[INFO] [stderr] 175 | ...                   value_type,
[INFO] [stderr]     |                       ^^^^^^^^^^ help: try ignoring the field: `value_type: _`
[INFO] [stderr] 
[INFO] [stderr] warning: unused variable: `c`
[INFO] [stderr]    --> src/compilers/variable.rs:213:37
[INFO] [stderr]     |
[INFO] [stderr] 213 |                 ASTNode::Collection(c) => {
[INFO] [stderr]     |                                     ^ help: if this is intentional, prefix it with an underscore: `_c`
[INFO] [stderr] 
[INFO] [stderr] warning: value assigned to `collection` is never read
[INFO] [stderr]    --> src/compilers/variable.rs:214:21
[INFO] [stderr]     |
[INFO] [stderr] 214 |                     collection = parse_collection_call(&object_nodes).unwrap()
[INFO] [stderr]     |                     ^^^^^^^^^^
[INFO] [stderr]     |
[INFO] [stderr]     = help: maybe it is overwritten before being read?
[INFO] [stderr] 
[INFO] [stderr] warning: unused variable: `c`
[INFO] [stderr]    --> src/compilers/variable.rs:216:39
[INFO] [stderr]     |
[INFO] [stderr] 216 |                 ASTNode::VariableCall(c) => {
[INFO] [stderr]     |                                       ^ help: if this is intentional, prefix it with an underscore: `_c`
[INFO] [stderr] 
[INFO] [stderr] warning: value assigned to `variable` is never read
[INFO] [stderr]    --> src/compilers/variable.rs:217:21
[INFO] [stderr]     |
[INFO] [stderr] 217 |                     variable = parse_variable_call(object_nodes.get(0).unwrap())?
[INFO] [stderr]     |                     ^^^^^^^^
[INFO] [stderr]     |
[INFO] [stderr]     = help: maybe it is overwritten before being read?
[INFO] [stderr] 
[INFO] [stderr] warning: unused variable: `value`
[INFO] [stderr]    --> src/compilers/variable.rs:358:29
[INFO] [stderr]     |
[INFO] [stderr] 358 |                         let value: BaseTypes = next_node.into();
[INFO] [stderr]     |                             ^^^^^ help: if this is intentional, prefix it with an underscore: `_value`
[INFO] [stderr] 
[INFO] [stderr] warning: value assigned to `var_value` is never read
[INFO] [stderr]    --> src/compilers/variable.rs:406:13
[INFO] [stderr]     |
[INFO] [stderr] 406 |     let mut var_value = ASTNode::Int(IntNode { value: 0 });
[INFO] [stderr]     |             ^^^^^^^^^
[INFO] [stderr]     |
[INFO] [stderr]     = help: maybe it is overwritten before being read?
[INFO] [stderr] 
[INFO] [stderr] warning: variable `first` is assigned to, but never used
[INFO] [stderr]    --> src/compilers/variable.rs:407:13
[INFO] [stderr]     |
[INFO] [stderr] 407 |     let mut first: Option<ASTNode> = Option::None;
[INFO] [stderr]     |             ^^^^^
[INFO] [stderr]     |
[INFO] [stderr]     = note: consider using `_first` instead
[INFO] [stderr] 
[INFO] [stderr] warning: variable `parenthesis` is assigned to, but never used
[INFO] [stderr]    --> src/compilers/variable.rs:408:13
[INFO] [stderr]     |
[INFO] [stderr] 408 |     let mut parenthesis: bool = false;
[INFO] [stderr]     |             ^^^^^^^^^^^
[INFO] [stderr]     |
[INFO] [stderr]     = note: consider using `_parenthesis` instead
[INFO] [stderr] 
[INFO] [stderr] warning: value assigned to `first` is never read
[INFO] [stderr]    --> src/compilers/variable.rs:521:21
[INFO] [stderr]     |
[INFO] [stderr] 521 |                     first = Some(ASTNode::Float(f.clone()));
[INFO] [stderr]     |                     ^^^^^
[INFO] [stderr]     |
[INFO] [stderr]     = help: maybe it is overwritten before being read?
[INFO] [stderr] 
[INFO] [stderr] warning: value assigned to `first` is never read
[INFO] [stderr]    --> src/compilers/variable.rs:534:21
[INFO] [stderr]     |
[INFO] [stderr] 534 |                     first = Some(ASTNode::String(s.clone()));
[INFO] [stderr]     |                     ^^^^^
[INFO] [stderr]     |
[INFO] [stderr]     = help: maybe it is overwritten before being read?
[INFO] [stderr] 
[INFO] [stderr] warning: value assigned to `parenthesis` is never read
[INFO] [stderr]    --> src/compilers/variable.rs:559:17
[INFO] [stderr]     |
[INFO] [stderr] 559 |                 parenthesis = true;
[INFO] [stderr]     |                 ^^^^^^^^^^^
[INFO] [stderr]     |
[INFO] [stderr]     = help: maybe it is overwritten before being read?
[INFO] [stderr] 
[INFO] [stderr] warning: unused variable: `left_val`
[INFO] [stderr]    --> src/compilers/variable.rs:700:38
[INFO] [stderr]     |
[INFO] [stderr] 700 |                 if let (ASTNode::Int(left_val), ASTNode::Int(right_val)) = (left, right) {
[INFO] [stderr]     |                                      ^^^^^^^^ help: if this is intentional, prefix it with an underscore: `_left_val`
[INFO] [stderr] 
[INFO] [stderr] warning: value assigned to `result` is never read
[INFO] [stderr]    --> src/compilers/variable.rs:833:13
[INFO] [stderr]     |
[INFO] [stderr] 833 |     let mut result: i32 = 0;
[INFO] [stderr]     |             ^^^^^^
[INFO] [stderr]     |
[INFO] [stderr]     = help: maybe it is overwritten before being read?
[INFO] [stderr] 
[INFO] [stderr] warning: unused variable: `n`
[INFO] [stderr]    --> src/compilers/variable.rs:846:34
[INFO] [stderr]     |
[INFO] [stderr] 846 |                 ASTNode::Int(ref n) => {
[INFO] [stderr]     |                                  ^ help: if this is intentional, prefix it with an underscore: `_n`
[INFO] [stderr] 
[INFO] [stderr] warning: associated function `len` is never used
[INFO] [stderr]    --> src/function_map.rs:149:8
[INFO] [stderr]     |
[INFO] [stderr] 50  | impl FunctionMap {
[INFO] [stderr]     | ---------------- associated function in this implementation
[INFO] [stderr] ...
[INFO] [stderr] 149 |     fn len(s: String) -> usize {
[INFO] [stderr]     |        ^^^
[INFO] [stderr]     |
[INFO] [stderr]     = note: `#[warn(dead_code)]` on by default
[INFO] [stderr] 
[INFO] [stderr] warning: method `eq` is never used
[INFO] [stderr]   --> src/statement_tokenizer/tokenizer.rs:55:12
[INFO] [stderr]    |
[INFO] [stderr] 54 |     impl ParseInfo {
[INFO] [stderr]    |     -------------- method in this implementation
[INFO] [stderr] 55 |         fn eq(&self, other: &Self) -> bool {
[INFO] [stderr]    |            ^^
[INFO] [stderr] 
[INFO] [stderr] warning: function `find_function_in_stack` is never used
[INFO] [stderr]   --> src/compilers/function.rs:27:4
[INFO] [stderr]    |
[INFO] [stderr] 27 | fn find_function_in_stack(function_name: &str) -> Function {
[INFO] [stderr]    |    ^^^^^^^^^^^^^^^^^^^^^^
[INFO] [stderr] 
[INFO] [stderr] warning: function `parse_numeric_expression` is never used
[INFO] [stderr]    --> src/compilers/variable.rs:828:4
[INFO] [stderr]     |
[INFO] [stderr] 828 | fn parse_numeric_expression(exp_stack: &mut Vec<ASTNode>) -> Result<BaseTypes, Box<dyn Error>> {
[INFO] [stderr]     |    ^^^^^^^^^^^^^^^^^^^^^^^^
[INFO] [stderr] 
[INFO] [stderr] warning: function `process_value_expression` is never used
[INFO] [stderr]    --> src/compilers/variable.rs:909:4
[INFO] [stderr]     |
[INFO] [stderr] 909 | fn process_value_expression(exp_stack: &mut Vec<ASTNode>) -> Result<BaseTypes, Box<dyn Error>> {
[INFO] [stderr]     |    ^^^^^^^^^^^^^^^^^^^^^^^^
[INFO] [stderr] 
[INFO] [stderr] warning: creating a mutable reference to mutable static is discouraged
[INFO] [stderr]    --> src/base_variable.rs:307:38
[INFO] [stderr]     |
[INFO] [stderr] 307 |             for variable in unsafe { VARIABLE_STACK.iter_mut() } {
[INFO] [stderr]     |                                      ^^^^^^^^^^^^^^^^^^^^^^^^^ mutable reference to mutable static
[INFO] [stderr]     |
[INFO] [stderr]     = note: for more information, see <https://doc.rust-lang.org/nightly/edition-guide/rust-2024/static-mut-references.html>
[INFO] [stderr]     = note: mutable references to mutable statics are dangerous; it's undefined behavior if any other pointer to the static is used or if any other reference is created for the static while the mutable reference lives
[INFO] [stderr]     = note: `#[warn(static_mut_refs)]` on by default
[INFO] [stderr] 
[INFO] [stderr] warning: creating a mutable reference to mutable static is discouraged
[INFO] [stderr]    --> src/base_variable.rs:326:46
[INFO] [stderr]     |
[INFO] [stderr] 326 |                     for variable in unsafe { VARIABLE_STACK.iter_mut() } {
[INFO] [stderr]     |                                              ^^^^^^^^^^^^^^^^^^^^^^^^^ mutable reference to mutable static
[INFO] [stderr]     |
[INFO] [stderr]     = note: for more information, see <https://doc.rust-lang.org/nightly/edition-guide/rust-2024/static-mut-references.html>
[INFO] [stderr]     = note: mutable references to mutable statics are dangerous; it's undefined behavior if any other pointer to the static is used or if any other reference is created for the static while the mutable reference lives
[INFO] [stderr] 
[INFO] [stderr] warning: creating a mutable reference to mutable static is discouraged
[INFO] [stderr]    --> src/base_variable.rs:338:46
[INFO] [stderr]     |
[INFO] [stderr] 338 |                     for variable in unsafe { VARIABLE_STACK.iter_mut() } {
[INFO] [stderr]     |                                              ^^^^^^^^^^^^^^^^^^^^^^^^^ mutable reference to mutable static
[INFO] [stderr]     |
[INFO] [stderr]     = note: for more information, see <https://doc.rust-lang.org/nightly/edition-guide/rust-2024/static-mut-references.html>
[INFO] [stderr]     = note: mutable references to mutable statics are dangerous; it's undefined behavior if any other pointer to the static is used or if any other reference is created for the static while the mutable reference lives
[INFO] [stderr] 
[INFO] [stderr] warning: creating a mutable reference to mutable static is discouraged
[INFO] [stderr]    --> src/base_variable.rs:357:46
[INFO] [stderr]     |
[INFO] [stderr] 357 |                     for variable in unsafe { VARIABLE_STACK.iter_mut() } {
[INFO] [stderr]     |                                              ^^^^^^^^^^^^^^^^^^^^^^^^^ mutable reference to mutable static
[INFO] [stderr]     |
[INFO] [stderr]     = note: for more information, see <https://doc.rust-lang.org/nightly/edition-guide/rust-2024/static-mut-references.html>
[INFO] [stderr]     = note: mutable references to mutable statics are dangerous; it's undefined behavior if any other pointer to the static is used or if any other reference is created for the static while the mutable reference lives
[INFO] [stderr] 
[INFO] [stderr] warning: creating a mutable reference to mutable static is discouraged
[INFO] [stderr]    --> src/base_variable.rs:369:46
[INFO] [stderr]     |
[INFO] [stderr] 369 |                     for variable in unsafe { VARIABLE_STACK.iter_mut() } {
[INFO] [stderr]     |                                              ^^^^^^^^^^^^^^^^^^^^^^^^^ mutable reference to mutable static
[INFO] [stderr]     |
[INFO] [stderr]     = note: for more information, see <https://doc.rust-lang.org/nightly/edition-guide/rust-2024/static-mut-references.html>
[INFO] [stderr]     = note: mutable references to mutable statics are dangerous; it's undefined behavior if any other pointer to the static is used or if any other reference is created for the static while the mutable reference lives
[INFO] [stderr] 
[INFO] [stderr] warning: trait method `GetType` should have a snake case name
[INFO] [stderr]    --> src/base_variable.rs:627:12
[INFO] [stderr]     |
[INFO] [stderr] 627 |         fn GetType(&self) -> String;
[INFO] [stderr]     |            ^^^^^^^ help: convert the identifier to snake case: `get_type`
[INFO] [stderr]     |
[INFO] [stderr]     = note: `#[warn(non_snake_case)]` on by default
[INFO] [stderr] 
[INFO] [stderr] warning: creating a shared reference to mutable static is discouraged
[INFO] [stderr]    --> src/statement_tokenizer/variable_tokenizer.rs:229:38
[INFO] [stderr]     |
[INFO] [stderr] 229 |             for variable in unsafe { &VARIABLE_STACK } {
[INFO] [stderr]     |                                      ^^^^^^^^^^^^^^^ shared reference to mutable static
[INFO] [stderr]     |
[INFO] [stderr]     = note: for more information, see <https://doc.rust-lang.org/nightly/edition-guide/rust-2024/static-mut-references.html>
[INFO] [stderr]     = note: shared references to mutable statics are dangerous; it's undefined behavior if the static is mutated or if a mutable reference is created for it while the shared reference lives
[INFO] [stderr] help: use `&raw const` instead to create a raw pointer
[INFO] [stderr]     |
[INFO] [stderr] 229 |             for variable in unsafe { &raw const VARIABLE_STACK } {
[INFO] [stderr]     |                                      ~~~~~~~~~~
[INFO] [stderr] 
[INFO] [stderr] warning: creating a shared reference to mutable static is discouraged
[INFO] [stderr]    --> src/compilers/function.rs:396:37
[INFO] [stderr]     |
[INFO] [stderr] 396 |                 for var in unsafe { VARIABLE_STACK.iter() } {
[INFO] [stderr]     |                                     ^^^^^^^^^^^^^^^^^^^^^ shared reference to mutable static
[INFO] [stderr]     |
[INFO] [stderr]     = note: for more information, see <https://doc.rust-lang.org/nightly/edition-guide/rust-2024/static-mut-references.html>
[INFO] [stderr]     = note: shared references to mutable statics are dangerous; it's undefined behavior if the static is mutated or if a mutable reference is created for it while the shared reference lives
[INFO] [stderr] 
[INFO] [stderr] warning: creating a shared reference to mutable static is discouraged
[INFO] [stderr]    --> src/compilers/variable.rs:246:33
[INFO] [stderr]     |
[INFO] [stderr] 246 |             for var in unsafe { VARIABLE_STACK.iter() } {
[INFO] [stderr]     |                                 ^^^^^^^^^^^^^^^^^^^^^ shared reference to mutable static
[INFO] [stderr]     |
[INFO] [stderr]     = note: for more information, see <https://doc.rust-lang.org/nightly/edition-guide/rust-2024/static-mut-references.html>
[INFO] [stderr]     = note: shared references to mutable statics are dangerous; it's undefined behavior if the static is mutated or if a mutable reference is created for it while the shared reference lives
[INFO] [stderr] 
[INFO] [stderr] warning: creating a shared reference to mutable static is discouraged
[INFO] [stderr]    --> src/compilers/variable.rs:290:29
[INFO] [stderr]     |
[INFO] [stderr] 290 |         for var in unsafe { &VARIABLE_STACK } {
[INFO] [stderr]     |                             ^^^^^^^^^^^^^^^ shared reference to mutable static
[INFO] [stderr]     |
[INFO] [stderr]     = note: for more information, see <https://doc.rust-lang.org/nightly/edition-guide/rust-2024/static-mut-references.html>
[INFO] [stderr]     = note: shared references to mutable statics are dangerous; it's undefined behavior if the static is mutated or if a mutable reference is created for it while the shared reference lives
[INFO] [stderr] help: use `&raw const` instead to create a raw pointer
[INFO] [stderr]     |
[INFO] [stderr] 290 |         for var in unsafe { &raw const VARIABLE_STACK } {
[INFO] [stderr]     |                             ~~~~~~~~~~
[INFO] [stderr] 
[INFO] [stderr] warning: creating a mutable reference to mutable static is discouraged
[INFO] [stderr]    --> src/compilers/variable.rs:581:9
[INFO] [stderr]     |
[INFO] [stderr] 581 |         VARIABLE_STACK.push(variable.clone());
[INFO] [stderr]     |         ^^^^^^^^^^^^^^^^^^^^^^^^^^^^^^^^^^^^^ mutable reference to mutable static
[INFO] [stderr]     |
[INFO] [stderr]     = note: for more information, see <https://doc.rust-lang.org/nightly/edition-guide/rust-2024/static-mut-references.html>
[INFO] [stderr]     = note: mutable references to mutable statics are dangerous; it's undefined behavior if any other pointer to the static is used or if any other reference is created for the static while the mutable reference lives
[INFO] [stderr] 
[INFO] [stderr] warning: `jist` (lib) generated 54 warnings (run `cargo fix --lib -p jist` to apply 3 suggestions)
[INFO] [stderr] warning: `jist` (lib test) generated 54 warnings (54 duplicates)
[INFO] [stderr] warning: unused imports: `ExecutableCommand` and `self`
[INFO] [stderr]    --> src/main.rs:349:16
[INFO] [stderr]     |
[INFO] [stderr] 349 |     terminal::{self, disable_raw_mode, enable_raw_mode},
[INFO] [stderr]     |                ^^^^
[INFO] [stderr] 350 |     ExecutableCommand,
[INFO] [stderr]     |     ^^^^^^^^^^^^^^^^^
[INFO] [stderr] 
[INFO] [stderr] warning: variable `result` is assigned to, but never used
[INFO] [stderr]    --> src/main.rs:108:13
[INFO] [stderr]     |
[INFO] [stderr] 108 |     let mut result = true;
[INFO] [stderr]     |             ^^^^^^
[INFO] [stderr]     |
[INFO] [stderr]     = note: consider using `_result` instead
[INFO] [stderr] 
[INFO] [stderr] warning: value assigned to `result` is never read
[INFO] [stderr]    --> src/main.rs:113:17
[INFO] [stderr]     |
[INFO] [stderr] 113 |                 result = route_to_parser(&mut tokenized_expression, None)?;
[INFO] [stderr]     |                 ^^^^^^
[INFO] [stderr]     |
[INFO] [stderr]     = help: maybe it is overwritten before being read?
[INFO] [stderr] 
[INFO] [stderr] warning: value assigned to `result` is never read
[INFO] [stderr]    --> src/main.rs:123:13
[INFO] [stderr]     |
[INFO] [stderr] 123 |             result = route_to_parser(&mut tokenized_expression, None)?;
[INFO] [stderr]     |             ^^^^^^
[INFO] [stderr]     |
[INFO] [stderr]     = help: maybe it is overwritten before being read?
[INFO] [stderr] 
[INFO] [stderr] warning: variable `hasroot` is assigned to, but never used
[INFO] [stderr]    --> src/main.rs:271:17
[INFO] [stderr]     |
[INFO] [stderr] 271 |         let mut hasroot = true;
[INFO] [stderr]     |                 ^^^^^^^
[INFO] [stderr]     |
[INFO] [stderr]     = note: consider using `_hasroot` instead
[INFO] [stderr] 
[INFO] [stderr] warning: value assigned to `hasroot` is never read
[INFO] [stderr]    --> src/main.rs:337:21
[INFO] [stderr]     |
[INFO] [stderr] 337 |                     hasroot = true; // Mark that we have a valid root
[INFO] [stderr]     |                     ^^^^^^^
[INFO] [stderr]     |
[INFO] [stderr]     = help: maybe it is overwritten before being read?
[INFO] [stderr] 
[INFO] [stderr] warning: struct `AST` is never constructed
[INFO] [stderr]  --> src/ast.rs:5:16
[INFO] [stderr]   |
[INFO] [stderr] 5 |     pub struct AST {
[INFO] [stderr]   |                ^^^
[INFO] [stderr]   |
[INFO] [stderr]   = note: `AST` has derived impls for the traits `Clone` and `Debug`, but these are intentionally ignored during dead code analysis
[INFO] [stderr]   = note: `#[warn(dead_code)]` on by default
[INFO] [stderr] 
[INFO] [stderr] warning: associated items `new` and `add_child` are never used
[INFO] [stderr]   --> src/ast.rs:10:16
[INFO] [stderr]    |
[INFO] [stderr] 9  |     impl AST {
[INFO] [stderr]    |     -------- associated items in this implementation
[INFO] [stderr] 10 |         pub fn new(root: ASTNode) -> Self {
[INFO] [stderr]    |                ^^^
[INFO] [stderr] ...
[INFO] [stderr] 14 |         pub fn add_child(&mut self, node: ASTNode) {
[INFO] [stderr]    |                ^^^^^^^^^
[INFO] [stderr] 
[INFO] [stderr] warning: variant `Print` is never constructed
[INFO] [stderr]    --> src/collection.rs:117:5
[INFO] [stderr]     |
[INFO] [stderr] 110 | pub enum ArrayFunctions {
[INFO] [stderr]     |          -------------- variant in this enum
[INFO] [stderr] ...
[INFO] [stderr] 117 |     Print,
[INFO] [stderr]     |     ^^^^^
[INFO] [stderr] 
[INFO] [stderr] warning: method `print` is never used
[INFO] [stderr]    --> src/collection.rs:147:12
[INFO] [stderr]     |
[INFO] [stderr] 120 | impl ArrayFunctions {
[INFO] [stderr]     | ------------------- method in this implementation
[INFO] [stderr] ...
[INFO] [stderr] 147 |     pub fn print(&mut self, array: &Array) {
[INFO] [stderr]     |            ^^^^^
[INFO] [stderr] 
[INFO] [stderr] warning: variant `Print` is never constructed
[INFO] [stderr]    --> src/collection.rs:159:5
[INFO] [stderr]     |
[INFO] [stderr] 152 | pub enum DictionaryFunctions {
[INFO] [stderr]     |          ------------------- variant in this enum
[INFO] [stderr] ...
[INFO] [stderr] 159 |     Print,
[INFO] [stderr]     |     ^^^^^
[INFO] [stderr] 
[INFO] [stderr] warning: method `print` is never used
[INFO] [stderr]    --> src/collection.rs:248:12
[INFO] [stderr]     |
[INFO] [stderr] 212 | impl DictionaryFunctions {
[INFO] [stderr]     | ------------------------ method in this implementation
[INFO] [stderr] ...
[INFO] [stderr] 248 |     pub fn print(&mut self, dictionary: &Dictionary) {
[INFO] [stderr]     |            ^^^^^
[INFO] [stderr] 
[INFO] [stderr] warning: associated function `len` is never used
[INFO] [stderr]    --> src/function_map.rs:149:8
[INFO] [stderr]     |
[INFO] [stderr] 50  | impl FunctionMap {
[INFO] [stderr]     | ---------------- associated function in this implementation
[INFO] [stderr] ...
[INFO] [stderr] 149 |     fn len(s: String) -> usize {
[INFO] [stderr]     |        ^^^
[INFO] [stderr] 
[INFO] [stderr] warning: associated function `new` is never used
[INFO] [stderr]    --> src/node.rs:269:16
[INFO] [stderr]     |
[INFO] [stderr] 268 |     impl ElseNode {
[INFO] [stderr]     |     ------------- associated function in this implementation
[INFO] [stderr] 269 |         pub fn new() -> Self {
[INFO] [stderr]     |                ^^^
[INFO] [stderr] 
[INFO] [stderr] warning: associated function `new` is never used
[INFO] [stderr]    --> src/node.rs:284:16
[INFO] [stderr]     |
[INFO] [stderr] 283 |     impl TryNode {
[INFO] [stderr]     |     ------------ associated function in this implementation
[INFO] [stderr] 284 |         pub fn new() -> Self {
[INFO] [stderr]     |                ^^^
[INFO] [stderr] 
[INFO] [stderr] warning: associated function `new` is never used
[INFO] [stderr]    --> src/node.rs:299:16
[INFO] [stderr]     |
[INFO] [stderr] 298 |     impl CatchNode {
[INFO] [stderr]     |     -------------- associated function in this implementation
[INFO] [stderr] 299 |         pub fn new() -> Self {
[INFO] [stderr]     |                ^^^
[INFO] [stderr] 
[INFO] [stderr] warning: associated function `new` is never used
[INFO] [stderr]    --> src/node.rs:314:16
[INFO] [stderr]     |
[INFO] [stderr] 313 |     impl FinallyNode {
[INFO] [stderr]     |     ---------------- associated function in this implementation
[INFO] [stderr] 314 |         pub fn new() -> Self {
[INFO] [stderr]     |                ^^^
[INFO] [stderr] 
[INFO] [stderr] warning: associated items `new` and `display_info` are never used
[INFO] [stderr]    --> src/node.rs:443:16
[INFO] [stderr]     |
[INFO] [stderr] 442 |     impl FunctionCallArgumentsNode {
[INFO] [stderr]     |     ------------------------------ associated items in this implementation
[INFO] [stderr] 443 |         pub fn new(value: String) -> Self {
[INFO] [stderr]     |                ^^^
[INFO] [stderr] ...
[INFO] [stderr] 446 |         pub fn display_info(&self) {
[INFO] [stderr]     |                ^^^^^^^^^^^^
[INFO] [stderr] 
[INFO] [stderr] warning: associated items `new` and `display_info` are never used
[INFO] [stderr]    --> src/node.rs:489:16
[INFO] [stderr]     |
[INFO] [stderr] 488 |     impl SemiColonNode {
[INFO] [stderr]     |     ------------------ associated items in this implementation
[INFO] [stderr] 489 |         pub fn new() -> Self {
[INFO] [stderr]     |                ^^^
[INFO] [stderr] ...
[INFO] [stderr] 492 |         pub fn display_info(&self) {
[INFO] [stderr]     |                ^^^^^^^^^^^^
[INFO] [stderr] 
[INFO] [stderr] warning: function `read_function_declaration` is never used
[INFO] [stderr]    --> src/statement_tokenizer/function_tokenizer.rs:143:12
[INFO] [stderr]     |
[INFO] [stderr] 143 |     pub fn read_function_declaration(expression: &String, index: usize) -> ParseInfo {
[INFO] [stderr]     |            ^^^^^^^^^^^^^^^^^^^^^^^^^
[INFO] [stderr] 
[INFO] [stderr] warning: method `to_string` is never used
[INFO] [stderr]   --> src/statement_tokenizer/tokenizer.rs:43:16
[INFO] [stderr]    |
[INFO] [stderr] 35 |     impl ParseInfo {
[INFO] [stderr]    |     -------------- method in this implementation
[INFO] [stderr] ...
[INFO] [stderr] 43 |         pub fn to_string(&self) -> String {
[INFO] [stderr]    |                ^^^^^^^^^
[INFO] [stderr] 
[INFO] [stderr] warning: struct `Token` is never constructed
[INFO] [stderr]   --> src/statement_tokenizer/tokenizer.rs:60:16
[INFO] [stderr]    |
[INFO] [stderr] 60 |     pub struct Token<T> {
[INFO] [stderr]    |                ^^^^^
[INFO] [stderr] 
[INFO] [stderr] warning: method `to_string` is never used
[INFO] [stderr]   --> src/statement_tokenizer/tokenizer.rs:65:16
[INFO] [stderr]    |
[INFO] [stderr] 64 |     impl<T: std::fmt::Display> Token<T> {
[INFO] [stderr]    |     ----------------------------------- method in this implementation
[INFO] [stderr] 65 |         pub fn to_string(&self) -> String {
[INFO] [stderr]    |                ^^^^^^^^^
[INFO] [stderr] 
[INFO] [stderr] warning: associated function `new` is never used
[INFO] [stderr]   --> src/statement_tokenizer/tokenizer.rs:74:16
[INFO] [stderr]    |
[INFO] [stderr] 73 |     impl<T> Token<T> {
[INFO] [stderr]    |     ---------------- associated function in this implementation
[INFO] [stderr] 74 |         pub fn new(value: T, token_type: TokenTypes) -> Self {
[INFO] [stderr]    |                ^^^
[INFO] [stderr] 
[INFO] [stderr] warning: creating a shared reference to mutable static is discouraged
[INFO] [stderr]    --> src/main.rs:483:30
[INFO] [stderr]     |
[INFO] [stderr] 483 |     for variable in unsafe { VARIABLE_STACK.iter() } {
[INFO] [stderr]     |                              ^^^^^^^^^^^^^^^^^^^^^ shared reference to mutable static
[INFO] [stderr]     |
[INFO] [stderr]     = note: for more information, see <https://doc.rust-lang.org/nightly/edition-guide/rust-2024/static-mut-references.html>
[INFO] [stderr]     = note: shared references to mutable statics are dangerous; it's undefined behavior if the static is mutated or if a mutable reference is created for it while the shared reference lives
[INFO] [stderr]     = note: `#[warn(static_mut_refs)]` on by default
[INFO] [stderr] 
[INFO] [stderr] warning: creating a mutable reference to mutable static is discouraged
[INFO] [stderr]    --> src/base_variable.rs:307:38
[INFO] [stderr]     |
[INFO] [stderr] 307 |             for variable in unsafe { VARIABLE_STACK.iter_mut() } {
[INFO] [stderr]     |                                      ^^^^^^^^^^^^^^^^^^^^^^^^^ mutable reference to mutable static
[INFO] [stderr]     |
[INFO] [stderr]     = note: for more information, see <https://doc.rust-lang.org/nightly/edition-guide/rust-2024/static-mut-references.html>
[INFO] [stderr]     = note: mutable references to mutable statics are dangerous; it's undefined behavior if any other pointer to the static is used or if any other reference is created for the static while the mutable reference lives
[INFO] [stderr] 
[INFO] [stderr] warning: `jist` (bin "jist" test) generated 78 warnings (52 duplicates) (run `cargo fix --bin "jist" --tests` to apply 1 suggestion)
[INFO] [stderr]     Finished `test` profile [unoptimized + debuginfo] target(s) in 0.05s
[INFO] [stderr]      Running unittests src/lib.rs (/opt/rustwide/target/debug/deps/jist-0d2b937db0a68048)
[INFO] [stdout] 
[INFO] [stdout] running 25 tests
[INFO] [stdout] test compiler::complier_tests::test_operation_addition ... ok
[INFO] [stdout] test compiler::complier_tests::test_operation_divition ... ok
[INFO] [stdout] test compiler::complier_tests::test_operation_subtraction ... ok
[INFO] [stdout] test compiler::complier_tests::test_parse_operator_addition ... ok
[INFO] [stdout] test compiler::complier_tests::test_operation_multiplication ... ok
[INFO] [stdout] test compiler::complier_tests::test_parse_operator_multiplication ... ok
[INFO] [stdout] test compiler::complier_tests::test_parse_operator_divition ... ok
[INFO] [stdout] test compiler::complier_tests::test_parse_operator_subtraction ... ok
[INFO] [stdout] test statement_tokenizer::tests::tokenizer_tests::test_tokenize_collection_assignment_dict_bool_string ... ok
[INFO] [stdout] test statement_tokenizer::tests::tokenizer_tests::test_tokenize_function_call ... ok
[INFO] [stdout] test statement_tokenizer::tests::tokenizer_tests::test_tokenize_collection_assignment_dict ... ok
[INFO] [stdout] test statement_tokenizer::tests::tokenizer_tests::test_tokenize_operation ... ok
[INFO] [stdout] test statement_tokenizer::tests::tokenizer_tests::test_tokenize_collection_assignment_dict_char_float ... ok
[INFO] [stdout] test statement_tokenizer::tests::tokenizer_tests::test_tokenize_operation_with_parethisis ... ok
[INFO] [stdout] test statement_tokenizer::tests::tokenizer_tests::test_tokenize_variable_call_float ... ok
[INFO] [stdout] test statement_tokenizer::tests::tokenizer_tests::test_tokenize_variable_call_boolean ... ok
[INFO] [stdout] test statement_tokenizer::tests::tokenizer_tests::test_tokenize_variable_call_int ... ok
[INFO] [stdout] test statement_tokenizer::tests::tokenizer_tests::test_tokenize_variable_call_char ... ok
[INFO] [stdout] test statement_tokenizer::tests::tokenizer_tests::test_tokenize_variable_declaration_char ... ok
[INFO] [stdout] test statement_tokenizer::tests::tokenizer_tests::test_tokenize_variable_declaration_boolean_false ... ok
[INFO] [stdout] test statement_tokenizer::tests::tokenizer_tests::test_tokenize_variable_declaration_boolean_true ... ok
[INFO] [stdout] test statement_tokenizer::tests::tokenizer_tests::test_tokenize_variable_declaration_float ... ok
[INFO] [stdout] test statement_tokenizer::tests::tokenizer_tests::test_tokenize_variable_declaration_int ... ok
[INFO] [stdout] test statement_tokenizer::tests::tokenizer_tests::test_tokenize_variable_declaration_string ... ok
[INFO] [stdout] test statement_tokenizer::tests::tokenizer_tests::test_tokenize_variable_call_string ... ok
[INFO] [stdout] 
[INFO] [stdout] test result: ok. 25 passed; 0 failed; 0 ignored; 0 measured; 0 filtered out; finished in 0.00s
[INFO] [stdout] 
[INFO] [stderr]      Running unittests src/main.rs (/opt/rustwide/target/debug/deps/jist-79719e1f7bee6685)
[INFO] [stdout] 
[INFO] [stdout] running 47 tests
[INFO] [stdout] test compiler::complier_tests::test_operation_divition ... ok
[INFO] [stdout] test compiler::complier_tests::test_operation_multiplication ... ok
[INFO] [stdout] test compiler::complier_tests::test_operation_addition ... ok
[INFO] [stdout] test compiler::complier_tests::test_operation_subtraction ... ok
[INFO] [stdout] test compiler::complier_tests::test_parse_operator_addition ... ok
[INFO] [stdout] test compiler::complier_tests::test_parse_operator_divition ... ok
[INFO] [stdout] test compiler::complier_tests::test_parse_operator_multiplication ... ok
[INFO] [stdout] test compiler::complier_tests::test_parse_operator_subtraction ... ok
[INFO] [stdout] test main_test::test_check_file_extension ... ok
[INFO] [stdout] test main_test::test_check_file_extension_invalid ... ok
[INFO] [stdout] test statement_tokenizer::tests::tokenizer_tests::test_tokenize_function_call ... ok
[INFO] [stdout] test statement_tokenizer::tests::tokenizer_tests::test_tokenize_operation ... ok
[INFO] [stdout] test statement_tokenizer::tests::tokenizer_tests::test_tokenize_collection_assignment_dict ... ok
[INFO] [stdout] test statement_tokenizer::tests::tokenizer_tests::test_tokenize_operation_with_parethisis ... ok
[INFO] [stdout] test statement_tokenizer::tests::tokenizer_tests::test_tokenize_collection_assignment_dict_char_float ... ok
[INFO] [stdout] test statement_tokenizer::tests::tokenizer_tests::test_tokenize_collection_assignment_dict_bool_string ... ok
[INFO] [stdout] test statement_tokenizer::tests::tokenizer_tests::test_tokenize_variable_call_float ... ok
[INFO] [stdout] test statement_tokenizer::tests::tokenizer_tests::test_tokenize_variable_call_boolean ... ok
[INFO] [stdout] test statement_tokenizer::tests::tokenizer_tests::test_tokenize_variable_call_int ... ok
[INFO] [stdout] test statement_tokenizer::tests::tokenizer_tests::test_tokenize_variable_call_string ... ok
[INFO] [stdout] test statement_tokenizer::tests::tokenizer_tests::test_tokenize_variable_call_char ... ok
[INFO] [stdout] test statement_tokenizer::tests::tokenizer_tests::test_tokenize_variable_declaration_char ... ok
[INFO] [stdout] test statement_tokenizer::tests::tokenizer_tests::test_tokenize_variable_declaration_boolean_true ... ok
[INFO] [stdout] test statement_tokenizer::tests::tokenizer_tests::test_tokenize_variable_declaration_string ... ok
[INFO] [stdout] test statement_tokenizer::tests::tokenizer_tests::test_tokenize_variable_declaration_boolean_false ... ok
[INFO] [stdout] test statement_tokenizer::tests::tokenizer_tests::test_tokenize_variable_declaration_float ... ok
[INFO] [stdout] test statement_tokenizer::tests::tokenizer_tests::test_tokenize_variable_declaration_int ... ok
[INFO] [stdout] test test_input_output::test_array_boolean_collection_declaration ... ok
[INFO] [stdout] test test_input_output::test_dict_string_float_collection_declaration ... ok
[INFO] [stdout] test test_input_output::test_array_float_collection_declaration ... ok
[INFO] [stdout] test test_input_output::test_array_int_collection_declaration ... ok
[INFO] [stdout] test test_input_output::test_array_char_collection_declaration ... ok
[INFO] [stdout] test test_input_output::test_bool_variable_declaration ... ok
[INFO] [stdout] test test_input_output::test_char_variable_declaration ... ok
[INFO] [stdout] test test_input_output::test_boolean_variable_declaration ... ok
[INFO] [stdout] test test_input_output::test_dict_int_string_collection_declaration ... ok
[INFO] [stdout] test test_input_output::test_dict_boolean_string_collection_declaration ... ok
[INFO] [stdout] test test_input_output::test_float_variable_declaration ... ok
[INFO] [stdout] test test_input_output::test_dict_float_int_collection_declaration ... ok
[INFO] [stdout] test test_input_output::test_dict_int_char_collection_declaration ... ok
[INFO] [stdout] test test_input_output::test_int_variable_declarations ... ok
[INFO] [stdout] test test_input_output::test_empty_file ... ok
[INFO] [stdout] test test_input_output::test_multi_line_comments ... ok
[INFO] [stdout] test test_input_output::test_variable_reassignment ... ok
[INFO] [stdout] test test_input_output::test_single_line_comments ... ok
[INFO] [stdout] test test_input_output::test_string_variable_declaration ... ok
[INFO] [stdout] test test_input_output::test_file_write ... FAILED
[INFO] [stdout] 
[INFO] [stdout] failures:
[INFO] [stdout] 
[INFO] [stdout] ---- test_input_output::test_file_write stdout ----
[INFO] [stdout] thread 'test_input_output::test_file_write' panicked at /rustc/df4ca44d3fbc9301ee17f30f4d474e6ae4b05252/library/core/src/ops/function.rs:250:5:
[INFO] [stdout] Unexpected failure.
[INFO] [stdout] code=101
[INFO] [stdout] stderr=```<84 lines total>
[INFO] [stdout] ```
[INFO] [stdout] thread \'main\' panicked at src/function_map.rs:57:44:
[INFO] [stdout] called `Result::unwrap()` on an `Err` value: Os { code: 30, kind: ReadOnlyFilesystem, message: \"Read-only file system\" }
[INFO] [stdout] stack backtrace:
[INFO] [stdout]    0:     0x56e75c9154aa - std::backtrace_rs::backtrace::libunwind::trace::h207520d6e9873551
[INFO] [stdout]                                at /rustc/df4ca44d3fbc9301ee17f30f4d474e6ae4b05252/library/std/src/../../backtrace/src/backtrace/libunwind.rs:116:5
[INFO] [stdout]    1:     0x56e75c9154aa - std::backtrace_rs::backtrace::trace_unsynchronized::h2ed7433f370e3eca
[INFO] [stdout]                                at /rustc/df4ca44d3fbc9301ee17f30f4d474e6ae4b05252/library/std/src/../../backtrace/src/backtrace/mod.rs:66:5
[INFO] [stdout]    2:     0x56e75c9154aa - std::sys::backtrace::_print_fmt::h916fac51166b18d7
[INFO] [stdout]                                at /rustc/df4ca44d3fbc9301ee17f30f4d474e6ae4b05252/library/std/src/sys/backtrace.rs:66:9
[INFO] [stdout]    3:     0x56e75c9154aa - <std::sys::backtrace::BacktraceLock::print::DisplayBacktrace as core::fmt::Display>::fmt::ha0a4c9b8ce3802e6
[INFO] [stdout]                                at /rustc/df4ca44d3fbc9301ee17f30f4d474e6ae4b05252/library/std/src/sys/backtrace.rs:39:26
[INFO] [stdout]    4:     0x56e75c93da03 - core::fmt::rt::Argument::fmt::h4cfc8587d52b3eb5
[INFO] [stdout]                                at /rustc/df4ca44d3fbc9301ee17f30f4d474e6ae4b05252/library/core/src/fmt/rt.rs:177:76
[INFO] [stdout]    5:     0x56e75c93da03 - core::fmt::write::h522cc39e5b36ae9f
[INFO] [stdout]                                at /rustc/df4ca44d3fbc9301ee17f30f4d474e6ae4b05252/library/core/src/fmt/mod.rs:1190:21
[INFO] [stdout]    6:     0x56e75c9119c3 - std::io::Write::write_fmt::hf1c1dcc8cc1287f0
[INFO] [stdout]                                at /rustc/df4ca44d3fbc9301ee17f30f4d474e6ae4b05252/library/std/src/io/mod.rs:1839:15
[INFO] [stdout]    7:     0x56e75c9152f2 - std::sys::backtrace::BacktraceLock::print::h4b9e00b29e9c0942
[INFO] [stdout]                                at /rustc/df4ca44d3fbc9301ee17f30f4d474e6ae4b05252/library/std/src/sys/backtrace.rs:42:9
[INFO] [stdout]    8:     0x56e75c9162bc - std::panicking::default_hook::{{closure}}::hb59b88280d0324d9
[INFO] [stdout] ```
[INFO] [stdout] <24 lines omitted>
[INFO] [stdout] ```
[INFO] [stdout]                                at /opt/rustwide/workdir/src/compilers/function.rs:300:22
[INFO] [stdout]   21:     0x56e75c84f16f - jist::compilers::function::parse_function_call::h2b62a2b3ebc1f2ee
[INFO] [stdout]                                at /opt/rustwide/workdir/src/compilers/function.rs:238:26
[INFO] [stdout]   22:     0x56e75c84217b - jist::compiler::compilers::route_to_parser::h019b5e846cd706ae
[INFO] [stdout]                                at /opt/rustwide/workdir/src/compiler.rs:181:34
[INFO] [stdout]   23:     0x56e75c82c3c5 - jist::parse_file::h740bf999dc7e0e9a
[INFO] [stdout]                                at /opt/rustwide/workdir/src/main.rs:320:38
[INFO] [stdout]   24:     0x56e75c82e17c - jist::main::h8aa566e2830bf51a
[INFO] [stdout]                                at /opt/rustwide/workdir/src/main.rs:477:21
[INFO] [stdout]   25:     0x56e75c838a1b - core::ops::function::FnOnce::call_once::h27e806ab44a90533
[INFO] [stdout]                                at /rustc/df4ca44d3fbc9301ee17f30f4d474e6ae4b05252/library/core/src/ops/function.rs:250:5
[INFO] [stdout]   26:     0x56e75c81606e - std::sys::backtrace::__rust_begin_short_backtrace::hf1b6e1a78dcffb72
[INFO] [stdout]                                at /rustc/df4ca44d3fbc9301ee17f30f4d474e6ae4b05252/library/std/src/sys/backtrace.rs:154:18
[INFO] [stdout]   27:     0x56e75c8051c1 - std::rt::lang_start::{{closure}}::h23ac323be9942dae
[INFO] [stdout]                                at /rustc/df4ca44d3fbc9301ee17f30f4d474e6ae4b05252/library/std/src/rt.rs:195:18
[INFO] [stdout]   28:     0x56e75c90d567 - core::ops::function::impls::<impl core::ops::function::FnOnce<A> for &F>::call_once::hd87d66b906e0ccaf
[INFO] [stdout]                                at /rustc/df4ca44d3fbc9301ee17f30f4d474e6ae4b05252/library/core/src/ops/function.rs:284:13
[INFO] [stdout]   29:     0x56e75c90d567 - std::panicking::try::do_call::hae3703de71fc9e3a
[INFO] [stdout]                                at /rustc/df4ca44d3fbc9301ee17f30f4d474e6ae4b05252/library/std/src/panicking.rs:557:40
[INFO] [stdout]   30:     0x56e75c90d567 - std::panicking::try::h1178330e9a2b2645
[INFO] [stdout]                                at /rustc/df4ca44d3fbc9301ee17f30f4d474e6ae4b05252/library/std/src/panicking.rs:520:19
[INFO] [stdout]   31:     0x56e75c90d567 - std::panic::catch_unwind::h0acf49d2305d32ad
[INFO] [stdout]                                at /rustc/df4ca44d3fbc9301ee17f30f4d474e6ae4b05252/library/std/src/panic.rs:358:14
[INFO] [stdout]   32:     0x56e75c90d567 - std::rt::lang_start_internal::{{closure}}::h2d95182d798177be
[INFO] [stdout]                                at /rustc/df4ca44d3fbc9301ee17f30f4d474e6ae4b05252/library/std/src/rt.rs:174:48
[INFO] [stdout]   33:     0x56e75c90d567 - std::panicking::try::do_call::hb506f5bfe11fd30c
[INFO] [stdout]                                at /rustc/df4ca44d3fbc9301ee17f30f4d474e6ae4b05252/library/std/src/panicking.rs:557:40
[INFO] [stdout]   34:     0x56e75c90d567 - std::panicking::try::h54d825c46bd0fa95
[INFO] [stdout]                                at /rustc/df4ca44d3fbc9301ee17f30f4d474e6ae4b05252/library/std/src/panicking.rs:520:19
[INFO] [stdout]   35:     0x56e75c90d567 - std::panic::catch_unwind::hffbb0ad20c4e9fac
[INFO] [stdout]                                at /rustc/df4ca44d3fbc9301ee17f30f4d474e6ae4b05252/library/std/src/panic.rs:358:14
[INFO] [stdout]   36:     0x56e75c90d567 - std::rt::lang_start_internal::h52c291ef1962c925
[INFO] [stdout]                                at /rustc/df4ca44d3fbc9301ee17f30f4d474e6ae4b05252/library/std/src/rt.rs:174:20
[INFO] [stdout]   37:     0x56e75c80519a - std::rt::lang_start::hafc646d94d5fb1d3
[INFO] [stdout]                                at /rustc/df4ca44d3fbc9301ee17f30f4d474e6ae4b05252/library/std/src/rt.rs:194:17
[INFO] [stdout]   38:     0x56e75c82e6ee - main
[INFO] [stdout]   39:     0x739897786d90 - <unknown>
[INFO] [stdout]   40:     0x739897786e40 - __libc_start_main
[INFO] [stdout]   41:     0x56e75c7f9575 - _start
[INFO] [stdout]   42:                0x0 - <unknown>
[INFO] [stdout] ```
[INFO] [stdout] ```
[INFO] [stdout] command=`"/opt/rustwide/target/debug/jist" "test_files/file_write.jist"`
[INFO] [stdout] code=101
[INFO] [stdout] stdout=""
[INFO] [stdout] stderr=<84 lines total>
[INFO] [stdout] ```
[INFO] [stdout] thread \'main\' panicked at src/function_map.rs:57:44:
[INFO] [stdout] called `Result::unwrap()` on an `Err` value: Os { code: 30, kind: ReadOnlyFilesystem, message: \"Read-only file system\" }
[INFO] [stdout] stack backtrace:
[INFO] [stdout]    0:     0x56e75c9154aa - std::backtrace_rs::backtrace::libunwind::trace::h207520d6e9873551
[INFO] [stdout]                                at /rustc/df4ca44d3fbc9301ee17f30f4d474e6ae4b05252/library/std/src/../../backtrace/src/backtrace/libunwind.rs:116:5
[INFO] [stdout]    1:     0x56e75c9154aa - std::backtrace_rs::backtrace::trace_unsynchronized::h2ed7433f370e3eca
[INFO] [stdout]                                at /rustc/df4ca44d3fbc9301ee17f30f4d474e6ae4b05252/library/std/src/../../backtrace/src/backtrace/mod.rs:66:5
[INFO] [stdout]    2:     0x56e75c9154aa - std::sys::backtrace::_print_fmt::h916fac51166b18d7
[INFO] [stdout]                                at /rustc/df4ca44d3fbc9301ee17f30f4d474e6ae4b05252/library/std/src/sys/backtrace.rs:66:9
[INFO] [stdout]    3:     0x56e75c9154aa - <std::sys::backtrace::BacktraceLock::print::DisplayBacktrace as core::fmt::Display>::fmt::ha0a4c9b8ce3802e6
[INFO] [stdout]                                at /rustc/df4ca44d3fbc9301ee17f30f4d474e6ae4b05252/library/std/src/sys/backtrace.rs:39:26
[INFO] [stdout]    4:     0x56e75c93da03 - core::fmt::rt::Argument::fmt::h4cfc8587d52b3eb5
[INFO] [stdout]                                at /rustc/df4ca44d3fbc9301ee17f30f4d474e6ae4b05252/library/core/src/fmt/rt.rs:177:76
[INFO] [stdout]    5:     0x56e75c93da03 - core::fmt::write::h522cc39e5b36ae9f
[INFO] [stdout]                                at /rustc/df4ca44d3fbc9301ee17f30f4d474e6ae4b05252/library/core/src/fmt/mod.rs:1190:21
[INFO] [stdout]    6:     0x56e75c9119c3 - std::io::Write::write_fmt::hf1c1dcc8cc1287f0
[INFO] [stdout]                                at /rustc/df4ca44d3fbc9301ee17f30f4d474e6ae4b05252/library/std/src/io/mod.rs:1839:15
[INFO] [stdout]    7:     0x56e75c9152f2 - std::sys::backtrace::BacktraceLock::print::h4b9e00b29e9c0942
[INFO] [stdout]                                at /rustc/df4ca44d3fbc9301ee17f30f4d474e6ae4b05252/library/std/src/sys/backtrace.rs:42:9
[INFO] [stdout]    8:     0x56e75c9162bc - std::panicking::default_hook::{{closure}}::hb59b88280d0324d9
[INFO] [stdout] ```
[INFO] [stdout] <24 lines omitted>
[INFO] [stdout] ```
[INFO] [stdout]                                at /opt/rustwide/workdir/src/compilers/function.rs:300:22
[INFO] [stdout]   21:     0x56e75c84f16f - jist::compilers::function::parse_function_call::h2b62a2b3ebc1f2ee
[INFO] [stdout]                                at /opt/rustwide/workdir/src/compilers/function.rs:238:26
[INFO] [stdout]   22:     0x56e75c84217b - jist::compiler::compilers::route_to_parser::h019b5e846cd706ae
[INFO] [stdout]                                at /opt/rustwide/workdir/src/compiler.rs:181:34
[INFO] [stdout]   23:     0x56e75c82c3c5 - jist::parse_file::h740bf999dc7e0e9a
[INFO] [stdout]                                at /opt/rustwide/workdir/src/main.rs:320:38
[INFO] [stdout]   24:     0x56e75c82e17c - jist::main::h8aa566e2830bf51a
[INFO] [stdout]                                at /opt/rustwide/workdir/src/main.rs:477:21
[INFO] [stdout]   25:     0x56e75c838a1b - core::ops::function::FnOnce::call_once::h27e806ab44a90533
[INFO] [stdout]                                at /rustc/df4ca44d3fbc9301ee17f30f4d474e6ae4b05252/library/core/src/ops/function.rs:250:5
[INFO] [stdout]   26:     0x56e75c81606e - std::sys::backtrace::__rust_begin_short_backtrace::hf1b6e1a78dcffb72
[INFO] [stdout]                                at /rustc/df4ca44d3fbc9301ee17f30f4d474e6ae4b05252/library/std/src/sys/backtrace.rs:154:18
[INFO] [stdout]   27:     0x56e75c8051c1 - std::rt::lang_start::{{closure}}::h23ac323be9942dae
[INFO] [stdout]                                at /rustc/df4ca44d3fbc9301ee17f30f4d474e6ae4b05252/library/std/src/rt.rs:195:18
[INFO] [stdout]   28:     0x56e75c90d567 - core::ops::function::impls::<impl core::ops::function::FnOnce<A> for &F>::call_once::hd87d66b906e0ccaf
[INFO] [stdout]                                at /rustc/df4ca44d3fbc9301ee17f30f4d474e6ae4b05252/library/core/src/ops/function.rs:284:13
[INFO] [stdout]   29:     0x56e75c90d567 - std::panicking::try::do_call::hae3703de71fc9e3a
[INFO] [stdout]                                at /rustc/df4ca44d3fbc9301ee17f30f4d474e6ae4b05252/library/std/src/panicking.rs:557:40
[INFO] [stdout]   30:     0x56e75c90d567 - std::panicking::try::h1178330e9a2b2645
[INFO] [stdout]                                at /rustc/df4ca44d3fbc9301ee17f30f4d474e6ae4b05252/library/std/src/panicking.rs:520:19
[INFO] [stdout]   31:     0x56e75c90d567 - std::panic::catch_unwind::h0acf49d2305d32ad
[INFO] [stdout]                                at /rustc/df4ca44d3fbc9301ee17f30f4d474e6ae4b05252/library/std/src/panic.rs:358:14
[INFO] [stdout]   32:     0x56e75c90d567 - std::rt::lang_start_internal::{{closure}}::h2d95182d798177be
[INFO] [stdout]                                at /rustc/df4ca44d3fbc9301ee17f30f4d474e6ae4b05252/library/std/src/rt.rs:174:48
[INFO] [stdout]   33:     0x56e75c90d567 - std::panicking::try::do_call::hb506f5bfe11fd30c
[INFO] [stdout]                                at /rustc/df4ca44d3fbc9301ee17f30f4d474e6ae4b05252/library/std/src/panicking.rs:557:40
[INFO] [stdout]   34:     0x56e75c90d567 - std::panicking::try::h54d825c46bd0fa95
[INFO] [stdout]                                at /rustc/df4ca44d3fbc9301ee17f30f4d474e6ae4b05252/library/std/src/panicking.rs:520:19
[INFO] [stdout]   35:     0x56e75c90d567 - std::panic::catch_unwind::hffbb0ad20c4e9fac
[INFO] [stdout]                                at /rustc/df4ca44d3fbc9301ee17f30f4d474e6ae4b05252/library/std/src/panic.rs:358:14
[INFO] [stdout]   36:     0x56e75c90d567 - std::rt::lang_start_internal::h52c291ef1962c925
[INFO] [stdout]                                at /rustc/df4ca44d3fbc9301ee17f30f4d474e6ae4b05252/library/std/src/rt.rs:174:20
[INFO] [stdout]   37:     0x56e75c80519a - std::rt::lang_start::hafc646d94d5fb1d3
[INFO] [stdout]                                at /rustc/df4ca44d3fbc9301ee17f30f4d474e6ae4b05252/library/std/src/rt.rs:194:17
[INFO] [stdout]   38:     0x56e75c82e6ee - main
[INFO] [stdout]   39:     0x739897786d90 - <unknown>
[INFO] [stdout]   40:     0x739897786e40 - __libc_start_main
[INFO] [stdout]   41:     0x56e75c7f9575 - _start
[INFO] [stdout]   42:                0x0 - <unknown>
[INFO] [stdout] ```
[INFO] [stdout] 
[INFO] [stdout] 
[INFO] [stdout] stack backtrace:
[INFO] [stdout]    0:     0x573a654402da - std::backtrace_rs::backtrace::libunwind::trace::h207520d6e9873551
[INFO] [stdout]                                at /rustc/df4ca44d3fbc9301ee17f30f4d474e6ae4b05252/library/std/src/../../backtrace/src/backtrace/libunwind.rs:116:5
[INFO] [stdout]    1:     0x573a654402da - std::backtrace_rs::backtrace::trace_unsynchronized::h2ed7433f370e3eca
[INFO] [stdout]                                at /rustc/df4ca44d3fbc9301ee17f30f4d474e6ae4b05252/library/std/src/../../backtrace/src/backtrace/mod.rs:66:5
[INFO] [stdout]    2:     0x573a654402da - std::sys::backtrace::_print_fmt::h916fac51166b18d7
[INFO] [stdout]                                at /rustc/df4ca44d3fbc9301ee17f30f4d474e6ae4b05252/library/std/src/sys/backtrace.rs:66:9
[INFO] [stdout]    3:     0x573a654402da - <std::sys::backtrace::BacktraceLock::print::DisplayBacktrace as core::fmt::Display>::fmt::ha0a4c9b8ce3802e6
[INFO] [stdout]                                at /rustc/df4ca44d3fbc9301ee17f30f4d474e6ae4b05252/library/std/src/sys/backtrace.rs:39:26
[INFO] [stdout]    4:     0x573a6546a343 - core::fmt::rt::Argument::fmt::h4cfc8587d52b3eb5
[INFO] [stdout]                                at /rustc/df4ca44d3fbc9301ee17f30f4d474e6ae4b05252/library/core/src/fmt/rt.rs:177:76
[INFO] [stdout]    5:     0x573a6546a343 - core::fmt::write::h522cc39e5b36ae9f
[INFO] [stdout]                                at /rustc/df4ca44d3fbc9301ee17f30f4d474e6ae4b05252/library/core/src/fmt/mod.rs:1190:21
[INFO] [stdout]    6:     0x573a6543c7d3 - std::io::Write::write_fmt::h7d3c26752da97734
[INFO] [stdout]                                at /rustc/df4ca44d3fbc9301ee17f30f4d474e6ae4b05252/library/std/src/io/mod.rs:1839:15
[INFO] [stdout]    7:     0x573a65440122 - std::sys::backtrace::BacktraceLock::print::h4b9e00b29e9c0942
[INFO] [stdout]                                at /rustc/df4ca44d3fbc9301ee17f30f4d474e6ae4b05252/library/std/src/sys/backtrace.rs:42:9
[INFO] [stdout]    8:     0x573a654417ea - std::panicking::default_hook::{{closure}}::hb59b88280d0324d9
[INFO] [stdout]                                at /rustc/df4ca44d3fbc9301ee17f30f4d474e6ae4b05252/library/std/src/panicking.rs:268:22
[INFO] [stdout]    9:     0x573a654415f4 - std::panicking::default_hook::he1dd496665be4a29
[INFO] [stdout]                                at /rustc/df4ca44d3fbc9301ee17f30f4d474e6ae4b05252/library/std/src/panicking.rs:292:9
[INFO] [stdout]   10:     0x573a653b5e59 - <alloc::boxed::Box<F,A> as core::ops::function::Fn<Args>>::call::h4ff71de18744e1dc
[INFO] [stdout]                                at /rustc/df4ca44d3fbc9301ee17f30f4d474e6ae4b05252/library/alloc/src/boxed.rs:2468:9
[INFO] [stdout]   11:     0x573a653b5e59 - test::test_main::{{closure}}::hcf7c055ce117aa81
[INFO] [stdout]                                at /rustc/df4ca44d3fbc9301ee17f30f4d474e6ae4b05252/library/test/src/lib.rs:133:21
[INFO] [stdout]   12:     0x573a65441ee8 - <alloc::boxed::Box<F,A> as core::ops::function::Fn<Args>>::call::h1d66c6bbd60c9692
[INFO] [stdout]                                at /rustc/df4ca44d3fbc9301ee17f30f4d474e6ae4b05252/library/alloc/src/boxed.rs:2468:9
[INFO] [stdout]   13:     0x573a65441ee8 - std::panicking::rust_panic_with_hook::h2ff17fe8f26dfcf8
[INFO] [stdout]                                at /rustc/df4ca44d3fbc9301ee17f30f4d474e6ae4b05252/library/std/src/panicking.rs:809:13
[INFO] [stdout]   14:     0x573a65441caa - std::panicking::begin_panic_handler::{{closure}}::h4fad77951c07e101
[INFO] [stdout]                                at /rustc/df4ca44d3fbc9301ee17f30f4d474e6ae4b05252/library/std/src/panicking.rs:674:13
[INFO] [stdout]   15:     0x573a654407b9 - std::sys::backtrace::__rust_end_short_backtrace::hb1a25b3da5d0ea08
[INFO] [stdout]                                at /rustc/df4ca44d3fbc9301ee17f30f4d474e6ae4b05252/library/std/src/sys/backtrace.rs:170:18
[INFO] [stdout]   16:     0x573a6544193c - rust_begin_unwind
[INFO] [stdout]                                at /rustc/df4ca44d3fbc9301ee17f30f4d474e6ae4b05252/library/std/src/panicking.rs:665:5
[INFO] [stdout]   17:     0x573a65468080 - core::panicking::panic_fmt::ha9db07b529f9b256
[INFO] [stdout]                                at /rustc/df4ca44d3fbc9301ee17f30f4d474e6ae4b05252/library/core/src/panicking.rs:75:14
[INFO] [stdout]   18:     0x573a653c5f23 - core::panicking::panic_display::h5e6469d8a9006590
[INFO] [stdout]                                at /rustc/df4ca44d3fbc9301ee17f30f4d474e6ae4b05252/library/core/src/panicking.rs:273:5
[INFO] [stdout]   19:     0x573a653da21e - assert_cmd::assert::AssertError::panic::panic_cold_display::he0d94870dcd042ae
[INFO] [stdout]                                at /rustc/df4ca44d3fbc9301ee17f30f4d474e6ae4b05252/library/core/src/panic.rs:100:13
[INFO] [stdout]   20:     0x573a653d9b17 - assert_cmd::assert::AssertError::panic::h53fd8fd695b1d1f9
[INFO] [stdout]                                at /opt/rustwide/cargo-home/registry/src/index.crates.io-6f17d22bba15001f/assert_cmd-2.0.16/src/assert.rs:1033:9
[INFO] [stdout]   21:     0x573a653d0e47 - core::ops::function::FnOnce::call_once::hc3df1d376c49d3b1
[INFO] [stdout]                                at /rustc/df4ca44d3fbc9301ee17f30f4d474e6ae4b05252/library/core/src/ops/function.rs:250:5
[INFO] [stdout]   22:     0x573a653c5890 - core::result::Result<T,E>::unwrap_or_else::h7252019eb22f74a9
[INFO] [stdout]                                at /rustc/df4ca44d3fbc9301ee17f30f4d474e6ae4b05252/library/core/src/result.rs:1457:23
[INFO] [stdout]   23:     0x573a653d8c06 - assert_cmd::assert::Assert::success::hac15b902cd80a5fd
[INFO] [stdout]                                at /opt/rustwide/cargo-home/registry/src/index.crates.io-6f17d22bba15001f/assert_cmd-2.0.16/src/assert.rs:158:9
[INFO] [stdout]   24:     0x573a65353818 - jist::test_input_output::run_jist_command::h7beb8b4ccc024af6
[INFO] [stdout]                                at /opt/rustwide/workdir/src/main.rs:520:9
[INFO] [stdout]   25:     0x573a65360c91 - jist::test_input_output::test_file_write::h6af05b773afd4ff5
[INFO] [stdout]                                at /opt/rustwide/workdir/src/main.rs:789:9
[INFO] [stdout]   26:     0x573a65360c37 - jist::test_input_output::test_file_write::{{closure}}::h1ee8e7fc574e8cf1
[INFO] [stdout]                                at /opt/rustwide/workdir/src/main.rs:787:25
[INFO] [stdout]   27:     0x573a653623d6 - core::ops::function::FnOnce::call_once::h842a7987283b2bbc
[INFO] [stdout]                                at /rustc/df4ca44d3fbc9301ee17f30f4d474e6ae4b05252/library/core/src/ops/function.rs:250:5
[INFO] [stdout]   28:     0x573a653ba72b - core::ops::function::FnOnce::call_once::h22c3ba5715e93f05
[INFO] [stdout]                                at /rustc/df4ca44d3fbc9301ee17f30f4d474e6ae4b05252/library/core/src/ops/function.rs:250:5
[INFO] [stdout]   29:     0x573a653ba72b - test::__rust_begin_short_backtrace::h8e82d8113d0da17f
[INFO] [stdout]                                at /rustc/df4ca44d3fbc9301ee17f30f4d474e6ae4b05252/library/test/src/lib.rs:621:18
[INFO] [stdout]   30:     0x573a653ba0a7 - test::run_test_in_process::{{closure}}::h33235f4f20b7b7c7
[INFO] [stdout]                                at /rustc/df4ca44d3fbc9301ee17f30f4d474e6ae4b05252/library/test/src/lib.rs:644:60
[INFO] [stdout]   31:     0x573a653ba0a7 - <core::panic::unwind_safe::AssertUnwindSafe<F> as core::ops::function::FnOnce<()>>::call_once::hb5043206310c586f
[INFO] [stdout]                                at /rustc/df4ca44d3fbc9301ee17f30f4d474e6ae4b05252/library/core/src/panic/unwind_safe.rs:272:9
[INFO] [stdout]   32:     0x573a653ba0a7 - std::panicking::try::do_call::h9ad4731a60ab23e2
[INFO] [stdout]                                at /rustc/df4ca44d3fbc9301ee17f30f4d474e6ae4b05252/library/std/src/panicking.rs:557:40
[INFO] [stdout]   33:     0x573a653ba0a7 - std::panicking::try::h3824d23db772a716
[INFO] [stdout]                                at /rustc/df4ca44d3fbc9301ee17f30f4d474e6ae4b05252/library/std/src/panicking.rs:520:19
[INFO] [stdout]   34:     0x573a653ba0a7 - std::panic::catch_unwind::h5afd514605fde46b
[INFO] [stdout]                                at /rustc/df4ca44d3fbc9301ee17f30f4d474e6ae4b05252/library/std/src/panic.rs:358:14
[INFO] [stdout]   35:     0x573a653ba0a7 - test::run_test_in_process::h0d5cbfa7067d1720
[INFO] [stdout]                                at /rustc/df4ca44d3fbc9301ee17f30f4d474e6ae4b05252/library/test/src/lib.rs:644:27
[INFO] [stdout]   36:     0x573a653ba0a7 - test::run_test::{{closure}}::h708eb8872708115d
[INFO] [stdout]                                at /rustc/df4ca44d3fbc9301ee17f30f4d474e6ae4b05252/library/test/src/lib.rs:565:43
[INFO] [stdout]   37:     0x573a6537d7c4 - test::run_test::{{closure}}::h392c51cee94713ab
[INFO] [stdout]                                at /rustc/df4ca44d3fbc9301ee17f30f4d474e6ae4b05252/library/test/src/lib.rs:595:41
[INFO] [stdout]   38:     0x573a6537d7c4 - std::sys::backtrace::__rust_begin_short_backtrace::h2f40290710935a8b
[INFO] [stdout]                                at /rustc/df4ca44d3fbc9301ee17f30f4d474e6ae4b05252/library/std/src/sys/backtrace.rs:154:18
[INFO] [stdout]   39:     0x573a65380f6e - std::thread::Builder::spawn_unchecked_::{{closure}}::{{closure}}::h3fd968d89053a903
[INFO] [stdout]                                at /rustc/df4ca44d3fbc9301ee17f30f4d474e6ae4b05252/library/std/src/thread/mod.rs:541:17
[INFO] [stdout]   40:     0x573a65380f6e - <core::panic::unwind_safe::AssertUnwindSafe<F> as core::ops::function::FnOnce<()>>::call_once::h743f637ba4229880
[INFO] [stdout]                                at /rustc/df4ca44d3fbc9301ee17f30f4d474e6ae4b05252/library/core/src/panic/unwind_safe.rs:272:9
[INFO] [stdout]   41:     0x573a65380f6e - std::panicking::try::do_call::h07440897322525a6
[INFO] [stdout]                                at /rustc/df4ca44d3fbc9301ee17f30f4d474e6ae4b05252/library/std/src/panicking.rs:557:40
[INFO] [stdout]   42:     0x573a65380f6e - std::panicking::try::he5a2e00188156637
[INFO] [stdout]                                at /rustc/df4ca44d3fbc9301ee17f30f4d474e6ae4b05252/library/std/src/panicking.rs:520:19
[INFO] [stdout]   43:     0x573a65380f6e - std::panic::catch_unwind::hbaf3cae49b3c6433
[INFO] [stdout]                                at /rustc/df4ca44d3fbc9301ee17f30f4d474e6ae4b05252/library/std/src/panic.rs:358:14
[INFO] [stdout]   44:     0x573a65380f6e - std::thread::Builder::spawn_unchecked_::{{closure}}::h8e141ea224820bce
[INFO] [stdout]                                at /rustc/df4ca44d3fbc9301ee17f30f4d474e6ae4b05252/library/std/src/thread/mod.rs:540:30
[INFO] [stdout]   45:     0x573a65380f6e - core::ops::function::FnOnce::call_once{{vtable.shim}}::h90d312fedd7b8ea8
[INFO] [stdout]                                at /rustc/df4ca44d3fbc9301ee17f30f4d474e6ae4b05252/library/core/src/ops/function.rs:250:5
[INFO] [stdout]   46:     0x573a6544683b - <alloc::boxed::Box<F,A> as core::ops::function::FnOnce<Args>>::call_once::h69aa08ddb6adb8b6
[INFO] [stdout]                                at /rustc/df4ca44d3fbc9301ee17f30f4d474e6ae4b05252/library/alloc/src/boxed.rs:2454:9
[INFO] [stdout]   47:     0x573a6544683b - <alloc::boxed::Box<F,A> as core::ops::function::FnOnce<Args>>::call_once::h5aa36efdb79c806f
[INFO] [stdout]                                at /rustc/df4ca44d3fbc9301ee17f30f4d474e6ae4b05252/library/alloc/src/boxed.rs:2454:9
[INFO] [stdout]   48:     0x573a6544683b - std::sys::pal::unix::thread::Thread::new::thread_start::h6cd80a1b4be5158d
[INFO] [stdout]                                at /rustc/df4ca44d3fbc9301ee17f30f4d474e6ae4b05252/library/std/src/sys/pal/unix/thread.rs:105:17
[INFO] [stdout]   49:     0x7fddb436cac3 - <unknown>
[INFO] [stdout]   50:     0x7fddb43fda04 - clone
[INFO] [stdout]   51:                0x0 - <unknown>
[INFO] [stdout] 
[INFO] [stdout] 
[INFO] [stdout] failures:
[INFO] [stdout]     test_input_output::test_file_write
[INFO] [stdout] 
[INFO] [stdout] test result: FAILED. 46 passed; 1 failed; 0 ignored; 0 measured; 0 filtered out; finished in 0.05s
[INFO] [stdout] 
[INFO] [stderr] error: test failed, to rerun pass `--bin jist`
[INFO] running `Command { std: "docker" "inspect" "368f44de99be6fa2dfb0c514b19ca81e2f7400734a5054826e61ce05507a2248", kill_on_drop: false }`
[INFO] running `Command { std: "docker" "rm" "-f" "368f44de99be6fa2dfb0c514b19ca81e2f7400734a5054826e61ce05507a2248", kill_on_drop: false }`
[INFO] [stdout] 368f44de99be6fa2dfb0c514b19ca81e2f7400734a5054826e61ce05507a2248
