[INFO] fetching crate jid-gst-meet 0.9.3...
[INFO] testing jid-gst-meet-0.9.3 against nightly-2024-10-28 for randomize-layout
[INFO] extracting crate jid-gst-meet 0.9.3 into /workspace/builds/worker-7-tc1/source
[INFO] validating manifest of crates.io crate jid-gst-meet 0.9.3 on toolchain nightly-2024-10-28
[INFO] running `Command { std: CARGO_HOME="/workspace/cargo-home" RUSTUP_HOME="/workspace/rustup-home" "/workspace/cargo-home/bin/cargo" "+nightly-2024-10-28" "metadata" "--manifest-path" "Cargo.toml" "--no-deps", kill_on_drop: false }`
[INFO] started tweaking crates.io crate jid-gst-meet 0.9.3
[INFO] finished tweaking crates.io crate jid-gst-meet 0.9.3
[INFO] tweaked toml for crates.io crate jid-gst-meet 0.9.3 written to /workspace/builds/worker-7-tc1/source/Cargo.toml
[INFO] running `Command { std: CARGO_HOME="/workspace/cargo-home" RUSTUP_HOME="/workspace/rustup-home" "/workspace/cargo-home/bin/cargo" "+nightly-2024-10-28" "generate-lockfile" "--manifest-path" "Cargo.toml", kill_on_drop: false }`
[INFO] [stderr]     Updating crates.io index
[INFO] [stderr]      Locking 9 packages to latest compatible versions
[INFO] running `Command { std: CARGO_HOME="/workspace/cargo-home" RUSTUP_HOME="/workspace/rustup-home" "/workspace/cargo-home/bin/cargo" "+nightly-2024-10-28" "fetch" "--manifest-path" "Cargo.toml", kill_on_drop: false }`
[INFO] [stderr]  Downloading crates ...
[INFO] [stderr]   Downloaded minidom-gst-meet v0.13.0
[INFO] [stderr]   Downloaded quick-xml v0.20.0
[INFO] running `Command { std: "docker" "create" "-v" "/var/lib/crater-agent-workspace/builds/worker-7-tc1/target:/opt/rustwide/target:rw,Z" "-v" "/var/lib/crater-agent-workspace/builds/worker-7-tc1/source:/opt/rustwide/workdir:ro,Z" "-v" "/var/lib/crater-agent-workspace/cargo-home:/opt/rustwide/cargo-home:ro,Z" "-v" "/var/lib/crater-agent-workspace/rustup-home:/opt/rustwide/rustup-home:ro,Z" "-e" "SOURCE_DIR=/opt/rustwide/workdir" "-e" "CARGO_TARGET_DIR=/opt/rustwide/target" "-e" "CARGO_HOME=/opt/rustwide/cargo-home" "-e" "RUSTUP_HOME=/opt/rustwide/rustup-home" "-w" "/opt/rustwide/workdir" "-m" "1610612736" "--user" "0:0" "--network" "none" "ghcr.io/rust-lang/crates-build-env/linux@sha256:4a844ea9eb2546a2d2c7022eacef16ef2e8229c7fbb2c7d4d55a9ceca922f72d" "/opt/rustwide/cargo-home/bin/cargo" "+nightly-2024-10-28" "metadata" "--no-deps" "--format-version=1", kill_on_drop: false }`
[INFO] [stdout] 6499273327b10628e585db492b80422e1d0b1f9da1128265a7eab01872dacc88
[INFO] running `Command { std: "docker" "start" "-a" "6499273327b10628e585db492b80422e1d0b1f9da1128265a7eab01872dacc88", kill_on_drop: false }`
[INFO] running `Command { std: "docker" "inspect" "6499273327b10628e585db492b80422e1d0b1f9da1128265a7eab01872dacc88", kill_on_drop: false }`
[INFO] running `Command { std: "docker" "rm" "-f" "6499273327b10628e585db492b80422e1d0b1f9da1128265a7eab01872dacc88", kill_on_drop: false }`
[INFO] [stdout] 6499273327b10628e585db492b80422e1d0b1f9da1128265a7eab01872dacc88
[INFO] running `Command { std: "docker" "create" "-v" "/var/lib/crater-agent-workspace/builds/worker-7-tc1/target:/opt/rustwide/target:rw,Z" "-v" "/var/lib/crater-agent-workspace/builds/worker-7-tc1/source:/opt/rustwide/workdir:ro,Z" "-v" "/var/lib/crater-agent-workspace/cargo-home:/opt/rustwide/cargo-home:ro,Z" "-v" "/var/lib/crater-agent-workspace/rustup-home:/opt/rustwide/rustup-home:ro,Z" "-e" "SOURCE_DIR=/opt/rustwide/workdir" "-e" "CARGO_TARGET_DIR=/opt/rustwide/target" "-e" "CARGO_INCREMENTAL=0" "-e" "RUST_BACKTRACE=full" "-e" "RUSTFLAGS=--cap-lints=forbid" "-e" "RUSTDOCFLAGS=--cap-lints=forbid" "-e" "CARGO_HOME=/opt/rustwide/cargo-home" "-e" "RUSTUP_HOME=/opt/rustwide/rustup-home" "-w" "/opt/rustwide/workdir" "-m" "1610612736" "--user" "0:0" "--network" "none" "ghcr.io/rust-lang/crates-build-env/linux@sha256:4a844ea9eb2546a2d2c7022eacef16ef2e8229c7fbb2c7d4d55a9ceca922f72d" "/opt/rustwide/cargo-home/bin/cargo" "+nightly-2024-10-28" "build" "--frozen" "--message-format=json", kill_on_drop: false }`
[INFO] [stdout] 66859fce50ea53225871c72216ce14bb0d7b7c202e5f5df95fd288fd2a48b400
[INFO] running `Command { std: "docker" "start" "-a" "66859fce50ea53225871c72216ce14bb0d7b7c202e5f5df95fd288fd2a48b400", kill_on_drop: false }`
[INFO] [stderr]    Compiling jid-gst-meet v0.9.3 (/opt/rustwide/workdir)
[INFO] [stderr]     Finished `dev` profile [unoptimized + debuginfo] target(s) in 0.13s
[INFO] running `Command { std: "docker" "inspect" "66859fce50ea53225871c72216ce14bb0d7b7c202e5f5df95fd288fd2a48b400", kill_on_drop: false }`
[INFO] running `Command { std: "docker" "rm" "-f" "66859fce50ea53225871c72216ce14bb0d7b7c202e5f5df95fd288fd2a48b400", kill_on_drop: false }`
[INFO] [stdout] 66859fce50ea53225871c72216ce14bb0d7b7c202e5f5df95fd288fd2a48b400
[INFO] running `Command { std: "docker" "create" "-v" "/var/lib/crater-agent-workspace/builds/worker-7-tc1/target:/opt/rustwide/target:rw,Z" "-v" "/var/lib/crater-agent-workspace/builds/worker-7-tc1/source:/opt/rustwide/workdir:ro,Z" "-v" "/var/lib/crater-agent-workspace/cargo-home:/opt/rustwide/cargo-home:ro,Z" "-v" "/var/lib/crater-agent-workspace/rustup-home:/opt/rustwide/rustup-home:ro,Z" "-e" "SOURCE_DIR=/opt/rustwide/workdir" "-e" "CARGO_TARGET_DIR=/opt/rustwide/target" "-e" "CARGO_INCREMENTAL=0" "-e" "RUST_BACKTRACE=full" "-e" "RUSTFLAGS=--cap-lints=forbid" "-e" "RUSTDOCFLAGS=--cap-lints=forbid" "-e" "CARGO_HOME=/opt/rustwide/cargo-home" "-e" "RUSTUP_HOME=/opt/rustwide/rustup-home" "-w" "/opt/rustwide/workdir" "-m" "1610612736" "--user" "0:0" "--network" "none" "ghcr.io/rust-lang/crates-build-env/linux@sha256:4a844ea9eb2546a2d2c7022eacef16ef2e8229c7fbb2c7d4d55a9ceca922f72d" "/opt/rustwide/cargo-home/bin/cargo" "+nightly-2024-10-28" "test" "--frozen" "--no-run" "--message-format=json", kill_on_drop: false }`
[INFO] [stdout] aaa2c65ccb23037a45b657760eea29025e0d91cb49ff580c7acc34075748ecc8
[INFO] running `Command { std: "docker" "start" "-a" "aaa2c65ccb23037a45b657760eea29025e0d91cb49ff580c7acc34075748ecc8", kill_on_drop: false }`
[INFO] [stderr]    Compiling jid-gst-meet v0.9.3 (/opt/rustwide/workdir)
[INFO] [stderr]     Finished `test` profile [unoptimized + debuginfo] target(s) in 0.30s
[INFO] running `Command { std: "docker" "inspect" "aaa2c65ccb23037a45b657760eea29025e0d91cb49ff580c7acc34075748ecc8", kill_on_drop: false }`
[INFO] running `Command { std: "docker" "rm" "-f" "aaa2c65ccb23037a45b657760eea29025e0d91cb49ff580c7acc34075748ecc8", kill_on_drop: false }`
[INFO] [stdout] aaa2c65ccb23037a45b657760eea29025e0d91cb49ff580c7acc34075748ecc8
[INFO] running `Command { std: "docker" "create" "-v" "/var/lib/crater-agent-workspace/builds/worker-7-tc1/target:/opt/rustwide/target:rw,Z" "-v" "/var/lib/crater-agent-workspace/builds/worker-7-tc1/source:/opt/rustwide/workdir:ro,Z" "-v" "/var/lib/crater-agent-workspace/cargo-home:/opt/rustwide/cargo-home:ro,Z" "-v" "/var/lib/crater-agent-workspace/rustup-home:/opt/rustwide/rustup-home:ro,Z" "-e" "SOURCE_DIR=/opt/rustwide/workdir" "-e" "CARGO_TARGET_DIR=/opt/rustwide/target" "-e" "CARGO_INCREMENTAL=0" "-e" "RUST_BACKTRACE=full" "-e" "RUSTFLAGS=--cap-lints=forbid" "-e" "RUSTDOCFLAGS=--cap-lints=forbid" "-e" "CARGO_HOME=/opt/rustwide/cargo-home" "-e" "RUSTUP_HOME=/opt/rustwide/rustup-home" "-w" "/opt/rustwide/workdir" "-m" "1610612736" "--user" "0:0" "--network" "none" "ghcr.io/rust-lang/crates-build-env/linux@sha256:4a844ea9eb2546a2d2c7022eacef16ef2e8229c7fbb2c7d4d55a9ceca922f72d" "/opt/rustwide/cargo-home/bin/cargo" "+nightly-2024-10-28" "test" "--frozen", kill_on_drop: false }`
[INFO] [stdout] 06e0ba4c6ed0cc01b401d2a27b94c1a4e3a2b7ba27fc92275710dd364fd48864
[INFO] running `Command { std: "docker" "start" "-a" "06e0ba4c6ed0cc01b401d2a27b94c1a4e3a2b7ba27fc92275710dd364fd48864", kill_on_drop: false }`
[INFO] [stderr]     Finished `test` profile [unoptimized + debuginfo] target(s) in 0.01s
[INFO] [stderr]      Running unittests src/lib.rs (/opt/rustwide/target/debug/deps/jid_gst_meet-2a16eabf9d9964f9)
[INFO] [stdout] 
[INFO] [stdout] running 12 tests
[INFO] [stdout] test tests::can_parse_bare_jids ... ok
[INFO] [stdout] test tests::can_parse_full_jids ... ok
[INFO] [stdout] test tests::can_parse_jids ... ok
[INFO] [stdout] test tests::bare_to_full_jid ... ok
[INFO] [stdout] test tests::display_jids ... ok
[INFO] [stdout] test tests::domain_from_jid ... ok
[INFO] [stdout] test tests::hash ... ok
[INFO] [stdout] test tests::invalid_jids ... ok
[INFO] [stdout] test tests::full_to_bare_jid ... ok
[INFO] [stdout] test tests::jid_to_full_bare ... ok
[INFO] [stdout] test tests::node_from_jid ... ok
[INFO] [stdout] test tests::serialise ... ok
[INFO] [stdout] 
[INFO] [stdout] test result: ok. 12 passed; 0 failed; 0 ignored; 0 measured; 0 filtered out; finished in 0.00s
[INFO] [stdout] 
[INFO] [stderr]    Doc-tests jid_gst_meet
[INFO] [stdout] 
[INFO] [stdout] running 9 tests
[INFO] [stdout] test src/lib.rs - FullJid::with_domain (line 488) ... FAILED
[INFO] [stdout] test src/lib.rs - FullJid::with_resource (line 514) ... FAILED
[INFO] [stdout] test src/lib.rs - BareJid::domain (line 581) ... FAILED
[INFO] [stdout] test src/lib.rs - BareJid::with_node (line 603) ... FAILED
[INFO] [stdout] test src/lib.rs - BareJid::new (line 556) ... FAILED
[INFO] [stdout] test src/lib.rs - BareJid::with_domain (line 628) ... FAILED
[INFO] [stdout] test src/lib.rs - BareJid::with_resource (line 653) ... FAILED
[INFO] [stdout] test src/lib.rs - FullJid::new (line 436) ... FAILED
[INFO] [stdout] test src/lib.rs - FullJid::with_node (line 462) ... FAILED
[INFO] [stdout] 
[INFO] [stdout] failures:
[INFO] [stdout] 
[INFO] [stdout] ---- src/lib.rs - FullJid::with_domain (line 488) stdout ----
[INFO] [stdout] error[E0432]: unresolved import `jid`
[INFO] [stdout]  --> src/lib.rs:489:5
[INFO] [stdout]   |
[INFO] [stdout] 3 | use jid::FullJid;
[INFO] [stdout]   |     ^^^ use of undeclared crate or module `jid`
[INFO] [stdout] 
[INFO] [stdout] error: aborting due to 1 previous error
[INFO] [stdout] 
[INFO] [stdout] For more information about this error, try `rustc --explain E0432`.
[INFO] [stdout] Couldn't compile the test.
[INFO] [stdout] ---- src/lib.rs - FullJid::with_resource (line 514) stdout ----
[INFO] [stdout] error[E0432]: unresolved import `jid`
[INFO] [stdout]  --> src/lib.rs:515:5
[INFO] [stdout]   |
[INFO] [stdout] 3 | use jid::FullJid;
[INFO] [stdout]   |     ^^^ use of undeclared crate or module `jid`
[INFO] [stdout] 
[INFO] [stdout] error: aborting due to 1 previous error
[INFO] [stdout] 
[INFO] [stdout] For more information about this error, try `rustc --explain E0432`.
[INFO] [stdout] Couldn't compile the test.
[INFO] [stdout] ---- src/lib.rs - BareJid::domain (line 581) stdout ----
[INFO] [stdout] error[E0432]: unresolved import `jid`
[INFO] [stdout]  --> src/lib.rs:582:5
[INFO] [stdout]   |
[INFO] [stdout] 3 | use jid::BareJid;
[INFO] [stdout]   |     ^^^ use of undeclared crate or module `jid`
[INFO] [stdout] 
[INFO] [stdout] error: aborting due to 1 previous error
[INFO] [stdout] 
[INFO] [stdout] For more information about this error, try `rustc --explain E0432`.
[INFO] [stdout] Couldn't compile the test.
[INFO] [stdout] ---- src/lib.rs - BareJid::with_node (line 603) stdout ----
[INFO] [stdout] error[E0432]: unresolved import `jid`
[INFO] [stdout]  --> src/lib.rs:604:5
[INFO] [stdout]   |
[INFO] [stdout] 3 | use jid::BareJid;
[INFO] [stdout]   |     ^^^ use of undeclared crate or module `jid`
[INFO] [stdout] 
[INFO] [stdout] error: aborting due to 1 previous error
[INFO] [stdout] 
[INFO] [stdout] For more information about this error, try `rustc --explain E0432`.
[INFO] [stdout] Couldn't compile the test.
[INFO] [stdout] ---- src/lib.rs - BareJid::new (line 556) stdout ----
[INFO] [stdout] error[E0432]: unresolved import `jid`
[INFO] [stdout]  --> src/lib.rs:557:5
[INFO] [stdout]   |
[INFO] [stdout] 3 | use jid::BareJid;
[INFO] [stdout]   |     ^^^ use of undeclared crate or module `jid`
[INFO] [stdout] 
[INFO] [stdout] error: aborting due to 1 previous error
[INFO] [stdout] 
[INFO] [stdout] For more information about this error, try `rustc --explain E0432`.
[INFO] [stdout] Couldn't compile the test.
[INFO] [stdout] ---- src/lib.rs - BareJid::with_domain (line 628) stdout ----
[INFO] [stdout] error[E0432]: unresolved import `jid`
[INFO] [stdout]  --> src/lib.rs:629:5
[INFO] [stdout]   |
[INFO] [stdout] 3 | use jid::BareJid;
[INFO] [stdout]   |     ^^^ use of undeclared crate or module `jid`
[INFO] [stdout] 
[INFO] [stdout] error: aborting due to 1 previous error
[INFO] [stdout] 
[INFO] [stdout] For more information about this error, try `rustc --explain E0432`.
[INFO] [stdout] Couldn't compile the test.
[INFO] [stdout] ---- src/lib.rs - BareJid::with_resource (line 653) stdout ----
[INFO] [stdout] error[E0432]: unresolved import `jid`
[INFO] [stdout]  --> src/lib.rs:654:5
[INFO] [stdout]   |
[INFO] [stdout] 3 | use jid::BareJid;
[INFO] [stdout]   |     ^^^ use of undeclared crate or module `jid`
[INFO] [stdout] 
[INFO] [stdout] error: aborting due to 1 previous error
[INFO] [stdout] 
[INFO] [stdout] For more information about this error, try `rustc --explain E0432`.
[INFO] [stdout] Couldn't compile the test.
[INFO] [stdout] ---- src/lib.rs - FullJid::new (line 436) stdout ----
[INFO] [stdout] error[E0432]: unresolved import `jid`
[INFO] [stdout]  --> src/lib.rs:437:5
[INFO] [stdout]   |
[INFO] [stdout] 3 | use jid::FullJid;
[INFO] [stdout]   |     ^^^ use of undeclared crate or module `jid`
[INFO] [stdout] 
[INFO] [stdout] error: aborting due to 1 previous error
[INFO] [stdout] 
[INFO] [stdout] For more information about this error, try `rustc --explain E0432`.
[INFO] [stdout] Couldn't compile the test.
[INFO] [stdout] ---- src/lib.rs - FullJid::with_node (line 462) stdout ----
[INFO] [stdout] error[E0432]: unresolved import `jid`
[INFO] [stdout]  --> src/lib.rs:463:5
[INFO] [stdout]   |
[INFO] [stdout] 3 | use jid::FullJid;
[INFO] [stdout]   |     ^^^ use of undeclared crate or module `jid`
[INFO] [stdout] 
[INFO] [stdout] error: aborting due to 1 previous error
[INFO] [stdout] 
[INFO] [stdout] For more information about this error, try `rustc --explain E0432`.
[INFO] [stdout] Couldn't compile the test.
[INFO] [stdout] 
[INFO] [stdout] failures:
[INFO] [stdout]     src/lib.rs - BareJid::domain (line 581)
[INFO] [stdout]     src/lib.rs - BareJid::new (line 556)
[INFO] [stdout]     src/lib.rs - BareJid::with_domain (line 628)
[INFO] [stdout]     src/lib.rs - BareJid::with_node (line 603)
[INFO] [stdout]     src/lib.rs - BareJid::with_resource (line 653)
[INFO] [stdout]     src/lib.rs - FullJid::new (line 436)
[INFO] [stdout]     src/lib.rs - FullJid::with_domain (line 488)
[INFO] [stdout]     src/lib.rs - FullJid::with_node (line 462)
[INFO] [stdout]     src/lib.rs - FullJid::with_resource (line 514)
[INFO] [stdout] 
[INFO] [stdout] test result: FAILED. 0 passed; 9 failed; 0 ignored; 0 measured; 0 filtered out; finished in 0.06s
[INFO] [stdout] 
[INFO] [stderr] error: doctest failed, to rerun pass `--doc`
[INFO] running `Command { std: "docker" "inspect" "06e0ba4c6ed0cc01b401d2a27b94c1a4e3a2b7ba27fc92275710dd364fd48864", kill_on_drop: false }`
[INFO] running `Command { std: "docker" "rm" "-f" "06e0ba4c6ed0cc01b401d2a27b94c1a4e3a2b7ba27fc92275710dd364fd48864", kill_on_drop: false }`
[INFO] [stdout] 06e0ba4c6ed0cc01b401d2a27b94c1a4e3a2b7ba27fc92275710dd364fd48864
