[INFO] fetching crate jellybean-tree-sitter 0.20.14...
[INFO] testing jellybean-tree-sitter-0.20.14 against nightly-2024-10-28+rustflags=-Zrandomize-layout for randomize-layout
[INFO] extracting crate jellybean-tree-sitter 0.20.14 into /workspace/builds/worker-6-tc2/source
[INFO] validating manifest of crates.io crate jellybean-tree-sitter 0.20.14 on toolchain nightly-2024-10-28
[INFO] running `Command { std: CARGO_HOME="/workspace/cargo-home" RUSTUP_HOME="/workspace/rustup-home" "/workspace/cargo-home/bin/cargo" "+nightly-2024-10-28" "metadata" "--manifest-path" "Cargo.toml" "--no-deps", kill_on_drop: false }`
[INFO] started tweaking crates.io crate jellybean-tree-sitter 0.20.14
[INFO] finished tweaking crates.io crate jellybean-tree-sitter 0.20.14
[INFO] tweaked toml for crates.io crate jellybean-tree-sitter 0.20.14 written to /workspace/builds/worker-6-tc2/source/Cargo.toml
[INFO] running `Command { std: CARGO_HOME="/workspace/cargo-home" RUSTUP_HOME="/workspace/rustup-home" "/workspace/cargo-home/bin/cargo" "+nightly-2024-10-28" "generate-lockfile" "--manifest-path" "Cargo.toml", kill_on_drop: false }`
[INFO] [stderr]     Updating crates.io index
[INFO] [stderr]      Locking 47 packages to latest compatible versions
[INFO] [stderr]       Adding bindgen v0.66.1 (available: v0.70.1)
[INFO] running `Command { std: CARGO_HOME="/workspace/cargo-home" RUSTUP_HOME="/workspace/rustup-home" "/workspace/cargo-home/bin/cargo" "+nightly-2024-10-28" "fetch" "--manifest-path" "Cargo.toml", kill_on_drop: false }`
[INFO] running `Command { std: "docker" "create" "-v" "/var/lib/crater-agent-workspace/builds/worker-6-tc2/target:/opt/rustwide/target:rw,Z" "-v" "/var/lib/crater-agent-workspace/builds/worker-6-tc2/source:/opt/rustwide/workdir:ro,Z" "-v" "/var/lib/crater-agent-workspace/cargo-home:/opt/rustwide/cargo-home:ro,Z" "-v" "/var/lib/crater-agent-workspace/rustup-home:/opt/rustwide/rustup-home:ro,Z" "-e" "SOURCE_DIR=/opt/rustwide/workdir" "-e" "CARGO_TARGET_DIR=/opt/rustwide/target" "-e" "CARGO_HOME=/opt/rustwide/cargo-home" "-e" "RUSTUP_HOME=/opt/rustwide/rustup-home" "-w" "/opt/rustwide/workdir" "-m" "1610612736" "--user" "0:0" "--network" "none" "ghcr.io/rust-lang/crates-build-env/linux@sha256:4a844ea9eb2546a2d2c7022eacef16ef2e8229c7fbb2c7d4d55a9ceca922f72d" "/opt/rustwide/cargo-home/bin/cargo" "+nightly-2024-10-28" "metadata" "--no-deps" "--format-version=1", kill_on_drop: false }`
[INFO] [stdout] f8c9efc0865057f3d7b28299694a46649c50bc0220f11a1cbadbf23fa9c1ee5f
[INFO] running `Command { std: "docker" "start" "-a" "f8c9efc0865057f3d7b28299694a46649c50bc0220f11a1cbadbf23fa9c1ee5f", kill_on_drop: false }`
[INFO] running `Command { std: "docker" "inspect" "f8c9efc0865057f3d7b28299694a46649c50bc0220f11a1cbadbf23fa9c1ee5f", kill_on_drop: false }`
[INFO] running `Command { std: "docker" "rm" "-f" "f8c9efc0865057f3d7b28299694a46649c50bc0220f11a1cbadbf23fa9c1ee5f", kill_on_drop: false }`
[INFO] [stdout] f8c9efc0865057f3d7b28299694a46649c50bc0220f11a1cbadbf23fa9c1ee5f
[INFO] running `Command { std: "docker" "create" "-v" "/var/lib/crater-agent-workspace/builds/worker-6-tc2/target:/opt/rustwide/target:rw,Z" "-v" "/var/lib/crater-agent-workspace/builds/worker-6-tc2/source:/opt/rustwide/workdir:ro,Z" "-v" "/var/lib/crater-agent-workspace/cargo-home:/opt/rustwide/cargo-home:ro,Z" "-v" "/var/lib/crater-agent-workspace/rustup-home:/opt/rustwide/rustup-home:ro,Z" "-e" "SOURCE_DIR=/opt/rustwide/workdir" "-e" "CARGO_TARGET_DIR=/opt/rustwide/target" "-e" "CARGO_INCREMENTAL=0" "-e" "RUST_BACKTRACE=full" "-e" "RUSTFLAGS=--cap-lints=forbid -Zrandomize-layout" "-e" "RUSTDOCFLAGS=--cap-lints=forbid" "-e" "CARGO_HOME=/opt/rustwide/cargo-home" "-e" "RUSTUP_HOME=/opt/rustwide/rustup-home" "-w" "/opt/rustwide/workdir" "-m" "1610612736" "--user" "0:0" "--network" "none" "ghcr.io/rust-lang/crates-build-env/linux@sha256:4a844ea9eb2546a2d2c7022eacef16ef2e8229c7fbb2c7d4d55a9ceca922f72d" "/opt/rustwide/cargo-home/bin/cargo" "+nightly-2024-10-28" "build" "--frozen" "--message-format=json", kill_on_drop: false }`
[INFO] [stdout] 41df72b61e4b020a77c77d963c9a7986f3ad67eafde1b237855684a1ccd10af4
[INFO] running `Command { std: "docker" "start" "-a" "41df72b61e4b020a77c77d963c9a7986f3ad67eafde1b237855684a1ccd10af4", kill_on_drop: false }`
[INFO] [stderr]    Compiling jellybean-tree-sitter v0.20.14 (/opt/rustwide/workdir)
[INFO] [stderr]     Finished `dev` profile [unoptimized + debuginfo] target(s) in 1.52s
[INFO] running `Command { std: "docker" "inspect" "41df72b61e4b020a77c77d963c9a7986f3ad67eafde1b237855684a1ccd10af4", kill_on_drop: false }`
[INFO] running `Command { std: "docker" "rm" "-f" "41df72b61e4b020a77c77d963c9a7986f3ad67eafde1b237855684a1ccd10af4", kill_on_drop: false }`
[INFO] [stdout] 41df72b61e4b020a77c77d963c9a7986f3ad67eafde1b237855684a1ccd10af4
[INFO] running `Command { std: "docker" "create" "-v" "/var/lib/crater-agent-workspace/builds/worker-6-tc2/target:/opt/rustwide/target:rw,Z" "-v" "/var/lib/crater-agent-workspace/builds/worker-6-tc2/source:/opt/rustwide/workdir:ro,Z" "-v" "/var/lib/crater-agent-workspace/cargo-home:/opt/rustwide/cargo-home:ro,Z" "-v" "/var/lib/crater-agent-workspace/rustup-home:/opt/rustwide/rustup-home:ro,Z" "-e" "SOURCE_DIR=/opt/rustwide/workdir" "-e" "CARGO_TARGET_DIR=/opt/rustwide/target" "-e" "CARGO_INCREMENTAL=0" "-e" "RUST_BACKTRACE=full" "-e" "RUSTFLAGS=--cap-lints=forbid -Zrandomize-layout" "-e" "RUSTDOCFLAGS=--cap-lints=forbid" "-e" "CARGO_HOME=/opt/rustwide/cargo-home" "-e" "RUSTUP_HOME=/opt/rustwide/rustup-home" "-w" "/opt/rustwide/workdir" "-m" "1610612736" "--user" "0:0" "--network" "none" "ghcr.io/rust-lang/crates-build-env/linux@sha256:4a844ea9eb2546a2d2c7022eacef16ef2e8229c7fbb2c7d4d55a9ceca922f72d" "/opt/rustwide/cargo-home/bin/cargo" "+nightly-2024-10-28" "test" "--frozen" "--no-run" "--message-format=json", kill_on_drop: false }`
[INFO] [stdout] 6af189a08a33fb84f667cb003c3b2756fd35e270e86002641447fbf5777dec6d
[INFO] running `Command { std: "docker" "start" "-a" "6af189a08a33fb84f667cb003c3b2756fd35e270e86002641447fbf5777dec6d", kill_on_drop: false }`
[INFO] [stderr]    Compiling jellybean-tree-sitter v0.20.14 (/opt/rustwide/workdir)
[INFO] [stderr]     Finished `test` profile [unoptimized + debuginfo] target(s) in 0.53s
[INFO] running `Command { std: "docker" "inspect" "6af189a08a33fb84f667cb003c3b2756fd35e270e86002641447fbf5777dec6d", kill_on_drop: false }`
[INFO] running `Command { std: "docker" "rm" "-f" "6af189a08a33fb84f667cb003c3b2756fd35e270e86002641447fbf5777dec6d", kill_on_drop: false }`
[INFO] [stdout] 6af189a08a33fb84f667cb003c3b2756fd35e270e86002641447fbf5777dec6d
[INFO] running `Command { std: "docker" "create" "-v" "/var/lib/crater-agent-workspace/builds/worker-6-tc2/target:/opt/rustwide/target:rw,Z" "-v" "/var/lib/crater-agent-workspace/builds/worker-6-tc2/source:/opt/rustwide/workdir:ro,Z" "-v" "/var/lib/crater-agent-workspace/cargo-home:/opt/rustwide/cargo-home:ro,Z" "-v" "/var/lib/crater-agent-workspace/rustup-home:/opt/rustwide/rustup-home:ro,Z" "-e" "SOURCE_DIR=/opt/rustwide/workdir" "-e" "CARGO_TARGET_DIR=/opt/rustwide/target" "-e" "CARGO_INCREMENTAL=0" "-e" "RUST_BACKTRACE=full" "-e" "RUSTFLAGS=--cap-lints=forbid -Zrandomize-layout" "-e" "RUSTDOCFLAGS=--cap-lints=forbid" "-e" "CARGO_HOME=/opt/rustwide/cargo-home" "-e" "RUSTUP_HOME=/opt/rustwide/rustup-home" "-w" "/opt/rustwide/workdir" "-m" "1610612736" "--user" "0:0" "--network" "none" "ghcr.io/rust-lang/crates-build-env/linux@sha256:4a844ea9eb2546a2d2c7022eacef16ef2e8229c7fbb2c7d4d55a9ceca922f72d" "/opt/rustwide/cargo-home/bin/cargo" "+nightly-2024-10-28" "test" "--frozen", kill_on_drop: false }`
[INFO] [stdout] 8c9d8315fdef804970f4a9d0193cb1df3420a20356370b4e03b4f158f20758d9
[INFO] running `Command { std: "docker" "start" "-a" "8c9d8315fdef804970f4a9d0193cb1df3420a20356370b4e03b4f158f20758d9", kill_on_drop: false }`
[INFO] [stderr]     Finished `test` profile [unoptimized + debuginfo] target(s) in 0.02s
[INFO] [stderr]      Running unittests binding_rust/lib.rs (/opt/rustwide/target/debug/deps/jellybean_tree_sitter-9f3d3fa7e192d2a0)
[INFO] [stdout] 
[INFO] [stdout] running 0 tests
[INFO] [stdout] 
[INFO] [stdout] test result: ok. 0 passed; 0 failed; 0 ignored; 0 measured; 0 filtered out; finished in 0.00s
[INFO] [stdout] 
[INFO] [stderr]    Doc-tests jellybean_tree_sitter
[INFO] [stdout] 
[INFO] [stdout] running 6 tests
[INFO] [stdout] test binding_rust/./README.md - (line 14) ... FAILED
[INFO] [stdout] test binding_rust/./README.md - (line 37) ... FAILED
[INFO] [stdout] test binding_rust/lib.rs - Language::next_state (line 383) ... FAILED
[INFO] [stdout] test binding_rust/./README.md - (line 78) ... FAILED
[INFO] [stdout] test binding_rust/./README.md - (line 43) ... FAILED
[INFO] [stdout] test binding_rust/./README.md - (line 58) ... FAILED
[INFO] [stdout] 
[INFO] [stdout] failures:
[INFO] [stdout] 
[INFO] [stdout] ---- binding_rust/./README.md - (line 14) stdout ----
[INFO] [stdout] error[E0432]: unresolved import `tree_sitter`
[INFO] [stdout]  --> binding_rust/./README.md:15:5
[INFO] [stdout]   |
[INFO] [stdout] 3 | use tree_sitter::{Parser, Language};
[INFO] [stdout]   |     ^^^^^^^^^^^ use of undeclared crate or module `tree_sitter`
[INFO] [stdout] 
[INFO] [stdout] error: aborting due to 1 previous error
[INFO] [stdout] 
[INFO] [stdout] For more information about this error, try `rustc --explain E0432`.
[INFO] [stdout] Couldn't compile the test.
[INFO] [stdout] ---- binding_rust/./README.md - (line 37) stdout ----
[INFO] [stdout] error[E0425]: cannot find value `parser` in this scope
[INFO] [stdout]  --> binding_rust/./README.md:38:1
[INFO] [stdout]   |
[INFO] [stdout] 3 | parser.set_language(tree_sitter_rust::language()).expect("Error loading Rust grammar");
[INFO] [stdout]   | ^^^^^^ not found in this scope
[INFO] [stdout] 
[INFO] [stdout] error[E0433]: failed to resolve: use of undeclared crate or module `tree_sitter_rust`
[INFO] [stdout]  --> binding_rust/./README.md:38:21
[INFO] [stdout]   |
[INFO] [stdout] 3 | parser.set_language(tree_sitter_rust::language()).expect("Error loading Rust grammar");
[INFO] [stdout]   |                     ^^^^^^^^^^^^^^^^ use of undeclared crate or module `tree_sitter_rust`
[INFO] [stdout] 
[INFO] [stdout] error: aborting due to 2 previous errors
[INFO] [stdout] 
[INFO] [stdout] Some errors have detailed explanations: E0425, E0433.
[INFO] [stdout] For more information about an error, try `rustc --explain E0425`.
[INFO] [stdout] Couldn't compile the test.
[INFO] [stdout] ---- binding_rust/lib.rs - Language::next_state (line 383) stdout ----
[INFO] [stdout] error[E0425]: cannot find value `language` in this scope
[INFO] [stdout]  --> binding_rust/lib.rs:384:13
[INFO] [stdout]   |
[INFO] [stdout] 3 | let state = language.next_state(node.parse_state(), node.grammar_id());
[INFO] [stdout]   |             ^^^^^^^^ not found in this scope
[INFO] [stdout] 
[INFO] [stdout] error[E0425]: cannot find value `node` in this scope
[INFO] [stdout]  --> binding_rust/lib.rs:384:33
[INFO] [stdout]   |
[INFO] [stdout] 3 | let state = language.next_state(node.parse_state(), node.grammar_id());
[INFO] [stdout]   |                                 ^^^^ not found in this scope
[INFO] [stdout] 
[INFO] [stdout] error[E0425]: cannot find value `node` in this scope
[INFO] [stdout]  --> binding_rust/lib.rs:384:53
[INFO] [stdout]   |
[INFO] [stdout] 3 | let state = language.next_state(node.parse_state(), node.grammar_id());
[INFO] [stdout]   |                                                     ^^^^ not found in this scope
[INFO] [stdout] 
[INFO] [stdout] error: aborting due to 3 previous errors
[INFO] [stdout] 
[INFO] [stdout] For more information about this error, try `rustc --explain E0425`.
[INFO] [stdout] Couldn't compile the test.
[INFO] [stdout] ---- binding_rust/./README.md - (line 78) stdout ----
[INFO] [stdout] error[E0425]: cannot find value `parser` in this scope
[INFO] [stdout]   --> binding_rust/./README.md:88:12
[INFO] [stdout]    |
[INFO] [stdout] 12 | let tree = parser.parse_with(&mut |_byte: u32, position: Point| -> &[u8] {
[INFO] [stdout]    |            ^^^^^^ not found in this scope
[INFO] [stdout] 
[INFO] [stdout] error[E0412]: cannot find type `Point` in this scope
[INFO] [stdout]   --> binding_rust/./README.md:88:58
[INFO] [stdout]    |
[INFO] [stdout] 12 | let tree = parser.parse_with(&mut |_byte: u32, position: Point| -> &[u8] {
[INFO] [stdout]    |                                                          ^^^^^ not found in this scope
[INFO] [stdout]    |
[INFO] [stdout] help: consider importing this struct
[INFO] [stdout]    |
[INFO] [stdout] 3  + use jellybean_tree_sitter::Point;
[INFO] [stdout]    |
[INFO] [stdout] 
[INFO] [stdout] error: aborting due to 2 previous errors
[INFO] [stdout] 
[INFO] [stdout] Some errors have detailed explanations: E0412, E0425.
[INFO] [stdout] For more information about an error, try `rustc --explain E0412`.
[INFO] [stdout] Couldn't compile the test.
[INFO] [stdout] ---- binding_rust/./README.md - (line 43) stdout ----
[INFO] [stdout] error[E0425]: cannot find value `parser` in this scope
[INFO] [stdout]  --> binding_rust/./README.md:45:12
[INFO] [stdout]   |
[INFO] [stdout] 4 | let tree = parser.parse(source_code, None).unwrap();
[INFO] [stdout]   |            ^^^^^^ not found in this scope
[INFO] [stdout] 
[INFO] [stdout] error: aborting due to 1 previous error
[INFO] [stdout] 
[INFO] [stdout] For more information about this error, try `rustc --explain E0425`.
[INFO] [stdout] Couldn't compile the test.
[INFO] [stdout] ---- binding_rust/./README.md - (line 58) stdout ----
[INFO] [stdout] error: expected `;`, found `tree`
[INFO] [stdout]  --> binding_rust/./README.md:59:43
[INFO] [stdout]   |
[INFO] [stdout] 3 | let new_source_code = "fn test(a: u32) {}"
[INFO] [stdout]   |                                           ^ help: add `;` here
[INFO] [stdout] 4 |
[INFO] [stdout] 5 | tree.edit(InputEdit {
[INFO] [stdout]   | ---- unexpected token
[INFO] [stdout] 
[INFO] [stdout] error[E0425]: cannot find value `tree` in this scope
[INFO] [stdout]  --> binding_rust/./README.md:61:1
[INFO] [stdout]   |
[INFO] [stdout] 5 | tree.edit(InputEdit {
[INFO] [stdout]   | ^^^^ not found in this scope
[INFO] [stdout] 
[INFO] [stdout] error[E0422]: cannot find struct, variant or union type `InputEdit` in this scope
[INFO] [stdout]  --> binding_rust/./README.md:61:11
[INFO] [stdout]   |
[INFO] [stdout] 5 | tree.edit(InputEdit {
[INFO] [stdout]   |           ^^^^^^^^^ not found in this scope
[INFO] [stdout]   |
[INFO] [stdout] help: consider importing this struct
[INFO] [stdout]   |
[INFO] [stdout] 2 + use jellybean_tree_sitter::InputEdit;
[INFO] [stdout]   |
[INFO] [stdout] 
[INFO] [stdout] error[E0433]: failed to resolve: use of undeclared type `Point`
[INFO] [stdout]  --> binding_rust/./README.md:65:19
[INFO] [stdout]   |
[INFO] [stdout] 9 |   start_position: Point::new(0, 8),
[INFO] [stdout]   |                   ^^^^^ use of undeclared type `Point`
[INFO] [stdout]   |
[INFO] [stdout] help: consider importing this struct
[INFO] [stdout]   |
[INFO] [stdout] 2 + use jellybean_tree_sitter::Point;
[INFO] [stdout]   |
[INFO] [stdout] 
[INFO] [stdout] error[E0433]: failed to resolve: use of undeclared type `Point`
[INFO] [stdout]   --> binding_rust/./README.md:66:21
[INFO] [stdout]    |
[INFO] [stdout] 10 |   old_end_position: Point::new(0, 8),
[INFO] [stdout]    |                     ^^^^^ use of undeclared type `Point`
[INFO] [stdout]    |
[INFO] [stdout] help: consider importing this struct
[INFO] [stdout]    |
[INFO] [stdout] 2  + use jellybean_tree_sitter::Point;
[INFO] [stdout]    |
[INFO] [stdout] 
[INFO] [stdout] error[E0433]: failed to resolve: use of undeclared type `Point`
[INFO] [stdout]   --> binding_rust/./README.md:67:21
[INFO] [stdout]    |
[INFO] [stdout] 11 |   new_end_position: Point::new(0, 14),
[INFO] [stdout]    |                     ^^^^^ use of undeclared type `Point`
[INFO] [stdout]    |
[INFO] [stdout] help: consider importing this struct
[INFO] [stdout]    |
[INFO] [stdout] 2  + use jellybean_tree_sitter::Point;
[INFO] [stdout]    |
[INFO] [stdout] 
[INFO] [stdout] error[E0425]: cannot find value `parser` in this scope
[INFO] [stdout]   --> binding_rust/./README.md:70:16
[INFO] [stdout]    |
[INFO] [stdout] 14 | let new_tree = parser.parse(new_source_code, Some(&tree));
[INFO] [stdout]    |                ^^^^^^ not found in this scope
[INFO] [stdout] 
[INFO] [stdout] error[E0425]: cannot find value `tree` in this scope
[INFO] [stdout]   --> binding_rust/./README.md:70:52
[INFO] [stdout]    |
[INFO] [stdout] 14 | let new_tree = parser.parse(new_source_code, Some(&tree));
[INFO] [stdout]    |                                                    ^^^^ not found in this scope
[INFO] [stdout] 
[INFO] [stdout] error: aborting due to 8 previous errors
[INFO] [stdout] 
[INFO] [stdout] Some errors have detailed explanations: E0422, E0425, E0433.
[INFO] [stdout] For more information about an error, try `rustc --explain E0422`.
[INFO] [stdout] Couldn't compile the test.
[INFO] [stdout] 
[INFO] [stdout] failures:
[INFO] [stdout]     binding_rust/./README.md - (line 14)
[INFO] [stdout]     binding_rust/./README.md - (line 37)
[INFO] [stdout]     binding_rust/./README.md - (line 43)
[INFO] [stdout]     binding_rust/./README.md - (line 58)
[INFO] [stdout]     binding_rust/./README.md - (line 78)
[INFO] [stdout]     binding_rust/lib.rs - Language::next_state (line 383)
[INFO] [stdout] 
[INFO] [stdout] test result: FAILED. 0 passed; 6 failed; 0 ignored; 0 measured; 0 filtered out; finished in 0.06s
[INFO] [stdout] 
[INFO] [stderr] error: doctest failed, to rerun pass `--doc`
[INFO] running `Command { std: "docker" "inspect" "8c9d8315fdef804970f4a9d0193cb1df3420a20356370b4e03b4f158f20758d9", kill_on_drop: false }`
[INFO] running `Command { std: "docker" "rm" "-f" "8c9d8315fdef804970f4a9d0193cb1df3420a20356370b4e03b4f158f20758d9", kill_on_drop: false }`
[INFO] [stdout] 8c9d8315fdef804970f4a9d0193cb1df3420a20356370b4e03b4f158f20758d9
