[INFO] fetching crate jbs 0.1.0-beta.24082901...
[INFO] testing jbs-0.1.0-beta.24082901 against nightly-2024-10-28+rustflags=-Zrandomize-layout for randomize-layout
[INFO] extracting crate jbs 0.1.0-beta.24082901 into /workspace/builds/worker-3-tc2/source
[INFO] validating manifest of crates.io crate jbs 0.1.0-beta.24082901 on toolchain nightly-2024-10-28
[INFO] running `Command { std: CARGO_HOME="/workspace/cargo-home" RUSTUP_HOME="/workspace/rustup-home" "/workspace/cargo-home/bin/cargo" "+nightly-2024-10-28" "metadata" "--manifest-path" "Cargo.toml" "--no-deps", kill_on_drop: false }`
[INFO] started tweaking crates.io crate jbs 0.1.0-beta.24082901
[INFO] finished tweaking crates.io crate jbs 0.1.0-beta.24082901
[INFO] tweaked toml for crates.io crate jbs 0.1.0-beta.24082901 written to /workspace/builds/worker-3-tc2/source/Cargo.toml
[INFO] running `Command { std: CARGO_HOME="/workspace/cargo-home" RUSTUP_HOME="/workspace/rustup-home" "/workspace/cargo-home/bin/cargo" "+nightly-2024-10-28" "generate-lockfile" "--manifest-path" "Cargo.toml", kill_on_drop: false }`
[INFO] running `Command { std: CARGO_HOME="/workspace/cargo-home" RUSTUP_HOME="/workspace/rustup-home" "/workspace/cargo-home/bin/cargo" "+nightly-2024-10-28" "fetch" "--manifest-path" "Cargo.toml", kill_on_drop: false }`
[INFO] running `Command { std: "docker" "create" "-v" "/var/lib/crater-agent-workspace/builds/worker-3-tc2/target:/opt/rustwide/target:rw,Z" "-v" "/var/lib/crater-agent-workspace/builds/worker-3-tc2/source:/opt/rustwide/workdir:ro,Z" "-v" "/var/lib/crater-agent-workspace/cargo-home:/opt/rustwide/cargo-home:ro,Z" "-v" "/var/lib/crater-agent-workspace/rustup-home:/opt/rustwide/rustup-home:ro,Z" "-e" "SOURCE_DIR=/opt/rustwide/workdir" "-e" "CARGO_TARGET_DIR=/opt/rustwide/target" "-e" "CARGO_HOME=/opt/rustwide/cargo-home" "-e" "RUSTUP_HOME=/opt/rustwide/rustup-home" "-w" "/opt/rustwide/workdir" "-m" "1610612736" "--user" "0:0" "--network" "none" "ghcr.io/rust-lang/crates-build-env/linux@sha256:4a844ea9eb2546a2d2c7022eacef16ef2e8229c7fbb2c7d4d55a9ceca922f72d" "/opt/rustwide/cargo-home/bin/cargo" "+nightly-2024-10-28" "metadata" "--no-deps" "--format-version=1", kill_on_drop: false }`
[INFO] [stdout] 9e2727540be55bf02a62c6dfe792712a2dfd65131433170a26e2d226418008cc
[INFO] running `Command { std: "docker" "start" "-a" "9e2727540be55bf02a62c6dfe792712a2dfd65131433170a26e2d226418008cc", kill_on_drop: false }`
[INFO] running `Command { std: "docker" "inspect" "9e2727540be55bf02a62c6dfe792712a2dfd65131433170a26e2d226418008cc", kill_on_drop: false }`
[INFO] running `Command { std: "docker" "rm" "-f" "9e2727540be55bf02a62c6dfe792712a2dfd65131433170a26e2d226418008cc", kill_on_drop: false }`
[INFO] [stdout] 9e2727540be55bf02a62c6dfe792712a2dfd65131433170a26e2d226418008cc
[INFO] running `Command { std: "docker" "create" "-v" "/var/lib/crater-agent-workspace/builds/worker-3-tc2/target:/opt/rustwide/target:rw,Z" "-v" "/var/lib/crater-agent-workspace/builds/worker-3-tc2/source:/opt/rustwide/workdir:ro,Z" "-v" "/var/lib/crater-agent-workspace/cargo-home:/opt/rustwide/cargo-home:ro,Z" "-v" "/var/lib/crater-agent-workspace/rustup-home:/opt/rustwide/rustup-home:ro,Z" "-e" "SOURCE_DIR=/opt/rustwide/workdir" "-e" "CARGO_TARGET_DIR=/opt/rustwide/target" "-e" "CARGO_INCREMENTAL=0" "-e" "RUST_BACKTRACE=full" "-e" "RUSTFLAGS=--cap-lints=forbid -Zrandomize-layout" "-e" "RUSTDOCFLAGS=--cap-lints=forbid" "-e" "CARGO_HOME=/opt/rustwide/cargo-home" "-e" "RUSTUP_HOME=/opt/rustwide/rustup-home" "-w" "/opt/rustwide/workdir" "-m" "1610612736" "--user" "0:0" "--network" "none" "ghcr.io/rust-lang/crates-build-env/linux@sha256:4a844ea9eb2546a2d2c7022eacef16ef2e8229c7fbb2c7d4d55a9ceca922f72d" "/opt/rustwide/cargo-home/bin/cargo" "+nightly-2024-10-28" "build" "--frozen" "--message-format=json", kill_on_drop: false }`
[INFO] [stdout] c67a1f74c4ac8f9f8c6cd7c9a57a61816ecad8178e50ba7fc7135350fe9a0091
[INFO] running `Command { std: "docker" "start" "-a" "c67a1f74c4ac8f9f8c6cd7c9a57a61816ecad8178e50ba7fc7135350fe9a0091", kill_on_drop: false }`
[INFO] [stderr]    Compiling jbs v0.1.0-beta.24082901 (/opt/rustwide/workdir)
[INFO] [stderr]     Finished `dev` profile [unoptimized + debuginfo] target(s) in 0.06s
[INFO] running `Command { std: "docker" "inspect" "c67a1f74c4ac8f9f8c6cd7c9a57a61816ecad8178e50ba7fc7135350fe9a0091", kill_on_drop: false }`
[INFO] running `Command { std: "docker" "rm" "-f" "c67a1f74c4ac8f9f8c6cd7c9a57a61816ecad8178e50ba7fc7135350fe9a0091", kill_on_drop: false }`
[INFO] [stdout] c67a1f74c4ac8f9f8c6cd7c9a57a61816ecad8178e50ba7fc7135350fe9a0091
[INFO] running `Command { std: "docker" "create" "-v" "/var/lib/crater-agent-workspace/builds/worker-3-tc2/target:/opt/rustwide/target:rw,Z" "-v" "/var/lib/crater-agent-workspace/builds/worker-3-tc2/source:/opt/rustwide/workdir:ro,Z" "-v" "/var/lib/crater-agent-workspace/cargo-home:/opt/rustwide/cargo-home:ro,Z" "-v" "/var/lib/crater-agent-workspace/rustup-home:/opt/rustwide/rustup-home:ro,Z" "-e" "SOURCE_DIR=/opt/rustwide/workdir" "-e" "CARGO_TARGET_DIR=/opt/rustwide/target" "-e" "CARGO_INCREMENTAL=0" "-e" "RUST_BACKTRACE=full" "-e" "RUSTFLAGS=--cap-lints=forbid -Zrandomize-layout" "-e" "RUSTDOCFLAGS=--cap-lints=forbid" "-e" "CARGO_HOME=/opt/rustwide/cargo-home" "-e" "RUSTUP_HOME=/opt/rustwide/rustup-home" "-w" "/opt/rustwide/workdir" "-m" "1610612736" "--user" "0:0" "--network" "none" "ghcr.io/rust-lang/crates-build-env/linux@sha256:4a844ea9eb2546a2d2c7022eacef16ef2e8229c7fbb2c7d4d55a9ceca922f72d" "/opt/rustwide/cargo-home/bin/cargo" "+nightly-2024-10-28" "test" "--frozen" "--no-run" "--message-format=json", kill_on_drop: false }`
[INFO] [stdout] 34a75495baa053a4d37b1229a93585b0a88615091e5c932a25ceb2f81758f3e7
[INFO] running `Command { std: "docker" "start" "-a" "34a75495baa053a4d37b1229a93585b0a88615091e5c932a25ceb2f81758f3e7", kill_on_drop: false }`
[INFO] [stderr]    Compiling jbs v0.1.0-beta.24082901 (/opt/rustwide/workdir)
[INFO] [stderr]     Finished `test` profile [unoptimized + debuginfo] target(s) in 0.09s
[INFO] running `Command { std: "docker" "inspect" "34a75495baa053a4d37b1229a93585b0a88615091e5c932a25ceb2f81758f3e7", kill_on_drop: false }`
[INFO] running `Command { std: "docker" "rm" "-f" "34a75495baa053a4d37b1229a93585b0a88615091e5c932a25ceb2f81758f3e7", kill_on_drop: false }`
[INFO] [stdout] 34a75495baa053a4d37b1229a93585b0a88615091e5c932a25ceb2f81758f3e7
[INFO] running `Command { std: "docker" "create" "-v" "/var/lib/crater-agent-workspace/builds/worker-3-tc2/target:/opt/rustwide/target:rw,Z" "-v" "/var/lib/crater-agent-workspace/builds/worker-3-tc2/source:/opt/rustwide/workdir:ro,Z" "-v" "/var/lib/crater-agent-workspace/cargo-home:/opt/rustwide/cargo-home:ro,Z" "-v" "/var/lib/crater-agent-workspace/rustup-home:/opt/rustwide/rustup-home:ro,Z" "-e" "SOURCE_DIR=/opt/rustwide/workdir" "-e" "CARGO_TARGET_DIR=/opt/rustwide/target" "-e" "CARGO_INCREMENTAL=0" "-e" "RUST_BACKTRACE=full" "-e" "RUSTFLAGS=--cap-lints=forbid -Zrandomize-layout" "-e" "RUSTDOCFLAGS=--cap-lints=forbid" "-e" "CARGO_HOME=/opt/rustwide/cargo-home" "-e" "RUSTUP_HOME=/opt/rustwide/rustup-home" "-w" "/opt/rustwide/workdir" "-m" "1610612736" "--user" "0:0" "--network" "none" "ghcr.io/rust-lang/crates-build-env/linux@sha256:4a844ea9eb2546a2d2c7022eacef16ef2e8229c7fbb2c7d4d55a9ceca922f72d" "/opt/rustwide/cargo-home/bin/cargo" "+nightly-2024-10-28" "test" "--frozen", kill_on_drop: false }`
[INFO] [stdout] 33f312dc18b7e2e1d9fb745624b743a37f6e734084849bdf1139d0cf1d01ad10
[INFO] running `Command { std: "docker" "start" "-a" "33f312dc18b7e2e1d9fb745624b743a37f6e734084849bdf1139d0cf1d01ad10", kill_on_drop: false }`
[INFO] [stderr]     Finished `test` profile [unoptimized + debuginfo] target(s) in 0.00s
[INFO] [stderr]      Running unittests src/lib.rs (/opt/rustwide/target/debug/deps/jbs-3363ecfd6bd79ea6)
[INFO] [stdout] 
[INFO] [stdout] running 0 tests
[INFO] [stdout] 
[INFO] [stdout] test result: ok. 0 passed; 0 failed; 0 ignored; 0 measured; 0 filtered out; finished in 0.00s
[INFO] [stdout] 
[INFO] [stderr]    Doc-tests jbs
[INFO] [stdout] 
[INFO] [stdout] running 2 tests
[INFO] [stdout] test src/result.rs - result::Result (line 8) ... FAILED
[INFO] [stdout] test src/result.rs - result::core::result::Result<T,E>::handle (line 43) ... FAILED
[INFO] [stdout] 
[INFO] [stdout] failures:
[INFO] [stdout] 
[INFO] [stdout] ---- src/result.rs - result::Result (line 8) stdout ----
[INFO] [stdout] error[E0433]: failed to resolve: use of undeclared crate or module `jeebs`
[INFO] [stdout]  --> src/result.rs:9:5
[INFO] [stdout]   |
[INFO] [stdout] 3 | use jeebs::error::*;
[INFO] [stdout]   |     ^^^^^ use of undeclared crate or module `jeebs`
[INFO] [stdout] 
[INFO] [stdout] error[E0433]: failed to resolve: use of undeclared crate or module `jeebs`
[INFO] [stdout]  --> src/result.rs:10:5
[INFO] [stdout]   |
[INFO] [stdout] 4 | use jeebs::result::*;
[INFO] [stdout]   |     ^^^^^ use of undeclared crate or module `jeebs`
[INFO] [stdout] 
[INFO] [stdout] error[E0432]: unresolved imports `jeebs::error::*`, `jeebs::result::*`
[INFO] [stdout]  --> src/result.rs:9:5
[INFO] [stdout]   |
[INFO] [stdout] 3 | use jeebs::error::*;
[INFO] [stdout]   |     ^^^^^^^^^^^^^^^
[INFO] [stdout] 4 | use jeebs::result::*;
[INFO] [stdout]   |     ^^^^^^^^^^^^^^^^
[INFO] [stdout] 
[INFO] [stdout] error[E0422]: cannot find struct, variant or union type `Error` in this scope
[INFO] [stdout]   --> src/result.rs:22:22
[INFO] [stdout]    |
[INFO] [stdout] 16 | let expected_error = Error {
[INFO] [stdout]    |                      ^^^^^ not found in this scope
[INFO] [stdout]    |
[INFO] [stdout] help: consider importing one of these structs
[INFO] [stdout]    |
[INFO] [stdout] 2  + use std::fmt::Error;
[INFO] [stdout]    |
[INFO] [stdout] 2  + use std::io::Error;
[INFO] [stdout]    |
[INFO] [stdout] 2  + use core::fmt::Error;
[INFO] [stdout]    |
[INFO] [stdout] 2  + use jbs::error::Error;
[INFO] [stdout]    |
[INFO] [stdout] 
[INFO] [stdout] error[E0107]: enum takes 2 generic arguments but 1 generic argument was supplied
[INFO] [stdout]  --> src/result.rs:14:26
[INFO] [stdout]   |
[INFO] [stdout] 8 | fn parse(value: &str) -> Result<u32> {
[INFO] [stdout]   |                          ^^^^^^ --- supplied 1 generic argument
[INFO] [stdout]   |                          |
[INFO] [stdout]   |                          expected 2 generic arguments
[INFO] [stdout]   |
[INFO] [stdout] help: add missing generic argument
[INFO] [stdout]   |
[INFO] [stdout] 8 | fn parse(value: &str) -> Result<u32, E> {
[INFO] [stdout]   |                                    +++
[INFO] [stdout] 
[INFO] [stdout] error: aborting due to 5 previous errors
[INFO] [stdout] 
[INFO] [stdout] Some errors have detailed explanations: E0107, E0422, E0432, E0433.
[INFO] [stdout] For more information about an error, try `rustc --explain E0107`.
[INFO] [stdout] Couldn't compile the test.
[INFO] [stdout] ---- src/result.rs - result::core::result::Result<T,E>::handle (line 43) stdout ----
[INFO] [stdout] error[E0433]: failed to resolve: use of undeclared crate or module `jeebs`
[INFO] [stdout]  --> src/result.rs:44:5
[INFO] [stdout]   |
[INFO] [stdout] 3 | use jeebs::result::*;
[INFO] [stdout]   |     ^^^^^ use of undeclared crate or module `jeebs`
[INFO] [stdout] 
[INFO] [stdout] error[E0599]: no method named `handle` found for enum `Result` in the current scope
[INFO] [stdout]  --> src/result.rs:46:23
[INFO] [stdout]   |
[INFO] [stdout] 5 | assert_eq!(42, result.handle());
[INFO] [stdout]   |                       ^^^^^^
[INFO] [stdout]   |
[INFO] [stdout] help: there is a method `and` with a similar name, but with different arguments
[INFO] [stdout]  --> /rustc/df4ca44d3fbc9301ee17f30f4d474e6ae4b05252/library/core/src/result.rs:1305:5
[INFO] [stdout] 
[INFO] [stdout] error: aborting due to 2 previous errors
[INFO] [stdout] 
[INFO] [stdout] Some errors have detailed explanations: E0433, E0599.
[INFO] [stdout] For more information about an error, try `rustc --explain E0433`.
[INFO] [stdout] Couldn't compile the test.
[INFO] [stdout] 
[INFO] [stdout] failures:
[INFO] [stdout]     src/result.rs - result::Result (line 8)
[INFO] [stdout]     src/result.rs - result::core::result::Result<T,E>::handle (line 43)
[INFO] [stdout] 
[INFO] [stdout] test result: FAILED. 0 passed; 2 failed; 0 ignored; 0 measured; 0 filtered out; finished in 0.05s
[INFO] [stdout] 
[INFO] [stderr] error: doctest failed, to rerun pass `--doc`
[INFO] running `Command { std: "docker" "inspect" "33f312dc18b7e2e1d9fb745624b743a37f6e734084849bdf1139d0cf1d01ad10", kill_on_drop: false }`
[INFO] running `Command { std: "docker" "rm" "-f" "33f312dc18b7e2e1d9fb745624b743a37f6e734084849bdf1139d0cf1d01ad10", kill_on_drop: false }`
[INFO] [stdout] 33f312dc18b7e2e1d9fb745624b743a37f6e734084849bdf1139d0cf1d01ad10
