[INFO] fetching crate javawithrust_macro 0.2.0...
[INFO] testing javawithrust_macro-0.2.0 against nightly-2024-10-28+rustflags=-Zrandomize-layout for randomize-layout
[INFO] extracting crate javawithrust_macro 0.2.0 into /workspace/builds/worker-1-tc2/source
[INFO] validating manifest of crates.io crate javawithrust_macro 0.2.0 on toolchain nightly-2024-10-28
[INFO] running `Command { std: CARGO_HOME="/workspace/cargo-home" RUSTUP_HOME="/workspace/rustup-home" "/workspace/cargo-home/bin/cargo" "+nightly-2024-10-28" "metadata" "--manifest-path" "Cargo.toml" "--no-deps", kill_on_drop: false }`
[INFO] started tweaking crates.io crate javawithrust_macro 0.2.0
[INFO] finished tweaking crates.io crate javawithrust_macro 0.2.0
[INFO] tweaked toml for crates.io crate javawithrust_macro 0.2.0 written to /workspace/builds/worker-1-tc2/source/Cargo.toml
[INFO] running `Command { std: CARGO_HOME="/workspace/cargo-home" RUSTUP_HOME="/workspace/rustup-home" "/workspace/cargo-home/bin/cargo" "+nightly-2024-10-28" "generate-lockfile" "--manifest-path" "Cargo.toml", kill_on_drop: false }`
[INFO] [stderr]     Updating crates.io index
[INFO] [stderr]      Locking 4 packages to latest compatible versions
[INFO] [stderr]       Adding syn v1.0.109 (available: v2.0.86)
[INFO] running `Command { std: CARGO_HOME="/workspace/cargo-home" RUSTUP_HOME="/workspace/rustup-home" "/workspace/cargo-home/bin/cargo" "+nightly-2024-10-28" "fetch" "--manifest-path" "Cargo.toml", kill_on_drop: false }`
[INFO] running `Command { std: "docker" "create" "-v" "/var/lib/crater-agent-workspace/builds/worker-1-tc2/target:/opt/rustwide/target:rw,Z" "-v" "/var/lib/crater-agent-workspace/builds/worker-1-tc2/source:/opt/rustwide/workdir:ro,Z" "-v" "/var/lib/crater-agent-workspace/cargo-home:/opt/rustwide/cargo-home:ro,Z" "-v" "/var/lib/crater-agent-workspace/rustup-home:/opt/rustwide/rustup-home:ro,Z" "-e" "SOURCE_DIR=/opt/rustwide/workdir" "-e" "CARGO_TARGET_DIR=/opt/rustwide/target" "-e" "CARGO_HOME=/opt/rustwide/cargo-home" "-e" "RUSTUP_HOME=/opt/rustwide/rustup-home" "-w" "/opt/rustwide/workdir" "-m" "1610612736" "--user" "0:0" "--network" "none" "ghcr.io/rust-lang/crates-build-env/linux@sha256:4a844ea9eb2546a2d2c7022eacef16ef2e8229c7fbb2c7d4d55a9ceca922f72d" "/opt/rustwide/cargo-home/bin/cargo" "+nightly-2024-10-28" "metadata" "--no-deps" "--format-version=1", kill_on_drop: false }`
[INFO] [stdout] fba52d0f49d5cf3720296d23ba73b418b6dcbcd5e4d026a55a6d2ce42f99f5fb
[INFO] running `Command { std: "docker" "start" "-a" "fba52d0f49d5cf3720296d23ba73b418b6dcbcd5e4d026a55a6d2ce42f99f5fb", kill_on_drop: false }`
[INFO] running `Command { std: "docker" "inspect" "fba52d0f49d5cf3720296d23ba73b418b6dcbcd5e4d026a55a6d2ce42f99f5fb", kill_on_drop: false }`
[INFO] running `Command { std: "docker" "rm" "-f" "fba52d0f49d5cf3720296d23ba73b418b6dcbcd5e4d026a55a6d2ce42f99f5fb", kill_on_drop: false }`
[INFO] [stdout] fba52d0f49d5cf3720296d23ba73b418b6dcbcd5e4d026a55a6d2ce42f99f5fb
[INFO] running `Command { std: "docker" "create" "-v" "/var/lib/crater-agent-workspace/builds/worker-1-tc2/target:/opt/rustwide/target:rw,Z" "-v" "/var/lib/crater-agent-workspace/builds/worker-1-tc2/source:/opt/rustwide/workdir:ro,Z" "-v" "/var/lib/crater-agent-workspace/cargo-home:/opt/rustwide/cargo-home:ro,Z" "-v" "/var/lib/crater-agent-workspace/rustup-home:/opt/rustwide/rustup-home:ro,Z" "-e" "SOURCE_DIR=/opt/rustwide/workdir" "-e" "CARGO_TARGET_DIR=/opt/rustwide/target" "-e" "CARGO_INCREMENTAL=0" "-e" "RUST_BACKTRACE=full" "-e" "RUSTFLAGS=--cap-lints=forbid -Zrandomize-layout" "-e" "RUSTDOCFLAGS=--cap-lints=forbid" "-e" "CARGO_HOME=/opt/rustwide/cargo-home" "-e" "RUSTUP_HOME=/opt/rustwide/rustup-home" "-w" "/opt/rustwide/workdir" "-m" "1610612736" "--user" "0:0" "--network" "none" "ghcr.io/rust-lang/crates-build-env/linux@sha256:4a844ea9eb2546a2d2c7022eacef16ef2e8229c7fbb2c7d4d55a9ceca922f72d" "/opt/rustwide/cargo-home/bin/cargo" "+nightly-2024-10-28" "build" "--frozen" "--message-format=json", kill_on_drop: false }`
[INFO] [stdout] 5cbd445fddec70a40e2ab82a576a5a4d286e3dce74a0c905c705b561c64627dd
[INFO] running `Command { std: "docker" "start" "-a" "5cbd445fddec70a40e2ab82a576a5a4d286e3dce74a0c905c705b561c64627dd", kill_on_drop: false }`
[INFO] [stderr]    Compiling proc-macro2 v1.0.89
[INFO] [stderr]    Compiling unicode-ident v1.0.13
[INFO] [stderr]    Compiling syn v1.0.109
[INFO] [stderr]    Compiling quote v1.0.37
[INFO] [stderr]    Compiling javawithrust_macro v0.2.0 (/opt/rustwide/workdir)
[INFO] [stderr]     Finished `dev` profile [unoptimized + debuginfo] target(s) in 2.37s
[INFO] running `Command { std: "docker" "inspect" "5cbd445fddec70a40e2ab82a576a5a4d286e3dce74a0c905c705b561c64627dd", kill_on_drop: false }`
[INFO] running `Command { std: "docker" "rm" "-f" "5cbd445fddec70a40e2ab82a576a5a4d286e3dce74a0c905c705b561c64627dd", kill_on_drop: false }`
[INFO] [stdout] 5cbd445fddec70a40e2ab82a576a5a4d286e3dce74a0c905c705b561c64627dd
[INFO] running `Command { std: "docker" "create" "-v" "/var/lib/crater-agent-workspace/builds/worker-1-tc2/target:/opt/rustwide/target:rw,Z" "-v" "/var/lib/crater-agent-workspace/builds/worker-1-tc2/source:/opt/rustwide/workdir:ro,Z" "-v" "/var/lib/crater-agent-workspace/cargo-home:/opt/rustwide/cargo-home:ro,Z" "-v" "/var/lib/crater-agent-workspace/rustup-home:/opt/rustwide/rustup-home:ro,Z" "-e" "SOURCE_DIR=/opt/rustwide/workdir" "-e" "CARGO_TARGET_DIR=/opt/rustwide/target" "-e" "CARGO_INCREMENTAL=0" "-e" "RUST_BACKTRACE=full" "-e" "RUSTFLAGS=--cap-lints=forbid -Zrandomize-layout" "-e" "RUSTDOCFLAGS=--cap-lints=forbid" "-e" "CARGO_HOME=/opt/rustwide/cargo-home" "-e" "RUSTUP_HOME=/opt/rustwide/rustup-home" "-w" "/opt/rustwide/workdir" "-m" "1610612736" "--user" "0:0" "--network" "none" "ghcr.io/rust-lang/crates-build-env/linux@sha256:4a844ea9eb2546a2d2c7022eacef16ef2e8229c7fbb2c7d4d55a9ceca922f72d" "/opt/rustwide/cargo-home/bin/cargo" "+nightly-2024-10-28" "test" "--frozen" "--no-run" "--message-format=json", kill_on_drop: false }`
[INFO] [stdout] 68ca795bf124ff932841e22120ea2070aed30ee49502b29160ac54c1741da94b
[INFO] running `Command { std: "docker" "start" "-a" "68ca795bf124ff932841e22120ea2070aed30ee49502b29160ac54c1741da94b", kill_on_drop: false }`
[INFO] [stderr]    Compiling javawithrust_macro v0.2.0 (/opt/rustwide/workdir)
[INFO] [stderr]     Finished `test` profile [unoptimized + debuginfo] target(s) in 0.21s
[INFO] running `Command { std: "docker" "inspect" "68ca795bf124ff932841e22120ea2070aed30ee49502b29160ac54c1741da94b", kill_on_drop: false }`
[INFO] running `Command { std: "docker" "rm" "-f" "68ca795bf124ff932841e22120ea2070aed30ee49502b29160ac54c1741da94b", kill_on_drop: false }`
[INFO] [stdout] 68ca795bf124ff932841e22120ea2070aed30ee49502b29160ac54c1741da94b
[INFO] running `Command { std: "docker" "create" "-v" "/var/lib/crater-agent-workspace/builds/worker-1-tc2/target:/opt/rustwide/target:rw,Z" "-v" "/var/lib/crater-agent-workspace/builds/worker-1-tc2/source:/opt/rustwide/workdir:ro,Z" "-v" "/var/lib/crater-agent-workspace/cargo-home:/opt/rustwide/cargo-home:ro,Z" "-v" "/var/lib/crater-agent-workspace/rustup-home:/opt/rustwide/rustup-home:ro,Z" "-e" "SOURCE_DIR=/opt/rustwide/workdir" "-e" "CARGO_TARGET_DIR=/opt/rustwide/target" "-e" "CARGO_INCREMENTAL=0" "-e" "RUST_BACKTRACE=full" "-e" "RUSTFLAGS=--cap-lints=forbid -Zrandomize-layout" "-e" "RUSTDOCFLAGS=--cap-lints=forbid" "-e" "CARGO_HOME=/opt/rustwide/cargo-home" "-e" "RUSTUP_HOME=/opt/rustwide/rustup-home" "-w" "/opt/rustwide/workdir" "-m" "1610612736" "--user" "0:0" "--network" "none" "ghcr.io/rust-lang/crates-build-env/linux@sha256:4a844ea9eb2546a2d2c7022eacef16ef2e8229c7fbb2c7d4d55a9ceca922f72d" "/opt/rustwide/cargo-home/bin/cargo" "+nightly-2024-10-28" "test" "--frozen", kill_on_drop: false }`
[INFO] [stdout] 1c16cae43418083297d6412058aeba197cdba64057e7cc24afc376db084f7d58
[INFO] running `Command { std: "docker" "start" "-a" "1c16cae43418083297d6412058aeba197cdba64057e7cc24afc376db084f7d58", kill_on_drop: false }`
[INFO] [stderr]     Finished `test` profile [unoptimized + debuginfo] target(s) in 0.01s
[INFO] [stderr]      Running unittests src/lib.rs (/opt/rustwide/target/debug/deps/javawithrust_macro-6e85c6f3cebafca1)
[INFO] [stdout] 
[INFO] [stdout] running 0 tests
[INFO] [stdout] 
[INFO] [stdout] test result: ok. 0 passed; 0 failed; 0 ignored; 0 measured; 0 filtered out; finished in 0.00s
[INFO] [stdout] 
[INFO] [stderr]    Doc-tests javawithrust_macro
[INFO] [stdout] 
[INFO] [stdout] running 2 tests
[INFO] [stdout] test src/lib.rs - jclass (line 267) ... FAILED
[INFO] [stdout] test src/lib.rs - jfuncs (line 320) ... FAILED
[INFO] [stdout] 
[INFO] [stdout] failures:
[INFO] [stdout] 
[INFO] [stdout] ---- src/lib.rs - jclass (line 267) stdout ----
[INFO] [stdout] error[E0433]: failed to resolve: use of undeclared crate or module `javawithrust`
[INFO] [stdout]  --> src/lib.rs:270:5
[INFO] [stdout]   |
[INFO] [stdout] 5 | use javawithrust::prelude::*;
[INFO] [stdout]   |     ^^^^^^^^^^^^ use of undeclared crate or module `javawithrust`
[INFO] [stdout] 
[INFO] [stdout] error: cannot find attribute `jclass` in this scope
[INFO] [stdout]  --> src/lib.rs:272:3
[INFO] [stdout]   |
[INFO] [stdout] 7 | #[jclass(io.example.MyJavaClass)]
[INFO] [stdout]   |   ^^^^^^
[INFO] [stdout]   |
[INFO] [stdout] help: consider importing this attribute macro
[INFO] [stdout]   |
[INFO] [stdout] 4 + use javawithrust_macro::jclass;
[INFO] [stdout]   |
[INFO] [stdout] 
[INFO] [stdout] error: aborting due to 2 previous errors
[INFO] [stdout] 
[INFO] [stdout] For more information about this error, try `rustc --explain E0433`.
[INFO] [stdout] Couldn't compile the test.
[INFO] [stdout] ---- src/lib.rs - jfuncs (line 320) stdout ----
[INFO] [stdout] error: associated function in `impl` without body
[INFO] [stdout]   --> src/lib.rs:331:5
[INFO] [stdout]    |
[INFO] [stdout] 13 |     fn hello();
[INFO] [stdout]    |     ^^^^^^^^^^-
[INFO] [stdout]    |               |
[INFO] [stdout]    |               help: provide a definition for the function: `{ <body> }`
[INFO] [stdout] 
[INFO] [stdout] error[E0433]: failed to resolve: use of undeclared crate or module `javawithrust`
[INFO] [stdout]  --> src/lib.rs:323:5
[INFO] [stdout]   |
[INFO] [stdout] 5 | use javawithrust::prelude::*;
[INFO] [stdout]   |     ^^^^^^^^^^^^ use of undeclared crate or module `javawithrust`
[INFO] [stdout] 
[INFO] [stdout] error: cannot find attribute `jfuncs` in this scope
[INFO] [stdout]   --> src/lib.rs:328:3
[INFO] [stdout]    |
[INFO] [stdout] 10 | #[jfuncs]
[INFO] [stdout]    |   ^^^^^^
[INFO] [stdout]    |
[INFO] [stdout] help: consider importing this attribute macro
[INFO] [stdout]    |
[INFO] [stdout] 4  + use javawithrust_macro::jfuncs;
[INFO] [stdout]    |
[INFO] [stdout] 
[INFO] [stdout] error: cannot find attribute `jclass` in this scope
[INFO] [stdout]  --> src/lib.rs:325:3
[INFO] [stdout]   |
[INFO] [stdout] 7 | #[jclass(io.example.MyJavaClass)]
[INFO] [stdout]   |   ^^^^^^
[INFO] [stdout]   |
[INFO] [stdout] help: consider importing this attribute macro
[INFO] [stdout]   |
[INFO] [stdout] 4 + use javawithrust_macro::jclass;
[INFO] [stdout]   |
[INFO] [stdout] 
[INFO] [stdout] error[E0412]: cannot find type `J2RS` in this scope
[INFO] [stdout]   --> src/lib.rs:329:6
[INFO] [stdout]    |
[INFO] [stdout] 11 | impl J2RS {
[INFO] [stdout]    |      ^^^^ not found in this scope
[INFO] [stdout] 
[INFO] [stdout] error[E0308]: mismatched types
[INFO] [stdout]   --> src/lib.rs:335:16
[INFO] [stdout]    |
[INFO] [stdout] 16 |     fn sum(a : i32, b : i32) -> /*Result<*/i32/*, String>*/ {
[INFO] [stdout]    |                                            --- expected `i32` because of return type
[INFO] [stdout] 17 |         return Ok(a + b);
[INFO] [stdout]    |                ^^^^^^^^^ expected `i32`, found `Result<i32, _>`
[INFO] [stdout]    |
[INFO] [stdout]    = note: expected type `i32`
[INFO] [stdout]               found enum `Result<i32, _>`
[INFO] [stdout] 
[INFO] [stdout] error: aborting due to 6 previous errors
[INFO] [stdout] 
[INFO] [stdout] Some errors have detailed explanations: E0308, E0412, E0433.
[INFO] [stdout] For more information about an error, try `rustc --explain E0308`.
[INFO] [stdout] Couldn't compile the test.
[INFO] [stdout] 
[INFO] [stdout] failures:
[INFO] [stdout]     src/lib.rs - jclass (line 267)
[INFO] [stdout]     src/lib.rs - jfuncs (line 320)
[INFO] [stdout] 
[INFO] [stdout] test result: FAILED. 0 passed; 2 failed; 0 ignored; 0 measured; 0 filtered out; finished in 0.05s
[INFO] [stdout] 
[INFO] [stderr] error: doctest failed, to rerun pass `--doc`
[INFO] running `Command { std: "docker" "inspect" "1c16cae43418083297d6412058aeba197cdba64057e7cc24afc376db084f7d58", kill_on_drop: false }`
[INFO] running `Command { std: "docker" "rm" "-f" "1c16cae43418083297d6412058aeba197cdba64057e7cc24afc376db084f7d58", kill_on_drop: false }`
[INFO] [stdout] 1c16cae43418083297d6412058aeba197cdba64057e7cc24afc376db084f7d58
