[INFO] fetching crate javawithrust 0.2.0...
[INFO] testing javawithrust-0.2.0 against nightly-2024-10-28+rustflags=-Zrandomize-layout for randomize-layout
[INFO] extracting crate javawithrust 0.2.0 into /workspace/builds/worker-6-tc2/source
[INFO] validating manifest of crates.io crate javawithrust 0.2.0 on toolchain nightly-2024-10-28
[INFO] running `Command { std: CARGO_HOME="/workspace/cargo-home" RUSTUP_HOME="/workspace/rustup-home" "/workspace/cargo-home/bin/cargo" "+nightly-2024-10-28" "metadata" "--manifest-path" "Cargo.toml" "--no-deps", kill_on_drop: false }`
[INFO] started tweaking crates.io crate javawithrust 0.2.0
[INFO] finished tweaking crates.io crate javawithrust 0.2.0
[INFO] tweaked toml for crates.io crate javawithrust 0.2.0 written to /workspace/builds/worker-6-tc2/source/Cargo.toml
[INFO] running `Command { std: CARGO_HOME="/workspace/cargo-home" RUSTUP_HOME="/workspace/rustup-home" "/workspace/cargo-home/bin/cargo" "+nightly-2024-10-28" "generate-lockfile" "--manifest-path" "Cargo.toml", kill_on_drop: false }`
[INFO] [stderr]     Updating crates.io index
[INFO] [stderr]      Locking 45 packages to latest compatible versions
[INFO] [stderr]       Adding j4rs v0.13.0 (available: v0.20.0)
[INFO] running `Command { std: CARGO_HOME="/workspace/cargo-home" RUSTUP_HOME="/workspace/rustup-home" "/workspace/cargo-home/bin/cargo" "+nightly-2024-10-28" "fetch" "--manifest-path" "Cargo.toml", kill_on_drop: false }`
[INFO] running `Command { std: "docker" "create" "-v" "/var/lib/crater-agent-workspace/builds/worker-6-tc2/target:/opt/rustwide/target:rw,Z" "-v" "/var/lib/crater-agent-workspace/builds/worker-6-tc2/source:/opt/rustwide/workdir:ro,Z" "-v" "/var/lib/crater-agent-workspace/cargo-home:/opt/rustwide/cargo-home:ro,Z" "-v" "/var/lib/crater-agent-workspace/rustup-home:/opt/rustwide/rustup-home:ro,Z" "-e" "SOURCE_DIR=/opt/rustwide/workdir" "-e" "CARGO_TARGET_DIR=/opt/rustwide/target" "-e" "CARGO_HOME=/opt/rustwide/cargo-home" "-e" "RUSTUP_HOME=/opt/rustwide/rustup-home" "-w" "/opt/rustwide/workdir" "-m" "1610612736" "--user" "0:0" "--network" "none" "ghcr.io/rust-lang/crates-build-env/linux@sha256:4a844ea9eb2546a2d2c7022eacef16ef2e8229c7fbb2c7d4d55a9ceca922f72d" "/opt/rustwide/cargo-home/bin/cargo" "+nightly-2024-10-28" "metadata" "--no-deps" "--format-version=1", kill_on_drop: false }`
[INFO] [stdout] 562696000bf6d84fd44144fe4c6589c5864e85466c24dafcb1aff9ff9ecd6674
[INFO] running `Command { std: "docker" "start" "-a" "562696000bf6d84fd44144fe4c6589c5864e85466c24dafcb1aff9ff9ecd6674", kill_on_drop: false }`
[INFO] running `Command { std: "docker" "inspect" "562696000bf6d84fd44144fe4c6589c5864e85466c24dafcb1aff9ff9ecd6674", kill_on_drop: false }`
[INFO] running `Command { std: "docker" "rm" "-f" "562696000bf6d84fd44144fe4c6589c5864e85466c24dafcb1aff9ff9ecd6674", kill_on_drop: false }`
[INFO] [stdout] 562696000bf6d84fd44144fe4c6589c5864e85466c24dafcb1aff9ff9ecd6674
[INFO] running `Command { std: "docker" "create" "-v" "/var/lib/crater-agent-workspace/builds/worker-6-tc2/target:/opt/rustwide/target:rw,Z" "-v" "/var/lib/crater-agent-workspace/builds/worker-6-tc2/source:/opt/rustwide/workdir:ro,Z" "-v" "/var/lib/crater-agent-workspace/cargo-home:/opt/rustwide/cargo-home:ro,Z" "-v" "/var/lib/crater-agent-workspace/rustup-home:/opt/rustwide/rustup-home:ro,Z" "-e" "SOURCE_DIR=/opt/rustwide/workdir" "-e" "CARGO_TARGET_DIR=/opt/rustwide/target" "-e" "CARGO_INCREMENTAL=0" "-e" "RUST_BACKTRACE=full" "-e" "RUSTFLAGS=--cap-lints=forbid -Zrandomize-layout" "-e" "RUSTDOCFLAGS=--cap-lints=forbid" "-e" "CARGO_HOME=/opt/rustwide/cargo-home" "-e" "RUSTUP_HOME=/opt/rustwide/rustup-home" "-w" "/opt/rustwide/workdir" "-m" "1610612736" "--user" "0:0" "--network" "none" "ghcr.io/rust-lang/crates-build-env/linux@sha256:4a844ea9eb2546a2d2c7022eacef16ef2e8229c7fbb2c7d4d55a9ceca922f72d" "/opt/rustwide/cargo-home/bin/cargo" "+nightly-2024-10-28" "build" "--frozen" "--message-format=json", kill_on_drop: false }`
[INFO] [stdout] fd50a46925916f4dfa3d9f7d7631ca388b55c46f6d8f0739ce4562d3e7819e10
[INFO] running `Command { std: "docker" "start" "-a" "fd50a46925916f4dfa3d9f7d7631ca388b55c46f6d8f0739ce4562d3e7819e10", kill_on_drop: false }`
[INFO] [stderr]    Compiling opaque-debug v0.3.1
[INFO] [stderr]    Compiling cpufeatures v0.2.14
[INFO] [stderr]    Compiling typenum v1.17.0
[INFO] [stderr]    Compiling syn v1.0.109
[INFO] [stderr]    Compiling fs_extra v1.3.0
[INFO] [stderr]    Compiling libloading v0.6.7
[INFO] [stderr]    Compiling generic-array v0.14.7
[INFO] [stderr]    Compiling java-locator v0.1.8
[INFO] [stderr]    Compiling syn v2.0.86
[INFO] [stderr]    Compiling dirs-sys v0.3.7
[INFO] [stderr]    Compiling dirs v3.0.2
[INFO] [stderr]    Compiling digest v0.9.0
[INFO] [stderr]    Compiling block-buffer v0.9.0
[INFO] [stderr]    Compiling sha2 v0.9.9
[INFO] [stderr]    Compiling j4rs v0.13.0
[INFO] [stderr]    Compiling serde_derive v1.0.214
[INFO] [stderr]    Compiling j4rs_derive v0.1.1
[INFO] [stderr]    Compiling javawithrust_macro v0.2.0
[INFO] [stderr]    Compiling serde v1.0.214
[INFO] [stderr]    Compiling serde_json v1.0.132
[INFO] [stderr]    Compiling javawithrust v0.2.0 (/opt/rustwide/workdir)
[INFO] [stderr]     Finished `dev` profile [unoptimized + debuginfo] target(s) in 9.36s
[INFO] running `Command { std: "docker" "inspect" "fd50a46925916f4dfa3d9f7d7631ca388b55c46f6d8f0739ce4562d3e7819e10", kill_on_drop: false }`
[INFO] running `Command { std: "docker" "rm" "-f" "fd50a46925916f4dfa3d9f7d7631ca388b55c46f6d8f0739ce4562d3e7819e10", kill_on_drop: false }`
[INFO] [stdout] fd50a46925916f4dfa3d9f7d7631ca388b55c46f6d8f0739ce4562d3e7819e10
[INFO] running `Command { std: "docker" "create" "-v" "/var/lib/crater-agent-workspace/builds/worker-6-tc2/target:/opt/rustwide/target:rw,Z" "-v" "/var/lib/crater-agent-workspace/builds/worker-6-tc2/source:/opt/rustwide/workdir:ro,Z" "-v" "/var/lib/crater-agent-workspace/cargo-home:/opt/rustwide/cargo-home:ro,Z" "-v" "/var/lib/crater-agent-workspace/rustup-home:/opt/rustwide/rustup-home:ro,Z" "-e" "SOURCE_DIR=/opt/rustwide/workdir" "-e" "CARGO_TARGET_DIR=/opt/rustwide/target" "-e" "CARGO_INCREMENTAL=0" "-e" "RUST_BACKTRACE=full" "-e" "RUSTFLAGS=--cap-lints=forbid -Zrandomize-layout" "-e" "RUSTDOCFLAGS=--cap-lints=forbid" "-e" "CARGO_HOME=/opt/rustwide/cargo-home" "-e" "RUSTUP_HOME=/opt/rustwide/rustup-home" "-w" "/opt/rustwide/workdir" "-m" "1610612736" "--user" "0:0" "--network" "none" "ghcr.io/rust-lang/crates-build-env/linux@sha256:4a844ea9eb2546a2d2c7022eacef16ef2e8229c7fbb2c7d4d55a9ceca922f72d" "/opt/rustwide/cargo-home/bin/cargo" "+nightly-2024-10-28" "test" "--frozen" "--no-run" "--message-format=json", kill_on_drop: false }`
[INFO] [stdout] b9ccc94a0948a9ecf950cd9e431d31030002586321753c0c3e54868445171e0c
[INFO] running `Command { std: "docker" "start" "-a" "b9ccc94a0948a9ecf950cd9e431d31030002586321753c0c3e54868445171e0c", kill_on_drop: false }`
[INFO] [stderr]    Compiling javawithrust v0.2.0 (/opt/rustwide/workdir)
[INFO] [stderr]     Finished `test` profile [unoptimized + debuginfo] target(s) in 0.20s
[INFO] running `Command { std: "docker" "inspect" "b9ccc94a0948a9ecf950cd9e431d31030002586321753c0c3e54868445171e0c", kill_on_drop: false }`
[INFO] running `Command { std: "docker" "rm" "-f" "b9ccc94a0948a9ecf950cd9e431d31030002586321753c0c3e54868445171e0c", kill_on_drop: false }`
[INFO] [stdout] b9ccc94a0948a9ecf950cd9e431d31030002586321753c0c3e54868445171e0c
[INFO] running `Command { std: "docker" "create" "-v" "/var/lib/crater-agent-workspace/builds/worker-6-tc2/target:/opt/rustwide/target:rw,Z" "-v" "/var/lib/crater-agent-workspace/builds/worker-6-tc2/source:/opt/rustwide/workdir:ro,Z" "-v" "/var/lib/crater-agent-workspace/cargo-home:/opt/rustwide/cargo-home:ro,Z" "-v" "/var/lib/crater-agent-workspace/rustup-home:/opt/rustwide/rustup-home:ro,Z" "-e" "SOURCE_DIR=/opt/rustwide/workdir" "-e" "CARGO_TARGET_DIR=/opt/rustwide/target" "-e" "CARGO_INCREMENTAL=0" "-e" "RUST_BACKTRACE=full" "-e" "RUSTFLAGS=--cap-lints=forbid -Zrandomize-layout" "-e" "RUSTDOCFLAGS=--cap-lints=forbid" "-e" "CARGO_HOME=/opt/rustwide/cargo-home" "-e" "RUSTUP_HOME=/opt/rustwide/rustup-home" "-w" "/opt/rustwide/workdir" "-m" "1610612736" "--user" "0:0" "--network" "none" "ghcr.io/rust-lang/crates-build-env/linux@sha256:4a844ea9eb2546a2d2c7022eacef16ef2e8229c7fbb2c7d4d55a9ceca922f72d" "/opt/rustwide/cargo-home/bin/cargo" "+nightly-2024-10-28" "test" "--frozen", kill_on_drop: false }`
[INFO] [stdout] a5988624afedc9f0ed2ff00ad678bfb756f2dd85a6397ad6e34dcb47f954ceb4
[INFO] running `Command { std: "docker" "start" "-a" "a5988624afedc9f0ed2ff00ad678bfb756f2dd85a6397ad6e34dcb47f954ceb4", kill_on_drop: false }`
[INFO] [stderr]     Finished `test` profile [unoptimized + debuginfo] target(s) in 0.03s
[INFO] [stderr]      Running unittests src/lib.rs (/opt/rustwide/target/debug/deps/javawithrust-b1703e8e6399af66)
[INFO] [stdout] 
[INFO] [stdout] running 0 tests
[INFO] [stdout] 
[INFO] [stdout] test result: ok. 0 passed; 0 failed; 0 ignored; 0 measured; 0 filtered out; finished in 0.00s
[INFO] [stdout] 
[INFO] [stderr]    Doc-tests javawithrust
[INFO] [stdout] 
[INFO] [stdout] running 2 tests
[INFO] [stdout] test src/lib.rs - (line 24) ... FAILED
[INFO] [stdout] test src/lib.rs - prelude (line 98) ... ok
[INFO] [stdout] 
[INFO] [stdout] failures:
[INFO] [stdout] 
[INFO] [stdout] ---- src/lib.rs - (line 24) stdout ----
[INFO] [stdout] error[E0412]: cannot find type `JNIEnv` in this scope
[INFO] [stdout]   --> src/lib.rs:33:1
[INFO] [stdout]    |
[INFO] [stdout] 12 | #[jfuncs]
[INFO] [stdout]    | ^^^^^^^^^ not found in this scope
[INFO] [stdout]    |
[INFO] [stdout]    = help: consider importing one of these type aliases:
[INFO] [stdout]            j4rs::prelude::JNIEnv
[INFO] [stdout]            javawithrust::prelude::JNIEnv
[INFO] [stdout]    = note: this error originates in the attribute macro `::javawithrust::prelude::call_from_java` (in Nightly builds, run with -Z macro-backtrace for more info)
[INFO] [stdout] 
[INFO] [stdout] error[E0412]: cannot find type `c_void` in this scope
[INFO] [stdout]   --> src/lib.rs:33:1
[INFO] [stdout]    |
[INFO] [stdout] 12 | #[jfuncs]
[INFO] [stdout]    | ^^^^^^^^^ not found in this scope
[INFO] [stdout]    |
[INFO] [stdout]    = help: consider importing one of these items:
[INFO] [stdout]            std::ffi::c_void
[INFO] [stdout]            std::os::raw::c_void
[INFO] [stdout]            core::ffi::c_void
[INFO] [stdout]            j4rs::prelude::c_void
[INFO] [stdout]            javawithrust::prelude::c_void
[INFO] [stdout]    = note: this error originates in the attribute macro `::javawithrust::prelude::call_from_java` (in Nightly builds, run with -Z macro-backtrace for more info)
[INFO] [stdout] 
[INFO] [stdout] error[E0412]: cannot find type `jobject` in this scope
[INFO] [stdout]   --> src/lib.rs:33:1
[INFO] [stdout]    |
[INFO] [stdout] 12 | #[jfuncs]
[INFO] [stdout]    | ^^^^^^^^^ not found in this scope
[INFO] [stdout]    |
[INFO] [stdout]    = help: consider importing one of these type aliases:
[INFO] [stdout]            j4rs::prelude::jobject
[INFO] [stdout]            javawithrust::prelude::jobject
[INFO] [stdout]    = note: this error originates in the attribute macro `::javawithrust::prelude::call_from_java` (in Nightly builds, run with -Z macro-backtrace for more info)
[INFO] [stdout] 
[INFO] [stdout] error[E0433]: failed to resolve: use of undeclared type `Jvm`
[INFO] [stdout]   --> src/lib.rs:33:1
[INFO] [stdout]    |
[INFO] [stdout] 12 | #[jfuncs]
[INFO] [stdout]    | ^^^^^^^^^ use of undeclared type `Jvm`
[INFO] [stdout]    |
[INFO] [stdout]    = help: consider importing one of these structs:
[INFO] [stdout]            j4rs::Jvm
[INFO] [stdout]            javawithrust::prelude::Jvm
[INFO] [stdout]    = note: this error originates in the attribute macro `::javawithrust::prelude::call_from_java` (in Nightly builds, run with -Z macro-backtrace for more info)
[INFO] [stdout] 
[INFO] [stdout] error[E0433]: failed to resolve: use of undeclared crate or module `ptr`
[INFO] [stdout]   --> src/lib.rs:33:1
[INFO] [stdout]    |
[INFO] [stdout] 12 | #[jfuncs]
[INFO] [stdout]    | ^^^^^^^^^
[INFO] [stdout]    | |
[INFO] [stdout]    | use of undeclared crate or module `ptr`
[INFO] [stdout]    | help: a builtin type with a similar name exists: `str`
[INFO] [stdout]    |
[INFO] [stdout]    = help: consider importing one of these modules:
[INFO] [stdout]            std::ptr
[INFO] [stdout]            j4rs::prelude::ptr
[INFO] [stdout]            javawithrust::prelude::ptr
[INFO] [stdout]    = note: this error originates in the attribute macro `::javawithrust::prelude::call_from_java` (in Nightly builds, run with -Z macro-backtrace for more info)
[INFO] [stdout] 
[INFO] [stdout] error[E0412]: cannot find type `JNIEnv` in this scope
[INFO] [stdout]   --> src/lib.rs:33:1
[INFO] [stdout]    |
[INFO] [stdout] 12 | #[jfuncs]
[INFO] [stdout]    | ^^^^^^^^^ not found in this scope
[INFO] [stdout]    |
[INFO] [stdout]    = help: consider importing one of these type aliases:
[INFO] [stdout]            j4rs::prelude::JNIEnv
[INFO] [stdout]            javawithrust::prelude::JNIEnv
[INFO] [stdout]    = note: this error originates in the attribute macro `::javawithrust::prelude::call_from_java` (in Nightly builds, run with -Z macro-backtrace for more info)
[INFO] [stdout] 
[INFO] [stdout] error[E0412]: cannot find type `c_void` in this scope
[INFO] [stdout]   --> src/lib.rs:33:1
[INFO] [stdout]    |
[INFO] [stdout] 12 | #[jfuncs]
[INFO] [stdout]    | ^^^^^^^^^ not found in this scope
[INFO] [stdout]    |
[INFO] [stdout]    = help: consider importing one of these items:
[INFO] [stdout]            std::ffi::c_void
[INFO] [stdout]            std::os::raw::c_void
[INFO] [stdout]            core::ffi::c_void
[INFO] [stdout]            j4rs::prelude::c_void
[INFO] [stdout]            javawithrust::prelude::c_void
[INFO] [stdout]    = note: this error originates in the attribute macro `::javawithrust::prelude::call_from_java` (in Nightly builds, run with -Z macro-backtrace for more info)
[INFO] [stdout] 
[INFO] [stdout] error[E0412]: cannot find type `jobject` in this scope
[INFO] [stdout]   --> src/lib.rs:33:1
[INFO] [stdout]    |
[INFO] [stdout] 12 | #[jfuncs]
[INFO] [stdout]    | ^^^^^^^^^ not found in this scope
[INFO] [stdout]    |
[INFO] [stdout]    = help: consider importing one of these type aliases:
[INFO] [stdout]            j4rs::prelude::jobject
[INFO] [stdout]            javawithrust::prelude::jobject
[INFO] [stdout]    = note: this error originates in the attribute macro `::javawithrust::prelude::call_from_java` (in Nightly builds, run with -Z macro-backtrace for more info)
[INFO] [stdout] 
[INFO] [stdout] error[E0433]: failed to resolve: use of undeclared type `Jvm`
[INFO] [stdout]   --> src/lib.rs:33:1
[INFO] [stdout]    |
[INFO] [stdout] 12 | #[jfuncs]
[INFO] [stdout]    | ^^^^^^^^^ use of undeclared type `Jvm`
[INFO] [stdout]    |
[INFO] [stdout]    = help: consider importing one of these structs:
[INFO] [stdout]            j4rs::Jvm
[INFO] [stdout]            javawithrust::prelude::Jvm
[INFO] [stdout]    = note: this error originates in the attribute macro `::javawithrust::prelude::call_from_java` (in Nightly builds, run with -Z macro-backtrace for more info)
[INFO] [stdout] 
[INFO] [stdout] error[E0433]: failed to resolve: use of undeclared type `Instance`
[INFO] [stdout]   --> src/lib.rs:33:1
[INFO] [stdout]    |
[INFO] [stdout] 12 | #[jfuncs]
[INFO] [stdout]    | ^^^^^^^^^ use of undeclared type `Instance`
[INFO] [stdout]    |
[INFO] [stdout]    = help: consider importing one of these structs:
[INFO] [stdout]            j4rs::Instance
[INFO] [stdout]            javawithrust::prelude::Instance
[INFO] [stdout]    = note: this error originates in the attribute macro `::javawithrust::prelude::call_from_java` (in Nightly builds, run with -Z macro-backtrace for more info)
[INFO] [stdout] 
[INFO] [stdout] error[E0433]: failed to resolve: use of undeclared crate or module `ptr`
[INFO] [stdout]   --> src/lib.rs:33:1
[INFO] [stdout]    |
[INFO] [stdout] 12 | #[jfuncs]
[INFO] [stdout]    | ^^^^^^^^^
[INFO] [stdout]    | |
[INFO] [stdout]    | use of undeclared crate or module `ptr`
[INFO] [stdout]    | help: a builtin type with a similar name exists: `str`
[INFO] [stdout]    |
[INFO] [stdout]    = help: consider importing one of these modules:
[INFO] [stdout]            std::ptr
[INFO] [stdout]            j4rs::prelude::ptr
[INFO] [stdout]            javawithrust::prelude::ptr
[INFO] [stdout]    = note: this error originates in the attribute macro `::javawithrust::prelude::call_from_java` (in Nightly builds, run with -Z macro-backtrace for more info)
[INFO] [stdout] 
[INFO] [stdout] error[E0433]: failed to resolve: use of undeclared type `CustomRustStruct`
[INFO] [stdout]   --> src/lib.rs:34:6
[INFO] [stdout]    |
[INFO] [stdout] 13 | impl CustomRustStruct {
[INFO] [stdout]    |      ^^^^^^^^^^^^^^^^ use of undeclared type `CustomRustStruct`
[INFO] [stdout] 
[INFO] [stdout] error: aborting due to 12 previous errors
[INFO] [stdout] 
[INFO] [stdout] Some errors have detailed explanations: E0412, E0433.
[INFO] [stdout] For more information about an error, try `rustc --explain E0412`.
[INFO] [stdout] Couldn't compile the test.
[INFO] [stdout] 
[INFO] [stdout] failures:
[INFO] [stdout]     src/lib.rs - (line 24)
[INFO] [stdout] 
[INFO] [stdout] test result: FAILED. 1 passed; 1 failed; 0 ignored; 0 measured; 0 filtered out; finished in 0.13s
[INFO] [stdout] 
[INFO] [stderr] error: doctest failed, to rerun pass `--doc`
[INFO] running `Command { std: "docker" "inspect" "a5988624afedc9f0ed2ff00ad678bfb756f2dd85a6397ad6e34dcb47f954ceb4", kill_on_drop: false }`
[INFO] running `Command { std: "docker" "rm" "-f" "a5988624afedc9f0ed2ff00ad678bfb756f2dd85a6397ad6e34dcb47f954ceb4", kill_on_drop: false }`
[INFO] [stdout] a5988624afedc9f0ed2ff00ad678bfb756f2dd85a6397ad6e34dcb47f954ceb4
