[INFO] fetching crate izihawa-tantivy-common 0.7.0...
[INFO] testing izihawa-tantivy-common-0.7.0 against nightly-2024-10-28+rustflags=-Zrandomize-layout for randomize-layout
[INFO] extracting crate izihawa-tantivy-common 0.7.0 into /workspace/builds/worker-2-tc2/source
[INFO] validating manifest of crates.io crate izihawa-tantivy-common 0.7.0 on toolchain nightly-2024-10-28
[INFO] running `Command { std: CARGO_HOME="/workspace/cargo-home" RUSTUP_HOME="/workspace/rustup-home" "/workspace/cargo-home/bin/cargo" "+nightly-2024-10-28" "metadata" "--manifest-path" "Cargo.toml" "--no-deps", kill_on_drop: false }`
[INFO] started tweaking crates.io crate izihawa-tantivy-common 0.7.0
[INFO] finished tweaking crates.io crate izihawa-tantivy-common 0.7.0
[INFO] tweaked toml for crates.io crate izihawa-tantivy-common 0.7.0 written to /workspace/builds/worker-2-tc2/source/Cargo.toml
[INFO] running `Command { std: CARGO_HOME="/workspace/cargo-home" RUSTUP_HOME="/workspace/rustup-home" "/workspace/cargo-home/bin/cargo" "+nightly-2024-10-28" "generate-lockfile" "--manifest-path" "Cargo.toml", kill_on_drop: false }`
[INFO] [stderr]     Updating crates.io index
[INFO] [stderr]      Locking 59 packages to latest compatible versions
[INFO] running `Command { std: CARGO_HOME="/workspace/cargo-home" RUSTUP_HOME="/workspace/rustup-home" "/workspace/cargo-home/bin/cargo" "+nightly-2024-10-28" "fetch" "--manifest-path" "Cargo.toml", kill_on_drop: false }`
[INFO] running `Command { std: "docker" "create" "-v" "/var/lib/crater-agent-workspace/builds/worker-2-tc2/target:/opt/rustwide/target:rw,Z" "-v" "/var/lib/crater-agent-workspace/builds/worker-2-tc2/source:/opt/rustwide/workdir:ro,Z" "-v" "/var/lib/crater-agent-workspace/cargo-home:/opt/rustwide/cargo-home:ro,Z" "-v" "/var/lib/crater-agent-workspace/rustup-home:/opt/rustwide/rustup-home:ro,Z" "-e" "SOURCE_DIR=/opt/rustwide/workdir" "-e" "CARGO_TARGET_DIR=/opt/rustwide/target" "-e" "CARGO_HOME=/opt/rustwide/cargo-home" "-e" "RUSTUP_HOME=/opt/rustwide/rustup-home" "-w" "/opt/rustwide/workdir" "-m" "1610612736" "--user" "0:0" "--network" "none" "ghcr.io/rust-lang/crates-build-env/linux@sha256:4a844ea9eb2546a2d2c7022eacef16ef2e8229c7fbb2c7d4d55a9ceca922f72d" "/opt/rustwide/cargo-home/bin/cargo" "+nightly-2024-10-28" "metadata" "--no-deps" "--format-version=1", kill_on_drop: false }`
[INFO] [stdout] 552e6c07041b3ddfecce04a28fb4f43861590f63f44e134255feca55a8b16e03
[INFO] running `Command { std: "docker" "start" "-a" "552e6c07041b3ddfecce04a28fb4f43861590f63f44e134255feca55a8b16e03", kill_on_drop: false }`
[INFO] running `Command { std: "docker" "inspect" "552e6c07041b3ddfecce04a28fb4f43861590f63f44e134255feca55a8b16e03", kill_on_drop: false }`
[INFO] running `Command { std: "docker" "rm" "-f" "552e6c07041b3ddfecce04a28fb4f43861590f63f44e134255feca55a8b16e03", kill_on_drop: false }`
[INFO] [stdout] 552e6c07041b3ddfecce04a28fb4f43861590f63f44e134255feca55a8b16e03
[INFO] running `Command { std: "docker" "create" "-v" "/var/lib/crater-agent-workspace/builds/worker-2-tc2/target:/opt/rustwide/target:rw,Z" "-v" "/var/lib/crater-agent-workspace/builds/worker-2-tc2/source:/opt/rustwide/workdir:ro,Z" "-v" "/var/lib/crater-agent-workspace/cargo-home:/opt/rustwide/cargo-home:ro,Z" "-v" "/var/lib/crater-agent-workspace/rustup-home:/opt/rustwide/rustup-home:ro,Z" "-e" "SOURCE_DIR=/opt/rustwide/workdir" "-e" "CARGO_TARGET_DIR=/opt/rustwide/target" "-e" "CARGO_INCREMENTAL=0" "-e" "RUST_BACKTRACE=full" "-e" "RUSTFLAGS=--cap-lints=forbid -Zrandomize-layout" "-e" "RUSTDOCFLAGS=--cap-lints=forbid" "-e" "CARGO_HOME=/opt/rustwide/cargo-home" "-e" "RUSTUP_HOME=/opt/rustwide/rustup-home" "-w" "/opt/rustwide/workdir" "-m" "1610612736" "--user" "0:0" "--network" "none" "ghcr.io/rust-lang/crates-build-env/linux@sha256:4a844ea9eb2546a2d2c7022eacef16ef2e8229c7fbb2c7d4d55a9ceca922f72d" "/opt/rustwide/cargo-home/bin/cargo" "+nightly-2024-10-28" "build" "--frozen" "--message-format=json", kill_on_drop: false }`
[INFO] [stdout] 01478c0d8268cc738858d201b4fd2c540d5b25fe17f998460aeab1bcfd19b72f
[INFO] running `Command { std: "docker" "start" "-a" "01478c0d8268cc738858d201b4fd2c540d5b25fe17f998460aeab1bcfd19b72f", kill_on_drop: false }`
[INFO] [stderr]    Compiling serde v1.0.214
[INFO] [stderr]    Compiling izihawa-ownedbytes v0.7.0
[INFO] [stderr]    Compiling syn v2.0.86
[INFO] [stderr]    Compiling serde_derive v1.0.214
[INFO] [stderr]    Compiling async-trait v0.1.83
[INFO] [stderr]    Compiling deranged v0.3.11
[INFO] [stderr]    Compiling time v0.3.36
[INFO] [stderr]    Compiling izihawa-tantivy-common v0.7.0 (/opt/rustwide/workdir)
[INFO] [stdout] warning: unexpected `cfg` condition value: `unstable`
[INFO] [stdout]    --> src/bitset.rs:700:17
[INFO] [stdout]     |
[INFO] [stdout] 700 | #[cfg(all(test, feature = "unstable"))]
[INFO] [stdout]     |                 ^^^^^^^^^^^^^^^^^^^^
[INFO] [stdout]     |
[INFO] [stdout]     = note: expected values for `feature` are: `quickwit`
[INFO] [stdout]     = help: consider adding `unstable` as a feature in `Cargo.toml`
[INFO] [stdout]     = note: see <https://doc.rust-lang.org/nightly/rustc/check-cfg/cargo-specifics.html> for more information about checking conditional configuration
[INFO] [stdout]     = note: `#[warn(unexpected_cfgs)]` on by default
[INFO] [stdout] 
[INFO] [stdout] 
[INFO] [stderr]     Finished `dev` profile [unoptimized + debuginfo] target(s) in 7.70s
[INFO] running `Command { std: "docker" "inspect" "01478c0d8268cc738858d201b4fd2c540d5b25fe17f998460aeab1bcfd19b72f", kill_on_drop: false }`
[INFO] running `Command { std: "docker" "rm" "-f" "01478c0d8268cc738858d201b4fd2c540d5b25fe17f998460aeab1bcfd19b72f", kill_on_drop: false }`
[INFO] [stdout] 01478c0d8268cc738858d201b4fd2c540d5b25fe17f998460aeab1bcfd19b72f
[INFO] running `Command { std: "docker" "create" "-v" "/var/lib/crater-agent-workspace/builds/worker-2-tc2/target:/opt/rustwide/target:rw,Z" "-v" "/var/lib/crater-agent-workspace/builds/worker-2-tc2/source:/opt/rustwide/workdir:ro,Z" "-v" "/var/lib/crater-agent-workspace/cargo-home:/opt/rustwide/cargo-home:ro,Z" "-v" "/var/lib/crater-agent-workspace/rustup-home:/opt/rustwide/rustup-home:ro,Z" "-e" "SOURCE_DIR=/opt/rustwide/workdir" "-e" "CARGO_TARGET_DIR=/opt/rustwide/target" "-e" "CARGO_INCREMENTAL=0" "-e" "RUST_BACKTRACE=full" "-e" "RUSTFLAGS=--cap-lints=forbid -Zrandomize-layout" "-e" "RUSTDOCFLAGS=--cap-lints=forbid" "-e" "CARGO_HOME=/opt/rustwide/cargo-home" "-e" "RUSTUP_HOME=/opt/rustwide/rustup-home" "-w" "/opt/rustwide/workdir" "-m" "1610612736" "--user" "0:0" "--network" "none" "ghcr.io/rust-lang/crates-build-env/linux@sha256:4a844ea9eb2546a2d2c7022eacef16ef2e8229c7fbb2c7d4d55a9ceca922f72d" "/opt/rustwide/cargo-home/bin/cargo" "+nightly-2024-10-28" "test" "--frozen" "--no-run" "--message-format=json", kill_on_drop: false }`
[INFO] [stdout] 98b9712e69f3404de1648ed34e4ba7baa52bf6802f0f4d930be349e3c71d07a7
[INFO] running `Command { std: "docker" "start" "-a" "98b9712e69f3404de1648ed34e4ba7baa52bf6802f0f4d930be349e3c71d07a7", kill_on_drop: false }`
[INFO] [stderr]    Compiling num-traits v0.2.19
[INFO] [stderr]    Compiling bit-vec v0.6.3
[INFO] [stderr]    Compiling quick-error v1.2.3
[INFO] [stderr]    Compiling unarray v0.1.4
[INFO] [stderr]    Compiling syn v2.0.86
[INFO] [stderr]    Compiling getrandom v0.2.15
[INFO] [stderr]    Compiling wait-timeout v0.2.0
[INFO] [stderr]    Compiling rusty-fork v0.3.0
[INFO] [stderr]    Compiling rand_core v0.6.4
[INFO] [stderr]    Compiling bit-set v0.5.3
[INFO] [stderr]    Compiling rand_xorshift v0.3.0
[INFO] [stderr]    Compiling zerocopy-derive v0.7.35
[INFO] [stderr]    Compiling serde_derive v1.0.214
[INFO] [stderr]    Compiling async-trait v0.1.83
[INFO] [stderr]    Compiling zerocopy v0.7.35
[INFO] [stderr]    Compiling ppv-lite86 v0.2.20
[INFO] [stderr]    Compiling rand_chacha v0.3.1
[INFO] [stderr]    Compiling rand v0.8.5
[INFO] [stderr]    Compiling serde v1.0.214
[INFO] [stderr]    Compiling proptest v1.5.0
[INFO] [stderr]    Compiling deranged v0.3.11
[INFO] [stderr]    Compiling time v0.3.36
[INFO] [stderr]    Compiling izihawa-tantivy-common v0.7.0 (/opt/rustwide/workdir)
[INFO] [stdout] warning: unexpected `cfg` condition value: `unstable`
[INFO] [stdout]    --> src/bitset.rs:700:17
[INFO] [stdout]     |
[INFO] [stdout] 700 | #[cfg(all(test, feature = "unstable"))]
[INFO] [stdout]     |                 ^^^^^^^^^^^^^^^^^^^^
[INFO] [stdout]     |
[INFO] [stdout]     = note: expected values for `feature` are: `quickwit`
[INFO] [stdout]     = help: consider adding `unstable` as a feature in `Cargo.toml`
[INFO] [stdout]     = note: see <https://doc.rust-lang.org/nightly/rustc/check-cfg/cargo-specifics.html> for more information about checking conditional configuration
[INFO] [stdout]     = note: `#[warn(unexpected_cfgs)]` on by default
[INFO] [stdout] 
[INFO] [stdout] 
[INFO] [stdout] warning: unexpected `cfg` condition value: `unstable`
[INFO] [stdout]    --> src/bitset.rs:700:17
[INFO] [stdout]     |
[INFO] [stdout] 700 | #[cfg(all(test, feature = "unstable"))]
[INFO] [stdout]     |                 ^^^^^^^^^^^^^^^^^^^^
[INFO] [stdout]     |
[INFO] [stdout]     = note: expected values for `feature` are: `quickwit`
[INFO] [stdout]     = help: consider adding `unstable` as a feature in `Cargo.toml`
[INFO] [stdout]     = note: see <https://doc.rust-lang.org/nightly/rustc/check-cfg/cargo-specifics.html> for more information about checking conditional configuration
[INFO] [stdout]     = note: `#[warn(unexpected_cfgs)]` on by default
[INFO] [stdout] 
[INFO] [stdout] 
[INFO] [stderr]     Finished `test` profile [unoptimized + debuginfo] target(s) in 9.66s
[INFO] running `Command { std: "docker" "inspect" "98b9712e69f3404de1648ed34e4ba7baa52bf6802f0f4d930be349e3c71d07a7", kill_on_drop: false }`
[INFO] running `Command { std: "docker" "rm" "-f" "98b9712e69f3404de1648ed34e4ba7baa52bf6802f0f4d930be349e3c71d07a7", kill_on_drop: false }`
[INFO] [stdout] 98b9712e69f3404de1648ed34e4ba7baa52bf6802f0f4d930be349e3c71d07a7
[INFO] running `Command { std: "docker" "create" "-v" "/var/lib/crater-agent-workspace/builds/worker-2-tc2/target:/opt/rustwide/target:rw,Z" "-v" "/var/lib/crater-agent-workspace/builds/worker-2-tc2/source:/opt/rustwide/workdir:ro,Z" "-v" "/var/lib/crater-agent-workspace/cargo-home:/opt/rustwide/cargo-home:ro,Z" "-v" "/var/lib/crater-agent-workspace/rustup-home:/opt/rustwide/rustup-home:ro,Z" "-e" "SOURCE_DIR=/opt/rustwide/workdir" "-e" "CARGO_TARGET_DIR=/opt/rustwide/target" "-e" "CARGO_INCREMENTAL=0" "-e" "RUST_BACKTRACE=full" "-e" "RUSTFLAGS=--cap-lints=forbid -Zrandomize-layout" "-e" "RUSTDOCFLAGS=--cap-lints=forbid" "-e" "CARGO_HOME=/opt/rustwide/cargo-home" "-e" "RUSTUP_HOME=/opt/rustwide/rustup-home" "-w" "/opt/rustwide/workdir" "-m" "1610612736" "--user" "0:0" "--network" "none" "ghcr.io/rust-lang/crates-build-env/linux@sha256:4a844ea9eb2546a2d2c7022eacef16ef2e8229c7fbb2c7d4d55a9ceca922f72d" "/opt/rustwide/cargo-home/bin/cargo" "+nightly-2024-10-28" "test" "--frozen", kill_on_drop: false }`
[INFO] [stdout] 7fbac015cd0f71d904e56bd7f31cc9abc92b4e0aadca0b4d4c54e6652c5059da
[INFO] running `Command { std: "docker" "start" "-a" "7fbac015cd0f71d904e56bd7f31cc9abc92b4e0aadca0b4d4c54e6652c5059da", kill_on_drop: false }`
[INFO] [stderr] warning: unexpected `cfg` condition value: `unstable`
[INFO] [stderr]    --> src/bitset.rs:700:17
[INFO] [stderr]     |
[INFO] [stderr] 700 | #[cfg(all(test, feature = "unstable"))]
[INFO] [stderr]     |                 ^^^^^^^^^^^^^^^^^^^^
[INFO] [stderr]     |
[INFO] [stderr]     = note: expected values for `feature` are: `quickwit`
[INFO] [stderr]     = help: consider adding `unstable` as a feature in `Cargo.toml`
[INFO] [stderr]     = note: see <https://doc.rust-lang.org/nightly/rustc/check-cfg/cargo-specifics.html> for more information about checking conditional configuration
[INFO] [stderr]     = note: `#[warn(unexpected_cfgs)]` on by default
[INFO] [stderr] 
[INFO] [stderr] warning: `izihawa-tantivy-common` (lib) generated 1 warning
[INFO] [stderr] warning: `izihawa-tantivy-common` (lib test) generated 1 warning (1 duplicate)
[INFO] [stderr]     Finished `test` profile [unoptimized + debuginfo] target(s) in 0.04s
[INFO] [stderr]      Running unittests src/lib.rs (/opt/rustwide/target/debug/deps/izihawa_tantivy_common-f0a4fdc37e58f0a4)
[INFO] [stdout] 
[INFO] [stdout] running 41 tests
[INFO] [stdout] test bitset::tests::test_bitset_intersect ... ok
[INFO] [stdout] test bitset::tests::test_bitset ... ok
[INFO] [stdout] test bitset::tests::test_bitset_len ... ok
[INFO] [stdout] test bitset::tests::test_bitset_num_buckets ... ok
[INFO] [stdout] test bitset::tests::test_read_serialized_bitset_empty ... ok
[INFO] [stdout] test bitset::tests::test_read_serialized_bitset_full ... ok
[INFO] [stdout] test bitset::tests::test_read_serialized_bitset_full_block ... ok
[INFO] [stdout] test bitset::tests::test_tiny_set ... ok
[INFO] [stdout] test bitset::tests::test_tiny_set_remove ... ok
[INFO] [stdout] test bitset::tests::test_bitset_clear ... ok
[INFO] [stdout] test bitset::tests::test_tinyset_range ... ok
[INFO] [stdout] test file_slice::tests::test_combine_range ... ok
[INFO] [stdout] test byte_count::test::test_bytes ... ok
[INFO] [stdout] test file_slice::tests::test_file_slice ... ok
[INFO] [stdout] test file_slice::tests::test_slice_simple_read ... ok
[INFO] [stdout] test file_slice::tests::test_file_slice_trait_slice_len ... ok
[INFO] [stdout] test group_by::tests::group_by_test_empty ... ok
[INFO] [stdout] test group_by::tests::group_by_three_groups ... ok
[INFO] [stdout] test file_slice::tests::test_slice_read_slice ... ok
[INFO] [stdout] test json_path_writer::tests::json_path_writer_test ... ok
[INFO] [stdout] test serialize::test::test_serialize_bool ... ok
[INFO] [stdout] test serialize::test::test_serialize_f64 ... ok
[INFO] [stdout] test serialize::test::test_serialize_i64 ... ok
[INFO] [stdout] test serialize::test::test_serialize_u64 ... ok
[INFO] [stdout] test group_by::tests::group_by_two_groups ... ok
[INFO] [stdout] test serialize::test::test_serialize_vec ... ok
[INFO] [stdout] test serialize::test::test_serialize_u32 ... ok
[INFO] [stdout] test serialize::test::test_serialize_string ... ok
[INFO] [stdout] test test::test_f64_converter ... ok
[INFO] [stdout] test test::test_i64_converter ... ok
[INFO] [stdout] test test::test_replace_in_place ... ok
[INFO] [stdout] test vint::tests::test_vint ... ok
[INFO] [stdout] test writer::test::test_counting_writer ... ok
[INFO] [stdout] test test::test_f64_order ... ok
[INFO] [stdout] test vint::tests::test_vint_u32 ... ok
[INFO] [stdout] test serialize::test::test_serialize_u8 ... ok
[INFO] [stdout] test bitset::tests::test_read_serialized_bitset_full_multi ... ok
[INFO] [stdout] test serialize::test::test_serialize_vint ... ok
[INFO] [stdout] test test::test_f64_converter_monotonicity_proptest ... ok
[INFO] [stdout] test file_slice::tests::test_combine_range_panics - should panic ... ok
[INFO] [stdout] test file_slice::tests::test_slice_read_slice_invalid_range_exceeds - should panic ... ok
[INFO] [stdout] 
[INFO] [stdout] test result: ok. 41 passed; 0 failed; 0 ignored; 0 measured; 0 filtered out; finished in 0.02s
[INFO] [stdout] 
[INFO] [stderr]    Doc-tests izihawa_tantivy_common
[INFO] [stdout] 
[INFO] [stdout] running 1 test
[INFO] [stdout] test src/group_by.rs - group_by::GroupByIteratorExtended::group_by (line 12) ... FAILED
[INFO] [stdout] 
[INFO] [stdout] failures:
[INFO] [stdout] 
[INFO] [stdout] ---- src/group_by.rs - group_by::GroupByIteratorExtended::group_by (line 12) stdout ----
[INFO] [stdout] error[E0432]: unresolved import `tantivy_common`
[INFO] [stdout]  --> src/group_by.rs:13:5
[INFO] [stdout]   |
[INFO] [stdout] 3 | use tantivy_common::GroupByIteratorExtended;
[INFO] [stdout]   |     ^^^^^^^^^^^^^^ use of undeclared crate or module `tantivy_common`
[INFO] [stdout] 
[INFO] [stdout] error[E0599]: no method named `group_by` found for struct `std::vec::IntoIter` in the current scope
[INFO] [stdout]   --> src/group_by.rs:21:38
[INFO] [stdout]    |
[INFO] [stdout] 11 | for (key, group) in data.into_iter().group_by(|val| *val >= 0) {
[INFO] [stdout]    |                                      ^^^^^^^^ method not found in `IntoIter<i32>`
[INFO] [stdout]    |
[INFO] [stdout]   ::: /opt/rustwide/workdir/src/group_by.rs:26:8
[INFO] [stdout]    |
[INFO] [stdout] 26 |     fn group_by<K, F>(self, key: F) -> GroupByIterator<Self, F, K>
[INFO] [stdout]    |        -------- the method is available for `std::vec::IntoIter<i32>` here
[INFO] [stdout]    |
[INFO] [stdout]    = help: items from traits can only be used if the trait is in scope
[INFO] [stdout] help: trait `GroupByIteratorExtended` which provides `group_by` is implemented but not in scope; perhaps you want to import it
[INFO] [stdout]    |
[INFO] [stdout] 2  + use izihawa_tantivy_common::GroupByIteratorExtended;
[INFO] [stdout]    |
[INFO] [stdout] 
[INFO] [stdout] error: aborting due to 2 previous errors
[INFO] [stdout] 
[INFO] [stdout] Some errors have detailed explanations: E0432, E0599.
[INFO] [stdout] For more information about an error, try `rustc --explain E0432`.
[INFO] [stdout] Couldn't compile the test.
[INFO] [stdout] 
[INFO] [stdout] failures:
[INFO] [stdout]     src/group_by.rs - group_by::GroupByIteratorExtended::group_by (line 12)
[INFO] [stdout] 
[INFO] [stdout] test result: FAILED. 0 passed; 1 failed; 0 ignored; 0 measured; 0 filtered out; finished in 0.07s
[INFO] [stdout] 
[INFO] [stderr] error: doctest failed, to rerun pass `--doc`
[INFO] running `Command { std: "docker" "inspect" "7fbac015cd0f71d904e56bd7f31cc9abc92b4e0aadca0b4d4c54e6652c5059da", kill_on_drop: false }`
[INFO] running `Command { std: "docker" "rm" "-f" "7fbac015cd0f71d904e56bd7f31cc9abc92b4e0aadca0b4d4c54e6652c5059da", kill_on_drop: false }`
[INFO] [stdout] 7fbac015cd0f71d904e56bd7f31cc9abc92b4e0aadca0b4d4c54e6652c5059da
