[INFO] fetching crate itconfig-macro 1.1.1...
[INFO] testing itconfig-macro-1.1.1 against nightly-2024-10-28 for randomize-layout
[INFO] extracting crate itconfig-macro 1.1.1 into /workspace/builds/worker-7-tc1/source
[INFO] validating manifest of crates.io crate itconfig-macro 1.1.1 on toolchain nightly-2024-10-28
[INFO] running `Command { std: CARGO_HOME="/workspace/cargo-home" RUSTUP_HOME="/workspace/rustup-home" "/workspace/cargo-home/bin/cargo" "+nightly-2024-10-28" "metadata" "--manifest-path" "Cargo.toml" "--no-deps", kill_on_drop: false }`
[INFO] started tweaking crates.io crate itconfig-macro 1.1.1
[INFO] finished tweaking crates.io crate itconfig-macro 1.1.1
[INFO] tweaked toml for crates.io crate itconfig-macro 1.1.1 written to /workspace/builds/worker-7-tc1/source/Cargo.toml
[INFO] running `Command { std: CARGO_HOME="/workspace/cargo-home" RUSTUP_HOME="/workspace/rustup-home" "/workspace/cargo-home/bin/cargo" "+nightly-2024-10-28" "generate-lockfile" "--manifest-path" "Cargo.toml", kill_on_drop: false }`
[INFO] [stderr]     Updating crates.io index
[INFO] [stderr]      Locking 5 packages to latest compatible versions
[INFO] [stderr]       Adding syn v1.0.109 (available: v2.0.86)
[INFO] running `Command { std: CARGO_HOME="/workspace/cargo-home" RUSTUP_HOME="/workspace/rustup-home" "/workspace/cargo-home/bin/cargo" "+nightly-2024-10-28" "fetch" "--manifest-path" "Cargo.toml", kill_on_drop: false }`
[INFO] running `Command { std: "docker" "create" "-v" "/var/lib/crater-agent-workspace/builds/worker-7-tc1/target:/opt/rustwide/target:rw,Z" "-v" "/var/lib/crater-agent-workspace/builds/worker-7-tc1/source:/opt/rustwide/workdir:ro,Z" "-v" "/var/lib/crater-agent-workspace/cargo-home:/opt/rustwide/cargo-home:ro,Z" "-v" "/var/lib/crater-agent-workspace/rustup-home:/opt/rustwide/rustup-home:ro,Z" "-e" "SOURCE_DIR=/opt/rustwide/workdir" "-e" "CARGO_TARGET_DIR=/opt/rustwide/target" "-e" "CARGO_HOME=/opt/rustwide/cargo-home" "-e" "RUSTUP_HOME=/opt/rustwide/rustup-home" "-w" "/opt/rustwide/workdir" "-m" "1610612736" "--user" "0:0" "--network" "none" "ghcr.io/rust-lang/crates-build-env/linux@sha256:4a844ea9eb2546a2d2c7022eacef16ef2e8229c7fbb2c7d4d55a9ceca922f72d" "/opt/rustwide/cargo-home/bin/cargo" "+nightly-2024-10-28" "metadata" "--no-deps" "--format-version=1", kill_on_drop: false }`
[INFO] [stdout] 46cd86e05e7981016a1dcd69d9e54b9e7516151a47289b3d71c8f7b8da7d1335
[INFO] running `Command { std: "docker" "start" "-a" "46cd86e05e7981016a1dcd69d9e54b9e7516151a47289b3d71c8f7b8da7d1335", kill_on_drop: false }`
[INFO] running `Command { std: "docker" "inspect" "46cd86e05e7981016a1dcd69d9e54b9e7516151a47289b3d71c8f7b8da7d1335", kill_on_drop: false }`
[INFO] running `Command { std: "docker" "rm" "-f" "46cd86e05e7981016a1dcd69d9e54b9e7516151a47289b3d71c8f7b8da7d1335", kill_on_drop: false }`
[INFO] [stdout] 46cd86e05e7981016a1dcd69d9e54b9e7516151a47289b3d71c8f7b8da7d1335
[INFO] running `Command { std: "docker" "create" "-v" "/var/lib/crater-agent-workspace/builds/worker-7-tc1/target:/opt/rustwide/target:rw,Z" "-v" "/var/lib/crater-agent-workspace/builds/worker-7-tc1/source:/opt/rustwide/workdir:ro,Z" "-v" "/var/lib/crater-agent-workspace/cargo-home:/opt/rustwide/cargo-home:ro,Z" "-v" "/var/lib/crater-agent-workspace/rustup-home:/opt/rustwide/rustup-home:ro,Z" "-e" "SOURCE_DIR=/opt/rustwide/workdir" "-e" "CARGO_TARGET_DIR=/opt/rustwide/target" "-e" "CARGO_INCREMENTAL=0" "-e" "RUST_BACKTRACE=full" "-e" "RUSTFLAGS=--cap-lints=forbid" "-e" "RUSTDOCFLAGS=--cap-lints=forbid" "-e" "CARGO_HOME=/opt/rustwide/cargo-home" "-e" "RUSTUP_HOME=/opt/rustwide/rustup-home" "-w" "/opt/rustwide/workdir" "-m" "1610612736" "--user" "0:0" "--network" "none" "ghcr.io/rust-lang/crates-build-env/linux@sha256:4a844ea9eb2546a2d2c7022eacef16ef2e8229c7fbb2c7d4d55a9ceca922f72d" "/opt/rustwide/cargo-home/bin/cargo" "+nightly-2024-10-28" "build" "--frozen" "--message-format=json", kill_on_drop: false }`
[INFO] [stdout] 7d85ae94a1c0596147caf8539d312150d26bd6608e03f67feb8989fb9549bc99
[INFO] running `Command { std: "docker" "start" "-a" "7d85ae94a1c0596147caf8539d312150d26bd6608e03f67feb8989fb9549bc99", kill_on_drop: false }`
[INFO] [stderr]    Compiling proc-macro2 v1.0.89
[INFO] [stderr]    Compiling unicode-ident v1.0.13
[INFO] [stderr]    Compiling syn v1.0.109
[INFO] [stderr]    Compiling quote v1.0.37
[INFO] [stderr]    Compiling itconfig-macro v1.1.1 (/opt/rustwide/workdir)
[INFO] [stderr]     Finished `dev` profile [unoptimized + debuginfo] target(s) in 2.36s
[INFO] running `Command { std: "docker" "inspect" "7d85ae94a1c0596147caf8539d312150d26bd6608e03f67feb8989fb9549bc99", kill_on_drop: false }`
[INFO] running `Command { std: "docker" "rm" "-f" "7d85ae94a1c0596147caf8539d312150d26bd6608e03f67feb8989fb9549bc99", kill_on_drop: false }`
[INFO] [stdout] 7d85ae94a1c0596147caf8539d312150d26bd6608e03f67feb8989fb9549bc99
[INFO] running `Command { std: "docker" "create" "-v" "/var/lib/crater-agent-workspace/builds/worker-7-tc1/target:/opt/rustwide/target:rw,Z" "-v" "/var/lib/crater-agent-workspace/builds/worker-7-tc1/source:/opt/rustwide/workdir:ro,Z" "-v" "/var/lib/crater-agent-workspace/cargo-home:/opt/rustwide/cargo-home:ro,Z" "-v" "/var/lib/crater-agent-workspace/rustup-home:/opt/rustwide/rustup-home:ro,Z" "-e" "SOURCE_DIR=/opt/rustwide/workdir" "-e" "CARGO_TARGET_DIR=/opt/rustwide/target" "-e" "CARGO_INCREMENTAL=0" "-e" "RUST_BACKTRACE=full" "-e" "RUSTFLAGS=--cap-lints=forbid" "-e" "RUSTDOCFLAGS=--cap-lints=forbid" "-e" "CARGO_HOME=/opt/rustwide/cargo-home" "-e" "RUSTUP_HOME=/opt/rustwide/rustup-home" "-w" "/opt/rustwide/workdir" "-m" "1610612736" "--user" "0:0" "--network" "none" "ghcr.io/rust-lang/crates-build-env/linux@sha256:4a844ea9eb2546a2d2c7022eacef16ef2e8229c7fbb2c7d4d55a9ceca922f72d" "/opt/rustwide/cargo-home/bin/cargo" "+nightly-2024-10-28" "test" "--frozen" "--no-run" "--message-format=json", kill_on_drop: false }`
[INFO] [stdout] 94977833d3edfd11321a8b480d9e35b04c35fbf66bbe9e7d0ac1320d164f2f0b
[INFO] running `Command { std: "docker" "start" "-a" "94977833d3edfd11321a8b480d9e35b04c35fbf66bbe9e7d0ac1320d164f2f0b", kill_on_drop: false }`
[INFO] [stderr]    Compiling lazy_static v1.5.0
[INFO] [stderr]    Compiling itconfig-macro v1.1.1 (/opt/rustwide/workdir)
[INFO] [stderr]     Finished `test` profile [unoptimized + debuginfo] target(s) in 0.48s
[INFO] running `Command { std: "docker" "inspect" "94977833d3edfd11321a8b480d9e35b04c35fbf66bbe9e7d0ac1320d164f2f0b", kill_on_drop: false }`
[INFO] running `Command { std: "docker" "rm" "-f" "94977833d3edfd11321a8b480d9e35b04c35fbf66bbe9e7d0ac1320d164f2f0b", kill_on_drop: false }`
[INFO] [stdout] 94977833d3edfd11321a8b480d9e35b04c35fbf66bbe9e7d0ac1320d164f2f0b
[INFO] running `Command { std: "docker" "create" "-v" "/var/lib/crater-agent-workspace/builds/worker-7-tc1/target:/opt/rustwide/target:rw,Z" "-v" "/var/lib/crater-agent-workspace/builds/worker-7-tc1/source:/opt/rustwide/workdir:ro,Z" "-v" "/var/lib/crater-agent-workspace/cargo-home:/opt/rustwide/cargo-home:ro,Z" "-v" "/var/lib/crater-agent-workspace/rustup-home:/opt/rustwide/rustup-home:ro,Z" "-e" "SOURCE_DIR=/opt/rustwide/workdir" "-e" "CARGO_TARGET_DIR=/opt/rustwide/target" "-e" "CARGO_INCREMENTAL=0" "-e" "RUST_BACKTRACE=full" "-e" "RUSTFLAGS=--cap-lints=forbid" "-e" "RUSTDOCFLAGS=--cap-lints=forbid" "-e" "CARGO_HOME=/opt/rustwide/cargo-home" "-e" "RUSTUP_HOME=/opt/rustwide/rustup-home" "-w" "/opt/rustwide/workdir" "-m" "1610612736" "--user" "0:0" "--network" "none" "ghcr.io/rust-lang/crates-build-env/linux@sha256:4a844ea9eb2546a2d2c7022eacef16ef2e8229c7fbb2c7d4d55a9ceca922f72d" "/opt/rustwide/cargo-home/bin/cargo" "+nightly-2024-10-28" "test" "--frozen", kill_on_drop: false }`
[INFO] [stdout] bf487ef8fc9dcd1f62cdcc8c219fa077fa4b7336e6f411ce84a8833072371d86
[INFO] running `Command { std: "docker" "start" "-a" "bf487ef8fc9dcd1f62cdcc8c219fa077fa4b7336e6f411ce84a8833072371d86", kill_on_drop: false }`
[INFO] [stderr]     Finished `test` profile [unoptimized + debuginfo] target(s) in 0.02s
[INFO] [stderr]      Running unittests src/lib.rs (/opt/rustwide/target/debug/deps/itconfig_macro-e9a7dac43e89263f)
[INFO] [stdout] 
[INFO] [stdout] running 0 tests
[INFO] [stdout] 
[INFO] [stdout] test result: ok. 0 passed; 0 failed; 0 ignored; 0 measured; 0 filtered out; finished in 0.00s
[INFO] [stdout] 
[INFO] [stderr]    Doc-tests itconfig_macro
[INFO] [stdout] 
[INFO] [stdout] running 15 tests
[INFO] [stdout] test src/lib.rs - config (line 238) ... FAILED
[INFO] [stdout] test src/lib.rs - config (line 129) ... FAILED
[INFO] [stdout] test src/lib.rs - config (line 169) ... FAILED
[INFO] [stdout] test src/lib.rs - config (line 194) ... FAILED
[INFO] [stdout] test src/lib.rs - config (line 31) ... FAILED
[INFO] [stdout] test src/lib.rs - config (line 105) ... FAILED
[INFO] [stdout] test src/lib.rs - config (line 281) ... FAILED
[INFO] [stdout] test src/lib.rs - config (line 145) ... FAILED
[INFO] [stdout] test src/lib.rs - config (line 264) ... FAILED
[INFO] [stdout] test src/lib.rs - config (line 211) ... FAILED
[INFO] [stdout] test src/lib.rs - config (line 322) ... FAILED
[INFO] [stdout] test src/lib.rs - config (line 46) ... FAILED
[INFO] [stdout] test src/lib.rs - config (line 62) ... FAILED
[INFO] [stdout] test src/lib.rs - config (line 81) ... FAILED
[INFO] [stdout] test src/lib.rs - config (line 308) ... ok
[INFO] [stdout] 
[INFO] [stdout] failures:
[INFO] [stdout] 
[INFO] [stdout] ---- src/lib.rs - config (line 238) stdout ----
[INFO] [stdout] error[E0432]: unresolved import `itconfig`
[INFO] [stdout]  --> src/lib.rs:239:5
[INFO] [stdout]   |
[INFO] [stdout] 2 | use itconfig::config;
[INFO] [stdout]   |     ^^^^^^^^ use of undeclared crate or module `itconfig`
[INFO] [stdout] 
[INFO] [stdout] error: aborting due to 1 previous error
[INFO] [stdout] 
[INFO] [stdout] For more information about this error, try `rustc --explain E0432`.
[INFO] [stdout] Couldn't compile the test.
[INFO] [stdout] ---- src/lib.rs - config (line 129) stdout ----
[INFO] [stdout] error[E0432]: unresolved import `itconfig`
[INFO] [stdout]  --> src/lib.rs:130:5
[INFO] [stdout]   |
[INFO] [stdout] 2 | use itconfig::config;
[INFO] [stdout]   |     ^^^^^^^^ use of undeclared crate or module `itconfig`
[INFO] [stdout] 
[INFO] [stdout] error: aborting due to 1 previous error
[INFO] [stdout] 
[INFO] [stdout] For more information about this error, try `rustc --explain E0432`.
[INFO] [stdout] Couldn't compile the test.
[INFO] [stdout] ---- src/lib.rs - config (line 169) stdout ----
[INFO] [stdout] error[E0432]: unresolved import `itconfig`
[INFO] [stdout]  --> src/lib.rs:170:5
[INFO] [stdout]   |
[INFO] [stdout] 2 | use itconfig::config;
[INFO] [stdout]   |     ^^^^^^^^ use of undeclared crate or module `itconfig`
[INFO] [stdout] 
[INFO] [stdout] error: aborting due to 1 previous error
[INFO] [stdout] 
[INFO] [stdout] For more information about this error, try `rustc --explain E0432`.
[INFO] [stdout] Couldn't compile the test.
[INFO] [stdout] ---- src/lib.rs - config (line 194) stdout ----
[INFO] [stdout] error[E0432]: unresolved import `itconfig`
[INFO] [stdout]  --> src/lib.rs:195:5
[INFO] [stdout]   |
[INFO] [stdout] 2 | use itconfig::config;
[INFO] [stdout]   |     ^^^^^^^^ use of undeclared crate or module `itconfig`
[INFO] [stdout] 
[INFO] [stdout] error: aborting due to 1 previous error
[INFO] [stdout] 
[INFO] [stdout] For more information about this error, try `rustc --explain E0432`.
[INFO] [stdout] Couldn't compile the test.
[INFO] [stdout] ---- src/lib.rs - config (line 31) stdout ----
[INFO] [stdout] error[E0432]: unresolved import `itconfig`
[INFO] [stdout]  --> src/lib.rs:32:5
[INFO] [stdout]   |
[INFO] [stdout] 2 | use itconfig::config;
[INFO] [stdout]   |     ^^^^^^^^ use of undeclared crate or module `itconfig`
[INFO] [stdout] 
[INFO] [stdout] error: aborting due to 1 previous error
[INFO] [stdout] 
[INFO] [stdout] For more information about this error, try `rustc --explain E0432`.
[INFO] [stdout] Couldn't compile the test.
[INFO] [stdout] ---- src/lib.rs - config (line 105) stdout ----
[INFO] [stdout] error[E0432]: unresolved import `itconfig`
[INFO] [stdout]  --> src/lib.rs:106:5
[INFO] [stdout]   |
[INFO] [stdout] 2 | use itconfig::config;
[INFO] [stdout]   |     ^^^^^^^^ use of undeclared crate or module `itconfig`
[INFO] [stdout] 
[INFO] [stdout] error: aborting due to 1 previous error
[INFO] [stdout] 
[INFO] [stdout] For more information about this error, try `rustc --explain E0432`.
[INFO] [stdout] Couldn't compile the test.
[INFO] [stdout] ---- src/lib.rs - config (line 281) stdout ----
[INFO] [stdout] error[E0432]: unresolved import `itconfig`
[INFO] [stdout]  --> src/lib.rs:282:5
[INFO] [stdout]   |
[INFO] [stdout] 2 | use itconfig::config;
[INFO] [stdout]   |     ^^^^^^^^ use of undeclared crate or module `itconfig`
[INFO] [stdout] 
[INFO] [stdout] error: aborting due to 1 previous error
[INFO] [stdout] 
[INFO] [stdout] For more information about this error, try `rustc --explain E0432`.
[INFO] [stdout] Couldn't compile the test.
[INFO] [stdout] ---- src/lib.rs - config (line 145) stdout ----
[INFO] [stdout] error[E0432]: unresolved import `itconfig`
[INFO] [stdout]  --> src/lib.rs:146:5
[INFO] [stdout]   |
[INFO] [stdout] 2 | use itconfig::config;
[INFO] [stdout]   |     ^^^^^^^^ use of undeclared crate or module `itconfig`
[INFO] [stdout] 
[INFO] [stdout] error: aborting due to 1 previous error
[INFO] [stdout] 
[INFO] [stdout] For more information about this error, try `rustc --explain E0432`.
[INFO] [stdout] Couldn't compile the test.
[INFO] [stdout] ---- src/lib.rs - config (line 264) stdout ----
[INFO] [stdout] error[E0432]: unresolved import `itconfig`
[INFO] [stdout]  --> src/lib.rs:265:5
[INFO] [stdout]   |
[INFO] [stdout] 2 | use itconfig::config;
[INFO] [stdout]   |     ^^^^^^^^ use of undeclared crate or module `itconfig`
[INFO] [stdout] 
[INFO] [stdout] error: aborting due to 1 previous error
[INFO] [stdout] 
[INFO] [stdout] For more information about this error, try `rustc --explain E0432`.
[INFO] [stdout] Couldn't compile the test.
[INFO] [stdout] ---- src/lib.rs - config (line 211) stdout ----
[INFO] [stdout] error[E0432]: unresolved import `itconfig`
[INFO] [stdout]  --> src/lib.rs:212:5
[INFO] [stdout]   |
[INFO] [stdout] 2 | use itconfig::config;
[INFO] [stdout]   |     ^^^^^^^^ use of undeclared crate or module `itconfig`
[INFO] [stdout] 
[INFO] [stdout] error: aborting due to 1 previous error
[INFO] [stdout] 
[INFO] [stdout] For more information about this error, try `rustc --explain E0432`.
[INFO] [stdout] Couldn't compile the test.
[INFO] [stdout] ---- src/lib.rs - config (line 322) stdout ----
[INFO] [stdout] error[E0432]: unresolved import `itconfig`
[INFO] [stdout]  --> src/lib.rs:323:5
[INFO] [stdout]   |
[INFO] [stdout] 2 | use itconfig::config;
[INFO] [stdout]   |     ^^^^^^^^ use of undeclared crate or module `itconfig`
[INFO] [stdout] 
[INFO] [stdout] error: aborting due to 1 previous error
[INFO] [stdout] 
[INFO] [stdout] For more information about this error, try `rustc --explain E0432`.
[INFO] [stdout] Couldn't compile the test.
[INFO] [stdout] ---- src/lib.rs - config (line 46) stdout ----
[INFO] [stdout] error[E0432]: unresolved import `itconfig`
[INFO] [stdout]  --> src/lib.rs:47:5
[INFO] [stdout]   |
[INFO] [stdout] 2 | use itconfig::config;
[INFO] [stdout]   |     ^^^^^^^^ use of undeclared crate or module `itconfig`
[INFO] [stdout] 
[INFO] [stdout] error: aborting due to 1 previous error
[INFO] [stdout] 
[INFO] [stdout] For more information about this error, try `rustc --explain E0432`.
[INFO] [stdout] Couldn't compile the test.
[INFO] [stdout] ---- src/lib.rs - config (line 62) stdout ----
[INFO] [stdout] error[E0432]: unresolved import `itconfig`
[INFO] [stdout]  --> src/lib.rs:63:5
[INFO] [stdout]   |
[INFO] [stdout] 2 | use itconfig::config;
[INFO] [stdout]   |     ^^^^^^^^ use of undeclared crate or module `itconfig`
[INFO] [stdout] 
[INFO] [stdout] error[E0433]: failed to resolve: use of undeclared crate or module `configuration`
[INFO] [stdout]   --> src/lib.rs:74:5
[INFO] [stdout]    |
[INFO] [stdout] 13 |     configuration::init();
[INFO] [stdout]    |     ^^^^^^^^^^^^^ use of undeclared crate or module `configuration`
[INFO] [stdout] 
[INFO] [stdout] error[E0433]: failed to resolve: use of undeclared crate or module `configuration`
[INFO] [stdout]   --> src/lib.rs:75:16
[INFO] [stdout]    |
[INFO] [stdout] 14 |     assert_eq!(configuration::DEBUG(), true);
[INFO] [stdout]    |                ^^^^^^^^^^^^^ use of undeclared crate or module `configuration`
[INFO] [stdout] 
[INFO] [stdout] error: aborting due to 3 previous errors
[INFO] [stdout] 
[INFO] [stdout] Some errors have detailed explanations: E0432, E0433.
[INFO] [stdout] For more information about an error, try `rustc --explain E0432`.
[INFO] [stdout] Couldn't compile the test.
[INFO] [stdout] ---- src/lib.rs - config (line 81) stdout ----
[INFO] [stdout] error[E0432]: unresolved import `itconfig`
[INFO] [stdout]  --> src/lib.rs:82:5
[INFO] [stdout]   |
[INFO] [stdout] 2 | use itconfig::config;
[INFO] [stdout]   |     ^^^^^^^^ use of undeclared crate or module `itconfig`
[INFO] [stdout] 
[INFO] [stdout] error[E0425]: cannot find function `init` in this scope
[INFO] [stdout]   --> src/lib.rs:94:5
[INFO] [stdout]    |
[INFO] [stdout] 14 |     init();
[INFO] [stdout]    |     ^^^^ not found in this scope
[INFO] [stdout] 
[INFO] [stdout] error[E0425]: cannot find function, tuple struct or tuple variant `DEBUG` in this scope
[INFO] [stdout]   --> src/lib.rs:95:16
[INFO] [stdout]    |
[INFO] [stdout] 15 |     assert_eq!(DEBUG(), true);
[INFO] [stdout]    |                ^^^^^ not found in this scope
[INFO] [stdout] 
[INFO] [stdout] error: aborting due to 3 previous errors
[INFO] [stdout] 
[INFO] [stdout] Some errors have detailed explanations: E0425, E0432.
[INFO] [stdout] For more information about an error, try `rustc --explain E0425`.
[INFO] [stdout] Couldn't compile the test.
[INFO] [stdout] 
[INFO] [stdout] failures:
[INFO] [stdout]     src/lib.rs - config (line 105)
[INFO] [stdout]     src/lib.rs - config (line 129)
[INFO] [stdout]     src/lib.rs - config (line 145)
[INFO] [stdout]     src/lib.rs - config (line 169)
[INFO] [stdout]     src/lib.rs - config (line 194)
[INFO] [stdout]     src/lib.rs - config (line 211)
[INFO] [stdout]     src/lib.rs - config (line 238)
[INFO] [stdout]     src/lib.rs - config (line 264)
[INFO] [stdout]     src/lib.rs - config (line 281)
[INFO] [stdout]     src/lib.rs - config (line 31)
[INFO] [stdout]     src/lib.rs - config (line 322)
[INFO] [stdout]     src/lib.rs - config (line 46)
[INFO] [stdout]     src/lib.rs - config (line 62)
[INFO] [stdout]     src/lib.rs - config (line 81)
[INFO] [stdout] 
[INFO] [stdout] test result: FAILED. 1 passed; 14 failed; 0 ignored; 0 measured; 0 filtered out; finished in 0.23s
[INFO] [stdout] 
[INFO] [stderr] error: doctest failed, to rerun pass `--doc`
[INFO] running `Command { std: "docker" "inspect" "bf487ef8fc9dcd1f62cdcc8c219fa077fa4b7336e6f411ce84a8833072371d86", kill_on_drop: false }`
[INFO] running `Command { std: "docker" "rm" "-f" "bf487ef8fc9dcd1f62cdcc8c219fa077fa4b7336e6f411ce84a8833072371d86", kill_on_drop: false }`
[INFO] [stdout] bf487ef8fc9dcd1f62cdcc8c219fa077fa4b7336e6f411ce84a8833072371d86
