[INFO] fetching crate irrelevant 0.1.0...
[INFO] testing irrelevant-0.1.0 against nightly-2024-10-28 for randomize-layout
[INFO] extracting crate irrelevant 0.1.0 into /workspace/builds/worker-1-tc1/source
[INFO] validating manifest of crates.io crate irrelevant 0.1.0 on toolchain nightly-2024-10-28
[INFO] running `Command { std: CARGO_HOME="/workspace/cargo-home" RUSTUP_HOME="/workspace/rustup-home" "/workspace/cargo-home/bin/cargo" "+nightly-2024-10-28" "metadata" "--manifest-path" "Cargo.toml" "--no-deps", kill_on_drop: false }`
[INFO] started tweaking crates.io crate irrelevant 0.1.0
[INFO] finished tweaking crates.io crate irrelevant 0.1.0
[INFO] tweaked toml for crates.io crate irrelevant 0.1.0 written to /workspace/builds/worker-1-tc1/source/Cargo.toml
[INFO] running `Command { std: CARGO_HOME="/workspace/cargo-home" RUSTUP_HOME="/workspace/rustup-home" "/workspace/cargo-home/bin/cargo" "+nightly-2024-10-28" "generate-lockfile" "--manifest-path" "Cargo.toml", kill_on_drop: false }`
[INFO] running `Command { std: CARGO_HOME="/workspace/cargo-home" RUSTUP_HOME="/workspace/rustup-home" "/workspace/cargo-home/bin/cargo" "+nightly-2024-10-28" "fetch" "--manifest-path" "Cargo.toml", kill_on_drop: false }`
[INFO] running `Command { std: "docker" "create" "-v" "/var/lib/crater-agent-workspace/builds/worker-1-tc1/target:/opt/rustwide/target:rw,Z" "-v" "/var/lib/crater-agent-workspace/builds/worker-1-tc1/source:/opt/rustwide/workdir:ro,Z" "-v" "/var/lib/crater-agent-workspace/cargo-home:/opt/rustwide/cargo-home:ro,Z" "-v" "/var/lib/crater-agent-workspace/rustup-home:/opt/rustwide/rustup-home:ro,Z" "-e" "SOURCE_DIR=/opt/rustwide/workdir" "-e" "CARGO_TARGET_DIR=/opt/rustwide/target" "-e" "CARGO_HOME=/opt/rustwide/cargo-home" "-e" "RUSTUP_HOME=/opt/rustwide/rustup-home" "-w" "/opt/rustwide/workdir" "-m" "1610612736" "--user" "0:0" "--network" "none" "ghcr.io/rust-lang/crates-build-env/linux@sha256:4a844ea9eb2546a2d2c7022eacef16ef2e8229c7fbb2c7d4d55a9ceca922f72d" "/opt/rustwide/cargo-home/bin/cargo" "+nightly-2024-10-28" "metadata" "--no-deps" "--format-version=1", kill_on_drop: false }`
[INFO] [stdout] 191c0513875ad2e24364c3ad24865cc9ed1e188de92e29005a4584add6c3a4c6
[INFO] running `Command { std: "docker" "start" "-a" "191c0513875ad2e24364c3ad24865cc9ed1e188de92e29005a4584add6c3a4c6", kill_on_drop: false }`
[INFO] running `Command { std: "docker" "inspect" "191c0513875ad2e24364c3ad24865cc9ed1e188de92e29005a4584add6c3a4c6", kill_on_drop: false }`
[INFO] running `Command { std: "docker" "rm" "-f" "191c0513875ad2e24364c3ad24865cc9ed1e188de92e29005a4584add6c3a4c6", kill_on_drop: false }`
[INFO] [stdout] 191c0513875ad2e24364c3ad24865cc9ed1e188de92e29005a4584add6c3a4c6
[INFO] running `Command { std: "docker" "create" "-v" "/var/lib/crater-agent-workspace/builds/worker-1-tc1/target:/opt/rustwide/target:rw,Z" "-v" "/var/lib/crater-agent-workspace/builds/worker-1-tc1/source:/opt/rustwide/workdir:ro,Z" "-v" "/var/lib/crater-agent-workspace/cargo-home:/opt/rustwide/cargo-home:ro,Z" "-v" "/var/lib/crater-agent-workspace/rustup-home:/opt/rustwide/rustup-home:ro,Z" "-e" "SOURCE_DIR=/opt/rustwide/workdir" "-e" "CARGO_TARGET_DIR=/opt/rustwide/target" "-e" "CARGO_INCREMENTAL=0" "-e" "RUST_BACKTRACE=full" "-e" "RUSTFLAGS=--cap-lints=forbid" "-e" "RUSTDOCFLAGS=--cap-lints=forbid" "-e" "CARGO_HOME=/opt/rustwide/cargo-home" "-e" "RUSTUP_HOME=/opt/rustwide/rustup-home" "-w" "/opt/rustwide/workdir" "-m" "1610612736" "--user" "0:0" "--network" "none" "ghcr.io/rust-lang/crates-build-env/linux@sha256:4a844ea9eb2546a2d2c7022eacef16ef2e8229c7fbb2c7d4d55a9ceca922f72d" "/opt/rustwide/cargo-home/bin/cargo" "+nightly-2024-10-28" "build" "--frozen" "--message-format=json", kill_on_drop: false }`
[INFO] [stdout] a4996eacdbe2b32c2e70358399f9d433c495932bfcc70b340c9b649e258335ea
[INFO] running `Command { std: "docker" "start" "-a" "a4996eacdbe2b32c2e70358399f9d433c495932bfcc70b340c9b649e258335ea", kill_on_drop: false }`
[INFO] [stderr]    Compiling irrelevant v0.1.0 (/opt/rustwide/workdir)
[INFO] [stderr]     Finished `dev` profile [unoptimized + debuginfo] target(s) in 0.05s
[INFO] running `Command { std: "docker" "inspect" "a4996eacdbe2b32c2e70358399f9d433c495932bfcc70b340c9b649e258335ea", kill_on_drop: false }`
[INFO] running `Command { std: "docker" "rm" "-f" "a4996eacdbe2b32c2e70358399f9d433c495932bfcc70b340c9b649e258335ea", kill_on_drop: false }`
[INFO] [stdout] a4996eacdbe2b32c2e70358399f9d433c495932bfcc70b340c9b649e258335ea
[INFO] running `Command { std: "docker" "create" "-v" "/var/lib/crater-agent-workspace/builds/worker-1-tc1/target:/opt/rustwide/target:rw,Z" "-v" "/var/lib/crater-agent-workspace/builds/worker-1-tc1/source:/opt/rustwide/workdir:ro,Z" "-v" "/var/lib/crater-agent-workspace/cargo-home:/opt/rustwide/cargo-home:ro,Z" "-v" "/var/lib/crater-agent-workspace/rustup-home:/opt/rustwide/rustup-home:ro,Z" "-e" "SOURCE_DIR=/opt/rustwide/workdir" "-e" "CARGO_TARGET_DIR=/opt/rustwide/target" "-e" "CARGO_INCREMENTAL=0" "-e" "RUST_BACKTRACE=full" "-e" "RUSTFLAGS=--cap-lints=forbid" "-e" "RUSTDOCFLAGS=--cap-lints=forbid" "-e" "CARGO_HOME=/opt/rustwide/cargo-home" "-e" "RUSTUP_HOME=/opt/rustwide/rustup-home" "-w" "/opt/rustwide/workdir" "-m" "1610612736" "--user" "0:0" "--network" "none" "ghcr.io/rust-lang/crates-build-env/linux@sha256:4a844ea9eb2546a2d2c7022eacef16ef2e8229c7fbb2c7d4d55a9ceca922f72d" "/opt/rustwide/cargo-home/bin/cargo" "+nightly-2024-10-28" "test" "--frozen" "--no-run" "--message-format=json", kill_on_drop: false }`
[INFO] [stdout] 404c38cf9c8a30939120cad63b0b2d13ca61415219ee51ce6a975bad66bd63f7
[INFO] running `Command { std: "docker" "start" "-a" "404c38cf9c8a30939120cad63b0b2d13ca61415219ee51ce6a975bad66bd63f7", kill_on_drop: false }`
[INFO] [stderr]    Compiling irrelevant v0.1.0 (/opt/rustwide/workdir)
[INFO] [stderr]     Finished `test` profile [unoptimized + debuginfo] target(s) in 0.13s
[INFO] running `Command { std: "docker" "inspect" "404c38cf9c8a30939120cad63b0b2d13ca61415219ee51ce6a975bad66bd63f7", kill_on_drop: false }`
[INFO] running `Command { std: "docker" "rm" "-f" "404c38cf9c8a30939120cad63b0b2d13ca61415219ee51ce6a975bad66bd63f7", kill_on_drop: false }`
[INFO] [stdout] 404c38cf9c8a30939120cad63b0b2d13ca61415219ee51ce6a975bad66bd63f7
[INFO] running `Command { std: "docker" "create" "-v" "/var/lib/crater-agent-workspace/builds/worker-1-tc1/target:/opt/rustwide/target:rw,Z" "-v" "/var/lib/crater-agent-workspace/builds/worker-1-tc1/source:/opt/rustwide/workdir:ro,Z" "-v" "/var/lib/crater-agent-workspace/cargo-home:/opt/rustwide/cargo-home:ro,Z" "-v" "/var/lib/crater-agent-workspace/rustup-home:/opt/rustwide/rustup-home:ro,Z" "-e" "SOURCE_DIR=/opt/rustwide/workdir" "-e" "CARGO_TARGET_DIR=/opt/rustwide/target" "-e" "CARGO_INCREMENTAL=0" "-e" "RUST_BACKTRACE=full" "-e" "RUSTFLAGS=--cap-lints=forbid" "-e" "RUSTDOCFLAGS=--cap-lints=forbid" "-e" "CARGO_HOME=/opt/rustwide/cargo-home" "-e" "RUSTUP_HOME=/opt/rustwide/rustup-home" "-w" "/opt/rustwide/workdir" "-m" "1610612736" "--user" "0:0" "--network" "none" "ghcr.io/rust-lang/crates-build-env/linux@sha256:4a844ea9eb2546a2d2c7022eacef16ef2e8229c7fbb2c7d4d55a9ceca922f72d" "/opt/rustwide/cargo-home/bin/cargo" "+nightly-2024-10-28" "test" "--frozen", kill_on_drop: false }`
[INFO] [stdout] 6fbdf0ff5d467b6858b1c91dea3c9eb6efec837a68fd2e673088f222389bcb24
[INFO] running `Command { std: "docker" "start" "-a" "6fbdf0ff5d467b6858b1c91dea3c9eb6efec837a68fd2e673088f222389bcb24", kill_on_drop: false }`
[INFO] [stderr]     Finished `test` profile [unoptimized + debuginfo] target(s) in 0.01s
[INFO] [stderr]      Running unittests src/lib.rs (/opt/rustwide/target/debug/deps/irrelevant-77d6edffd77e56c0)
[INFO] [stdout] 
[INFO] [stdout] running 0 tests
[INFO] [stdout] 
[INFO] [stdout] test result: ok. 0 passed; 0 failed; 0 ignored; 0 measured; 0 filtered out; finished in 0.00s
[INFO] [stdout] 
[INFO] [stderr]    Doc-tests irrelevant
[INFO] [stdout] 
[INFO] [stdout] running 7 tests
[INFO] [stdout] test src/lib.rs - irrelevant (line 111) - compile fail ... ok
[INFO] [stdout] test src/lib.rs - irrelevant (line 26) - compile fail ... ok
[INFO] [stdout] test src/lib.rs - irrelevant (line 44) ... FAILED
[INFO] [stdout] test src/lib.rs - irrelevant (line 72) ... FAILED
[INFO] [stdout] test src/lib.rs - irrelevant (line 97) ... ok
[INFO] [stdout] test src/lib.rs - irrelevant (line 14) ... ok
[INFO] [stdout] test src/lib.rs - irrelevant (line 103) ... ok
[INFO] [stdout] 
[INFO] [stdout] failures:
[INFO] [stdout] 
[INFO] [stdout] ---- src/lib.rs - irrelevant (line 44) stdout ----
[INFO] [stdout] error[E0425]: cannot find value `ammount` in this scope
[INFO] [stdout]   --> src/lib.rs:63:30
[INFO] [stdout]    |
[INFO] [stdout] 15 | struct CocoaMilk{ammount:NonZeroU16};
[INFO] [stdout]    |                  ------- a field by that name exists in `Self`
[INFO] [stdout] ...
[INFO] [stdout] 22 |         return Box::new(Self{ammount});
[INFO] [stdout]    |                              ^^^^^^^ help: a local variable with a similar name exists: `amount`
[INFO] [stdout] 
[INFO] [stdout] error: aborting due to 1 previous error
[INFO] [stdout] 
[INFO] [stdout] For more information about this error, try `rustc --explain E0425`.
[INFO] [stdout] Couldn't compile the test.
[INFO] [stdout] ---- src/lib.rs - irrelevant (line 72) stdout ----
[INFO] [stdout] error[E0425]: cannot find value `ammount` in this scope
[INFO] [stdout]   --> src/lib.rs:91:28
[INFO] [stdout]    |
[INFO] [stdout] 15 | struct CocoaMilk{ammount:NonZeroU16};
[INFO] [stdout]    |                  ------- a field by that name exists in `Self`
[INFO] [stdout] ...
[INFO] [stdout] 22 |       return Box::new(Self{ammount});
[INFO] [stdout]    |                            ^^^^^^^ help: a local variable with a similar name exists: `amount`
[INFO] [stdout] 
[INFO] [stdout] error: aborting due to 1 previous error
[INFO] [stdout] 
[INFO] [stdout] For more information about this error, try `rustc --explain E0425`.
[INFO] [stdout] Couldn't compile the test.
[INFO] [stdout] 
[INFO] [stdout] failures:
[INFO] [stdout]     src/lib.rs - irrelevant (line 44)
[INFO] [stdout]     src/lib.rs - irrelevant (line 72)
[INFO] [stdout] 
[INFO] [stdout] test result: FAILED. 5 passed; 2 failed; 0 ignored; 0 measured; 0 filtered out; finished in 0.11s
[INFO] [stdout] 
[INFO] [stderr] error: doctest failed, to rerun pass `--doc`
[INFO] running `Command { std: "docker" "inspect" "6fbdf0ff5d467b6858b1c91dea3c9eb6efec837a68fd2e673088f222389bcb24", kill_on_drop: false }`
[INFO] running `Command { std: "docker" "rm" "-f" "6fbdf0ff5d467b6858b1c91dea3c9eb6efec837a68fd2e673088f222389bcb24", kill_on_drop: false }`
[INFO] [stdout] 6fbdf0ff5d467b6858b1c91dea3c9eb6efec837a68fd2e673088f222389bcb24
