[INFO] fetching crate irelia_encoder 0.1.4...
[INFO] testing irelia_encoder-0.1.4 against nightly-2024-10-28 for randomize-layout
[INFO] extracting crate irelia_encoder 0.1.4 into /workspace/builds/worker-5-tc1/source
[INFO] validating manifest of crates.io crate irelia_encoder 0.1.4 on toolchain nightly-2024-10-28
[INFO] running `Command { std: CARGO_HOME="/workspace/cargo-home" RUSTUP_HOME="/workspace/rustup-home" "/workspace/cargo-home/bin/cargo" "+nightly-2024-10-28" "metadata" "--manifest-path" "Cargo.toml" "--no-deps", kill_on_drop: false }`
[INFO] started tweaking crates.io crate irelia_encoder 0.1.4
[INFO] finished tweaking crates.io crate irelia_encoder 0.1.4
[INFO] tweaked toml for crates.io crate irelia_encoder 0.1.4 written to /workspace/builds/worker-5-tc1/source/Cargo.toml
[INFO] running `Command { std: CARGO_HOME="/workspace/cargo-home" RUSTUP_HOME="/workspace/rustup-home" "/workspace/cargo-home/bin/cargo" "+nightly-2024-10-28" "generate-lockfile" "--manifest-path" "Cargo.toml", kill_on_drop: false }`
[INFO] [stderr]     Updating crates.io index
[INFO] [stderr]      Locking 16 packages to latest compatible versions
[INFO] [stderr]       Adding base64 v0.21.7 (available: v0.22.1)
[INFO] running `Command { std: CARGO_HOME="/workspace/cargo-home" RUSTUP_HOME="/workspace/rustup-home" "/workspace/cargo-home/bin/cargo" "+nightly-2024-10-28" "fetch" "--manifest-path" "Cargo.toml", kill_on_drop: false }`
[INFO] running `Command { std: "docker" "create" "-v" "/var/lib/crater-agent-workspace/builds/worker-5-tc1/target:/opt/rustwide/target:rw,Z" "-v" "/var/lib/crater-agent-workspace/builds/worker-5-tc1/source:/opt/rustwide/workdir:ro,Z" "-v" "/var/lib/crater-agent-workspace/cargo-home:/opt/rustwide/cargo-home:ro,Z" "-v" "/var/lib/crater-agent-workspace/rustup-home:/opt/rustwide/rustup-home:ro,Z" "-e" "SOURCE_DIR=/opt/rustwide/workdir" "-e" "CARGO_TARGET_DIR=/opt/rustwide/target" "-e" "CARGO_HOME=/opt/rustwide/cargo-home" "-e" "RUSTUP_HOME=/opt/rustwide/rustup-home" "-w" "/opt/rustwide/workdir" "-m" "1610612736" "--user" "0:0" "--network" "none" "ghcr.io/rust-lang/crates-build-env/linux@sha256:4a844ea9eb2546a2d2c7022eacef16ef2e8229c7fbb2c7d4d55a9ceca922f72d" "/opt/rustwide/cargo-home/bin/cargo" "+nightly-2024-10-28" "metadata" "--no-deps" "--format-version=1", kill_on_drop: false }`
[INFO] [stdout] 16d2d0fddd1fa6f2ebbbe5313bc318a263627502beaec52d19f41d84620478d8
[INFO] running `Command { std: "docker" "start" "-a" "16d2d0fddd1fa6f2ebbbe5313bc318a263627502beaec52d19f41d84620478d8", kill_on_drop: false }`
[INFO] running `Command { std: "docker" "inspect" "16d2d0fddd1fa6f2ebbbe5313bc318a263627502beaec52d19f41d84620478d8", kill_on_drop: false }`
[INFO] running `Command { std: "docker" "rm" "-f" "16d2d0fddd1fa6f2ebbbe5313bc318a263627502beaec52d19f41d84620478d8", kill_on_drop: false }`
[INFO] [stdout] 16d2d0fddd1fa6f2ebbbe5313bc318a263627502beaec52d19f41d84620478d8
[INFO] running `Command { std: "docker" "create" "-v" "/var/lib/crater-agent-workspace/builds/worker-5-tc1/target:/opt/rustwide/target:rw,Z" "-v" "/var/lib/crater-agent-workspace/builds/worker-5-tc1/source:/opt/rustwide/workdir:ro,Z" "-v" "/var/lib/crater-agent-workspace/cargo-home:/opt/rustwide/cargo-home:ro,Z" "-v" "/var/lib/crater-agent-workspace/rustup-home:/opt/rustwide/rustup-home:ro,Z" "-e" "SOURCE_DIR=/opt/rustwide/workdir" "-e" "CARGO_TARGET_DIR=/opt/rustwide/target" "-e" "CARGO_INCREMENTAL=0" "-e" "RUST_BACKTRACE=full" "-e" "RUSTFLAGS=--cap-lints=forbid" "-e" "RUSTDOCFLAGS=--cap-lints=forbid" "-e" "CARGO_HOME=/opt/rustwide/cargo-home" "-e" "RUSTUP_HOME=/opt/rustwide/rustup-home" "-w" "/opt/rustwide/workdir" "-m" "1610612736" "--user" "0:0" "--network" "none" "ghcr.io/rust-lang/crates-build-env/linux@sha256:4a844ea9eb2546a2d2c7022eacef16ef2e8229c7fbb2c7d4d55a9ceca922f72d" "/opt/rustwide/cargo-home/bin/cargo" "+nightly-2024-10-28" "build" "--frozen" "--message-format=json", kill_on_drop: false }`
[INFO] [stdout] 9e9057d7661658951ff7a8718ff0d235f1878aab1d80008bfeb83a9c65aa8039
[INFO] running `Command { std: "docker" "start" "-a" "9e9057d7661658951ff7a8718ff0d235f1878aab1d80008bfeb83a9c65aa8039", kill_on_drop: false }`
[INFO] [stderr]    Compiling irelia_encoder v0.1.4 (/opt/rustwide/workdir)
[INFO] [stderr]     Finished `dev` profile [unoptimized + debuginfo] target(s) in 0.11s
[INFO] running `Command { std: "docker" "inspect" "9e9057d7661658951ff7a8718ff0d235f1878aab1d80008bfeb83a9c65aa8039", kill_on_drop: false }`
[INFO] running `Command { std: "docker" "rm" "-f" "9e9057d7661658951ff7a8718ff0d235f1878aab1d80008bfeb83a9c65aa8039", kill_on_drop: false }`
[INFO] [stdout] 9e9057d7661658951ff7a8718ff0d235f1878aab1d80008bfeb83a9c65aa8039
[INFO] running `Command { std: "docker" "create" "-v" "/var/lib/crater-agent-workspace/builds/worker-5-tc1/target:/opt/rustwide/target:rw,Z" "-v" "/var/lib/crater-agent-workspace/builds/worker-5-tc1/source:/opt/rustwide/workdir:ro,Z" "-v" "/var/lib/crater-agent-workspace/cargo-home:/opt/rustwide/cargo-home:ro,Z" "-v" "/var/lib/crater-agent-workspace/rustup-home:/opt/rustwide/rustup-home:ro,Z" "-e" "SOURCE_DIR=/opt/rustwide/workdir" "-e" "CARGO_TARGET_DIR=/opt/rustwide/target" "-e" "CARGO_INCREMENTAL=0" "-e" "RUST_BACKTRACE=full" "-e" "RUSTFLAGS=--cap-lints=forbid" "-e" "RUSTDOCFLAGS=--cap-lints=forbid" "-e" "CARGO_HOME=/opt/rustwide/cargo-home" "-e" "RUSTUP_HOME=/opt/rustwide/rustup-home" "-w" "/opt/rustwide/workdir" "-m" "1610612736" "--user" "0:0" "--network" "none" "ghcr.io/rust-lang/crates-build-env/linux@sha256:4a844ea9eb2546a2d2c7022eacef16ef2e8229c7fbb2c7d4d55a9ceca922f72d" "/opt/rustwide/cargo-home/bin/cargo" "+nightly-2024-10-28" "test" "--frozen" "--no-run" "--message-format=json", kill_on_drop: false }`
[INFO] [stdout] 46a112c55124cffb4c60127d7957539b72a6b3d7a2588b7ed5412098f076e075
[INFO] running `Command { std: "docker" "start" "-a" "46a112c55124cffb4c60127d7957539b72a6b3d7a2588b7ed5412098f076e075", kill_on_drop: false }`
[INFO] [stderr]    Compiling byteorder v1.5.0
[INFO] [stderr]    Compiling base64 v0.21.7
[INFO] [stderr]    Compiling libc v0.2.161
[INFO] [stderr]    Compiling syn v2.0.86
[INFO] [stderr]    Compiling getrandom v0.2.15
[INFO] [stderr]    Compiling rand_core v0.6.4
[INFO] [stderr]    Compiling zerocopy-derive v0.7.35
[INFO] [stderr]    Compiling zerocopy v0.7.35
[INFO] [stderr]    Compiling ppv-lite86 v0.2.20
[INFO] [stderr]    Compiling rand_chacha v0.3.1
[INFO] [stderr]    Compiling rand v0.8.5
[INFO] [stderr]    Compiling irelia_encoder v0.1.4 (/opt/rustwide/workdir)
[INFO] [stderr]     Finished `test` profile [unoptimized + debuginfo] target(s) in 3.16s
[INFO] running `Command { std: "docker" "inspect" "46a112c55124cffb4c60127d7957539b72a6b3d7a2588b7ed5412098f076e075", kill_on_drop: false }`
[INFO] running `Command { std: "docker" "rm" "-f" "46a112c55124cffb4c60127d7957539b72a6b3d7a2588b7ed5412098f076e075", kill_on_drop: false }`
[INFO] [stdout] 46a112c55124cffb4c60127d7957539b72a6b3d7a2588b7ed5412098f076e075
[INFO] running `Command { std: "docker" "create" "-v" "/var/lib/crater-agent-workspace/builds/worker-5-tc1/target:/opt/rustwide/target:rw,Z" "-v" "/var/lib/crater-agent-workspace/builds/worker-5-tc1/source:/opt/rustwide/workdir:ro,Z" "-v" "/var/lib/crater-agent-workspace/cargo-home:/opt/rustwide/cargo-home:ro,Z" "-v" "/var/lib/crater-agent-workspace/rustup-home:/opt/rustwide/rustup-home:ro,Z" "-e" "SOURCE_DIR=/opt/rustwide/workdir" "-e" "CARGO_TARGET_DIR=/opt/rustwide/target" "-e" "CARGO_INCREMENTAL=0" "-e" "RUST_BACKTRACE=full" "-e" "RUSTFLAGS=--cap-lints=forbid" "-e" "RUSTDOCFLAGS=--cap-lints=forbid" "-e" "CARGO_HOME=/opt/rustwide/cargo-home" "-e" "RUSTUP_HOME=/opt/rustwide/rustup-home" "-w" "/opt/rustwide/workdir" "-m" "1610612736" "--user" "0:0" "--network" "none" "ghcr.io/rust-lang/crates-build-env/linux@sha256:4a844ea9eb2546a2d2c7022eacef16ef2e8229c7fbb2c7d4d55a9ceca922f72d" "/opt/rustwide/cargo-home/bin/cargo" "+nightly-2024-10-28" "test" "--frozen", kill_on_drop: false }`
[INFO] [stdout] bcb9ed30ac2c573f60edd25dc9e48bd719381d7ae30e4c9ded153ea801c0b430
[INFO] running `Command { std: "docker" "start" "-a" "bcb9ed30ac2c573f60edd25dc9e48bd719381d7ae30e4c9ded153ea801c0b430", kill_on_drop: false }`
[INFO] [stderr]     Finished `test` profile [unoptimized + debuginfo] target(s) in 0.01s
[INFO] [stderr]      Running unittests src/lib.rs (/opt/rustwide/target/debug/deps/irelia_encoder-e8a06182e2d4f956)
[INFO] [stdout] 
[INFO] [stdout] running 5 tests
[INFO] [stdout] test test::b64_validity_check ... ok
[INFO] [stdout] test test::irelia_encoder_ascii_check ... ok
[INFO] [stdout] test test::irelia_encoder_unchecked ... ok
[INFO] [stdout] test test::irelia_encoder ... ok
[INFO] [stdout] test test::base64_crate ... ok
[INFO] [stdout] 
[INFO] [stdout] test result: ok. 5 passed; 0 failed; 0 ignored; 0 measured; 0 filtered out; finished in 6.63s
[INFO] [stdout] 
[INFO] [stderr]    Doc-tests irelia_encoder
[INFO] [stdout] 
[INFO] [stdout] running 7 tests
[INFO] [stdout] test src/lib.rs - Encoder::encode_unchecked (line 394) ... FAILED
[INFO] [stdout] test src/lib.rs - Encoder::new (line 36) ... FAILED
[INFO] [stdout] test src/lib.rs - Encoder::encode_without_padding (line 419) ... FAILED
[INFO] [stdout] test src/lib.rs - Encoder::encode_with_ascii_check (line 371) ... FAILED
[INFO] [stdout] test src/lib.rs - Encoder::with_encode_table (line 55) ... FAILED
[INFO] [stdout] test src/lib.rs - Encoder::encode (line 352) ... FAILED
[INFO] [stdout] test src/lib.rs - Encoder::encode_unchecked_without_padding (line 438) ... FAILED
[INFO] [stdout] 
[INFO] [stdout] failures:
[INFO] [stdout] 
[INFO] [stdout] ---- src/lib.rs - Encoder::encode_unchecked (line 394) stdout ----
[INFO] [stdout] error[E0412]: cannot find type `Encoder` in this scope
[INFO] [stdout]  --> src/lib.rs:395:16
[INFO] [stdout]   |
[INFO] [stdout] 3 | const ENCODER: Encoder = Encoder::new();
[INFO] [stdout]   |                ^^^^^^^ not found in this scope
[INFO] [stdout]   |
[INFO] [stdout] help: consider importing this struct
[INFO] [stdout]   |
[INFO] [stdout] 2 + use irelia_encoder::Encoder;
[INFO] [stdout]   |
[INFO] [stdout] 
[INFO] [stdout] error[E0433]: failed to resolve: use of undeclared type `Encoder`
[INFO] [stdout]  --> src/lib.rs:395:26
[INFO] [stdout]   |
[INFO] [stdout] 3 | const ENCODER: Encoder = Encoder::new();
[INFO] [stdout]   |                          ^^^^^^^ use of undeclared type `Encoder`
[INFO] [stdout]   |
[INFO] [stdout] help: consider importing this struct
[INFO] [stdout]   |
[INFO] [stdout] 2 + use irelia_encoder::Encoder;
[INFO] [stdout]   |
[INFO] [stdout] 
[INFO] [stdout] error: aborting due to 2 previous errors
[INFO] [stdout] 
[INFO] [stdout] Some errors have detailed explanations: E0412, E0433.
[INFO] [stdout] For more information about an error, try `rustc --explain E0412`.
[INFO] [stdout] Couldn't compile the test.
[INFO] [stdout] ---- src/lib.rs - Encoder::new (line 36) stdout ----
[INFO] [stdout] error[E0412]: cannot find type `Encoder` in this scope
[INFO] [stdout]  --> src/lib.rs:37:16
[INFO] [stdout]   |
[INFO] [stdout] 3 | const ENCODER: Encoder = Encoder::new();
[INFO] [stdout]   |                ^^^^^^^ not found in this scope
[INFO] [stdout]   |
[INFO] [stdout] help: consider importing this struct
[INFO] [stdout]   |
[INFO] [stdout] 2 + use irelia_encoder::Encoder;
[INFO] [stdout]   |
[INFO] [stdout] 
[INFO] [stdout] error[E0433]: failed to resolve: use of undeclared type `Encoder`
[INFO] [stdout]  --> src/lib.rs:37:26
[INFO] [stdout]   |
[INFO] [stdout] 3 | const ENCODER: Encoder = Encoder::new();
[INFO] [stdout]   |                          ^^^^^^^ use of undeclared type `Encoder`
[INFO] [stdout]   |
[INFO] [stdout] help: consider importing this struct
[INFO] [stdout]   |
[INFO] [stdout] 2 + use irelia_encoder::Encoder;
[INFO] [stdout]   |
[INFO] [stdout] 
[INFO] [stdout] error: aborting due to 2 previous errors
[INFO] [stdout] 
[INFO] [stdout] Some errors have detailed explanations: E0412, E0433.
[INFO] [stdout] For more information about an error, try `rustc --explain E0412`.
[INFO] [stdout] Couldn't compile the test.
[INFO] [stdout] ---- src/lib.rs - Encoder::encode_without_padding (line 419) stdout ----
[INFO] [stdout] error[E0412]: cannot find type `Encoder` in this scope
[INFO] [stdout]  --> src/lib.rs:420:16
[INFO] [stdout]   |
[INFO] [stdout] 3 | const ENCODER: Encoder = Encoder::new();
[INFO] [stdout]   |                ^^^^^^^ not found in this scope
[INFO] [stdout]   |
[INFO] [stdout] help: consider importing this struct
[INFO] [stdout]   |
[INFO] [stdout] 2 + use irelia_encoder::Encoder;
[INFO] [stdout]   |
[INFO] [stdout] 
[INFO] [stdout] error[E0433]: failed to resolve: use of undeclared type `Encoder`
[INFO] [stdout]  --> src/lib.rs:420:26
[INFO] [stdout]   |
[INFO] [stdout] 3 | const ENCODER: Encoder = Encoder::new();
[INFO] [stdout]   |                          ^^^^^^^ use of undeclared type `Encoder`
[INFO] [stdout]   |
[INFO] [stdout] help: consider importing this struct
[INFO] [stdout]   |
[INFO] [stdout] 2 + use irelia_encoder::Encoder;
[INFO] [stdout]   |
[INFO] [stdout] 
[INFO] [stdout] error: aborting due to 2 previous errors
[INFO] [stdout] 
[INFO] [stdout] Some errors have detailed explanations: E0412, E0433.
[INFO] [stdout] For more information about an error, try `rustc --explain E0412`.
[INFO] [stdout] Couldn't compile the test.
[INFO] [stdout] ---- src/lib.rs - Encoder::encode_with_ascii_check (line 371) stdout ----
[INFO] [stdout] error[E0412]: cannot find type `Encoder` in this scope
[INFO] [stdout]  --> src/lib.rs:372:16
[INFO] [stdout]   |
[INFO] [stdout] 3 | const ENCODER: Encoder = Encoder::new();
[INFO] [stdout]   |                ^^^^^^^ not found in this scope
[INFO] [stdout]   |
[INFO] [stdout] help: consider importing this struct
[INFO] [stdout]   |
[INFO] [stdout] 2 + use irelia_encoder::Encoder;
[INFO] [stdout]   |
[INFO] [stdout] 
[INFO] [stdout] error[E0433]: failed to resolve: use of undeclared type `Encoder`
[INFO] [stdout]  --> src/lib.rs:372:26
[INFO] [stdout]   |
[INFO] [stdout] 3 | const ENCODER: Encoder = Encoder::new();
[INFO] [stdout]   |                          ^^^^^^^ use of undeclared type `Encoder`
[INFO] [stdout]   |
[INFO] [stdout] help: consider importing this struct
[INFO] [stdout]   |
[INFO] [stdout] 2 + use irelia_encoder::Encoder;
[INFO] [stdout]   |
[INFO] [stdout] 
[INFO] [stdout] error: aborting due to 2 previous errors
[INFO] [stdout] 
[INFO] [stdout] Some errors have detailed explanations: E0412, E0433.
[INFO] [stdout] For more information about an error, try `rustc --explain E0412`.
[INFO] [stdout] Couldn't compile the test.
[INFO] [stdout] ---- src/lib.rs - Encoder::with_encode_table (line 55) stdout ----
[INFO] [stdout] error[E0412]: cannot find type `Encoder` in this scope
[INFO] [stdout]   --> src/lib.rs:64:16
[INFO] [stdout]    |
[INFO] [stdout] 11 | const ENCODER: Encoder = Encoder::with_encode_table(ALPHABET);
[INFO] [stdout]    |                ^^^^^^^ not found in this scope
[INFO] [stdout]    |
[INFO] [stdout] help: consider importing this struct
[INFO] [stdout]    |
[INFO] [stdout] 2  + use irelia_encoder::Encoder;
[INFO] [stdout]    |
[INFO] [stdout] 
[INFO] [stdout] error[E0433]: failed to resolve: use of undeclared type `Encoder`
[INFO] [stdout]   --> src/lib.rs:64:26
[INFO] [stdout]    |
[INFO] [stdout] 11 | const ENCODER: Encoder = Encoder::with_encode_table(ALPHABET);
[INFO] [stdout]    |                          ^^^^^^^ use of undeclared type `Encoder`
[INFO] [stdout]    |
[INFO] [stdout] help: consider importing this struct
[INFO] [stdout]    |
[INFO] [stdout] 2  + use irelia_encoder::Encoder;
[INFO] [stdout]    |
[INFO] [stdout] 
[INFO] [stdout] error: aborting due to 2 previous errors
[INFO] [stdout] 
[INFO] [stdout] Some errors have detailed explanations: E0412, E0433.
[INFO] [stdout] For more information about an error, try `rustc --explain E0412`.
[INFO] [stdout] Couldn't compile the test.
[INFO] [stdout] ---- src/lib.rs - Encoder::encode (line 352) stdout ----
[INFO] [stdout] error[E0412]: cannot find type `Encoder` in this scope
[INFO] [stdout]  --> src/lib.rs:353:16
[INFO] [stdout]   |
[INFO] [stdout] 3 | const ENCODER: Encoder = Encoder::new();
[INFO] [stdout]   |                ^^^^^^^ not found in this scope
[INFO] [stdout]   |
[INFO] [stdout] help: consider importing this struct
[INFO] [stdout]   |
[INFO] [stdout] 2 + use irelia_encoder::Encoder;
[INFO] [stdout]   |
[INFO] [stdout] 
[INFO] [stdout] error[E0433]: failed to resolve: use of undeclared type `Encoder`
[INFO] [stdout]  --> src/lib.rs:353:26
[INFO] [stdout]   |
[INFO] [stdout] 3 | const ENCODER: Encoder = Encoder::new();
[INFO] [stdout]   |                          ^^^^^^^ use of undeclared type `Encoder`
[INFO] [stdout]   |
[INFO] [stdout] help: consider importing this struct
[INFO] [stdout]   |
[INFO] [stdout] 2 + use irelia_encoder::Encoder;
[INFO] [stdout]   |
[INFO] [stdout] 
[INFO] [stdout] error: aborting due to 2 previous errors
[INFO] [stdout] 
[INFO] [stdout] Some errors have detailed explanations: E0412, E0433.
[INFO] [stdout] For more information about an error, try `rustc --explain E0412`.
[INFO] [stdout] Couldn't compile the test.
[INFO] [stdout] ---- src/lib.rs - Encoder::encode_unchecked_without_padding (line 438) stdout ----
[INFO] [stdout] error[E0412]: cannot find type `Encoder` in this scope
[INFO] [stdout]  --> src/lib.rs:439:16
[INFO] [stdout]   |
[INFO] [stdout] 3 | const ENCODER: Encoder = Encoder::new();
[INFO] [stdout]   |                ^^^^^^^ not found in this scope
[INFO] [stdout]   |
[INFO] [stdout] help: consider importing this struct
[INFO] [stdout]   |
[INFO] [stdout] 2 + use irelia_encoder::Encoder;
[INFO] [stdout]   |
[INFO] [stdout] 
[INFO] [stdout] error[E0433]: failed to resolve: use of undeclared type `Encoder`
[INFO] [stdout]  --> src/lib.rs:439:26
[INFO] [stdout]   |
[INFO] [stdout] 3 | const ENCODER: Encoder = Encoder::new();
[INFO] [stdout]   |                          ^^^^^^^ use of undeclared type `Encoder`
[INFO] [stdout]   |
[INFO] [stdout] help: consider importing this struct
[INFO] [stdout]   |
[INFO] [stdout] 2 + use irelia_encoder::Encoder;
[INFO] [stdout]   |
[INFO] [stdout] 
[INFO] [stdout] error: aborting due to 2 previous errors
[INFO] [stdout] 
[INFO] [stdout] Some errors have detailed explanations: E0412, E0433.
[INFO] [stdout] For more information about an error, try `rustc --explain E0412`.
[INFO] [stdout] Couldn't compile the test.
[INFO] [stdout] 
[INFO] [stdout] failures:
[INFO] [stdout]     src/lib.rs - Encoder::encode (line 352)
[INFO] [stdout]     src/lib.rs - Encoder::encode_unchecked (line 394)
[INFO] [stdout]     src/lib.rs - Encoder::encode_unchecked_without_padding (line 438)
[INFO] [stdout]     src/lib.rs - Encoder::encode_with_ascii_check (line 371)
[INFO] [stdout]     src/lib.rs - Encoder::encode_without_padding (line 419)
[INFO] [stdout]     src/lib.rs - Encoder::new (line 36)
[INFO] [stdout]     src/lib.rs - Encoder::with_encode_table (line 55)
[INFO] [stdout] 
[INFO] [stdout] test result: FAILED. 0 passed; 7 failed; 0 ignored; 0 measured; 0 filtered out; finished in 0.09s
[INFO] [stdout] 
[INFO] [stderr] error: doctest failed, to rerun pass `--doc`
[INFO] running `Command { std: "docker" "inspect" "bcb9ed30ac2c573f60edd25dc9e48bd719381d7ae30e4c9ded153ea801c0b430", kill_on_drop: false }`
[INFO] running `Command { std: "docker" "rm" "-f" "bcb9ed30ac2c573f60edd25dc9e48bd719381d7ae30e4c9ded153ea801c0b430", kill_on_drop: false }`
[INFO] [stdout] bcb9ed30ac2c573f60edd25dc9e48bd719381d7ae30e4c9ded153ea801c0b430
