[INFO] fetching crate ipset-sys 0.1.5...
[INFO] testing ipset-sys-0.1.5 against nightly-2024-10-28+rustflags=-Zrandomize-layout for randomize-layout
[INFO] extracting crate ipset-sys 0.1.5 into /workspace/builds/worker-3-tc2/source
[INFO] validating manifest of crates.io crate ipset-sys 0.1.5 on toolchain nightly-2024-10-28
[INFO] running `Command { std: CARGO_HOME="/workspace/cargo-home" RUSTUP_HOME="/workspace/rustup-home" "/workspace/cargo-home/bin/cargo" "+nightly-2024-10-28" "metadata" "--manifest-path" "Cargo.toml" "--no-deps", kill_on_drop: false }`
[INFO] started tweaking crates.io crate ipset-sys 0.1.5
[INFO] finished tweaking crates.io crate ipset-sys 0.1.5
[INFO] tweaked toml for crates.io crate ipset-sys 0.1.5 written to /workspace/builds/worker-3-tc2/source/Cargo.toml
[INFO] crate crates.io crate ipset-sys 0.1.5 already has a lockfile, it will not be regenerated
[INFO] running `Command { std: CARGO_HOME="/workspace/cargo-home" RUSTUP_HOME="/workspace/rustup-home" "/workspace/cargo-home/bin/cargo" "+nightly-2024-10-28" "fetch" "--manifest-path" "Cargo.toml", kill_on_drop: false }`
[INFO] running `Command { std: "docker" "create" "-v" "/var/lib/crater-agent-workspace/builds/worker-3-tc2/target:/opt/rustwide/target:rw,Z" "-v" "/var/lib/crater-agent-workspace/builds/worker-3-tc2/source:/opt/rustwide/workdir:ro,Z" "-v" "/var/lib/crater-agent-workspace/cargo-home:/opt/rustwide/cargo-home:ro,Z" "-v" "/var/lib/crater-agent-workspace/rustup-home:/opt/rustwide/rustup-home:ro,Z" "-e" "SOURCE_DIR=/opt/rustwide/workdir" "-e" "CARGO_TARGET_DIR=/opt/rustwide/target" "-e" "CARGO_HOME=/opt/rustwide/cargo-home" "-e" "RUSTUP_HOME=/opt/rustwide/rustup-home" "-w" "/opt/rustwide/workdir" "-m" "1610612736" "--user" "0:0" "--network" "none" "ghcr.io/rust-lang/crates-build-env/linux@sha256:4a844ea9eb2546a2d2c7022eacef16ef2e8229c7fbb2c7d4d55a9ceca922f72d" "/opt/rustwide/cargo-home/bin/cargo" "+nightly-2024-10-28" "metadata" "--no-deps" "--format-version=1", kill_on_drop: false }`
[INFO] [stdout] 6b49b75b91aecf0c3614b858301430c2b6238c8445d6dfa4be149e76a25f1211
[INFO] running `Command { std: "docker" "start" "-a" "6b49b75b91aecf0c3614b858301430c2b6238c8445d6dfa4be149e76a25f1211", kill_on_drop: false }`
[INFO] running `Command { std: "docker" "inspect" "6b49b75b91aecf0c3614b858301430c2b6238c8445d6dfa4be149e76a25f1211", kill_on_drop: false }`
[INFO] running `Command { std: "docker" "rm" "-f" "6b49b75b91aecf0c3614b858301430c2b6238c8445d6dfa4be149e76a25f1211", kill_on_drop: false }`
[INFO] [stdout] 6b49b75b91aecf0c3614b858301430c2b6238c8445d6dfa4be149e76a25f1211
[INFO] running `Command { std: "docker" "create" "-v" "/var/lib/crater-agent-workspace/builds/worker-3-tc2/target:/opt/rustwide/target:rw,Z" "-v" "/var/lib/crater-agent-workspace/builds/worker-3-tc2/source:/opt/rustwide/workdir:ro,Z" "-v" "/var/lib/crater-agent-workspace/cargo-home:/opt/rustwide/cargo-home:ro,Z" "-v" "/var/lib/crater-agent-workspace/rustup-home:/opt/rustwide/rustup-home:ro,Z" "-e" "SOURCE_DIR=/opt/rustwide/workdir" "-e" "CARGO_TARGET_DIR=/opt/rustwide/target" "-e" "CARGO_INCREMENTAL=0" "-e" "RUST_BACKTRACE=full" "-e" "RUSTFLAGS=--cap-lints=forbid -Zrandomize-layout" "-e" "RUSTDOCFLAGS=--cap-lints=forbid" "-e" "CARGO_HOME=/opt/rustwide/cargo-home" "-e" "RUSTUP_HOME=/opt/rustwide/rustup-home" "-w" "/opt/rustwide/workdir" "-m" "1610612736" "--user" "0:0" "--network" "none" "ghcr.io/rust-lang/crates-build-env/linux@sha256:4a844ea9eb2546a2d2c7022eacef16ef2e8229c7fbb2c7d4d55a9ceca922f72d" "/opt/rustwide/cargo-home/bin/cargo" "+nightly-2024-10-28" "build" "--frozen" "--message-format=json", kill_on_drop: false }`
[INFO] [stdout] ea92dfbdb19cebb968715bfc307ed8f3cc6ede45535d7e75804a4365a4b2ff0d
[INFO] running `Command { std: "docker" "start" "-a" "ea92dfbdb19cebb968715bfc307ed8f3cc6ede45535d7e75804a4365a4b2ff0d", kill_on_drop: false }`
[INFO] [stderr]    Compiling memchr v2.5.0
[INFO] [stderr]    Compiling libc v0.2.126
[INFO] [stderr]    Compiling proc-macro2 v1.0.42
[INFO] [stderr]    Compiling unicode-ident v1.0.2
[INFO] [stderr]    Compiling quote v1.0.20
[INFO] [stderr]    Compiling glob v0.3.0
[INFO] [stderr]    Compiling cc v1.0.73
[INFO] [stderr]    Compiling version_check v0.9.4
[INFO] [stderr]    Compiling log v0.4.17
[INFO] [stderr]    Compiling unicode-width v0.1.9
[INFO] [stderr]    Compiling regex-syntax v0.6.27
[INFO] [stderr]    Compiling quick-error v1.2.3
[INFO] [stderr]    Compiling cfg-if v1.0.0
[INFO] [stderr]    Compiling nom v5.1.2
[INFO] [stderr]    Compiling clang-sys v0.29.3
[INFO] [stderr]    Compiling humantime v1.3.0
[INFO] [stderr]    Compiling aho-corasick v0.7.18
[INFO] [stderr]    Compiling atty v0.2.14
[INFO] [stderr]    Compiling textwrap v0.11.0
[INFO] [stderr]    Compiling syn v1.0.99
[INFO] [stderr]    Compiling libloading v0.5.2
[INFO] [stderr]    Compiling vec_map v0.8.2
[INFO] [stderr]    Compiling bindgen v0.53.3
[INFO] [stderr]    Compiling ansi_term v0.12.1
[INFO] [stderr]    Compiling termcolor v1.1.3
[INFO] [stderr]    Compiling bitflags v1.3.2
[INFO] [stderr]    Compiling strsim v0.8.0
[INFO] [stderr]    Compiling which v3.1.1
[INFO] [stderr]    Compiling clap v2.34.0
[INFO] [stderr]    Compiling lazy_static v1.4.0
[INFO] [stderr]    Compiling cfg-if v0.1.10
[INFO] [stderr]    Compiling shlex v0.1.1
[INFO] [stderr]    Compiling rustc-hash v1.1.0
[INFO] [stderr]    Compiling peeking_take_while v0.1.2
[INFO] [stderr]    Compiling lazycell v1.3.0
[INFO] [stderr]    Compiling regex v1.6.0
[INFO] [stderr]    Compiling cexpr v0.4.0
[INFO] [stderr]    Compiling env_logger v0.7.1
[INFO] [stderr]    Compiling thiserror-impl v1.0.32
[INFO] [stderr]    Compiling thiserror v1.0.32
[INFO] [stderr]    Compiling ipset-sys v0.1.5 (/opt/rustwide/workdir)
[INFO] [stderr]     Finished `dev` profile [unoptimized + debuginfo] target(s) in 11.72s
[INFO] [stderr] warning: the following packages contain code that will be rejected by a future version of Rust: nom v5.1.2
[INFO] [stderr] note: to see what the problems were, use the option `--future-incompat-report`, or run `cargo report future-incompatibilities --id 1`
[INFO] running `Command { std: "docker" "inspect" "ea92dfbdb19cebb968715bfc307ed8f3cc6ede45535d7e75804a4365a4b2ff0d", kill_on_drop: false }`
[INFO] running `Command { std: "docker" "rm" "-f" "ea92dfbdb19cebb968715bfc307ed8f3cc6ede45535d7e75804a4365a4b2ff0d", kill_on_drop: false }`
[INFO] [stdout] ea92dfbdb19cebb968715bfc307ed8f3cc6ede45535d7e75804a4365a4b2ff0d
[INFO] running `Command { std: "docker" "create" "-v" "/var/lib/crater-agent-workspace/builds/worker-3-tc2/target:/opt/rustwide/target:rw,Z" "-v" "/var/lib/crater-agent-workspace/builds/worker-3-tc2/source:/opt/rustwide/workdir:ro,Z" "-v" "/var/lib/crater-agent-workspace/cargo-home:/opt/rustwide/cargo-home:ro,Z" "-v" "/var/lib/crater-agent-workspace/rustup-home:/opt/rustwide/rustup-home:ro,Z" "-e" "SOURCE_DIR=/opt/rustwide/workdir" "-e" "CARGO_TARGET_DIR=/opt/rustwide/target" "-e" "CARGO_INCREMENTAL=0" "-e" "RUST_BACKTRACE=full" "-e" "RUSTFLAGS=--cap-lints=forbid -Zrandomize-layout" "-e" "RUSTDOCFLAGS=--cap-lints=forbid" "-e" "CARGO_HOME=/opt/rustwide/cargo-home" "-e" "RUSTUP_HOME=/opt/rustwide/rustup-home" "-w" "/opt/rustwide/workdir" "-m" "1610612736" "--user" "0:0" "--network" "none" "ghcr.io/rust-lang/crates-build-env/linux@sha256:4a844ea9eb2546a2d2c7022eacef16ef2e8229c7fbb2c7d4d55a9ceca922f72d" "/opt/rustwide/cargo-home/bin/cargo" "+nightly-2024-10-28" "test" "--frozen" "--no-run" "--message-format=json", kill_on_drop: false }`
[INFO] [stdout] bf69de7dce0acf48f269db23e49c827044a8d1033c7432bce05772479d596aeb
[INFO] running `Command { std: "docker" "start" "-a" "bf69de7dce0acf48f269db23e49c827044a8d1033c7432bce05772479d596aeb", kill_on_drop: false }`
[INFO] [stderr]    Compiling ipset-sys v0.1.5 (/opt/rustwide/workdir)
[INFO] [stderr]     Finished `test` profile [unoptimized + debuginfo] target(s) in 1.67s
[INFO] [stderr] warning: the following packages contain code that will be rejected by a future version of Rust: nom v5.1.2
[INFO] [stderr] note: to see what the problems were, use the option `--future-incompat-report`, or run `cargo report future-incompatibilities --id 1`
[INFO] running `Command { std: "docker" "inspect" "bf69de7dce0acf48f269db23e49c827044a8d1033c7432bce05772479d596aeb", kill_on_drop: false }`
[INFO] running `Command { std: "docker" "rm" "-f" "bf69de7dce0acf48f269db23e49c827044a8d1033c7432bce05772479d596aeb", kill_on_drop: false }`
[INFO] [stdout] bf69de7dce0acf48f269db23e49c827044a8d1033c7432bce05772479d596aeb
[INFO] running `Command { std: "docker" "create" "-v" "/var/lib/crater-agent-workspace/builds/worker-3-tc2/target:/opt/rustwide/target:rw,Z" "-v" "/var/lib/crater-agent-workspace/builds/worker-3-tc2/source:/opt/rustwide/workdir:ro,Z" "-v" "/var/lib/crater-agent-workspace/cargo-home:/opt/rustwide/cargo-home:ro,Z" "-v" "/var/lib/crater-agent-workspace/rustup-home:/opt/rustwide/rustup-home:ro,Z" "-e" "SOURCE_DIR=/opt/rustwide/workdir" "-e" "CARGO_TARGET_DIR=/opt/rustwide/target" "-e" "CARGO_INCREMENTAL=0" "-e" "RUST_BACKTRACE=full" "-e" "RUSTFLAGS=--cap-lints=forbid -Zrandomize-layout" "-e" "RUSTDOCFLAGS=--cap-lints=forbid" "-e" "CARGO_HOME=/opt/rustwide/cargo-home" "-e" "RUSTUP_HOME=/opt/rustwide/rustup-home" "-w" "/opt/rustwide/workdir" "-m" "1610612736" "--user" "0:0" "--network" "none" "ghcr.io/rust-lang/crates-build-env/linux@sha256:4a844ea9eb2546a2d2c7022eacef16ef2e8229c7fbb2c7d4d55a9ceca922f72d" "/opt/rustwide/cargo-home/bin/cargo" "+nightly-2024-10-28" "test" "--frozen", kill_on_drop: false }`
[INFO] [stdout] a8d3e0bd35db8703cff578d258a021198679b26aa03967f79c260598229b90d0
[INFO] running `Command { std: "docker" "start" "-a" "a8d3e0bd35db8703cff578d258a021198679b26aa03967f79c260598229b90d0", kill_on_drop: false }`
[INFO] [stderr]     Finished `test` profile [unoptimized + debuginfo] target(s) in 0.05s
[INFO] [stderr] warning: the following packages contain code that will be rejected by a future version of Rust: nom v5.1.2
[INFO] [stderr] note: to see what the problems were, use the option `--future-incompat-report`, or run `cargo report future-incompatibilities --id 1`
[INFO] [stderr]      Running unittests src/lib.rs (/opt/rustwide/target/debug/deps/ipset_sys-b191a159e5e8fba3)
[INFO] [stdout] 
[INFO] [stdout] running 66 tests
[INFO] [stdout] test bindings::bindgen_test_layout__G_fpos_t ... ok
[INFO] [stdout] test bindings::bindgen_test_layout__G_fpos64_t ... ok
[INFO] [stdout] test bindings::bindgen_test_layout___atomic_wide_counter ... ok
[INFO] [stdout] test bindings::bindgen_test_layout__IO_FILE ... ok
[INFO] [stdout] test bindings::bindgen_test_layout___atomic_wide_counter__bindgen_ty_1 ... ok
[INFO] [stdout] test bindings::bindgen_test_layout___fsid_t ... ok
[INFO] [stdout] test bindings::bindgen_test_layout___kernel_fd_set ... ok
[INFO] [stdout] test bindings::bindgen_test_layout___kernel_fsid_t ... ok
[INFO] [stdout] test bindings::bindgen_test_layout___mbstate_t ... ok
[INFO] [stdout] test bindings::bindgen_test_layout___mbstate_t__bindgen_ty_1 ... ok
[INFO] [stdout] test bindings::bindgen_test_layout___once_flag ... ok
[INFO] [stdout] test bindings::bindgen_test_layout___pthread_cond_s ... ok
[INFO] [stdout] test bindings::bindgen_test_layout___pthread_internal_list ... ok
[INFO] [stdout] test bindings::bindgen_test_layout___pthread_internal_slist ... ok
[INFO] [stdout] test bindings::bindgen_test_layout___pthread_mutex_s ... ok
[INFO] [stdout] test bindings::bindgen_test_layout___pthread_rwlock_arch_t ... ok
[INFO] [stdout] test bindings::bindgen_test_layout___sigset_t ... ok
[INFO] [stdout] test bindings::bindgen_test_layout___va_list_tag ... ok
[INFO] [stdout] test bindings::bindgen_test_layout_group_source_req ... ok
[INFO] [stdout] test bindings::bindgen_test_layout_group_filter ... ok
[INFO] [stdout] test bindings::bindgen_test_layout_in6_addr__bindgen_ty_1 ... ok
[INFO] [stdout] test bindings::bindgen_test_layout_fd_set ... ok
[INFO] [stdout] test bindings::bindgen_test_layout_cmsghdr ... ok
[INFO] [stdout] test bindings::bindgen_test_layout_in_addr ... ok
[INFO] [stdout] test bindings::bindgen_test_layout_in6_addr ... ok
[INFO] [stdout] test bindings::bindgen_test_layout_group_req ... ok
[INFO] [stdout] test bindings::bindgen_test_layout_iovec ... ok
[INFO] [stdout] test bindings::bindgen_test_layout_ip_mreq ... ok
[INFO] [stdout] test bindings::bindgen_test_layout_in_pktinfo ... ok
[INFO] [stdout] test bindings::bindgen_test_layout_ip_mreq_source ... ok
[INFO] [stdout] test bindings::bindgen_test_layout_ip_mreqn ... ok
[INFO] [stdout] test bindings::bindgen_test_layout_ip_msfilter ... ok
[INFO] [stdout] test bindings::bindgen_test_layout_ip_opts ... ok
[INFO] [stdout] test bindings::bindgen_test_layout_ip_set_counter_match0 ... ok
[INFO] [stdout] test bindings::bindgen_test_layout_ip_set_counter_match ... ok
[INFO] [stdout] test bindings::bindgen_test_layout_ip_set_req_get_set ... ok
[INFO] [stdout] test bindings::bindgen_test_layout_ip_set_name_index ... ok
[INFO] [stdout] test bindings::bindgen_test_layout_ip_set_req_get_set_family ... ok
[INFO] [stdout] test bindings::bindgen_test_layout_ip_set_req_version ... ok
[INFO] [stdout] test bindings::bindgen_test_layout_ipset_arg ... ok
[INFO] [stdout] test bindings::bindgen_test_layout_ipset_commands ... ok
[INFO] [stdout] test bindings::bindgen_test_layout_ipset_elem ... ok
[INFO] [stdout] test bindings::bindgen_test_layout_ipset_envopts ... ok
[INFO] [stdout] test bindings::bindgen_test_layout_ipset_optarg ... ok
[INFO] [stdout] test bindings::bindgen_test_layout_linger ... ok
[INFO] [stdout] test bindings::bindgen_test_layout_ipset_type ... ok
[INFO] [stdout] test bindings::bindgen_test_layout_pthread_attr_t ... ok
[INFO] [stdout] test bindings::bindgen_test_layout_max_align_t ... ok
[INFO] [stdout] test bindings::bindgen_test_layout_ipv6_mreq ... ok
[INFO] [stdout] test bindings::bindgen_test_layout_osockaddr ... ok
[INFO] [stdout] test bindings::bindgen_test_layout_msghdr ... ok
[INFO] [stdout] test bindings::bindgen_test_layout_nf_inet_addr ... ok
[INFO] [stdout] test bindings::bindgen_test_layout_pthread_barrierattr_t ... ok
[INFO] [stdout] test bindings::bindgen_test_layout_pthread_barrier_t ... ok
[INFO] [stdout] test bindings::bindgen_test_layout_pthread_cond_t ... ok
[INFO] [stdout] test bindings::bindgen_test_layout_pthread_condattr_t ... ok
[INFO] [stdout] test bindings::bindgen_test_layout_pthread_mutex_t ... ok
[INFO] [stdout] test bindings::bindgen_test_layout_pthread_mutexattr_t ... ok
[INFO] [stdout] test bindings::bindgen_test_layout_pthread_rwlock_t ... ok
[INFO] [stdout] test bindings::bindgen_test_layout_pthread_rwlockattr_t ... ok
[INFO] [stdout] test bindings::bindgen_test_layout_sockaddr ... ok
[INFO] [stdout] test bindings::bindgen_test_layout_sockaddr_in6 ... ok
[INFO] [stdout] test bindings::bindgen_test_layout_timeval ... ok
[INFO] [stdout] test bindings::bindgen_test_layout_sockaddr_in ... ok
[INFO] [stdout] test bindings::bindgen_test_layout_timespec ... ok
[INFO] [stdout] test bindings::bindgen_test_layout_sockaddr_storage ... ok
[INFO] [stdout] 
[INFO] [stdout] test result: ok. 66 passed; 0 failed; 0 ignored; 0 measured; 0 filtered out; finished in 0.00s
[INFO] [stdout] 
[INFO] [stderr]      Running unittests src/main.rs (/opt/rustwide/target/debug/deps/ipset_sys-42202eb9b3232421)
[INFO] [stdout] 
[INFO] [stdout] running 0 tests
[INFO] [stdout] 
[INFO] [stdout] test result: ok. 0 passed; 0 failed; 0 ignored; 0 measured; 0 filtered out; finished in 0.00s
[INFO] [stdout] 
[INFO] [stderr]    Doc-tests ipset_sys
[INFO] [stdout] 
[INFO] [stdout] running 3 tests
[INFO] [stdout] test src/lib.rs - IpsetSys::add_v4 (line 104) ... FAILED
[INFO] [stdout] test src/lib.rs - (line 7) ... FAILED
[INFO] [stdout] test src/lib.rs - IpsetSys::run (line 83) ... FAILED
[INFO] [stdout] 
[INFO] [stdout] failures:
[INFO] [stdout] 
[INFO] [stdout] ---- src/lib.rs - IpsetSys::add_v4 (line 104) stdout ----
[INFO] [stdout] error[E0433]: failed to resolve: use of undeclared type `Ipv4Addr`
[INFO] [stdout]  --> src/lib.rs:107:14
[INFO] [stdout]   |
[INFO] [stdout] 6 |   let addr = Ipv4Addr::new(1, 4, 4, 4);
[INFO] [stdout]   |              ^^^^^^^^ use of undeclared type `Ipv4Addr`
[INFO] [stdout]   |
[INFO] [stdout] help: consider importing this struct
[INFO] [stdout]   |
[INFO] [stdout] 2 + use std::net::Ipv4Addr;
[INFO] [stdout]   |
[INFO] [stdout] 
[INFO] [stdout] error: aborting due to 1 previous error
[INFO] [stdout] 
[INFO] [stdout] For more information about this error, try `rustc --explain E0433`.
[INFO] [stdout] Couldn't compile the test.
[INFO] [stdout] ---- src/lib.rs - (line 7) stdout ----
[INFO] [stdout] Test executable failed (exit status: 1).
[INFO] [stdout] 
[INFO] [stdout] stderr:
[INFO] [stdout] ipset v7.15: Kernel error received: Operation not permitted
[INFO] [stdout] 
[INFO] [stdout] 
[INFO] [stdout] ---- src/lib.rs - IpsetSys::run (line 83) stdout ----
[INFO] [stdout] Test executable failed (exit status: 1).
[INFO] [stdout] 
[INFO] [stdout] stderr:
[INFO] [stdout] ipset v7.15: Kernel error received: Operation not permitted
[INFO] [stdout] 
[INFO] [stdout] 
[INFO] [stdout] 
[INFO] [stdout] failures:
[INFO] [stdout]     src/lib.rs - (line 7)
[INFO] [stdout]     src/lib.rs - IpsetSys::add_v4 (line 104)
[INFO] [stdout]     src/lib.rs - IpsetSys::run (line 83)
[INFO] [stdout] 
[INFO] [stdout] test result: FAILED. 0 passed; 3 failed; 0 ignored; 0 measured; 0 filtered out; finished in 0.07s
[INFO] [stdout] 
[INFO] [stderr] error: doctest failed, to rerun pass `--doc`
[INFO] running `Command { std: "docker" "inspect" "a8d3e0bd35db8703cff578d258a021198679b26aa03967f79c260598229b90d0", kill_on_drop: false }`
[INFO] running `Command { std: "docker" "rm" "-f" "a8d3e0bd35db8703cff578d258a021198679b26aa03967f79c260598229b90d0", kill_on_drop: false }`
[INFO] [stdout] a8d3e0bd35db8703cff578d258a021198679b26aa03967f79c260598229b90d0
