[INFO] fetching crate ip2location 0.5.3...
[INFO] testing ip2location-0.5.3 against nightly-2024-10-28 for randomize-layout
[INFO] extracting crate ip2location 0.5.3 into /workspace/builds/worker-7-tc1/source
[INFO] validating manifest of crates.io crate ip2location 0.5.3 on toolchain nightly-2024-10-28
[INFO] running `Command { std: CARGO_HOME="/workspace/cargo-home" RUSTUP_HOME="/workspace/rustup-home" "/workspace/cargo-home/bin/cargo" "+nightly-2024-10-28" "metadata" "--manifest-path" "Cargo.toml" "--no-deps", kill_on_drop: false }`
[INFO] started tweaking crates.io crate ip2location 0.5.3
[INFO] finished tweaking crates.io crate ip2location 0.5.3
[INFO] tweaked toml for crates.io crate ip2location 0.5.3 written to /workspace/builds/worker-7-tc1/source/Cargo.toml
[INFO] crate crates.io crate ip2location 0.5.3 already has a lockfile, it will not be regenerated
[INFO] running `Command { std: CARGO_HOME="/workspace/cargo-home" RUSTUP_HOME="/workspace/rustup-home" "/workspace/cargo-home/bin/cargo" "+nightly-2024-10-28" "fetch" "--manifest-path" "Cargo.toml", kill_on_drop: false }`
[INFO] [stderr]  Downloading crates ...
[INFO] [stderr]   Downloaded cc v1.1.17
[INFO] running `Command { std: "docker" "create" "-v" "/var/lib/crater-agent-workspace/builds/worker-7-tc1/target:/opt/rustwide/target:rw,Z" "-v" "/var/lib/crater-agent-workspace/builds/worker-7-tc1/source:/opt/rustwide/workdir:ro,Z" "-v" "/var/lib/crater-agent-workspace/cargo-home:/opt/rustwide/cargo-home:ro,Z" "-v" "/var/lib/crater-agent-workspace/rustup-home:/opt/rustwide/rustup-home:ro,Z" "-e" "SOURCE_DIR=/opt/rustwide/workdir" "-e" "CARGO_TARGET_DIR=/opt/rustwide/target" "-e" "CARGO_HOME=/opt/rustwide/cargo-home" "-e" "RUSTUP_HOME=/opt/rustwide/rustup-home" "-w" "/opt/rustwide/workdir" "-m" "1610612736" "--user" "0:0" "--network" "none" "ghcr.io/rust-lang/crates-build-env/linux@sha256:4a844ea9eb2546a2d2c7022eacef16ef2e8229c7fbb2c7d4d55a9ceca922f72d" "/opt/rustwide/cargo-home/bin/cargo" "+nightly-2024-10-28" "metadata" "--no-deps" "--format-version=1", kill_on_drop: false }`
[INFO] [stdout] 7d53dda4ca917840e1ca87b15cdf5d8438526f07afb217b393b28d4b28308611
[INFO] running `Command { std: "docker" "start" "-a" "7d53dda4ca917840e1ca87b15cdf5d8438526f07afb217b393b28d4b28308611", kill_on_drop: false }`
[INFO] running `Command { std: "docker" "inspect" "7d53dda4ca917840e1ca87b15cdf5d8438526f07afb217b393b28d4b28308611", kill_on_drop: false }`
[INFO] running `Command { std: "docker" "rm" "-f" "7d53dda4ca917840e1ca87b15cdf5d8438526f07afb217b393b28d4b28308611", kill_on_drop: false }`
[INFO] [stdout] 7d53dda4ca917840e1ca87b15cdf5d8438526f07afb217b393b28d4b28308611
[INFO] running `Command { std: "docker" "create" "-v" "/var/lib/crater-agent-workspace/builds/worker-7-tc1/target:/opt/rustwide/target:rw,Z" "-v" "/var/lib/crater-agent-workspace/builds/worker-7-tc1/source:/opt/rustwide/workdir:ro,Z" "-v" "/var/lib/crater-agent-workspace/cargo-home:/opt/rustwide/cargo-home:ro,Z" "-v" "/var/lib/crater-agent-workspace/rustup-home:/opt/rustwide/rustup-home:ro,Z" "-e" "SOURCE_DIR=/opt/rustwide/workdir" "-e" "CARGO_TARGET_DIR=/opt/rustwide/target" "-e" "CARGO_INCREMENTAL=0" "-e" "RUST_BACKTRACE=full" "-e" "RUSTFLAGS=--cap-lints=forbid" "-e" "RUSTDOCFLAGS=--cap-lints=forbid" "-e" "CARGO_HOME=/opt/rustwide/cargo-home" "-e" "RUSTUP_HOME=/opt/rustwide/rustup-home" "-w" "/opt/rustwide/workdir" "-m" "1610612736" "--user" "0:0" "--network" "none" "ghcr.io/rust-lang/crates-build-env/linux@sha256:4a844ea9eb2546a2d2c7022eacef16ef2e8229c7fbb2c7d4d55a9ceca922f72d" "/opt/rustwide/cargo-home/bin/cargo" "+nightly-2024-10-28" "build" "--frozen" "--message-format=json", kill_on_drop: false }`
[INFO] [stdout] 955a7f7d5b21f739bb19d0dde9e36562ea934bff4b1f4134f6a111d1a3145ebd
[INFO] running `Command { std: "docker" "start" "-a" "955a7f7d5b21f739bb19d0dde9e36562ea934bff4b1f4134f6a111d1a3145ebd", kill_on_drop: false }`
[INFO] [stderr]    Compiling fnv v1.0.7
[INFO] [stderr]    Compiling libc v0.2.158
[INFO] [stderr]    Compiling memchr v2.7.4
[INFO] [stderr]    Compiling itoa v1.0.11
[INFO] [stderr]    Compiling ryu v1.0.18
[INFO] [stderr]    Compiling serde v1.0.210
[INFO] [stderr]    Compiling serde_json v1.0.128
[INFO] [stderr]    Compiling quote v1.0.37
[INFO] [stderr]    Compiling syn v2.0.77
[INFO] [stderr]    Compiling memmap2 v0.9.4
[INFO] [stderr]    Compiling darling_core v0.20.10
[INFO] [stderr]    Compiling serde_derive v1.0.210
[INFO] [stderr]    Compiling darling_macro v0.20.10
[INFO] [stderr]    Compiling darling v0.20.10
[INFO] [stderr]    Compiling serde_with_macros v3.9.0
[INFO] [stderr]    Compiling serde_with v3.9.0
[INFO] [stderr]    Compiling ip2location v0.5.3 (/opt/rustwide/workdir)
[INFO] [stderr]     Finished `dev` profile [optimized + debuginfo] target(s) in 12.10s
[INFO] running `Command { std: "docker" "inspect" "955a7f7d5b21f739bb19d0dde9e36562ea934bff4b1f4134f6a111d1a3145ebd", kill_on_drop: false }`
[INFO] running `Command { std: "docker" "rm" "-f" "955a7f7d5b21f739bb19d0dde9e36562ea934bff4b1f4134f6a111d1a3145ebd", kill_on_drop: false }`
[INFO] [stdout] 955a7f7d5b21f739bb19d0dde9e36562ea934bff4b1f4134f6a111d1a3145ebd
[INFO] running `Command { std: "docker" "create" "-v" "/var/lib/crater-agent-workspace/builds/worker-7-tc1/target:/opt/rustwide/target:rw,Z" "-v" "/var/lib/crater-agent-workspace/builds/worker-7-tc1/source:/opt/rustwide/workdir:ro,Z" "-v" "/var/lib/crater-agent-workspace/cargo-home:/opt/rustwide/cargo-home:ro,Z" "-v" "/var/lib/crater-agent-workspace/rustup-home:/opt/rustwide/rustup-home:ro,Z" "-e" "SOURCE_DIR=/opt/rustwide/workdir" "-e" "CARGO_TARGET_DIR=/opt/rustwide/target" "-e" "CARGO_INCREMENTAL=0" "-e" "RUST_BACKTRACE=full" "-e" "RUSTFLAGS=--cap-lints=forbid" "-e" "RUSTDOCFLAGS=--cap-lints=forbid" "-e" "CARGO_HOME=/opt/rustwide/cargo-home" "-e" "RUSTUP_HOME=/opt/rustwide/rustup-home" "-w" "/opt/rustwide/workdir" "-m" "1610612736" "--user" "0:0" "--network" "none" "ghcr.io/rust-lang/crates-build-env/linux@sha256:4a844ea9eb2546a2d2c7022eacef16ef2e8229c7fbb2c7d4d55a9ceca922f72d" "/opt/rustwide/cargo-home/bin/cargo" "+nightly-2024-10-28" "test" "--frozen" "--no-run" "--message-format=json", kill_on_drop: false }`
[INFO] [stdout] fec4cce0362a590bbd464695897c107a01c2f302b19e5b5d09fd18f407ad69fb
[INFO] running `Command { std: "docker" "start" "-a" "fec4cce0362a590bbd464695897c107a01c2f302b19e5b5d09fd18f407ad69fb", kill_on_drop: false }`
[INFO] [stderr]    Compiling ip2location v0.5.3 (/opt/rustwide/workdir)
[INFO] [stderr]     Finished `test` profile [optimized + debuginfo] target(s) in 0.73s
[INFO] running `Command { std: "docker" "inspect" "fec4cce0362a590bbd464695897c107a01c2f302b19e5b5d09fd18f407ad69fb", kill_on_drop: false }`
[INFO] running `Command { std: "docker" "rm" "-f" "fec4cce0362a590bbd464695897c107a01c2f302b19e5b5d09fd18f407ad69fb", kill_on_drop: false }`
[INFO] [stdout] fec4cce0362a590bbd464695897c107a01c2f302b19e5b5d09fd18f407ad69fb
[INFO] running `Command { std: "docker" "create" "-v" "/var/lib/crater-agent-workspace/builds/worker-7-tc1/target:/opt/rustwide/target:rw,Z" "-v" "/var/lib/crater-agent-workspace/builds/worker-7-tc1/source:/opt/rustwide/workdir:ro,Z" "-v" "/var/lib/crater-agent-workspace/cargo-home:/opt/rustwide/cargo-home:ro,Z" "-v" "/var/lib/crater-agent-workspace/rustup-home:/opt/rustwide/rustup-home:ro,Z" "-e" "SOURCE_DIR=/opt/rustwide/workdir" "-e" "CARGO_TARGET_DIR=/opt/rustwide/target" "-e" "CARGO_INCREMENTAL=0" "-e" "RUST_BACKTRACE=full" "-e" "RUSTFLAGS=--cap-lints=forbid" "-e" "RUSTDOCFLAGS=--cap-lints=forbid" "-e" "CARGO_HOME=/opt/rustwide/cargo-home" "-e" "RUSTUP_HOME=/opt/rustwide/rustup-home" "-w" "/opt/rustwide/workdir" "-m" "1610612736" "--user" "0:0" "--network" "none" "ghcr.io/rust-lang/crates-build-env/linux@sha256:4a844ea9eb2546a2d2c7022eacef16ef2e8229c7fbb2c7d4d55a9ceca922f72d" "/opt/rustwide/cargo-home/bin/cargo" "+nightly-2024-10-28" "test" "--frozen", kill_on_drop: false }`
[INFO] [stdout] 3b5e64138981497cf428e72fed641881ebf41a7c437eded318749081b4af439d
[INFO] running `Command { std: "docker" "start" "-a" "3b5e64138981497cf428e72fed641881ebf41a7c437eded318749081b4af439d", kill_on_drop: false }`
[INFO] [stderr]     Finished `test` profile [optimized + debuginfo] target(s) in 0.03s
[INFO] [stderr]      Running unittests src/lib.rs (/opt/rustwide/target/debug/deps/ip2location-ecaf0fe59ef9809b)
[INFO] [stdout] 
[INFO] [stdout] running 6 tests
[INFO] [stdout] test tests::tests_error::test_error_display ... ok
[INFO] [stdout] test tests::tests_lib::test_err_filenotfound_location ... ok
[INFO] [stdout] test tests::tests_lib::test_ip_lookup_in_proxy_bin ... FAILED
[INFO] [stdout] test tests::tests_lib::test_ipv4_lookup_in_ipv6bin ... FAILED
[INFO] [stdout] test tests::tests_lib::test_ipv6_lookup ... FAILED
[INFO] [stdout] test tests::tests_lib::test_ipv4_lookup_in_ipv4bin ... FAILED
[INFO] [stdout] 
[INFO] [stdout] failures:
[INFO] [stdout] 
[INFO] [stdout] ---- tests::tests_lib::test_ip_lookup_in_proxy_bin stdout ----
[INFO] [stdout] Error: IoError("Error opening DB file: No such file or directory")
[INFO] [stdout] 
[INFO] [stdout] ---- tests::tests_lib::test_ipv4_lookup_in_ipv6bin stdout ----
[INFO] [stdout] Error: IoError("Error opening DB file: No such file or directory")
[INFO] [stdout] 
[INFO] [stdout] ---- tests::tests_lib::test_ipv6_lookup stdout ----
[INFO] [stdout] Error: IoError("Error opening DB file: No such file or directory")
[INFO] [stdout] 
[INFO] [stdout] ---- tests::tests_lib::test_ipv4_lookup_in_ipv4bin stdout ----
[INFO] [stdout] Error: IoError("Error opening DB file: No such file or directory")
[INFO] [stdout] 
[INFO] [stdout] 
[INFO] [stdout] failures:
[INFO] [stdout]     tests::tests_lib::test_ip_lookup_in_proxy_bin
[INFO] [stdout]     tests::tests_lib::test_ipv4_lookup_in_ipv4bin
[INFO] [stdout]     tests::tests_lib::test_ipv4_lookup_in_ipv6bin
[INFO] [stdout]     tests::tests_lib::test_ipv6_lookup
[INFO] [stdout] 
[INFO] [stdout] test result: FAILED. 2 passed; 4 failed; 0 ignored; 0 measured; 0 filtered out; finished in 0.00s
[INFO] [stdout] 
[INFO] [stderr] error: test failed, to rerun pass `--lib`
[INFO] running `Command { std: "docker" "inspect" "3b5e64138981497cf428e72fed641881ebf41a7c437eded318749081b4af439d", kill_on_drop: false }`
[INFO] running `Command { std: "docker" "rm" "-f" "3b5e64138981497cf428e72fed641881ebf41a7c437eded318749081b4af439d", kill_on_drop: false }`
[INFO] [stdout] 3b5e64138981497cf428e72fed641881ebf41a7c437eded318749081b4af439d
