[INFO] fetching crate ion-cli 0.7.1...
[INFO] testing ion-cli-0.7.1 against nightly-2024-10-28 for randomize-layout
[INFO] extracting crate ion-cli 0.7.1 into /workspace/builds/worker-7-tc1/source
[INFO] validating manifest of crates.io crate ion-cli 0.7.1 on toolchain nightly-2024-10-28
[INFO] running `Command { std: CARGO_HOME="/workspace/cargo-home" RUSTUP_HOME="/workspace/rustup-home" "/workspace/cargo-home/bin/cargo" "+nightly-2024-10-28" "metadata" "--manifest-path" "Cargo.toml" "--no-deps", kill_on_drop: false }`
[INFO] started tweaking crates.io crate ion-cli 0.7.1
[INFO] removed 0 missing tests
[INFO] finished tweaking crates.io crate ion-cli 0.7.1
[INFO] tweaked toml for crates.io crate ion-cli 0.7.1 written to /workspace/builds/worker-7-tc1/source/Cargo.toml
[INFO] crate crates.io crate ion-cli 0.7.1 already has a lockfile, it will not be regenerated
[INFO] running `Command { std: CARGO_HOME="/workspace/cargo-home" RUSTUP_HOME="/workspace/rustup-home" "/workspace/cargo-home/bin/cargo" "+nightly-2024-10-28" "fetch" "--manifest-path" "Cargo.toml", kill_on_drop: false }`
[INFO] [stderr]     Updating crates.io index
[INFO] [stderr]     Blocking waiting for file lock on package cache
[INFO] [stderr]  Downloading crates ...
[INFO] [stderr]   Downloaded darling_macro v0.20.9
[INFO] [stderr]   Downloaded darling_core v0.20.9
[INFO] [stderr]   Downloaded delegate v0.9.0
[INFO] [stderr]   Downloaded pager v0.16.1
[INFO] [stderr]   Downloaded delegate v0.12.0
[INFO] [stderr]   Downloaded assert_cmd v1.0.8
[INFO] [stderr]   Downloaded ion-schema v0.10.0
[INFO] [stderr]   Downloaded darling v0.20.9
[INFO] [stderr]   Downloaded serde_with_macros v3.8.2
[INFO] [stderr]   Downloaded ice_code v0.1.4
[INFO] [stderr]   Downloaded serde_with v3.8.2
[INFO] [stderr]   Downloaded lowcharts v0.5.8
[INFO] [stderr]   Downloaded ion-rs v0.18.1
[INFO] [stderr]   Downloaded ion-rs v1.0.0-rc.7
[INFO] running `Command { std: "docker" "create" "-v" "/var/lib/crater-agent-workspace/builds/worker-7-tc1/target:/opt/rustwide/target:rw,Z" "-v" "/var/lib/crater-agent-workspace/builds/worker-7-tc1/source:/opt/rustwide/workdir:ro,Z" "-v" "/var/lib/crater-agent-workspace/cargo-home:/opt/rustwide/cargo-home:ro,Z" "-v" "/var/lib/crater-agent-workspace/rustup-home:/opt/rustwide/rustup-home:ro,Z" "-e" "SOURCE_DIR=/opt/rustwide/workdir" "-e" "CARGO_TARGET_DIR=/opt/rustwide/target" "-e" "CARGO_HOME=/opt/rustwide/cargo-home" "-e" "RUSTUP_HOME=/opt/rustwide/rustup-home" "-w" "/opt/rustwide/workdir" "-m" "1610612736" "--user" "0:0" "--network" "none" "ghcr.io/rust-lang/crates-build-env/linux@sha256:4a844ea9eb2546a2d2c7022eacef16ef2e8229c7fbb2c7d4d55a9ceca922f72d" "/opt/rustwide/cargo-home/bin/cargo" "+nightly-2024-10-28" "metadata" "--no-deps" "--format-version=1", kill_on_drop: false }`
[INFO] [stdout] 8595f8d4142e640ccb8ef5bcb999e537f43a373ace88fe8f47eb2551fb357c4c
[INFO] running `Command { std: "docker" "start" "-a" "8595f8d4142e640ccb8ef5bcb999e537f43a373ace88fe8f47eb2551fb357c4c", kill_on_drop: false }`
[INFO] running `Command { std: "docker" "inspect" "8595f8d4142e640ccb8ef5bcb999e537f43a373ace88fe8f47eb2551fb357c4c", kill_on_drop: false }`
[INFO] running `Command { std: "docker" "rm" "-f" "8595f8d4142e640ccb8ef5bcb999e537f43a373ace88fe8f47eb2551fb357c4c", kill_on_drop: false }`
[INFO] [stdout] 8595f8d4142e640ccb8ef5bcb999e537f43a373ace88fe8f47eb2551fb357c4c
[INFO] running `Command { std: "docker" "create" "-v" "/var/lib/crater-agent-workspace/builds/worker-7-tc1/target:/opt/rustwide/target:rw,Z" "-v" "/var/lib/crater-agent-workspace/builds/worker-7-tc1/source:/opt/rustwide/workdir:ro,Z" "-v" "/var/lib/crater-agent-workspace/cargo-home:/opt/rustwide/cargo-home:ro,Z" "-v" "/var/lib/crater-agent-workspace/rustup-home:/opt/rustwide/rustup-home:ro,Z" "-e" "SOURCE_DIR=/opt/rustwide/workdir" "-e" "CARGO_TARGET_DIR=/opt/rustwide/target" "-e" "CARGO_INCREMENTAL=0" "-e" "RUST_BACKTRACE=full" "-e" "RUSTFLAGS=--cap-lints=forbid" "-e" "RUSTDOCFLAGS=--cap-lints=forbid" "-e" "CARGO_HOME=/opt/rustwide/cargo-home" "-e" "RUSTUP_HOME=/opt/rustwide/rustup-home" "-w" "/opt/rustwide/workdir" "-m" "1610612736" "--user" "0:0" "--network" "none" "ghcr.io/rust-lang/crates-build-env/linux@sha256:4a844ea9eb2546a2d2c7022eacef16ef2e8229c7fbb2c7d4d55a9ceca922f72d" "/opt/rustwide/cargo-home/bin/cargo" "+nightly-2024-10-28" "build" "--frozen" "--message-format=json", kill_on_drop: false }`
[INFO] [stdout] 93e665f501326b07ec3ce96a3559480b650483d698343b2622b1999b7f4471fa
[INFO] running `Command { std: "docker" "start" "-a" "93e665f501326b07ec3ce96a3559480b650483d698343b2622b1999b7f4471fa", kill_on_drop: false }`
[INFO] [stderr]    Compiling proc-macro2 v1.0.86
[INFO] [stderr]    Compiling libc v0.2.155
[INFO] [stderr]    Compiling memchr v2.7.4
[INFO] [stderr]    Compiling once_cell v1.19.0
[INFO] [stderr]    Compiling fnv v1.0.7
[INFO] [stderr]    Compiling strsim v0.11.1
[INFO] [stderr]    Compiling siphasher v0.3.11
[INFO] [stderr]    Compiling ident_case v1.0.1
[INFO] [stderr]    Compiling thiserror v1.0.61
[INFO] [stderr]    Compiling regex-syntax v0.8.4
[INFO] [stderr]    Compiling typenum v1.17.0
[INFO] [stderr]    Compiling rand_core v0.6.4
[INFO] [stderr]    Compiling num-traits v0.2.19
[INFO] [stderr]    Compiling version_check v0.9.4
[INFO] [stderr]    Compiling crossbeam-utils v0.8.20
[INFO] [stderr]    Compiling iana-time-zone v0.1.60
[INFO] [stderr]    Compiling rand v0.8.5
[INFO] [stderr]    Compiling phf_shared v0.11.2
[INFO] [stderr]    Compiling serde v1.0.203
[INFO] [stderr]    Compiling log v0.4.22
[INFO] [stderr]    Compiling pkg-config v0.3.30
[INFO] [stderr]    Compiling generic-array v0.14.7
[INFO] [stderr]    Compiling phf v0.11.2
[INFO] [stderr]    Compiling ucd-trie v0.1.6
[INFO] [stderr]    Compiling byteorder v1.5.0
[INFO] [stderr]    Compiling syn v1.0.109
[INFO] [stderr]    Compiling aho-corasick v1.1.3
[INFO] [stderr]    Compiling bstr v1.9.1
[INFO] [stderr]    Compiling quote v1.0.36
[INFO] [stderr]    Compiling crossbeam-epoch v0.9.18
[INFO] [stderr]    Compiling syn v2.0.68
[INFO] [stderr]    Compiling indexmap v1.9.3
[INFO] [stderr]    Compiling jobserver v0.1.31
[INFO] [stderr]    Compiling phf_generator v0.11.2
[INFO] [stderr]    Compiling unic-common v0.9.0
[INFO] [stderr]    Compiling phf_codegen v0.11.2
[INFO] [stderr]    Compiling time-core v0.1.2
[INFO] [stderr]    Compiling num-conv v0.1.0
[INFO] [stderr]    Compiling same-file v1.0.6
[INFO] [stderr]    Compiling unic-char-range v0.9.0
[INFO] [stderr]    Compiling num-integer v0.1.46
[INFO] [stderr]    Compiling chrono v0.4.38
[INFO] [stderr]    Compiling bitflags v1.3.2
[INFO] [stderr]    Compiling io-lifetimes v1.0.11
[INFO] [stderr]    Compiling minimal-lexical v0.2.1
[INFO] [stderr]    Compiling libm v0.2.8
[INFO] [stderr]    Compiling cc v1.0.104
[INFO] [stderr]    Compiling utf8parse v0.2.2
[INFO] [stderr]    Compiling powerfmt v0.2.0
[INFO] [stderr]    Compiling getrandom v0.2.15
[INFO] [stderr]    Compiling digest v0.9.0
[INFO] [stderr]    Compiling nom v7.1.3
[INFO] [stderr]    Compiling anstyle-parse v0.2.4
[INFO] [stderr]    Compiling iovec v0.1.4
[INFO] [stderr]    Compiling regex-automata v0.4.7
[INFO] [stderr]    Compiling deranged v0.3.11
[INFO] [stderr]    Compiling time-macros v0.2.18
[INFO] [stderr]    Compiling walkdir v2.5.0
[INFO] [stderr]    Compiling unic-char-property v0.9.0
[INFO] [stderr]    Compiling num-bigint v0.4.6
[INFO] [stderr]    Compiling unic-ucd-version v0.9.0
[INFO] [stderr]    Compiling crossbeam-deque v0.8.5
[INFO] [stderr]    Compiling num-bigint v0.3.3
[INFO] [stderr]    Compiling serde_json v1.0.120
[INFO] [stderr]    Compiling os_str_bytes v6.6.1
[INFO] [stderr]    Compiling colorchoice v1.0.1
[INFO] [stderr]    Compiling equivalent v1.0.1
[INFO] [stderr]    Compiling smallvec v1.13.2
[INFO] [stderr]    Compiling block-padding v0.2.1
[INFO] [stderr]    Compiling zstd-safe v7.1.0
[INFO] [stderr]    Compiling rustix v0.37.27
[INFO] [stderr]    Compiling ppv-lite86 v0.2.17
[INFO] [stderr]    Compiling arrayvec v0.7.4
[INFO] [stderr]    Compiling anstyle-query v1.1.0
[INFO] [stderr]    Compiling is_terminal_polyfill v1.70.0
[INFO] [stderr]    Compiling num_threads v0.1.7
[INFO] [stderr]    Compiling termcolor v1.4.1
[INFO] [stderr]    Compiling hashbrown v0.12.3
[INFO] [stderr]    Compiling base64 v0.12.3
[INFO] [stderr]    Compiling anstyle v1.0.7
[INFO] [stderr]    Compiling hashbrown v0.14.5
[INFO] [stderr]    Compiling rand_chacha v0.3.1
[INFO] [stderr]    Compiling anstream v0.6.14
[INFO] [stderr]    Compiling bigdecimal v0.3.1
[INFO] [stderr]    Compiling time v0.3.36
[INFO] [stderr]    Compiling block-buffer v0.9.0
[INFO] [stderr]    Compiling indexmap v2.2.6
[INFO] [stderr]    Compiling clap_lex v0.2.4
[INFO] [stderr]    Compiling zstd-sys v2.0.11+zstd.1.5.6
[INFO] [stderr]    Compiling regex v1.10.5
[INFO] [stderr]    Compiling unic-ucd-segment v0.9.0
[INFO] [stderr]    Compiling bytes v0.4.12
[INFO] [stderr]    Compiling atty v0.2.14
[INFO] [stderr]    Compiling lazy_static v1.5.0
[INFO] [stderr]    Compiling adler v1.0.2
[INFO] [stderr]    Compiling uuid v1.9.1
[INFO] [stderr]    Compiling strsim v0.10.0
[INFO] [stderr]    Compiling parse-zoneinfo v0.3.1
[INFO] [stderr]    Compiling opaque-debug v0.3.1
[INFO] [stderr]    Compiling deunicode v1.6.0
[INFO] [stderr]    Compiling linux-raw-sys v0.3.8
[INFO] [stderr]    Compiling clap_lex v0.7.1
[INFO] [stderr]    Compiling textwrap v0.16.1
[INFO] [stderr]    Compiling clap_builder v4.5.8
[INFO] [stderr]    Compiling humansize v2.1.3
[INFO] [stderr]    Compiling cfb v0.7.3
[INFO] [stderr]    Compiling chrono-tz-build v0.3.0
[INFO] [stderr]    Compiling slug v0.1.5
[INFO] [stderr]    Compiling clap v3.2.25
[INFO] [stderr]    Compiling simplelog v0.12.2
[INFO] [stderr]    Compiling unic-segment v0.9.0
[INFO] [stderr]    Compiling miniz_oxide v0.7.4
[INFO] [stderr]    Compiling errno v0.2.8
[INFO] [stderr]    Compiling half v2.4.1
[INFO] [stderr]    Compiling chrono-tz v0.9.0
[INFO] [stderr]    Compiling globset v0.4.14
[INFO] [stderr]    Compiling darling_core v0.20.9
[INFO] [stderr]    Compiling crc32fast v1.4.2
[INFO] [stderr]    Compiling rustc-hash v2.0.0
[INFO] [stderr]    Compiling percent-encoding v2.3.1
[INFO] [stderr]    Compiling ignore v0.4.22
[INFO] [stderr]    Compiling unicode-segmentation v1.11.0
[INFO] [stderr]    Compiling bumpalo v3.16.0
[INFO] [stderr]    Compiling humantime v2.1.0
[INFO] [stderr]    Compiling yansi v0.5.1
[INFO] [stderr]    Compiling ice_code v0.1.4
[INFO] [stderr]    Compiling fastrand v1.9.0
[INFO] [stderr]    Compiling cpufeatures v0.2.12
[INFO] [stderr]    Compiling keccak v0.1.5
[INFO] [stderr]    Compiling sha2 v0.9.9
[INFO] [stderr]    Compiling convert_case v0.6.0
[INFO] [stderr]    Compiling globwalk v0.9.1
[INFO] [stderr]    Compiling sha3 v0.9.1
[INFO] [stderr]    Compiling flate2 v1.0.30
[INFO] [stderr]    Compiling infer v0.15.0
[INFO] [stderr]    Compiling pager v0.16.1
[INFO] [stderr]    Compiling delegate v0.9.0
[INFO] [stderr]    Compiling colored v2.1.0
[INFO] [stderr]    Compiling tempfile v3.5.0
[INFO] [stderr]    Compiling matches v0.1.10
[INFO] [stderr]    Compiling base64 v0.21.7
[INFO] [stderr]    Compiling clap v4.5.8
[INFO] [stderr]    Compiling thiserror-impl v1.0.61
[INFO] [stderr]    Compiling serde_derive v1.0.203
[INFO] [stderr]    Compiling delegate v0.12.0
[INFO] [stderr]    Compiling darling_macro v0.20.9
[INFO] [stderr]    Compiling darling v0.20.9
[INFO] [stderr]    Compiling derive_builder_core v0.20.0
[INFO] [stderr]    Compiling serde_with_macros v3.8.2
[INFO] [stderr]    Compiling pest v2.7.10
[INFO] [stderr]    Compiling ion-rs v0.18.1
[INFO] [stderr]    Compiling derive_builder_macro v0.20.0
[INFO] [stderr]    Compiling derive_builder v0.20.0
[INFO] [stderr]    Compiling lowcharts v0.5.8
[INFO] [stderr]    Compiling pest_meta v2.7.10
[INFO] [stderr]    Compiling zstd v0.13.1
[INFO] [stderr]    Compiling pest_generator v2.7.10
[INFO] [stderr]    Compiling ion-schema v0.10.0
[INFO] [stderr]    Compiling pest_derive v2.7.10
[INFO] [stderr]    Compiling serde_with v3.8.2
[INFO] [stderr]    Compiling tera v1.20.0
[INFO] [stderr]    Compiling ion-rs v1.0.0-rc.7
[INFO] [stderr]    Compiling ion-cli v0.7.1 (/opt/rustwide/workdir)
[INFO] [stdout] warning: elided lifetime has a name
[INFO] [stdout]   --> src/bin/ion/commands/generate/generator.rs:34:50
[INFO] [stdout]    |
[INFO] [stdout] 33 | impl<'a> CodeGenerator<'a, RustLanguage> {
[INFO] [stdout]    |      -- lifetime `'a` declared here
[INFO] [stdout] 34 |     pub fn new(output: &'a Path) -> CodeGenerator<RustLanguage> {
[INFO] [stdout]    |                                                  ^ this elided lifetime gets resolved as `'a`
[INFO] [stdout]    |
[INFO] [stdout]    = note: `#[warn(elided_named_lifetimes)]` on by default
[INFO] [stdout] 
[INFO] [stdout] 
[INFO] [stderr]     Finished `dev` profile [unoptimized + debuginfo] target(s) in 33.68s
[INFO] running `Command { std: "docker" "inspect" "93e665f501326b07ec3ce96a3559480b650483d698343b2622b1999b7f4471fa", kill_on_drop: false }`
[INFO] running `Command { std: "docker" "rm" "-f" "93e665f501326b07ec3ce96a3559480b650483d698343b2622b1999b7f4471fa", kill_on_drop: false }`
[INFO] [stdout] 93e665f501326b07ec3ce96a3559480b650483d698343b2622b1999b7f4471fa
[INFO] running `Command { std: "docker" "create" "-v" "/var/lib/crater-agent-workspace/builds/worker-7-tc1/target:/opt/rustwide/target:rw,Z" "-v" "/var/lib/crater-agent-workspace/builds/worker-7-tc1/source:/opt/rustwide/workdir:ro,Z" "-v" "/var/lib/crater-agent-workspace/cargo-home:/opt/rustwide/cargo-home:ro,Z" "-v" "/var/lib/crater-agent-workspace/rustup-home:/opt/rustwide/rustup-home:ro,Z" "-e" "SOURCE_DIR=/opt/rustwide/workdir" "-e" "CARGO_TARGET_DIR=/opt/rustwide/target" "-e" "CARGO_INCREMENTAL=0" "-e" "RUST_BACKTRACE=full" "-e" "RUSTFLAGS=--cap-lints=forbid" "-e" "RUSTDOCFLAGS=--cap-lints=forbid" "-e" "CARGO_HOME=/opt/rustwide/cargo-home" "-e" "RUSTUP_HOME=/opt/rustwide/rustup-home" "-w" "/opt/rustwide/workdir" "-m" "1610612736" "--user" "0:0" "--network" "none" "ghcr.io/rust-lang/crates-build-env/linux@sha256:4a844ea9eb2546a2d2c7022eacef16ef2e8229c7fbb2c7d4d55a9ceca922f72d" "/opt/rustwide/cargo-home/bin/cargo" "+nightly-2024-10-28" "test" "--frozen" "--no-run" "--message-format=json", kill_on_drop: false }`
[INFO] [stdout] 24cba50704a6c238e4aca63532811477324541230178308eb63bbc7b0674d084
[INFO] running `Command { std: "docker" "start" "-a" "24cba50704a6c238e4aca63532811477324541230178308eb63bbc7b0674d084", kill_on_drop: false }`
[INFO] [stderr]    Compiling syn v1.0.109
[INFO] [stderr]    Compiling semver v1.0.23
[INFO] [stderr]    Compiling futures-core v0.3.30
[INFO] [stderr]    Compiling futures-sink v0.3.30
[INFO] [stderr]    Compiling futures-macro v0.3.30
[INFO] [stderr]    Compiling pin-utils v0.1.0
[INFO] [stderr]    Compiling pin-project-lite v0.2.14
[INFO] [stderr]    Compiling futures-task v0.3.30
[INFO] [stderr]    Compiling futures-io v0.3.30
[INFO] [stderr]    Compiling doc-comment v0.3.3
[INFO] [stderr]    Compiling either v1.13.0
[INFO] [stderr]    Compiling predicates-core v1.0.6
[INFO] [stderr]    Compiling termtree v0.4.1
[INFO] [stderr]    Compiling regex-automata v0.1.10
[INFO] [stderr]    Compiling difflib v0.4.0
[INFO] [stderr]    Compiling wait-timeout v0.2.0
[INFO] [stderr]    Compiling futures-timer v3.0.3
[INFO] [stderr]    Compiling futures-channel v0.3.30
[INFO] [stderr]    Compiling predicates-tree v1.0.9
[INFO] [stderr]    Compiling bstr v0.2.17
[INFO] [stderr]    Compiling itertools v0.10.5
[INFO] [stderr]    Compiling rustc_version v0.4.0
[INFO] [stderr]    Compiling futures-util v0.3.30
[INFO] [stderr]    Compiling rstest_macros v0.17.0
[INFO] [stderr]    Compiling predicates v2.1.5
[INFO] [stderr]    Compiling assert_cmd v1.0.8
[INFO] [stderr]    Compiling futures-executor v0.3.30
[INFO] [stderr]    Compiling futures v0.3.30
[INFO] [stderr]    Compiling delegate v0.9.0
[INFO] [stderr]    Compiling ion-rs v0.18.1
[INFO] [stderr]    Compiling rstest v0.17.0
[INFO] [stderr]    Compiling ion-schema v0.10.0
[INFO] [stderr]    Compiling ion-cli v0.7.1 (/opt/rustwide/workdir)
[INFO] [stdout] warning: unused import: `std::fmt::format`
[INFO] [stdout]  --> tests/code-gen-tests.rs:4:5
[INFO] [stdout]   |
[INFO] [stdout] 4 | use std::fmt::format;
[INFO] [stdout]   |     ^^^^^^^^^^^^^^^^
[INFO] [stdout]   |
[INFO] [stdout]   = note: `#[warn(unused_imports)]` on by default
[INFO] [stdout] 
[INFO] [stdout] 
[INFO] [stdout] warning: elided lifetime has a name
[INFO] [stdout]   --> src/bin/ion/commands/generate/generator.rs:34:50
[INFO] [stdout]    |
[INFO] [stdout] 33 | impl<'a> CodeGenerator<'a, RustLanguage> {
[INFO] [stdout]    |      -- lifetime `'a` declared here
[INFO] [stdout] 34 |     pub fn new(output: &'a Path) -> CodeGenerator<RustLanguage> {
[INFO] [stdout]    |                                                  ^ this elided lifetime gets resolved as `'a`
[INFO] [stdout]    |
[INFO] [stdout]    = note: `#[warn(elided_named_lifetimes)]` on by default
[INFO] [stdout] 
[INFO] [stdout] 
[INFO] [stdout] warning: elided lifetime has a name
[INFO] [stdout]   --> src/bin/ion/commands/generate/generator.rs:34:50
[INFO] [stdout]    |
[INFO] [stdout] 33 | impl<'a> CodeGenerator<'a, RustLanguage> {
[INFO] [stdout]    |      -- lifetime `'a` declared here
[INFO] [stdout] 34 |     pub fn new(output: &'a Path) -> CodeGenerator<RustLanguage> {
[INFO] [stdout]    |                                                  ^ this elided lifetime gets resolved as `'a`
[INFO] [stdout]    |
[INFO] [stdout]    = note: `#[warn(elided_named_lifetimes)]` on by default
[INFO] [stdout] 
[INFO] [stdout] 
[INFO] [stderr]     Finished `test` profile [unoptimized + debuginfo] target(s) in 11.03s
[INFO] running `Command { std: "docker" "inspect" "24cba50704a6c238e4aca63532811477324541230178308eb63bbc7b0674d084", kill_on_drop: false }`
[INFO] running `Command { std: "docker" "rm" "-f" "24cba50704a6c238e4aca63532811477324541230178308eb63bbc7b0674d084", kill_on_drop: false }`
[INFO] [stdout] 24cba50704a6c238e4aca63532811477324541230178308eb63bbc7b0674d084
[INFO] running `Command { std: "docker" "create" "-v" "/var/lib/crater-agent-workspace/builds/worker-7-tc1/target:/opt/rustwide/target:rw,Z" "-v" "/var/lib/crater-agent-workspace/builds/worker-7-tc1/source:/opt/rustwide/workdir:ro,Z" "-v" "/var/lib/crater-agent-workspace/cargo-home:/opt/rustwide/cargo-home:ro,Z" "-v" "/var/lib/crater-agent-workspace/rustup-home:/opt/rustwide/rustup-home:ro,Z" "-e" "SOURCE_DIR=/opt/rustwide/workdir" "-e" "CARGO_TARGET_DIR=/opt/rustwide/target" "-e" "CARGO_INCREMENTAL=0" "-e" "RUST_BACKTRACE=full" "-e" "RUSTFLAGS=--cap-lints=forbid" "-e" "RUSTDOCFLAGS=--cap-lints=forbid" "-e" "CARGO_HOME=/opt/rustwide/cargo-home" "-e" "RUSTUP_HOME=/opt/rustwide/rustup-home" "-w" "/opt/rustwide/workdir" "-m" "1610612736" "--user" "0:0" "--network" "none" "ghcr.io/rust-lang/crates-build-env/linux@sha256:4a844ea9eb2546a2d2c7022eacef16ef2e8229c7fbb2c7d4d55a9ceca922f72d" "/opt/rustwide/cargo-home/bin/cargo" "+nightly-2024-10-28" "test" "--frozen", kill_on_drop: false }`
[INFO] [stdout] a2f682589a096e97a97d0cd93b254fee4a0e1ddf1b0f8682daf9d29beaab9c0c
[INFO] running `Command { std: "docker" "start" "-a" "a2f682589a096e97a97d0cd93b254fee4a0e1ddf1b0f8682daf9d29beaab9c0c", kill_on_drop: false }`
[INFO] [stderr] warning: elided lifetime has a name
[INFO] [stderr]   --> src/bin/ion/commands/generate/generator.rs:34:50
[INFO] [stderr]    |
[INFO] [stderr] 33 | impl<'a> CodeGenerator<'a, RustLanguage> {
[INFO] [stderr]    |      -- lifetime `'a` declared here
[INFO] [stderr] 34 |     pub fn new(output: &'a Path) -> CodeGenerator<RustLanguage> {
[INFO] [stderr]    |                                                  ^ this elided lifetime gets resolved as `'a`
[INFO] [stderr]    |
[INFO] [stderr]    = note: `#[warn(elided_named_lifetimes)]` on by default
[INFO] [stderr] 
[INFO] [stderr] warning: `ion-cli` (bin "ion") generated 1 warning
[INFO] [stderr] warning: unused import: `std::fmt::format`
[INFO] [stderr]  --> tests/code-gen-tests.rs:4:5
[INFO] [stderr]   |
[INFO] [stderr] 4 | use std::fmt::format;
[INFO] [stderr]   |     ^^^^^^^^^^^^^^^^
[INFO] [stderr]   |
[INFO] [stderr]   = note: `#[warn(unused_imports)]` on by default
[INFO] [stderr] 
[INFO] [stderr] warning: `ion-cli` (test "code-gen-tests") generated 1 warning (run `cargo fix --test "code-gen-tests"` to apply 1 suggestion)
[INFO] [stderr] warning: `ion-cli` (bin "ion" test) generated 1 warning (1 duplicate)
[INFO] [stderr]     Finished `test` profile [unoptimized + debuginfo] target(s) in 0.18s
[INFO] [stderr]      Running unittests src/bin/ion/main.rs (/opt/rustwide/target/debug/deps/ion-c8e6b3fcba2c08ad)
[INFO] [stdout] 
[INFO] [stdout] running 5 tests
[INFO] [stdout] test commands::generate::model::model_tests::sequence_builder_test ... ok
[INFO] [stdout] test commands::generate::model::model_tests::scalar_builder_test ... ok
[INFO] [stdout] test commands::generate::model::model_tests::wrapped_scalar_builder_test ... ok
[INFO] [stdout] test commands::generate::model::model_tests::struct_builder_test ... ok
[INFO] [stdout] test commands::stats::test_analyze ... ok
[INFO] [stdout] 
[INFO] [stdout] test result: ok. 5 passed; 0 failed; 0 ignored; 0 measured; 0 filtered out; finished in 0.01s
[INFO] [stdout] 
[INFO] [stderr]      Running tests/cli.rs (/opt/rustwide/target/debug/deps/cli-e28d0552c5e35c4e)
[INFO] [stdout] 
[INFO] [stdout] running 60 tests
[INFO] [stdout] test run_it::case_1_simple::format_flag_1_____::input_mode_1_FileMode__Default::output_mode_2_FileMode__Named::input_compress_3_InputCompress__Zst ... ok
[INFO] [stdout] test run_it::case_1_simple::format_flag_1_____::input_mode_1_FileMode__Default::output_mode_2_FileMode__Named::input_compress_1_InputCompress__No ... ok
[INFO] [stdout] test run_it::case_1_simple::format_flag_1_____::input_mode_1_FileMode__Default::output_mode_2_FileMode__Named::input_compress_2_InputCompress__Gz ... ok
[INFO] [stdout] test run_it::case_1_simple::format_flag_1_____::input_mode_1_FileMode__Default::output_mode_1_FileMode__Default::input_compress_3_InputCompress__Zst ... ok
[INFO] [stdout] test run_it::case_1_simple::format_flag_1_____::input_mode_1_FileMode__Default::output_mode_1_FileMode__Default::input_compress_2_InputCompress__Gz ... ok
[INFO] [stdout] test run_it::case_1_simple::format_flag_1_____::input_mode_1_FileMode__Default::output_mode_1_FileMode__Default::input_compress_1_InputCompress__No ... ok
[INFO] [stdout] test code_gen_tests::test_code_generation_in_rust::case_2_value_struct ... ok
[INFO] [stdout] test run_it::case_1_simple::format_flag_1_____::input_mode_2_FileMode__Named::output_mode_2_FileMode__Named::input_compress_1_InputCompress__No ... ok
[INFO] [stdout] test run_it::case_1_simple::format_flag_1_____::input_mode_2_FileMode__Named::output_mode_2_FileMode__Named::input_compress_2_InputCompress__Gz ... ok
[INFO] [stdout] test run_it::case_1_simple::format_flag_1_____::input_mode_2_FileMode__Named::output_mode_1_FileMode__Default::input_compress_3_InputCompress__Zst ... ok
[INFO] [stdout] test run_it::case_1_simple::format_flag_1_____::input_mode_2_FileMode__Named::output_mode_1_FileMode__Default::input_compress_1_InputCompress__No ... ok
[INFO] [stdout] test run_it::case_1_simple::format_flag_1_____::input_mode_2_FileMode__Named::output_mode_1_FileMode__Default::input_compress_2_InputCompress__Gz ... ok
[INFO] [stdout] test code_gen_tests::test_code_generation_in_rust::case_1_simple_struct ... ok
[INFO] [stdout] test code_gen_tests::test_code_generation_in_java::case_1 ... ok
[INFO] [stdout] test run_it::case_1_simple::format_flag_1_____::input_mode_2_FileMode__Named::output_mode_2_FileMode__Named::input_compress_3_InputCompress__Zst ... ok
[INFO] [stdout] test run_it::case_1_simple::format_flag_2___binary__::input_mode_1_FileMode__Default::output_mode_1_FileMode__Default::input_compress_2_InputCompress__Gz ... ok
[INFO] [stdout] test run_it::case_1_simple::format_flag_2___binary__::input_mode_1_FileMode__Default::output_mode_1_FileMode__Default::input_compress_3_InputCompress__Zst ... ok
[INFO] [stdout] test run_it::case_1_simple::format_flag_2___binary__::input_mode_1_FileMode__Default::output_mode_2_FileMode__Named::input_compress_3_InputCompress__Zst ... ok
[INFO] [stdout] test run_it::case_1_simple::format_flag_2___binary__::input_mode_1_FileMode__Default::output_mode_1_FileMode__Default::input_compress_1_InputCompress__No ... ok
[INFO] [stdout] test run_it::case_1_simple::format_flag_2___binary__::input_mode_2_FileMode__Named::output_mode_1_FileMode__Default::input_compress_1_InputCompress__No ... ok
[INFO] [stdout] test run_it::case_1_simple::format_flag_2___binary__::input_mode_1_FileMode__Default::output_mode_2_FileMode__Named::input_compress_2_InputCompress__Gz ... ok
[INFO] [stdout] test run_it::case_1_simple::format_flag_2___binary__::input_mode_2_FileMode__Named::output_mode_2_FileMode__Named::input_compress_1_InputCompress__No ... ok
[INFO] [stdout] test run_it::case_1_simple::format_flag_2___binary__::input_mode_1_FileMode__Default::output_mode_2_FileMode__Named::input_compress_1_InputCompress__No ... ok
[INFO] [stdout] test run_it::case_1_simple::format_flag_2___binary__::input_mode_2_FileMode__Named::output_mode_1_FileMode__Default::input_compress_3_InputCompress__Zst ... ok
[INFO] [stdout] test code_gen_tests::test_code_generation_in_rust::case_4_struct_with_reference_field ... ok
[INFO] [stdout] test code_gen_tests::test_code_generation_in_rust::case_5_struct_with_nested_type ... ok
[INFO] [stdout] test code_gen_tests::test_code_generation_in_rust::case_3_sequence_struct ... ok
[INFO] [stdout] test code_gen_tests::test_code_generation_in_java::case_4 ... ok
[INFO] [stdout] test code_gen_tests::test_code_generation_in_java::case_5 ... ok
[INFO] [stdout] test run_it::case_1_simple::format_flag_2___binary__::input_mode_2_FileMode__Named::output_mode_2_FileMode__Named::input_compress_3_InputCompress__Zst ... ok
[INFO] [stdout] test run_it::case_1_simple::format_flag_2___binary__::input_mode_2_FileMode__Named::output_mode_1_FileMode__Default::input_compress_2_InputCompress__Gz ... ok
[INFO] [stdout] test run_it::case_1_simple::format_flag_3___text__::input_mode_1_FileMode__Default::output_mode_1_FileMode__Default::input_compress_3_InputCompress__Zst ... ok
[INFO] [stdout] test run_it::case_1_simple::format_flag_3___text__::input_mode_1_FileMode__Default::output_mode_1_FileMode__Default::input_compress_2_InputCompress__Gz ... ok
[INFO] [stdout] test run_it::case_1_simple::format_flag_2___binary__::input_mode_2_FileMode__Named::output_mode_2_FileMode__Named::input_compress_2_InputCompress__Gz ... ok
[INFO] [stdout] test run_it::case_1_simple::format_flag_3___text__::input_mode_1_FileMode__Default::output_mode_2_FileMode__Named::input_compress_1_InputCompress__No ... ok
[INFO] [stdout] test run_it::case_1_simple::format_flag_3___text__::input_mode_1_FileMode__Default::output_mode_1_FileMode__Default::input_compress_1_InputCompress__No ... ok
[INFO] [stdout] test run_it::case_1_simple::format_flag_3___text__::input_mode_2_FileMode__Named::output_mode_1_FileMode__Default::input_compress_1_InputCompress__No ... ok
[INFO] [stdout] test code_gen_tests::test_code_generation_in_java::case_3 ... ok
[INFO] [stdout] test run_it::case_1_simple::format_flag_3___text__::input_mode_1_FileMode__Default::output_mode_2_FileMode__Named::input_compress_2_InputCompress__Gz ... ok
[INFO] [stdout] test run_it::case_1_simple::format_flag_3___text__::input_mode_2_FileMode__Named::output_mode_1_FileMode__Default::input_compress_3_InputCompress__Zst ... ok
[INFO] [stdout] test run_it::case_1_simple::format_flag_3___text__::input_mode_1_FileMode__Default::output_mode_2_FileMode__Named::input_compress_3_InputCompress__Zst ... ok
[INFO] [stdout] test run_it::case_1_simple::format_flag_4___pretty__::input_mode_1_FileMode__Default::output_mode_1_FileMode__Default::input_compress_2_InputCompress__Gz ... ok
[INFO] [stdout] test run_it::case_1_simple::format_flag_4___pretty__::input_mode_1_FileMode__Default::output_mode_1_FileMode__Default::input_compress_3_InputCompress__Zst ... ok
[INFO] [stdout] test run_it::case_1_simple::format_flag_3___text__::input_mode_2_FileMode__Named::output_mode_1_FileMode__Default::input_compress_2_InputCompress__Gz ... ok
[INFO] [stdout] test run_it::case_1_simple::format_flag_4___pretty__::input_mode_1_FileMode__Default::output_mode_2_FileMode__Named::input_compress_1_InputCompress__No ... ok
[INFO] [stdout] test run_it::case_1_simple::format_flag_3___text__::input_mode_2_FileMode__Named::output_mode_2_FileMode__Named::input_compress_2_InputCompress__Gz ... ok
[INFO] [stdout] test run_it::case_1_simple::format_flag_4___pretty__::input_mode_1_FileMode__Default::output_mode_2_FileMode__Named::input_compress_3_InputCompress__Zst ... ok
[INFO] [stdout] test run_it::case_1_simple::format_flag_4___pretty__::input_mode_1_FileMode__Default::output_mode_2_FileMode__Named::input_compress_2_InputCompress__Gz ... ok
[INFO] [stdout] test run_it::case_1_simple::format_flag_3___text__::input_mode_2_FileMode__Named::output_mode_2_FileMode__Named::input_compress_3_InputCompress__Zst ... ok
[INFO] [stdout] test run_it::case_1_simple::format_flag_3___text__::input_mode_2_FileMode__Named::output_mode_2_FileMode__Named::input_compress_1_InputCompress__No ... ok
[INFO] [stdout] test code_gen_tests::test_code_generation_in_java::case_2 ... ok
[INFO] [stdout] test run_it::case_1_simple::format_flag_4___pretty__::input_mode_2_FileMode__Named::output_mode_1_FileMode__Default::input_compress_3_InputCompress__Zst ... ok
[INFO] [stdout] test run_it::case_1_simple::format_flag_4___pretty__::input_mode_1_FileMode__Default::output_mode_1_FileMode__Default::input_compress_1_InputCompress__No ... ok
[INFO] [stdout] test run_it::case_1_simple::format_flag_4___pretty__::input_mode_2_FileMode__Named::output_mode_1_FileMode__Default::input_compress_1_InputCompress__No ... ok
[INFO] [stdout] test run_it::case_1_simple::format_flag_4___pretty__::input_mode_2_FileMode__Named::output_mode_2_FileMode__Named::input_compress_1_InputCompress__No ... ok
[INFO] [stdout] test run_it::case_1_simple::format_flag_4___pretty__::input_mode_2_FileMode__Named::output_mode_1_FileMode__Default::input_compress_2_InputCompress__Gz ... ok
[INFO] [stdout] test run_it::case_1_simple::format_flag_4___pretty__::input_mode_2_FileMode__Named::output_mode_2_FileMode__Named::input_compress_3_InputCompress__Zst ... ok
[INFO] [stdout] test run_it::case_1_simple::format_flag_4___pretty__::input_mode_2_FileMode__Named::output_mode_2_FileMode__Named::input_compress_2_InputCompress__Gz ... ok
[INFO] [stdout] test test_write_all_values::case_1 ... ok
[INFO] [stdout] test test_write_all_values::case_2 ... ok
[INFO] [stdout] 
[INFO] [stdout] test result: ok. 60 passed; 0 failed; 0 ignored; 0 measured; 0 filtered out; finished in 0.32s
[INFO] [stdout] 
[INFO] [stderr]      Running tests/code-gen-tests.rs (/opt/rustwide/target/debug/deps/code_gen_tests-03f86f5a6548ff3c)
[INFO] [stdout] 
[INFO] [stdout] running 5 tests
[INFO] [stdout] test roundtrip_tests_for_generated_code_cargo ... FAILED
[INFO] [stdout] test test_unsupported_schema_types_failures::case_3_any_struct_type ... ok
[INFO] [stdout] test test_unsupported_schema_types_failures::case_2_any_sequence_type ... ok
[INFO] [stdout] test test_unsupported_schema_types_failures::case_1_any_element_list ... ok
[INFO] [stderr] Exception in thread "main" java.net.UnknownHostException: services.gradle.org
[INFO] [stdout] Downloading https://services.gradle.org/distributions/gradle-8.6-bin.zip
[INFO] [stderr] 	at java.net.AbstractPlainSocketImpl.connect(AbstractPlainSocketImpl.java:184)
[INFO] [stdout] 
[INFO] [stderr] 	at java.net.SocksSocketImpl.connect(SocksSocketImpl.java:392)
[INFO] [stderr] 	at java.net.Socket.connect(Socket.java:607)
[INFO] [stderr] 	at sun.security.ssl.SSLSocketImpl.connect(SSLSocketImpl.java:293)
[INFO] [stderr] 	at sun.net.NetworkClient.doConnect(NetworkClient.java:175)
[INFO] [stderr] 	at sun.net.www.http.HttpClient.openServer(HttpClient.java:465)
[INFO] [stderr] 	at sun.net.www.http.HttpClient.openServer(HttpClient.java:560)
[INFO] [stderr] 	at sun.net.www.protocol.https.HttpsClient.<init>(HttpsClient.java:264)
[INFO] [stderr] 	at sun.net.www.protocol.https.HttpsClient.New(HttpsClient.java:367)
[INFO] [stderr] 	at sun.net.www.protocol.https.AbstractDelegateHttpsURLConnection.getNewHttpClient(AbstractDelegateHttpsURLConnection.java:203)
[INFO] [stderr] 	at sun.net.www.protocol.http.HttpURLConnection.plainConnect0(HttpURLConnection.java:1162)
[INFO] [stderr] 	at sun.net.www.protocol.http.HttpURLConnection.plainConnect(HttpURLConnection.java:1056)
[INFO] [stderr] 	at sun.net.www.protocol.https.AbstractDelegateHttpsURLConnection.connect(AbstractDelegateHttpsURLConnection.java:189)
[INFO] [stderr] 	at sun.net.www.protocol.http.HttpURLConnection.getInputStream0(HttpURLConnection.java:1572)
[INFO] [stderr] 	at sun.net.www.protocol.http.HttpURLConnection.getInputStream(HttpURLConnection.java:1500)
[INFO] [stderr] 	at sun.net.www.protocol.https.HttpsURLConnectionImpl.getInputStream(HttpsURLConnectionImpl.java:268)
[INFO] [stderr] 	at org.gradle.wrapper.Install.forceFetch(SourceFile:2)
[INFO] [stderr] 	at org.gradle.wrapper.Install$1.call(SourceFile:8)
[INFO] [stderr] 	at org.gradle.wrapper.GradleWrapperMain.main(SourceFile:67)
[INFO] [stdout] test roundtrip_tests_for_generated_code_gradle ... FAILED
[INFO] [stdout] 
[INFO] [stdout] failures:
[INFO] [stdout] 
[INFO] [stdout] ---- roundtrip_tests_for_generated_code_cargo stdout ----
[INFO] [stdout] thread 'roundtrip_tests_for_generated_code_cargo' panicked at tests/code-gen-tests.rs:70:10:
[INFO] [stdout] failed to execute 'cargo clean': Os { code: 2, kind: NotFound, message: "No such file or directory" }
[INFO] [stdout] stack backtrace:
[INFO] [stdout]    0:     0x5e1e7e4c2dca - std::backtrace_rs::backtrace::libunwind::trace::h207520d6e9873551
[INFO] [stderr] error: test failed, to rerun pass `--test code-gen-tests`
[INFO] [stdout]                                at /rustc/df4ca44d3fbc9301ee17f30f4d474e6ae4b05252/library/std/src/../../backtrace/src/backtrace/libunwind.rs:116:5
[INFO] [stdout]    1:     0x5e1e7e4c2dca - std::backtrace_rs::backtrace::trace_unsynchronized::h2ed7433f370e3eca
[INFO] [stdout]                                at /rustc/df4ca44d3fbc9301ee17f30f4d474e6ae4b05252/library/std/src/../../backtrace/src/backtrace/mod.rs:66:5
[INFO] [stdout]    2:     0x5e1e7e4c2dca - std::sys::backtrace::_print_fmt::h916fac51166b18d7
[INFO] [stdout]                                at /rustc/df4ca44d3fbc9301ee17f30f4d474e6ae4b05252/library/std/src/sys/backtrace.rs:66:9
[INFO] [stdout]    3:     0x5e1e7e4c2dca - <std::sys::backtrace::BacktraceLock::print::DisplayBacktrace as core::fmt::Display>::fmt::ha0a4c9b8ce3802e6
[INFO] [stdout]                                at /rustc/df4ca44d3fbc9301ee17f30f4d474e6ae4b05252/library/std/src/sys/backtrace.rs:39:26
[INFO] [stdout]    4:     0x5e1e7e4eb283 - core::fmt::rt::Argument::fmt::h4cfc8587d52b3eb5
[INFO] [stdout]                                at /rustc/df4ca44d3fbc9301ee17f30f4d474e6ae4b05252/library/core/src/fmt/rt.rs:177:76
[INFO] [stdout]    5:     0x5e1e7e4eb283 - core::fmt::write::h522cc39e5b36ae9f
[INFO] [stdout]                                at /rustc/df4ca44d3fbc9301ee17f30f4d474e6ae4b05252/library/core/src/fmt/mod.rs:1190:21
[INFO] [stdout]    6:     0x5e1e7e4bf0d3 - std::io::Write::write_fmt::h7d3c26752da97734
[INFO] [stdout]                                at /rustc/df4ca44d3fbc9301ee17f30f4d474e6ae4b05252/library/std/src/io/mod.rs:1839:15
[INFO] [stdout]    7:     0x5e1e7e4c2c12 - std::sys::backtrace::BacktraceLock::print::h4b9e00b29e9c0942
[INFO] [stdout]                                at /rustc/df4ca44d3fbc9301ee17f30f4d474e6ae4b05252/library/std/src/sys/backtrace.rs:42:9
[INFO] [stdout]    8:     0x5e1e7e4c42da - std::panicking::default_hook::{{closure}}::hb59b88280d0324d9
[INFO] [stdout]                                at /rustc/df4ca44d3fbc9301ee17f30f4d474e6ae4b05252/library/std/src/panicking.rs:268:22
[INFO] [stdout]    9:     0x5e1e7e4c40e4 - std::panicking::default_hook::he1dd496665be4a29
[INFO] [stdout]                                at /rustc/df4ca44d3fbc9301ee17f30f4d474e6ae4b05252/library/std/src/panicking.rs:292:9
[INFO] [stdout]   10:     0x5e1e7e44c949 - <alloc::boxed::Box<F,A> as core::ops::function::Fn<Args>>::call::h4ff71de18744e1dc
[INFO] [stdout]                                at /rustc/df4ca44d3fbc9301ee17f30f4d474e6ae4b05252/library/alloc/src/boxed.rs:2468:9
[INFO] [stdout]   11:     0x5e1e7e44c949 - test::test_main::{{closure}}::hcf7c055ce117aa81
[INFO] [stdout]                                at /rustc/df4ca44d3fbc9301ee17f30f4d474e6ae4b05252/library/test/src/lib.rs:133:21
[INFO] [stdout]   12:     0x5e1e7e4c49d8 - <alloc::boxed::Box<F,A> as core::ops::function::Fn<Args>>::call::h1d66c6bbd60c9692
[INFO] [stdout]                                at /rustc/df4ca44d3fbc9301ee17f30f4d474e6ae4b05252/library/alloc/src/boxed.rs:2468:9
[INFO] [stdout]   13:     0x5e1e7e4c49d8 - std::panicking::rust_panic_with_hook::h2ff17fe8f26dfcf8
[INFO] [stdout]                                at /rustc/df4ca44d3fbc9301ee17f30f4d474e6ae4b05252/library/std/src/panicking.rs:809:13
[INFO] [stdout]   14:     0x5e1e7e4c479a - std::panicking::begin_panic_handler::{{closure}}::h4fad77951c07e101
[INFO] [stdout]                                at /rustc/df4ca44d3fbc9301ee17f30f4d474e6ae4b05252/library/std/src/panicking.rs:674:13
[INFO] [stdout]   15:     0x5e1e7e4c32a9 - std::sys::backtrace::__rust_end_short_backtrace::hb1a25b3da5d0ea08
[INFO] [stdout]                                at /rustc/df4ca44d3fbc9301ee17f30f4d474e6ae4b05252/library/std/src/sys/backtrace.rs:170:18
[INFO] [stdout]   16:     0x5e1e7e4c442c - rust_begin_unwind
[INFO] [stdout]                                at /rustc/df4ca44d3fbc9301ee17f30f4d474e6ae4b05252/library/std/src/panicking.rs:665:5
[INFO] [stdout]   17:     0x5e1e7e4e9930 - core::panicking::panic_fmt::ha9db07b529f9b256
[INFO] [stdout]                                at /rustc/df4ca44d3fbc9301ee17f30f4d474e6ae4b05252/library/core/src/panicking.rs:75:14
[INFO] [stdout]   18:     0x5e1e7e4e9d76 - core::result::unwrap_failed::h5e8218e4d4338b8a
[INFO] [stdout]                                at /rustc/df4ca44d3fbc9301ee17f30f4d474e6ae4b05252/library/core/src/result.rs:1698:5
[INFO] [stdout]   19:     0x5e1e7e40ecd8 - core::result::Result<T,E>::expect::he401d7f3942489b2
[INFO] [stdout]                                at /rustc/df4ca44d3fbc9301ee17f30f4d474e6ae4b05252/library/core/src/result.rs:1060:23
[INFO] [stdout]   20:     0x5e1e7e411810 - code_gen_tests::roundtrip_tests_for_generated_code_cargo::habd0b82786e012b0
[INFO] [stdout]                                at /opt/rustwide/workdir/tests/code-gen-tests.rs:66:30
[INFO] [stdout]   21:     0x5e1e7e411577 - code_gen_tests::roundtrip_tests_for_generated_code_cargo::{{closure}}::hf401cb964951acc8
[INFO] [stdout]                                at /opt/rustwide/workdir/tests/code-gen-tests.rs:54:50
[INFO] [stdout]   22:     0x5e1e7e40dc16 - core::ops::function::FnOnce::call_once::h2fd75997954013c7
[INFO] [stdout]                                at /rustc/df4ca44d3fbc9301ee17f30f4d474e6ae4b05252/library/core/src/ops/function.rs:250:5
[INFO] [stdout]   23:     0x5e1e7e45121b - core::ops::function::FnOnce::call_once::h22c3ba5715e93f05
[INFO] [stdout]                                at /rustc/df4ca44d3fbc9301ee17f30f4d474e6ae4b05252/library/core/src/ops/function.rs:250:5
[INFO] [stdout]   24:     0x5e1e7e45121b - test::__rust_begin_short_backtrace::h8e82d8113d0da17f
[INFO] [stdout]                                at /rustc/df4ca44d3fbc9301ee17f30f4d474e6ae4b05252/library/test/src/lib.rs:621:18
[INFO] [stdout]   25:     0x5e1e7e450b97 - test::run_test_in_process::{{closure}}::h33235f4f20b7b7c7
[INFO] [stdout]                                at /rustc/df4ca44d3fbc9301ee17f30f4d474e6ae4b05252/library/test/src/lib.rs:644:60
[INFO] [stdout]   26:     0x5e1e7e450b97 - <core::panic::unwind_safe::AssertUnwindSafe<F> as core::ops::function::FnOnce<()>>::call_once::hb5043206310c586f
[INFO] [stdout]                                at /rustc/df4ca44d3fbc9301ee17f30f4d474e6ae4b05252/library/core/src/panic/unwind_safe.rs:272:9
[INFO] [stdout]   27:     0x5e1e7e450b97 - std::panicking::try::do_call::h9ad4731a60ab23e2
[INFO] [stdout]                                at /rustc/df4ca44d3fbc9301ee17f30f4d474e6ae4b05252/library/std/src/panicking.rs:557:40
[INFO] [stdout]   28:     0x5e1e7e450b97 - std::panicking::try::h3824d23db772a716
[INFO] [stdout]                                at /rustc/df4ca44d3fbc9301ee17f30f4d474e6ae4b05252/library/std/src/panicking.rs:520:19
[INFO] [stdout]   29:     0x5e1e7e450b97 - std::panic::catch_unwind::h5afd514605fde46b
[INFO] [stdout]                                at /rustc/df4ca44d3fbc9301ee17f30f4d474e6ae4b05252/library/std/src/panic.rs:358:14
[INFO] [stdout]   30:     0x5e1e7e450b97 - test::run_test_in_process::h0d5cbfa7067d1720
[INFO] [stdout]                                at /rustc/df4ca44d3fbc9301ee17f30f4d474e6ae4b05252/library/test/src/lib.rs:644:27
[INFO] [stdout]   31:     0x5e1e7e450b97 - test::run_test::{{closure}}::h708eb8872708115d
[INFO] [stdout]                                at /rustc/df4ca44d3fbc9301ee17f30f4d474e6ae4b05252/library/test/src/lib.rs:565:43
[INFO] [stdout]   32:     0x5e1e7e4142b4 - test::run_test::{{closure}}::h392c51cee94713ab
[INFO] [stdout]                                at /rustc/df4ca44d3fbc9301ee17f30f4d474e6ae4b05252/library/test/src/lib.rs:595:41
[INFO] [stdout]   33:     0x5e1e7e4142b4 - std::sys::backtrace::__rust_begin_short_backtrace::h2f40290710935a8b
[INFO] [stdout]                                at /rustc/df4ca44d3fbc9301ee17f30f4d474e6ae4b05252/library/std/src/sys/backtrace.rs:154:18
[INFO] [stdout]   34:     0x5e1e7e417a5e - std::thread::Builder::spawn_unchecked_::{{closure}}::{{closure}}::h3fd968d89053a903
[INFO] [stdout]                                at /rustc/df4ca44d3fbc9301ee17f30f4d474e6ae4b05252/library/std/src/thread/mod.rs:541:17
[INFO] [stdout]   35:     0x5e1e7e417a5e - <core::panic::unwind_safe::AssertUnwindSafe<F> as core::ops::function::FnOnce<()>>::call_once::h743f637ba4229880
[INFO] [stdout]                                at /rustc/df4ca44d3fbc9301ee17f30f4d474e6ae4b05252/library/core/src/panic/unwind_safe.rs:272:9
[INFO] [stdout]   36:     0x5e1e7e417a5e - std::panicking::try::do_call::h07440897322525a6
[INFO] [stdout]                                at /rustc/df4ca44d3fbc9301ee17f30f4d474e6ae4b05252/library/std/src/panicking.rs:557:40
[INFO] [stdout]   37:     0x5e1e7e417a5e - std::panicking::try::he5a2e00188156637
[INFO] [stdout]                                at /rustc/df4ca44d3fbc9301ee17f30f4d474e6ae4b05252/library/std/src/panicking.rs:520:19
[INFO] [stdout]   38:     0x5e1e7e417a5e - std::panic::catch_unwind::hbaf3cae49b3c6433
[INFO] [stdout]                                at /rustc/df4ca44d3fbc9301ee17f30f4d474e6ae4b05252/library/std/src/panic.rs:358:14
[INFO] [stdout]   39:     0x5e1e7e417a5e - std::thread::Builder::spawn_unchecked_::{{closure}}::h8e141ea224820bce
[INFO] [stdout]                                at /rustc/df4ca44d3fbc9301ee17f30f4d474e6ae4b05252/library/std/src/thread/mod.rs:540:30
[INFO] [stdout]   40:     0x5e1e7e417a5e - core::ops::function::FnOnce::call_once{{vtable.shim}}::h90d312fedd7b8ea8
[INFO] [stdout]                                at /rustc/df4ca44d3fbc9301ee17f30f4d474e6ae4b05252/library/core/src/ops/function.rs:250:5
[INFO] [stdout]   41:     0x5e1e7e4c9d9b - <alloc::boxed::Box<F,A> as core::ops::function::FnOnce<Args>>::call_once::h69aa08ddb6adb8b6
[INFO] [stdout]                                at /rustc/df4ca44d3fbc9301ee17f30f4d474e6ae4b05252/library/alloc/src/boxed.rs:2454:9
[INFO] [stdout]   42:     0x5e1e7e4c9d9b - <alloc::boxed::Box<F,A> as core::ops::function::FnOnce<Args>>::call_once::h5aa36efdb79c806f
[INFO] [stdout]                                at /rustc/df4ca44d3fbc9301ee17f30f4d474e6ae4b05252/library/alloc/src/boxed.rs:2454:9
[INFO] [stdout]   43:     0x5e1e7e4c9d9b - std::sys::pal::unix::thread::Thread::new::thread_start::h6cd80a1b4be5158d
[INFO] [stdout]                                at /rustc/df4ca44d3fbc9301ee17f30f4d474e6ae4b05252/library/std/src/sys/pal/unix/thread.rs:105:17
[INFO] [stdout]   44:     0x772fdb421ac3 - <unknown>
[INFO] [stdout]   45:     0x772fdb4b2a04 - clone
[INFO] [stdout]   46:                0x0 - <unknown>
[INFO] [stdout] 
[INFO] [stdout] ---- roundtrip_tests_for_generated_code_gradle stdout ----
[INFO] [stdout] status: exit status: 1
[INFO] [stdout] thread 'roundtrip_tests_for_generated_code_gradle' panicked at tests/code-gen-tests.rs:49:5:
[INFO] [stdout] assertion failed: gradle_output.status.success()
[INFO] [stdout] stack backtrace:
[INFO] [stdout]    0:     0x5e1e7e4c2dca - std::backtrace_rs::backtrace::libunwind::trace::h207520d6e9873551
[INFO] [stdout]                                at /rustc/df4ca44d3fbc9301ee17f30f4d474e6ae4b05252/library/std/src/../../backtrace/src/backtrace/libunwind.rs:116:5
[INFO] [stdout]    1:     0x5e1e7e4c2dca - std::backtrace_rs::backtrace::trace_unsynchronized::h2ed7433f370e3eca
[INFO] [stdout]                                at /rustc/df4ca44d3fbc9301ee17f30f4d474e6ae4b05252/library/std/src/../../backtrace/src/backtrace/mod.rs:66:5
[INFO] [stdout]    2:     0x5e1e7e4c2dca - std::sys::backtrace::_print_fmt::h916fac51166b18d7
[INFO] [stdout]                                at /rustc/df4ca44d3fbc9301ee17f30f4d474e6ae4b05252/library/std/src/sys/backtrace.rs:66:9
[INFO] [stdout]    3:     0x5e1e7e4c2dca - <std::sys::backtrace::BacktraceLock::print::DisplayBacktrace as core::fmt::Display>::fmt::ha0a4c9b8ce3802e6
[INFO] [stdout]                                at /rustc/df4ca44d3fbc9301ee17f30f4d474e6ae4b05252/library/std/src/sys/backtrace.rs:39:26
[INFO] [stdout]    4:     0x5e1e7e4eb283 - core::fmt::rt::Argument::fmt::h4cfc8587d52b3eb5
[INFO] [stdout]                                at /rustc/df4ca44d3fbc9301ee17f30f4d474e6ae4b05252/library/core/src/fmt/rt.rs:177:76
[INFO] [stdout]    5:     0x5e1e7e4eb283 - core::fmt::write::h522cc39e5b36ae9f
[INFO] [stdout]                                at /rustc/df4ca44d3fbc9301ee17f30f4d474e6ae4b05252/library/core/src/fmt/mod.rs:1190:21
[INFO] [stdout]    6:     0x5e1e7e4bf0d3 - std::io::Write::write_fmt::h7d3c26752da97734
[INFO] [stdout]                                at /rustc/df4ca44d3fbc9301ee17f30f4d474e6ae4b05252/library/std/src/io/mod.rs:1839:15
[INFO] [stdout]    7:     0x5e1e7e4c2c12 - std::sys::backtrace::BacktraceLock::print::h4b9e00b29e9c0942
[INFO] [stdout]                                at /rustc/df4ca44d3fbc9301ee17f30f4d474e6ae4b05252/library/std/src/sys/backtrace.rs:42:9
[INFO] [stdout]    8:     0x5e1e7e4c42da - std::panicking::default_hook::{{closure}}::hb59b88280d0324d9
[INFO] [stdout]                                at /rustc/df4ca44d3fbc9301ee17f30f4d474e6ae4b05252/library/std/src/panicking.rs:268:22
[INFO] [stdout]    9:     0x5e1e7e4c40e4 - std::panicking::default_hook::he1dd496665be4a29
[INFO] [stdout]                                at /rustc/df4ca44d3fbc9301ee17f30f4d474e6ae4b05252/library/std/src/panicking.rs:292:9
[INFO] [stdout]   10:     0x5e1e7e44c949 - <alloc::boxed::Box<F,A> as core::ops::function::Fn<Args>>::call::h4ff71de18744e1dc
[INFO] [stdout]                                at /rustc/df4ca44d3fbc9301ee17f30f4d474e6ae4b05252/library/alloc/src/boxed.rs:2468:9
[INFO] [stdout]   11:     0x5e1e7e44c949 - test::test_main::{{closure}}::hcf7c055ce117aa81
[INFO] [stdout]                                at /rustc/df4ca44d3fbc9301ee17f30f4d474e6ae4b05252/library/test/src/lib.rs:133:21
[INFO] [stdout]   12:     0x5e1e7e4c49d8 - <alloc::boxed::Box<F,A> as core::ops::function::Fn<Args>>::call::h1d66c6bbd60c9692
[INFO] [stdout]                                at /rustc/df4ca44d3fbc9301ee17f30f4d474e6ae4b05252/library/alloc/src/boxed.rs:2468:9
[INFO] [stdout]   13:     0x5e1e7e4c49d8 - std::panicking::rust_panic_with_hook::h2ff17fe8f26dfcf8
[INFO] [stdout]                                at /rustc/df4ca44d3fbc9301ee17f30f4d474e6ae4b05252/library/std/src/panicking.rs:809:13
[INFO] [stdout]   14:     0x5e1e7e4c4766 - std::panicking::begin_panic_handler::{{closure}}::h4fad77951c07e101
[INFO] [stdout]                                at /rustc/df4ca44d3fbc9301ee17f30f4d474e6ae4b05252/library/std/src/panicking.rs:667:13
[INFO] [stdout]   15:     0x5e1e7e4c32a9 - std::sys::backtrace::__rust_end_short_backtrace::hb1a25b3da5d0ea08
[INFO] [stdout]                                at /rustc/df4ca44d3fbc9301ee17f30f4d474e6ae4b05252/library/std/src/sys/backtrace.rs:170:18
[INFO] [stdout]   16:     0x5e1e7e4c442c - rust_begin_unwind
[INFO] [stdout]                                at /rustc/df4ca44d3fbc9301ee17f30f4d474e6ae4b05252/library/std/src/panicking.rs:665:5
[INFO] [stdout]   17:     0x5e1e7e4e9930 - core::panicking::panic_fmt::ha9db07b529f9b256
[INFO] [stdout]                                at /rustc/df4ca44d3fbc9301ee17f30f4d474e6ae4b05252/library/core/src/panicking.rs:75:14
[INFO] [stdout]   18:     0x5e1e7e4e99bc - core::panicking::panic::h993086813d94accc
[INFO] [stdout]                                at /rustc/df4ca44d3fbc9301ee17f30f4d474e6ae4b05252/library/core/src/panicking.rs:152:5
[INFO] [stdout]   19:     0x5e1e7e4114d7 - code_gen_tests::roundtrip_tests_for_generated_code_gradle::hba32157aadef85f8
[INFO] [stdout]                                at /opt/rustwide/workdir/tests/code-gen-tests.rs:49:5
[INFO] [stdout]   20:     0x5e1e7e410cf7 - code_gen_tests::roundtrip_tests_for_generated_code_gradle::{{closure}}::h678594b79e1d4a8b
[INFO] [stdout]                                at /opt/rustwide/workdir/tests/code-gen-tests.rs:16:51
[INFO] [stdout]   21:     0x5e1e7e40dd66 - core::ops::function::FnOnce::call_once::hd8796ec0da362535
[INFO] [stdout]                                at /rustc/df4ca44d3fbc9301ee17f30f4d474e6ae4b05252/library/core/src/ops/function.rs:250:5
[INFO] [stdout]   22:     0x5e1e7e45121b - core::ops::function::FnOnce::call_once::h22c3ba5715e93f05
[INFO] [stdout]                                at /rustc/df4ca44d3fbc9301ee17f30f4d474e6ae4b05252/library/core/src/ops/function.rs:250:5
[INFO] [stdout]   23:     0x5e1e7e45121b - test::__rust_begin_short_backtrace::h8e82d8113d0da17f
[INFO] [stdout]                                at /rustc/df4ca44d3fbc9301ee17f30f4d474e6ae4b05252/library/test/src/lib.rs:621:18
[INFO] [stdout]   24:     0x5e1e7e450b97 - test::run_test_in_process::{{closure}}::h33235f4f20b7b7c7
[INFO] [stdout]                                at /rustc/df4ca44d3fbc9301ee17f30f4d474e6ae4b05252/library/test/src/lib.rs:644:60
[INFO] [stdout]   25:     0x5e1e7e450b97 - <core::panic::unwind_safe::AssertUnwindSafe<F> as core::ops::function::FnOnce<()>>::call_once::hb5043206310c586f
[INFO] [stdout]                                at /rustc/df4ca44d3fbc9301ee17f30f4d474e6ae4b05252/library/core/src/panic/unwind_safe.rs:272:9
[INFO] [stdout]   26:     0x5e1e7e450b97 - std::panicking::try::do_call::h9ad4731a60ab23e2
[INFO] [stdout]                                at /rustc/df4ca44d3fbc9301ee17f30f4d474e6ae4b05252/library/std/src/panicking.rs:557:40
[INFO] [stdout]   27:     0x5e1e7e450b97 - std::panicking::try::h3824d23db772a716
[INFO] [stdout]                                at /rustc/df4ca44d3fbc9301ee17f30f4d474e6ae4b05252/library/std/src/panicking.rs:520:19
[INFO] [stdout]   28:     0x5e1e7e450b97 - std::panic::catch_unwind::h5afd514605fde46b
[INFO] [stdout]                                at /rustc/df4ca44d3fbc9301ee17f30f4d474e6ae4b05252/library/std/src/panic.rs:358:14
[INFO] [stdout]   29:     0x5e1e7e450b97 - test::run_test_in_process::h0d5cbfa7067d1720
[INFO] [stdout]                                at /rustc/df4ca44d3fbc9301ee17f30f4d474e6ae4b05252/library/test/src/lib.rs:644:27
[INFO] [stdout]   30:     0x5e1e7e450b97 - test::run_test::{{closure}}::h708eb8872708115d
[INFO] [stdout]                                at /rustc/df4ca44d3fbc9301ee17f30f4d474e6ae4b05252/library/test/src/lib.rs:565:43
[INFO] [stdout]   31:     0x5e1e7e4142b4 - test::run_test::{{closure}}::h392c51cee94713ab
[INFO] [stdout]                                at /rustc/df4ca44d3fbc9301ee17f30f4d474e6ae4b05252/library/test/src/lib.rs:595:41
[INFO] [stdout]   32:     0x5e1e7e4142b4 - std::sys::backtrace::__rust_begin_short_backtrace::h2f40290710935a8b
[INFO] [stdout]                                at /rustc/df4ca44d3fbc9301ee17f30f4d474e6ae4b05252/library/std/src/sys/backtrace.rs:154:18
[INFO] [stdout]   33:     0x5e1e7e417a5e - std::thread::Builder::spawn_unchecked_::{{closure}}::{{closure}}::h3fd968d89053a903
[INFO] [stdout]                                at /rustc/df4ca44d3fbc9301ee17f30f4d474e6ae4b05252/library/std/src/thread/mod.rs:541:17
[INFO] [stdout]   34:     0x5e1e7e417a5e - <core::panic::unwind_safe::AssertUnwindSafe<F> as core::ops::function::FnOnce<()>>::call_once::h743f637ba4229880
[INFO] [stdout]                                at /rustc/df4ca44d3fbc9301ee17f30f4d474e6ae4b05252/library/core/src/panic/unwind_safe.rs:272:9
[INFO] [stdout]   35:     0x5e1e7e417a5e - std::panicking::try::do_call::h07440897322525a6
[INFO] [stdout]                                at /rustc/df4ca44d3fbc9301ee17f30f4d474e6ae4b05252/library/std/src/panicking.rs:557:40
[INFO] [stdout]   36:     0x5e1e7e417a5e - std::panicking::try::he5a2e00188156637
[INFO] [stdout]                                at /rustc/df4ca44d3fbc9301ee17f30f4d474e6ae4b05252/library/std/src/panicking.rs:520:19
[INFO] [stdout]   37:     0x5e1e7e417a5e - std::panic::catch_unwind::hbaf3cae49b3c6433
[INFO] [stdout]                                at /rustc/df4ca44d3fbc9301ee17f30f4d474e6ae4b05252/library/std/src/panic.rs:358:14
[INFO] [stdout]   38:     0x5e1e7e417a5e - std::thread::Builder::spawn_unchecked_::{{closure}}::h8e141ea224820bce
[INFO] [stdout]                                at /rustc/df4ca44d3fbc9301ee17f30f4d474e6ae4b05252/library/std/src/thread/mod.rs:540:30
[INFO] [stdout]   39:     0x5e1e7e417a5e - core::ops::function::FnOnce::call_once{{vtable.shim}}::h90d312fedd7b8ea8
[INFO] [stdout]                                at /rustc/df4ca44d3fbc9301ee17f30f4d474e6ae4b05252/library/core/src/ops/function.rs:250:5
[INFO] [stdout]   40:     0x5e1e7e4c9d9b - <alloc::boxed::Box<F,A> as core::ops::function::FnOnce<Args>>::call_once::h69aa08ddb6adb8b6
[INFO] [stdout]                                at /rustc/df4ca44d3fbc9301ee17f30f4d474e6ae4b05252/library/alloc/src/boxed.rs:2454:9
[INFO] [stdout]   41:     0x5e1e7e4c9d9b - <alloc::boxed::Box<F,A> as core::ops::function::FnOnce<Args>>::call_once::h5aa36efdb79c806f
[INFO] [stdout]                                at /rustc/df4ca44d3fbc9301ee17f30f4d474e6ae4b05252/library/alloc/src/boxed.rs:2454:9
[INFO] [stdout]   42:     0x5e1e7e4c9d9b - std::sys::pal::unix::thread::Thread::new::thread_start::h6cd80a1b4be5158d
[INFO] [stdout]                                at /rustc/df4ca44d3fbc9301ee17f30f4d474e6ae4b05252/library/std/src/sys/pal/unix/thread.rs:105:17
[INFO] [stdout]   43:     0x772fdb421ac3 - <unknown>
[INFO] [stdout]   44:     0x772fdb4b2a04 - clone
[INFO] [stdout]   45:                0x0 - <unknown>
[INFO] [stdout] 
[INFO] [stdout] 
[INFO] [stdout] failures:
[INFO] [stdout]     roundtrip_tests_for_generated_code_cargo
[INFO] [stdout]     roundtrip_tests_for_generated_code_gradle
[INFO] [stdout] 
[INFO] [stdout] test result: FAILED. 3 passed; 2 failed; 0 ignored; 0 measured; 0 filtered out; finished in 1.14s
[INFO] [stdout] 
[INFO] running `Command { std: "docker" "inspect" "a2f682589a096e97a97d0cd93b254fee4a0e1ddf1b0f8682daf9d29beaab9c0c", kill_on_drop: false }`
[INFO] running `Command { std: "docker" "rm" "-f" "a2f682589a096e97a97d0cd93b254fee4a0e1ddf1b0f8682daf9d29beaab9c0c", kill_on_drop: false }`
[INFO] [stdout] a2f682589a096e97a97d0cd93b254fee4a0e1ddf1b0f8682daf9d29beaab9c0c
