[INFO] fetching crate io_parser 0.1.5...
[INFO] testing io_parser-0.1.5 against nightly-2024-10-28 for randomize-layout
[INFO] extracting crate io_parser 0.1.5 into /workspace/builds/worker-1-tc1/source
[INFO] validating manifest of crates.io crate io_parser 0.1.5 on toolchain nightly-2024-10-28
[INFO] running `Command { std: CARGO_HOME="/workspace/cargo-home" RUSTUP_HOME="/workspace/rustup-home" "/workspace/cargo-home/bin/cargo" "+nightly-2024-10-28" "metadata" "--manifest-path" "Cargo.toml" "--no-deps", kill_on_drop: false }`
[INFO] started tweaking crates.io crate io_parser 0.1.5
[INFO] finished tweaking crates.io crate io_parser 0.1.5
[INFO] tweaked toml for crates.io crate io_parser 0.1.5 written to /workspace/builds/worker-1-tc1/source/Cargo.toml
[INFO] running `Command { std: CARGO_HOME="/workspace/cargo-home" RUSTUP_HOME="/workspace/rustup-home" "/workspace/cargo-home/bin/cargo" "+nightly-2024-10-28" "generate-lockfile" "--manifest-path" "Cargo.toml", kill_on_drop: false }`
[INFO] running `Command { std: CARGO_HOME="/workspace/cargo-home" RUSTUP_HOME="/workspace/rustup-home" "/workspace/cargo-home/bin/cargo" "+nightly-2024-10-28" "fetch" "--manifest-path" "Cargo.toml", kill_on_drop: false }`
[INFO] running `Command { std: "docker" "create" "-v" "/var/lib/crater-agent-workspace/builds/worker-1-tc1/target:/opt/rustwide/target:rw,Z" "-v" "/var/lib/crater-agent-workspace/builds/worker-1-tc1/source:/opt/rustwide/workdir:ro,Z" "-v" "/var/lib/crater-agent-workspace/cargo-home:/opt/rustwide/cargo-home:ro,Z" "-v" "/var/lib/crater-agent-workspace/rustup-home:/opt/rustwide/rustup-home:ro,Z" "-e" "SOURCE_DIR=/opt/rustwide/workdir" "-e" "CARGO_TARGET_DIR=/opt/rustwide/target" "-e" "CARGO_HOME=/opt/rustwide/cargo-home" "-e" "RUSTUP_HOME=/opt/rustwide/rustup-home" "-w" "/opt/rustwide/workdir" "-m" "1610612736" "--user" "0:0" "--network" "none" "ghcr.io/rust-lang/crates-build-env/linux@sha256:4a844ea9eb2546a2d2c7022eacef16ef2e8229c7fbb2c7d4d55a9ceca922f72d" "/opt/rustwide/cargo-home/bin/cargo" "+nightly-2024-10-28" "metadata" "--no-deps" "--format-version=1", kill_on_drop: false }`
[INFO] [stdout] fac96455acaacf33c3a5540764d0ce028c2ce9dd8ae74b1b025baf3a6c58697d
[INFO] running `Command { std: "docker" "start" "-a" "fac96455acaacf33c3a5540764d0ce028c2ce9dd8ae74b1b025baf3a6c58697d", kill_on_drop: false }`
[INFO] running `Command { std: "docker" "inspect" "fac96455acaacf33c3a5540764d0ce028c2ce9dd8ae74b1b025baf3a6c58697d", kill_on_drop: false }`
[INFO] running `Command { std: "docker" "rm" "-f" "fac96455acaacf33c3a5540764d0ce028c2ce9dd8ae74b1b025baf3a6c58697d", kill_on_drop: false }`
[INFO] [stdout] fac96455acaacf33c3a5540764d0ce028c2ce9dd8ae74b1b025baf3a6c58697d
[INFO] running `Command { std: "docker" "create" "-v" "/var/lib/crater-agent-workspace/builds/worker-1-tc1/target:/opt/rustwide/target:rw,Z" "-v" "/var/lib/crater-agent-workspace/builds/worker-1-tc1/source:/opt/rustwide/workdir:ro,Z" "-v" "/var/lib/crater-agent-workspace/cargo-home:/opt/rustwide/cargo-home:ro,Z" "-v" "/var/lib/crater-agent-workspace/rustup-home:/opt/rustwide/rustup-home:ro,Z" "-e" "SOURCE_DIR=/opt/rustwide/workdir" "-e" "CARGO_TARGET_DIR=/opt/rustwide/target" "-e" "CARGO_INCREMENTAL=0" "-e" "RUST_BACKTRACE=full" "-e" "RUSTFLAGS=--cap-lints=forbid" "-e" "RUSTDOCFLAGS=--cap-lints=forbid" "-e" "CARGO_HOME=/opt/rustwide/cargo-home" "-e" "RUSTUP_HOME=/opt/rustwide/rustup-home" "-w" "/opt/rustwide/workdir" "-m" "1610612736" "--user" "0:0" "--network" "none" "ghcr.io/rust-lang/crates-build-env/linux@sha256:4a844ea9eb2546a2d2c7022eacef16ef2e8229c7fbb2c7d4d55a9ceca922f72d" "/opt/rustwide/cargo-home/bin/cargo" "+nightly-2024-10-28" "build" "--frozen" "--message-format=json", kill_on_drop: false }`
[INFO] [stdout] 90317642018d329d3fcefe31c8c242ad4773e10e6f3652cd11358e5f288b69f2
[INFO] running `Command { std: "docker" "start" "-a" "90317642018d329d3fcefe31c8c242ad4773e10e6f3652cd11358e5f288b69f2", kill_on_drop: false }`
[INFO] [stderr]    Compiling io_parser v0.1.5 (/opt/rustwide/workdir)
[INFO] [stdout] warning: unused import: `std::io`
[INFO] [stdout]  --> src/lib.rs:9:13
[INFO] [stdout]   |
[INFO] [stdout] 9 |         use std::io;
[INFO] [stdout]   |             ^^^^^^^
[INFO] [stdout]   |
[INFO] [stdout]   = note: `#[warn(unused_imports)]` on by default
[INFO] [stdout] 
[INFO] [stdout] 
[INFO] [stderr]     Finished `dev` profile [unoptimized + debuginfo] target(s) in 0.08s
[INFO] running `Command { std: "docker" "inspect" "90317642018d329d3fcefe31c8c242ad4773e10e6f3652cd11358e5f288b69f2", kill_on_drop: false }`
[INFO] running `Command { std: "docker" "rm" "-f" "90317642018d329d3fcefe31c8c242ad4773e10e6f3652cd11358e5f288b69f2", kill_on_drop: false }`
[INFO] [stdout] 90317642018d329d3fcefe31c8c242ad4773e10e6f3652cd11358e5f288b69f2
[INFO] running `Command { std: "docker" "create" "-v" "/var/lib/crater-agent-workspace/builds/worker-1-tc1/target:/opt/rustwide/target:rw,Z" "-v" "/var/lib/crater-agent-workspace/builds/worker-1-tc1/source:/opt/rustwide/workdir:ro,Z" "-v" "/var/lib/crater-agent-workspace/cargo-home:/opt/rustwide/cargo-home:ro,Z" "-v" "/var/lib/crater-agent-workspace/rustup-home:/opt/rustwide/rustup-home:ro,Z" "-e" "SOURCE_DIR=/opt/rustwide/workdir" "-e" "CARGO_TARGET_DIR=/opt/rustwide/target" "-e" "CARGO_INCREMENTAL=0" "-e" "RUST_BACKTRACE=full" "-e" "RUSTFLAGS=--cap-lints=forbid" "-e" "RUSTDOCFLAGS=--cap-lints=forbid" "-e" "CARGO_HOME=/opt/rustwide/cargo-home" "-e" "RUSTUP_HOME=/opt/rustwide/rustup-home" "-w" "/opt/rustwide/workdir" "-m" "1610612736" "--user" "0:0" "--network" "none" "ghcr.io/rust-lang/crates-build-env/linux@sha256:4a844ea9eb2546a2d2c7022eacef16ef2e8229c7fbb2c7d4d55a9ceca922f72d" "/opt/rustwide/cargo-home/bin/cargo" "+nightly-2024-10-28" "test" "--frozen" "--no-run" "--message-format=json", kill_on_drop: false }`
[INFO] [stdout] 83d8e7629da6110bb9b9dba985b7e67ac20c6440e2dc8787dc1be503d3fb3fc2
[INFO] running `Command { std: "docker" "start" "-a" "83d8e7629da6110bb9b9dba985b7e67ac20c6440e2dc8787dc1be503d3fb3fc2", kill_on_drop: false }`
[INFO] [stderr]    Compiling io_parser v0.1.5 (/opt/rustwide/workdir)
[INFO] [stdout] warning: unused import: `std::io`
[INFO] [stdout]  --> src/lib.rs:9:13
[INFO] [stdout]   |
[INFO] [stdout] 9 |         use std::io;
[INFO] [stdout]   |             ^^^^^^^
[INFO] [stdout]   |
[INFO] [stdout]   = note: `#[warn(unused_imports)]` on by default
[INFO] [stdout] 
[INFO] [stdout] 
[INFO] [stdout] warning: unused import: `std::io`
[INFO] [stdout]  --> src/lib.rs:9:13
[INFO] [stdout]   |
[INFO] [stdout] 9 |         use std::io;
[INFO] [stdout]   |             ^^^^^^^
[INFO] [stdout]   |
[INFO] [stdout]   = note: `#[warn(unused_imports)]` on by default
[INFO] [stdout] 
[INFO] [stdout] 
[INFO] [stderr]     Finished `test` profile [unoptimized + debuginfo] target(s) in 0.08s
[INFO] running `Command { std: "docker" "inspect" "83d8e7629da6110bb9b9dba985b7e67ac20c6440e2dc8787dc1be503d3fb3fc2", kill_on_drop: false }`
[INFO] running `Command { std: "docker" "rm" "-f" "83d8e7629da6110bb9b9dba985b7e67ac20c6440e2dc8787dc1be503d3fb3fc2", kill_on_drop: false }`
[INFO] [stdout] 83d8e7629da6110bb9b9dba985b7e67ac20c6440e2dc8787dc1be503d3fb3fc2
[INFO] running `Command { std: "docker" "create" "-v" "/var/lib/crater-agent-workspace/builds/worker-1-tc1/target:/opt/rustwide/target:rw,Z" "-v" "/var/lib/crater-agent-workspace/builds/worker-1-tc1/source:/opt/rustwide/workdir:ro,Z" "-v" "/var/lib/crater-agent-workspace/cargo-home:/opt/rustwide/cargo-home:ro,Z" "-v" "/var/lib/crater-agent-workspace/rustup-home:/opt/rustwide/rustup-home:ro,Z" "-e" "SOURCE_DIR=/opt/rustwide/workdir" "-e" "CARGO_TARGET_DIR=/opt/rustwide/target" "-e" "CARGO_INCREMENTAL=0" "-e" "RUST_BACKTRACE=full" "-e" "RUSTFLAGS=--cap-lints=forbid" "-e" "RUSTDOCFLAGS=--cap-lints=forbid" "-e" "CARGO_HOME=/opt/rustwide/cargo-home" "-e" "RUSTUP_HOME=/opt/rustwide/rustup-home" "-w" "/opt/rustwide/workdir" "-m" "1610612736" "--user" "0:0" "--network" "none" "ghcr.io/rust-lang/crates-build-env/linux@sha256:4a844ea9eb2546a2d2c7022eacef16ef2e8229c7fbb2c7d4d55a9ceca922f72d" "/opt/rustwide/cargo-home/bin/cargo" "+nightly-2024-10-28" "test" "--frozen", kill_on_drop: false }`
[INFO] [stdout] 033f3464bf43bd2451033e1db35ed9ac42c2e8c92bae9b5802d8720239387805
[INFO] running `Command { std: "docker" "start" "-a" "033f3464bf43bd2451033e1db35ed9ac42c2e8c92bae9b5802d8720239387805", kill_on_drop: false }`
[INFO] [stderr] warning: unused import: `std::io`
[INFO] [stderr]  --> src/lib.rs:9:13
[INFO] [stderr]   |
[INFO] [stderr] 9 |         use std::io;
[INFO] [stderr]   |             ^^^^^^^
[INFO] [stderr]   |
[INFO] [stderr]   = note: `#[warn(unused_imports)]` on by default
[INFO] [stderr] 
[INFO] [stderr] warning: `io_parser` (lib) generated 1 warning (run `cargo fix --lib -p io_parser` to apply 1 suggestion)
[INFO] [stderr] warning: `io_parser` (lib test) generated 1 warning (1 duplicate)
[INFO] [stderr]     Finished `test` profile [unoptimized + debuginfo] target(s) in 0.00s
[INFO] [stderr]      Running unittests src/lib.rs (/opt/rustwide/target/debug/deps/io_parser-1893084b69ad9f2a)
[INFO] [stdout] 
[INFO] [stdout] running 0 tests
[INFO] [stdout] 
[INFO] [stdout] test result: ok. 0 passed; 0 failed; 0 ignored; 0 measured; 0 filtered out; finished in 0.00s
[INFO] [stdout] 
[INFO] [stderr]    Doc-tests io_parser
[INFO] [stdout] 
[INFO] [stdout] running 3 tests
[INFO] [stdout] test src/lib.rs - io_fn::num::to_float (line 70) ... FAILED
[INFO] [stdout] test src/lib.rs - io_fn::num::to_num (line 54) ... FAILED
[INFO] [stdout] test src/lib.rs - io_fn::ru::user_input (line 15) ... FAILED
[INFO] [stdout] 
[INFO] [stdout] failures:
[INFO] [stdout] 
[INFO] [stdout] ---- src/lib.rs - io_fn::num::to_float (line 70) stdout ----
[INFO] [stdout] error[E0425]: cannot find function `to_num` in this scope
[INFO] [stdout]  --> src/lib.rs:71:14
[INFO] [stdout]   |
[INFO] [stdout] 3 | let a: f32 = to_num();
[INFO] [stdout]   |              ^^^^^^ not found in this scope
[INFO] [stdout]   |
[INFO] [stdout] help: consider importing this function
[INFO] [stdout]   |
[INFO] [stdout] 2 + use io_parser::num::to_num;
[INFO] [stdout]   |
[INFO] [stdout] 
[INFO] [stdout] error: aborting due to 1 previous error
[INFO] [stdout] 
[INFO] [stdout] For more information about this error, try `rustc --explain E0425`.
[INFO] [stdout] Couldn't compile the test.
[INFO] [stdout] ---- src/lib.rs - io_fn::num::to_num (line 54) stdout ----
[INFO] [stdout] error[E0425]: cannot find function `to_num` in this scope
[INFO] [stdout]  --> src/lib.rs:55:14
[INFO] [stdout]   |
[INFO] [stdout] 3 | let a: i32 = to_num();
[INFO] [stdout]   |              ^^^^^^ not found in this scope
[INFO] [stdout]   |
[INFO] [stdout] help: consider importing this function
[INFO] [stdout]   |
[INFO] [stdout] 2 + use io_parser::num::to_num;
[INFO] [stdout]   |
[INFO] [stdout] 
[INFO] [stdout] error: aborting due to 1 previous error
[INFO] [stdout] 
[INFO] [stdout] For more information about this error, try `rustc --explain E0425`.
[INFO] [stdout] Couldn't compile the test.
[INFO] [stdout] ---- src/lib.rs - io_fn::ru::user_input (line 15) stdout ----
[INFO] [stdout] error[E0425]: cannot find function `user_input` in this scope
[INFO] [stdout]  --> src/lib.rs:16:13
[INFO] [stdout]   |
[INFO] [stdout] 3 | let input = user_input();
[INFO] [stdout]   |             ^^^^^^^^^^ not found in this scope
[INFO] [stdout]   |
[INFO] [stdout] help: consider importing this function
[INFO] [stdout]   |
[INFO] [stdout] 2 + use io_parser::ru::user_input;
[INFO] [stdout]   |
[INFO] [stdout] 
[INFO] [stdout] error[E0425]: cannot find value `a` in this scope
[INFO] [stdout]  --> src/lib.rs:17:16
[INFO] [stdout]   |
[INFO] [stdout] 4 | println!("{}", a); // Your input from the terminal
[INFO] [stdout]   |                ^ not found in this scope
[INFO] [stdout] 
[INFO] [stdout] error: aborting due to 2 previous errors
[INFO] [stdout] 
[INFO] [stdout] For more information about this error, try `rustc --explain E0425`.
[INFO] [stdout] Couldn't compile the test.
[INFO] [stdout] 
[INFO] [stdout] failures:
[INFO] [stdout]     src/lib.rs - io_fn::num::to_float (line 70)
[INFO] [stdout]     src/lib.rs - io_fn::num::to_num (line 54)
[INFO] [stdout]     src/lib.rs - io_fn::ru::user_input (line 15)
[INFO] [stdout] 
[INFO] [stdout] test result: FAILED. 0 passed; 3 failed; 0 ignored; 0 measured; 0 filtered out; finished in 0.04s
[INFO] [stdout] 
[INFO] [stderr] error: doctest failed, to rerun pass `--doc`
[INFO] running `Command { std: "docker" "inspect" "033f3464bf43bd2451033e1db35ed9ac42c2e8c92bae9b5802d8720239387805", kill_on_drop: false }`
[INFO] running `Command { std: "docker" "rm" "-f" "033f3464bf43bd2451033e1db35ed9ac42c2e8c92bae9b5802d8720239387805", kill_on_drop: false }`
[INFO] [stdout] 033f3464bf43bd2451033e1db35ed9ac42c2e8c92bae9b5802d8720239387805
