[INFO] fetching crate intrepid-core 0.1.3...
[INFO] testing intrepid-core-0.1.3 against nightly-2024-10-28+rustflags=-Zrandomize-layout for randomize-layout
[INFO] extracting crate intrepid-core 0.1.3 into /workspace/builds/worker-3-tc2/source
[INFO] validating manifest of crates.io crate intrepid-core 0.1.3 on toolchain nightly-2024-10-28
[INFO] running `Command { std: CARGO_HOME="/workspace/cargo-home" RUSTUP_HOME="/workspace/rustup-home" "/workspace/cargo-home/bin/cargo" "+nightly-2024-10-28" "metadata" "--manifest-path" "Cargo.toml" "--no-deps", kill_on_drop: false }`
[INFO] started tweaking crates.io crate intrepid-core 0.1.3
[INFO] finished tweaking crates.io crate intrepid-core 0.1.3
[INFO] tweaked toml for crates.io crate intrepid-core 0.1.3 written to /workspace/builds/worker-3-tc2/source/Cargo.toml
[INFO] running `Command { std: CARGO_HOME="/workspace/cargo-home" RUSTUP_HOME="/workspace/rustup-home" "/workspace/cargo-home/bin/cargo" "+nightly-2024-10-28" "generate-lockfile" "--manifest-path" "Cargo.toml", kill_on_drop: false }`
[INFO] [stderr]     Updating crates.io index
[INFO] [stderr]      Locking 98 packages to latest compatible versions
[INFO] [stderr]       Adding tower v0.4.13 (available: v0.5.1)
[INFO] running `Command { std: CARGO_HOME="/workspace/cargo-home" RUSTUP_HOME="/workspace/rustup-home" "/workspace/cargo-home/bin/cargo" "+nightly-2024-10-28" "fetch" "--manifest-path" "Cargo.toml", kill_on_drop: false }`
[INFO] running `Command { std: "docker" "create" "-v" "/var/lib/crater-agent-workspace/builds/worker-3-tc2/target:/opt/rustwide/target:rw,Z" "-v" "/var/lib/crater-agent-workspace/builds/worker-3-tc2/source:/opt/rustwide/workdir:ro,Z" "-v" "/var/lib/crater-agent-workspace/cargo-home:/opt/rustwide/cargo-home:ro,Z" "-v" "/var/lib/crater-agent-workspace/rustup-home:/opt/rustwide/rustup-home:ro,Z" "-e" "SOURCE_DIR=/opt/rustwide/workdir" "-e" "CARGO_TARGET_DIR=/opt/rustwide/target" "-e" "CARGO_HOME=/opt/rustwide/cargo-home" "-e" "RUSTUP_HOME=/opt/rustwide/rustup-home" "-w" "/opt/rustwide/workdir" "-m" "1610612736" "--user" "0:0" "--network" "none" "ghcr.io/rust-lang/crates-build-env/linux@sha256:4a844ea9eb2546a2d2c7022eacef16ef2e8229c7fbb2c7d4d55a9ceca922f72d" "/opt/rustwide/cargo-home/bin/cargo" "+nightly-2024-10-28" "metadata" "--no-deps" "--format-version=1", kill_on_drop: false }`
[INFO] [stdout] 6b2aeefffaa0551d4af624e0f1e7d822c393d4210433efe94693b4a767298153
[INFO] running `Command { std: "docker" "start" "-a" "6b2aeefffaa0551d4af624e0f1e7d822c393d4210433efe94693b4a767298153", kill_on_drop: false }`
[INFO] running `Command { std: "docker" "inspect" "6b2aeefffaa0551d4af624e0f1e7d822c393d4210433efe94693b4a767298153", kill_on_drop: false }`
[INFO] running `Command { std: "docker" "rm" "-f" "6b2aeefffaa0551d4af624e0f1e7d822c393d4210433efe94693b4a767298153", kill_on_drop: false }`
[INFO] [stdout] 6b2aeefffaa0551d4af624e0f1e7d822c393d4210433efe94693b4a767298153
[INFO] running `Command { std: "docker" "create" "-v" "/var/lib/crater-agent-workspace/builds/worker-3-tc2/target:/opt/rustwide/target:rw,Z" "-v" "/var/lib/crater-agent-workspace/builds/worker-3-tc2/source:/opt/rustwide/workdir:ro,Z" "-v" "/var/lib/crater-agent-workspace/cargo-home:/opt/rustwide/cargo-home:ro,Z" "-v" "/var/lib/crater-agent-workspace/rustup-home:/opt/rustwide/rustup-home:ro,Z" "-e" "SOURCE_DIR=/opt/rustwide/workdir" "-e" "CARGO_TARGET_DIR=/opt/rustwide/target" "-e" "CARGO_INCREMENTAL=0" "-e" "RUST_BACKTRACE=full" "-e" "RUSTFLAGS=--cap-lints=forbid -Zrandomize-layout" "-e" "RUSTDOCFLAGS=--cap-lints=forbid" "-e" "CARGO_HOME=/opt/rustwide/cargo-home" "-e" "RUSTUP_HOME=/opt/rustwide/rustup-home" "-w" "/opt/rustwide/workdir" "-m" "1610612736" "--user" "0:0" "--network" "none" "ghcr.io/rust-lang/crates-build-env/linux@sha256:4a844ea9eb2546a2d2c7022eacef16ef2e8229c7fbb2c7d4d55a9ceca922f72d" "/opt/rustwide/cargo-home/bin/cargo" "+nightly-2024-10-28" "build" "--frozen" "--message-format=json", kill_on_drop: false }`
[INFO] [stdout] 3e38d7e27a1e6242f4dbc1b90866dad70b2e0db1b5da77617811020d6d4ad636
[INFO] running `Command { std: "docker" "start" "-a" "3e38d7e27a1e6242f4dbc1b90866dad70b2e0db1b5da77617811020d6d4ad636", kill_on_drop: false }`
[INFO] [stderr]    Compiling proc-macro2 v1.0.89
[INFO] [stderr]    Compiling unicode-ident v1.0.13
[INFO] [stderr]    Compiling autocfg v1.4.0
[INFO] [stderr]    Compiling libc v0.2.161
[INFO] [stderr]    Compiling serde v1.0.214
[INFO] [stderr]    Compiling memchr v2.7.4
[INFO] [stderr]    Compiling pin-project-lite v0.2.15
[INFO] [stderr]    Compiling futures-core v0.3.31
[INFO] [stderr]    Compiling tinyvec_macros v0.1.1
[INFO] [stderr]    Compiling futures-sink v0.3.31
[INFO] [stderr]    Compiling tinyvec v1.8.0
[INFO] [stderr]    Compiling futures-io v0.3.31
[INFO] [stderr]    Compiling futures-channel v0.3.31
[INFO] [stderr]    Compiling pin-utils v0.1.0
[INFO] [stderr]    Compiling parking_lot_core v0.9.10
[INFO] [stderr]    Compiling smallvec v1.13.2
[INFO] [stderr]    Compiling futures-task v0.3.31
[INFO] [stderr]    Compiling syn v1.0.109
[INFO] [stderr]    Compiling slab v0.4.9
[INFO] [stderr]    Compiling lock_api v0.4.12
[INFO] [stderr]    Compiling aho-corasick v1.1.3
[INFO] [stderr]    Compiling unic-char-range v0.9.0
[INFO] [stderr]    Compiling itoa v1.0.11
[INFO] [stderr]    Compiling quote v1.0.37
[INFO] [stderr]    Compiling unicode-bidi v0.3.17
[INFO] [stderr]    Compiling once_cell v1.20.2
[INFO] [stderr]    Compiling syn v2.0.86
[INFO] [stderr]    Compiling unicode-normalization v0.1.24
[INFO] [stderr]    Compiling unic-common v0.9.0
[INFO] [stderr]    Compiling regex-syntax v0.8.5
[INFO] [stderr]    Compiling percent-encoding v2.3.1
[INFO] [stderr]    Compiling unic-ucd-version v0.9.0
[INFO] [stderr]    Compiling tracing-core v0.1.32
[INFO] [stderr]    Compiling form_urlencoded v1.2.1
[INFO] [stderr]    Compiling idna v0.5.0
[INFO] [stderr]    Compiling unic-char-property v0.9.0
[INFO] [stderr]    Compiling thiserror v1.0.66
[INFO] [stderr]    Compiling serde_json v1.0.132
[INFO] [stderr]    Compiling log v0.4.22
[INFO] [stderr]    Compiling fnv v1.0.7
[INFO] [stderr]    Compiling url v2.5.2
[INFO] [stderr]    Compiling tracing v0.1.40
[INFO] [stderr]    Compiling unic-ucd-ident v0.9.0
[INFO] [stderr]    Compiling parking_lot v0.12.3
[INFO] [stderr]    Compiling signal-hook-registry v1.4.2
[INFO] [stderr]    Compiling mio v1.0.2
[INFO] [stderr]    Compiling socket2 v0.5.7
[INFO] [stderr]    Compiling getrandom v0.2.15
[INFO] [stderr]    Compiling regex-automata v0.4.8
[INFO] [stderr]    Compiling tower-layer v0.3.3
[INFO] [stderr]    Compiling ryu v1.0.18
[INFO] [stderr]    Compiling tower-service v0.3.3
[INFO] [stderr]    Compiling dyn-clone v1.0.17
[INFO] [stderr]    Compiling path-tree v0.8.1
[INFO] [stderr]    Compiling serde_derive v1.0.214
[INFO] [stderr]    Compiling futures-macro v0.3.31
[INFO] [stderr]    Compiling pin-project-internal v1.1.7
[INFO] [stderr]    Compiling async-stream-impl v0.3.6
[INFO] [stderr]    Compiling tokio-macros v2.4.0
[INFO] [stderr]    Compiling thiserror-impl v1.0.66
[INFO] [stderr]    Compiling dyn-clonable-impl v0.9.0
[INFO] [stderr]    Compiling dyn-clonable v0.9.0
[INFO] [stderr]    Compiling async-stream v0.3.6
[INFO] [stderr]    Compiling futures-util v0.3.31
[INFO] [stderr]    Compiling regex v1.11.1
[INFO] [stderr]    Compiling pin-project v1.1.7
[INFO] [stderr]    Compiling futures-executor v0.3.31
[INFO] [stderr]    Compiling tower v0.4.13
[INFO] [stderr]    Compiling futures v0.3.31
[INFO] [stderr]    Compiling bytes v1.8.0
[INFO] [stderr]    Compiling urlpattern v0.3.0
[INFO] [stderr]    Compiling uuid v1.11.0
[INFO] [stderr]    Compiling http v1.1.0
[INFO] [stderr]    Compiling tokio v1.41.0
[INFO] [stderr]    Compiling http-serde-ext v1.0.2
[INFO] [stderr]    Compiling intrepid-core v0.1.3 (/opt/rustwide/workdir)
[INFO] [stderr]     Finished `dev` profile [unoptimized + debuginfo] target(s) in 12.55s
[INFO] running `Command { std: "docker" "inspect" "3e38d7e27a1e6242f4dbc1b90866dad70b2e0db1b5da77617811020d6d4ad636", kill_on_drop: false }`
[INFO] running `Command { std: "docker" "rm" "-f" "3e38d7e27a1e6242f4dbc1b90866dad70b2e0db1b5da77617811020d6d4ad636", kill_on_drop: false }`
[INFO] [stdout] 3e38d7e27a1e6242f4dbc1b90866dad70b2e0db1b5da77617811020d6d4ad636
[INFO] running `Command { std: "docker" "create" "-v" "/var/lib/crater-agent-workspace/builds/worker-3-tc2/target:/opt/rustwide/target:rw,Z" "-v" "/var/lib/crater-agent-workspace/builds/worker-3-tc2/source:/opt/rustwide/workdir:ro,Z" "-v" "/var/lib/crater-agent-workspace/cargo-home:/opt/rustwide/cargo-home:ro,Z" "-v" "/var/lib/crater-agent-workspace/rustup-home:/opt/rustwide/rustup-home:ro,Z" "-e" "SOURCE_DIR=/opt/rustwide/workdir" "-e" "CARGO_TARGET_DIR=/opt/rustwide/target" "-e" "CARGO_INCREMENTAL=0" "-e" "RUST_BACKTRACE=full" "-e" "RUSTFLAGS=--cap-lints=forbid -Zrandomize-layout" "-e" "RUSTDOCFLAGS=--cap-lints=forbid" "-e" "CARGO_HOME=/opt/rustwide/cargo-home" "-e" "RUSTUP_HOME=/opt/rustwide/rustup-home" "-w" "/opt/rustwide/workdir" "-m" "1610612736" "--user" "0:0" "--network" "none" "ghcr.io/rust-lang/crates-build-env/linux@sha256:4a844ea9eb2546a2d2c7022eacef16ef2e8229c7fbb2c7d4d55a9ceca922f72d" "/opt/rustwide/cargo-home/bin/cargo" "+nightly-2024-10-28" "test" "--frozen" "--no-run" "--message-format=json", kill_on_drop: false }`
[INFO] [stdout] 6d9274903d11ba986c89a4ae5e117348d1820d1d15445cbc3a58138664f3151a
[INFO] running `Command { std: "docker" "start" "-a" "6d9274903d11ba986c89a4ae5e117348d1820d1d15445cbc3a58138664f3151a", kill_on_drop: false }`
[INFO] [stderr]    Compiling intrepid-core v0.1.3 (/opt/rustwide/workdir)
[INFO] [stderr]     Finished `test` profile [unoptimized + debuginfo] target(s) in 1.26s
[INFO] running `Command { std: "docker" "inspect" "6d9274903d11ba986c89a4ae5e117348d1820d1d15445cbc3a58138664f3151a", kill_on_drop: false }`
[INFO] running `Command { std: "docker" "rm" "-f" "6d9274903d11ba986c89a4ae5e117348d1820d1d15445cbc3a58138664f3151a", kill_on_drop: false }`
[INFO] [stdout] 6d9274903d11ba986c89a4ae5e117348d1820d1d15445cbc3a58138664f3151a
[INFO] running `Command { std: "docker" "create" "-v" "/var/lib/crater-agent-workspace/builds/worker-3-tc2/target:/opt/rustwide/target:rw,Z" "-v" "/var/lib/crater-agent-workspace/builds/worker-3-tc2/source:/opt/rustwide/workdir:ro,Z" "-v" "/var/lib/crater-agent-workspace/cargo-home:/opt/rustwide/cargo-home:ro,Z" "-v" "/var/lib/crater-agent-workspace/rustup-home:/opt/rustwide/rustup-home:ro,Z" "-e" "SOURCE_DIR=/opt/rustwide/workdir" "-e" "CARGO_TARGET_DIR=/opt/rustwide/target" "-e" "CARGO_INCREMENTAL=0" "-e" "RUST_BACKTRACE=full" "-e" "RUSTFLAGS=--cap-lints=forbid -Zrandomize-layout" "-e" "RUSTDOCFLAGS=--cap-lints=forbid" "-e" "CARGO_HOME=/opt/rustwide/cargo-home" "-e" "RUSTUP_HOME=/opt/rustwide/rustup-home" "-w" "/opt/rustwide/workdir" "-m" "1610612736" "--user" "0:0" "--network" "none" "ghcr.io/rust-lang/crates-build-env/linux@sha256:4a844ea9eb2546a2d2c7022eacef16ef2e8229c7fbb2c7d4d55a9ceca922f72d" "/opt/rustwide/cargo-home/bin/cargo" "+nightly-2024-10-28" "test" "--frozen", kill_on_drop: false }`
[INFO] [stdout] 12c2c39cd045cf01596ac46c849a1b00307d2d2383b096c5a390311ca6d8290a
[INFO] running `Command { std: "docker" "start" "-a" "12c2c39cd045cf01596ac46c849a1b00307d2d2383b096c5a390311ca6d8290a", kill_on_drop: false }`
[INFO] [stderr]     Finished `test` profile [unoptimized + debuginfo] target(s) in 0.05s
[INFO] [stderr]      Running unittests src/lib.rs (/opt/rustwide/target/debug/deps/intrepid_core-0e1ea8da48a4faaf)
[INFO] [stdout] 
[INFO] [stdout] running 43 tests
[INFO] [stdout] test action::active::as_a_stateless_action ... ok
[INFO] [stdout] test action::candidate::creating_and_resuming_statelessly ... ok
[INFO] [stdout] test action::active::as_a_stateful_service ... ok
[INFO] [stdout] test action::active::suspending_and_resuming_statelessly ... ok
[INFO] [stdout] test action::candidate::creating_and_resuming_with_state ... ok
[INFO] [stdout] test extract::message_data::failure ... ok
[INFO] [stdout] test action::ready::creating_and_resuming_statelessly ... ok
[INFO] [stdout] test action::ready::creating_and_resuming_with_state ... ok
[INFO] [stdout] test extract::message_json::message_json ... ok
[INFO] [stdout] test extract::message_json::wrong_frame_failure ... ok
[INFO] [stdout] test extract::message_data::raw_message_data ... ok
[INFO] [stdout] test action::stateless::invoking_stateless_actions_directly ... ok
[INFO] [stdout] test extract::message_json::extraction_failed_error ... ok
[INFO] [stdout] test extract::message_meta_json::extraction_failed_error ... ok
[INFO] [stdout] test extract::message_meta::raw_message_meta ... ok
[INFO] [stdout] test extract::message_meta::failure ... ok
[INFO] [stdout] test extract::message_meta_json::message_meta_json ... ok
[INFO] [stdout] test extract::message_meta_json::wrong_frame_failure ... ok
[INFO] [stdout] test extract::message_uri::failure ... ok
[INFO] [stdout] test extract::message_uri::message_uri ... ok
[INFO] [stdout] test extract::path::non_frame_messages_error ... ok
[INFO] [stdout] test extract::path::non_system_contexts_error ... ok
[INFO] [stdout] test extract::path::attempts_to_extract_given_types ... ok
[INFO] [stdout] test extract::state::extract_state_from_frame ... ok
[INFO] [stdout] test pattern::accepts_urls ... ok
[INFO] [stdout] test routing::normalizes_nested_routes ... ok
[INFO] [stdout] test system::dispatch::calling_with_a_frame_statefully ... ok
[INFO] [stdout] test system::dispatch::calling_with_a_frame_statelessly ... ok
[INFO] [stdout] test routing::routes::grabbing_path_captures ... ok
[INFO] [stdout] test system::direct::calling_with_a_frame_statefully ... ok
[INFO] [stdout] test system::direct::calling_with_a_frame_statelessly ... ok
[INFO] [stdout] test layer::full_uri_match::allows_messages_that_fully_match ... ok
[INFO] [stdout] test layer::full_uri_match::prevents_messages_that_dont_match ... ok
[INFO] [stdout] test system::routed::calling_with_a_frame_statefully ... ok
[INFO] [stdout] test system::routed::calling_with_a_frame_statelessly ... ok
[INFO] [stdout] test system::dispatch::calls_full_matches_statelessly ... ok
[INFO] [stdout] test system::routed::targeting_a_root_path ... ok
[INFO] [stdout] test system::routed::targeting_a_nested_path ... ok
[INFO] [stdout] test system::dispatch::ignores_stateless_misses ... ok
[INFO] [stdout] test system::dispatch::calls_full_matches_with_state ... ok
[INFO] [stdout] test system::dispatch::ignores_stateful_misses ... ok
[INFO] [stdout] test pattern::describes_capture_results ... ok
[INFO] [stdout] test pattern::partials ... ok
[INFO] [stdout] 
[INFO] [stdout] test result: ok. 43 passed; 0 failed; 0 ignored; 0 measured; 0 filtered out; finished in 0.02s
[INFO] [stdout] 
[INFO] [stderr]    Doc-tests intrepid_core
[INFO] [stdout] 
[INFO] [stdout] running 2 tests
[INFO] [stdout] test src/extract/path.rs - extract::path::Path (line 25) ... FAILED
[INFO] [stdout] test src/action/active/active_action.rs - action::active::active_action::ActiveAction::into_stream (line 41) ... FAILED
[INFO] [stdout] 
[INFO] [stdout] failures:
[INFO] [stdout] 
[INFO] [stdout] ---- src/extract/path.rs - extract::path::Path (line 25) stdout ----
[INFO] [stdout] error: mismatched closing delimiter: `}`
[INFO] [stdout]   --> src/extract/path.rs:33:30
[INFO] [stdout]    |
[INFO] [stdout] 4  | async fn main() -> intrepid::Result<()> {
[INFO] [stdout]    |                                         - closing delimiter possibly meant for this
[INFO] [stdout] ...
[INFO] [stdout] 8  |    let response = system.call(Frame::message(format!("/uri/{id}")).await?;
[INFO] [stdout]    |                              ^ unclosed delimiter
[INFO] [stdout] ...
[INFO] [stdout] 11 | }
[INFO] [stdout]    | ^ mismatched closing delimiter
[INFO] [stdout] 
[INFO] [stdout] error: aborting due to 1 previous error
[INFO] [stdout] 
[INFO] [stdout] Couldn't compile the test.
[INFO] [stdout] ---- src/action/active/active_action.rs - action::active::active_action::ActiveAction::into_stream (line 41) stdout ----
[INFO] [stdout] error[E0432]: unresolved import `intrepid`
[INFO] [stdout]  --> src/action/active/active_action.rs:43:5
[INFO] [stdout]   |
[INFO] [stdout] 3 | use intrepid::{Action, Frame, IntoFrame, Service};
[INFO] [stdout]   |     ^^^^^^^^ use of undeclared crate or module `intrepid`
[INFO] [stdout] 
[INFO] [stdout] error[E0599]: no method named `into_frame` found for struct `String` in the current scope
[INFO] [stdout]  --> src/action/active/active_action.rs:47:74
[INFO] [stdout]   |
[INFO] [stdout] 7 |     let action = |name: String| async move { format!("Hello, {}!", name).into_frame() };
[INFO] [stdout]   |                                                                          ^^^^^^^^^^ method not found in `String`
[INFO] [stdout] 
[INFO] [stdout] error[E0282]: type annotations needed
[INFO] [stdout]   --> src/action/active/active_action.rs:60:36
[INFO] [stdout]    |
[INFO] [stdout] 20 |     while let Some(frame) = stream.next().await {
[INFO] [stdout]    |                                    ^^^^ cannot infer type
[INFO] [stdout] 
[INFO] [stdout] error: aborting due to 3 previous errors
[INFO] [stdout] 
[INFO] [stdout] Some errors have detailed explanations: E0282, E0432, E0599.
[INFO] [stdout] For more information about an error, try `rustc --explain E0282`.
[INFO] [stdout] Couldn't compile the test.
[INFO] [stdout] 
[INFO] [stdout] failures:
[INFO] [stdout]     src/action/active/active_action.rs - action::active::active_action::ActiveAction::into_stream (line 41)
[INFO] [stdout]     src/extract/path.rs - extract::path::Path (line 25)
[INFO] [stdout] 
[INFO] [stdout] test result: FAILED. 0 passed; 2 failed; 0 ignored; 0 measured; 0 filtered out; finished in 0.06s
[INFO] [stdout] 
[INFO] [stderr] error: doctest failed, to rerun pass `--doc`
[INFO] running `Command { std: "docker" "inspect" "12c2c39cd045cf01596ac46c849a1b00307d2d2383b096c5a390311ca6d8290a", kill_on_drop: false }`
[INFO] running `Command { std: "docker" "rm" "-f" "12c2c39cd045cf01596ac46c849a1b00307d2d2383b096c5a390311ca6d8290a", kill_on_drop: false }`
[INFO] [stdout] 12c2c39cd045cf01596ac46c849a1b00307d2d2383b096c5a390311ca6d8290a
