[INFO] fetching crate interpolate 0.2.3...
[INFO] testing interpolate-0.2.3 against nightly-2024-10-28+rustflags=-Zrandomize-layout for randomize-layout
[INFO] extracting crate interpolate 0.2.3 into /workspace/builds/worker-3-tc2/source
[INFO] validating manifest of crates.io crate interpolate 0.2.3 on toolchain nightly-2024-10-28
[INFO] running `Command { std: CARGO_HOME="/workspace/cargo-home" RUSTUP_HOME="/workspace/rustup-home" "/workspace/cargo-home/bin/cargo" "+nightly-2024-10-28" "metadata" "--manifest-path" "Cargo.toml" "--no-deps", kill_on_drop: false }`
[INFO] started tweaking crates.io crate interpolate 0.2.3
[INFO] finished tweaking crates.io crate interpolate 0.2.3
[INFO] tweaked toml for crates.io crate interpolate 0.2.3 written to /workspace/builds/worker-3-tc2/source/Cargo.toml
[INFO] running `Command { std: CARGO_HOME="/workspace/cargo-home" RUSTUP_HOME="/workspace/rustup-home" "/workspace/cargo-home/bin/cargo" "+nightly-2024-10-28" "generate-lockfile" "--manifest-path" "Cargo.toml", kill_on_drop: false }`
[INFO] running `Command { std: CARGO_HOME="/workspace/cargo-home" RUSTUP_HOME="/workspace/rustup-home" "/workspace/cargo-home/bin/cargo" "+nightly-2024-10-28" "fetch" "--manifest-path" "Cargo.toml", kill_on_drop: false }`
[INFO] [stderr] warning: no edition set: defaulting to the 2015 edition while the latest is 2021
[INFO] [stderr] warning: library `interpolate` should only specify `proc-macro = true` instead of setting `crate-type`
[INFO] running `Command { std: "docker" "create" "-v" "/var/lib/crater-agent-workspace/builds/worker-3-tc2/target:/opt/rustwide/target:rw,Z" "-v" "/var/lib/crater-agent-workspace/builds/worker-3-tc2/source:/opt/rustwide/workdir:ro,Z" "-v" "/var/lib/crater-agent-workspace/cargo-home:/opt/rustwide/cargo-home:ro,Z" "-v" "/var/lib/crater-agent-workspace/rustup-home:/opt/rustwide/rustup-home:ro,Z" "-e" "SOURCE_DIR=/opt/rustwide/workdir" "-e" "CARGO_TARGET_DIR=/opt/rustwide/target" "-e" "CARGO_HOME=/opt/rustwide/cargo-home" "-e" "RUSTUP_HOME=/opt/rustwide/rustup-home" "-w" "/opt/rustwide/workdir" "-m" "1610612736" "--user" "0:0" "--network" "none" "ghcr.io/rust-lang/crates-build-env/linux@sha256:4a844ea9eb2546a2d2c7022eacef16ef2e8229c7fbb2c7d4d55a9ceca922f72d" "/opt/rustwide/cargo-home/bin/cargo" "+nightly-2024-10-28" "metadata" "--no-deps" "--format-version=1", kill_on_drop: false }`
[INFO] [stdout] ec560426bd48dc3e724ebc070c459d2c31f386ddf03b4d474852026d68dc183c
[INFO] running `Command { std: "docker" "start" "-a" "ec560426bd48dc3e724ebc070c459d2c31f386ddf03b4d474852026d68dc183c", kill_on_drop: false }`
[INFO] running `Command { std: "docker" "inspect" "ec560426bd48dc3e724ebc070c459d2c31f386ddf03b4d474852026d68dc183c", kill_on_drop: false }`
[INFO] running `Command { std: "docker" "rm" "-f" "ec560426bd48dc3e724ebc070c459d2c31f386ddf03b4d474852026d68dc183c", kill_on_drop: false }`
[INFO] [stdout] ec560426bd48dc3e724ebc070c459d2c31f386ddf03b4d474852026d68dc183c
[INFO] running `Command { std: "docker" "create" "-v" "/var/lib/crater-agent-workspace/builds/worker-3-tc2/target:/opt/rustwide/target:rw,Z" "-v" "/var/lib/crater-agent-workspace/builds/worker-3-tc2/source:/opt/rustwide/workdir:ro,Z" "-v" "/var/lib/crater-agent-workspace/cargo-home:/opt/rustwide/cargo-home:ro,Z" "-v" "/var/lib/crater-agent-workspace/rustup-home:/opt/rustwide/rustup-home:ro,Z" "-e" "SOURCE_DIR=/opt/rustwide/workdir" "-e" "CARGO_TARGET_DIR=/opt/rustwide/target" "-e" "CARGO_INCREMENTAL=0" "-e" "RUST_BACKTRACE=full" "-e" "RUSTFLAGS=--cap-lints=forbid -Zrandomize-layout" "-e" "RUSTDOCFLAGS=--cap-lints=forbid" "-e" "CARGO_HOME=/opt/rustwide/cargo-home" "-e" "RUSTUP_HOME=/opt/rustwide/rustup-home" "-w" "/opt/rustwide/workdir" "-m" "1610612736" "--user" "0:0" "--network" "none" "ghcr.io/rust-lang/crates-build-env/linux@sha256:4a844ea9eb2546a2d2c7022eacef16ef2e8229c7fbb2c7d4d55a9ceca922f72d" "/opt/rustwide/cargo-home/bin/cargo" "+nightly-2024-10-28" "build" "--frozen" "--message-format=json", kill_on_drop: false }`
[INFO] [stdout] 90e4ee8f5c3863bfa938330e0e39a5f8bde3b5a496a97818a8cb726beb0617a9
[INFO] running `Command { std: "docker" "start" "-a" "90e4ee8f5c3863bfa938330e0e39a5f8bde3b5a496a97818a8cb726beb0617a9", kill_on_drop: false }`
[INFO] [stderr] warning: no edition set: defaulting to the 2015 edition while the latest is 2021
[INFO] [stderr] warning: library `interpolate` should only specify `proc-macro = true` instead of setting `crate-type`
[INFO] [stderr]    Compiling interpolate v0.2.3 (/opt/rustwide/workdir)
[INFO] [stderr]     Finished `dev` profile [unoptimized + debuginfo] target(s) in 0.18s
[INFO] running `Command { std: "docker" "inspect" "90e4ee8f5c3863bfa938330e0e39a5f8bde3b5a496a97818a8cb726beb0617a9", kill_on_drop: false }`
[INFO] running `Command { std: "docker" "rm" "-f" "90e4ee8f5c3863bfa938330e0e39a5f8bde3b5a496a97818a8cb726beb0617a9", kill_on_drop: false }`
[INFO] [stdout] 90e4ee8f5c3863bfa938330e0e39a5f8bde3b5a496a97818a8cb726beb0617a9
[INFO] running `Command { std: "docker" "create" "-v" "/var/lib/crater-agent-workspace/builds/worker-3-tc2/target:/opt/rustwide/target:rw,Z" "-v" "/var/lib/crater-agent-workspace/builds/worker-3-tc2/source:/opt/rustwide/workdir:ro,Z" "-v" "/var/lib/crater-agent-workspace/cargo-home:/opt/rustwide/cargo-home:ro,Z" "-v" "/var/lib/crater-agent-workspace/rustup-home:/opt/rustwide/rustup-home:ro,Z" "-e" "SOURCE_DIR=/opt/rustwide/workdir" "-e" "CARGO_TARGET_DIR=/opt/rustwide/target" "-e" "CARGO_INCREMENTAL=0" "-e" "RUST_BACKTRACE=full" "-e" "RUSTFLAGS=--cap-lints=forbid -Zrandomize-layout" "-e" "RUSTDOCFLAGS=--cap-lints=forbid" "-e" "CARGO_HOME=/opt/rustwide/cargo-home" "-e" "RUSTUP_HOME=/opt/rustwide/rustup-home" "-w" "/opt/rustwide/workdir" "-m" "1610612736" "--user" "0:0" "--network" "none" "ghcr.io/rust-lang/crates-build-env/linux@sha256:4a844ea9eb2546a2d2c7022eacef16ef2e8229c7fbb2c7d4d55a9ceca922f72d" "/opt/rustwide/cargo-home/bin/cargo" "+nightly-2024-10-28" "test" "--frozen" "--no-run" "--message-format=json", kill_on_drop: false }`
[INFO] [stdout] a1dbc440d9a37bc9a0fd82e58cee251412630073817891844695e766d4ea01e9
[INFO] running `Command { std: "docker" "start" "-a" "a1dbc440d9a37bc9a0fd82e58cee251412630073817891844695e766d4ea01e9", kill_on_drop: false }`
[INFO] [stderr] warning: no edition set: defaulting to the 2015 edition while the latest is 2021
[INFO] [stderr] warning: library `interpolate` should only specify `proc-macro = true` instead of setting `crate-type`
[INFO] [stderr]    Compiling interpolate v0.2.3 (/opt/rustwide/workdir)
[INFO] [stderr]     Finished `test` profile [unoptimized + debuginfo] target(s) in 0.15s
[INFO] running `Command { std: "docker" "inspect" "a1dbc440d9a37bc9a0fd82e58cee251412630073817891844695e766d4ea01e9", kill_on_drop: false }`
[INFO] running `Command { std: "docker" "rm" "-f" "a1dbc440d9a37bc9a0fd82e58cee251412630073817891844695e766d4ea01e9", kill_on_drop: false }`
[INFO] [stdout] a1dbc440d9a37bc9a0fd82e58cee251412630073817891844695e766d4ea01e9
[INFO] running `Command { std: "docker" "create" "-v" "/var/lib/crater-agent-workspace/builds/worker-3-tc2/target:/opt/rustwide/target:rw,Z" "-v" "/var/lib/crater-agent-workspace/builds/worker-3-tc2/source:/opt/rustwide/workdir:ro,Z" "-v" "/var/lib/crater-agent-workspace/cargo-home:/opt/rustwide/cargo-home:ro,Z" "-v" "/var/lib/crater-agent-workspace/rustup-home:/opt/rustwide/rustup-home:ro,Z" "-e" "SOURCE_DIR=/opt/rustwide/workdir" "-e" "CARGO_TARGET_DIR=/opt/rustwide/target" "-e" "CARGO_INCREMENTAL=0" "-e" "RUST_BACKTRACE=full" "-e" "RUSTFLAGS=--cap-lints=forbid -Zrandomize-layout" "-e" "RUSTDOCFLAGS=--cap-lints=forbid" "-e" "CARGO_HOME=/opt/rustwide/cargo-home" "-e" "RUSTUP_HOME=/opt/rustwide/rustup-home" "-w" "/opt/rustwide/workdir" "-m" "1610612736" "--user" "0:0" "--network" "none" "ghcr.io/rust-lang/crates-build-env/linux@sha256:4a844ea9eb2546a2d2c7022eacef16ef2e8229c7fbb2c7d4d55a9ceca922f72d" "/opt/rustwide/cargo-home/bin/cargo" "+nightly-2024-10-28" "test" "--frozen", kill_on_drop: false }`
[INFO] [stdout] fdd835b7320bb858fd62e0a3684c8f8fd879ee4f978c94f9a7dcf816775588cd
[INFO] running `Command { std: "docker" "start" "-a" "fdd835b7320bb858fd62e0a3684c8f8fd879ee4f978c94f9a7dcf816775588cd", kill_on_drop: false }`
[INFO] [stderr] warning: no edition set: defaulting to the 2015 edition while the latest is 2021
[INFO] [stderr] warning: library `interpolate` should only specify `proc-macro = true` instead of setting `crate-type`
[INFO] [stderr]     Finished `test` profile [unoptimized + debuginfo] target(s) in 0.00s
[INFO] [stderr]      Running unittests src/lib.rs (/opt/rustwide/target/debug/deps/interpolate-3d0951dc9921ac2f)
[INFO] [stdout] 
[INFO] [stdout] running 0 tests
[INFO] [stdout] 
[INFO] [stdout] test result: ok. 0 passed; 0 failed; 0 ignored; 0 measured; 0 filtered out; finished in 0.00s
[INFO] [stdout] 
[INFO] [stderr]    Doc-tests interpolate
[INFO] [stdout] 
[INFO] [stdout] running 1 test
[INFO] [stdout] test src/lib.rs - (line 7) - compile ... FAILED
[INFO] [stdout] 
[INFO] [stdout] failures:
[INFO] [stdout] 
[INFO] [stdout] ---- src/lib.rs - (line 7) stdout ----
[INFO] [stdout] error: expected one of `!` or `[`, found `fmt`
[INFO] [stdout]  --> src/lib.rs:13:13
[INFO] [stdout]   |
[INFO] [stdout] 9 | let greet = s!("Hello, {name}");
[INFO] [stdout]   |             ^^^^^^^^^^^^^^^^^^^ expected one of `!` or `[`
[INFO] [stdout]   |
[INFO] [stdout]   = note: this error originates in the macro `s` (in Nightly builds, run with -Z macro-backtrace for more info)
[INFO] [stdout] 
[INFO] [stdout] error: expected one of `!` or `[`, found `fmt`
[INFO] [stdout]   --> src/lib.rs:14:11
[INFO] [stdout]    |
[INFO] [stdout] 10 | let sos = s!("HELP, {name.to_uppercase()}");
[INFO] [stdout]    |           ^^^^^^^^^^^^^^^^^^^^^^^^^^^^^^^^^ expected one of `!` or `[`
[INFO] [stdout]    |
[INFO] [stdout]    = note: this error originates in the macro `s` (in Nightly builds, run with -Z macro-backtrace for more info)
[INFO] [stdout] 
[INFO] [stdout] warning: the feature `use_extern_macros` has been stable since 1.30.0 and no longer requires an attribute to enable
[INFO] [stdout]  --> src/lib.rs:6:12
[INFO] [stdout]   |
[INFO] [stdout] 2 | #![feature(use_extern_macros, prox_macro_non_items)]
[INFO] [stdout]   |            ^^^^^^^^^^^^^^^^^
[INFO] [stdout]   |
[INFO] [stdout]   = note: `#[warn(stable_features)]` on by default
[INFO] [stdout] 
[INFO] [stdout] error[E0635]: unknown feature `prox_macro_non_items`
[INFO] [stdout]  --> src/lib.rs:6:31
[INFO] [stdout]   |
[INFO] [stdout] 2 | #![feature(use_extern_macros, prox_macro_non_items)]
[INFO] [stdout]   |                               ^^^^^^^^^^^^^^^^^^^^
[INFO] [stdout] 
[INFO] [stdout] error: aborting due to 3 previous errors; 1 warning emitted
[INFO] [stdout] 
[INFO] [stdout] For more information about this error, try `rustc --explain E0635`.
[INFO] [stdout] Couldn't compile the test.
[INFO] [stdout] 
[INFO] [stdout] failures:
[INFO] [stdout]     src/lib.rs - (line 7)
[INFO] [stdout] 
[INFO] [stdout] test result: FAILED. 0 passed; 1 failed; 0 ignored; 0 measured; 0 filtered out; finished in 0.03s
[INFO] [stdout] 
[INFO] [stderr] error: doctest failed, to rerun pass `--doc`
[INFO] running `Command { std: "docker" "inspect" "fdd835b7320bb858fd62e0a3684c8f8fd879ee4f978c94f9a7dcf816775588cd", kill_on_drop: false }`
[INFO] running `Command { std: "docker" "rm" "-f" "fdd835b7320bb858fd62e0a3684c8f8fd879ee4f978c94f9a7dcf816775588cd", kill_on_drop: false }`
[INFO] [stdout] fdd835b7320bb858fd62e0a3684c8f8fd879ee4f978c94f9a7dcf816775588cd
