[INFO] fetching crate internet-checksum 0.2.1...
[INFO] testing internet-checksum-0.2.1 against nightly-2024-10-28+rustflags=-Zrandomize-layout for randomize-layout
[INFO] extracting crate internet-checksum 0.2.1 into /workspace/builds/worker-4-tc2/source
[INFO] validating manifest of crates.io crate internet-checksum 0.2.1 on toolchain nightly-2024-10-28
[INFO] running `Command { std: CARGO_HOME="/workspace/cargo-home" RUSTUP_HOME="/workspace/rustup-home" "/workspace/cargo-home/bin/cargo" "+nightly-2024-10-28" "metadata" "--manifest-path" "Cargo.toml" "--no-deps", kill_on_drop: false }`
[INFO] started tweaking crates.io crate internet-checksum 0.2.1
[INFO] finished tweaking crates.io crate internet-checksum 0.2.1
[INFO] tweaked toml for crates.io crate internet-checksum 0.2.1 written to /workspace/builds/worker-4-tc2/source/Cargo.toml
[INFO] running `Command { std: CARGO_HOME="/workspace/cargo-home" RUSTUP_HOME="/workspace/rustup-home" "/workspace/cargo-home/bin/cargo" "+nightly-2024-10-28" "generate-lockfile" "--manifest-path" "Cargo.toml", kill_on_drop: false }`
[INFO] [stderr]     Updating crates.io index
[INFO] [stderr]      Locking 20 packages to latest compatible versions
[INFO] [stderr]       Adding rand v0.6.5 (available: v0.8.5)
[INFO] [stderr]       Adding rand_xorshift v0.1.1 (available: v0.3.0)
[INFO] running `Command { std: CARGO_HOME="/workspace/cargo-home" RUSTUP_HOME="/workspace/rustup-home" "/workspace/cargo-home/bin/cargo" "+nightly-2024-10-28" "fetch" "--manifest-path" "Cargo.toml", kill_on_drop: false }`
[INFO] running `Command { std: "docker" "create" "-v" "/var/lib/crater-agent-workspace/builds/worker-4-tc2/target:/opt/rustwide/target:rw,Z" "-v" "/var/lib/crater-agent-workspace/builds/worker-4-tc2/source:/opt/rustwide/workdir:ro,Z" "-v" "/var/lib/crater-agent-workspace/cargo-home:/opt/rustwide/cargo-home:ro,Z" "-v" "/var/lib/crater-agent-workspace/rustup-home:/opt/rustwide/rustup-home:ro,Z" "-e" "SOURCE_DIR=/opt/rustwide/workdir" "-e" "CARGO_TARGET_DIR=/opt/rustwide/target" "-e" "CARGO_HOME=/opt/rustwide/cargo-home" "-e" "RUSTUP_HOME=/opt/rustwide/rustup-home" "-w" "/opt/rustwide/workdir" "-m" "1610612736" "--user" "0:0" "--network" "none" "ghcr.io/rust-lang/crates-build-env/linux@sha256:4a844ea9eb2546a2d2c7022eacef16ef2e8229c7fbb2c7d4d55a9ceca922f72d" "/opt/rustwide/cargo-home/bin/cargo" "+nightly-2024-10-28" "metadata" "--no-deps" "--format-version=1", kill_on_drop: false }`
[INFO] [stdout] a0e68575b471d95f7a75eb82468544f30fa7725f4ec3768c892e0f43883bc2e9
[INFO] running `Command { std: "docker" "start" "-a" "a0e68575b471d95f7a75eb82468544f30fa7725f4ec3768c892e0f43883bc2e9", kill_on_drop: false }`
[INFO] running `Command { std: "docker" "inspect" "a0e68575b471d95f7a75eb82468544f30fa7725f4ec3768c892e0f43883bc2e9", kill_on_drop: false }`
[INFO] running `Command { std: "docker" "rm" "-f" "a0e68575b471d95f7a75eb82468544f30fa7725f4ec3768c892e0f43883bc2e9", kill_on_drop: false }`
[INFO] [stdout] a0e68575b471d95f7a75eb82468544f30fa7725f4ec3768c892e0f43883bc2e9
[INFO] running `Command { std: "docker" "create" "-v" "/var/lib/crater-agent-workspace/builds/worker-4-tc2/target:/opt/rustwide/target:rw,Z" "-v" "/var/lib/crater-agent-workspace/builds/worker-4-tc2/source:/opt/rustwide/workdir:ro,Z" "-v" "/var/lib/crater-agent-workspace/cargo-home:/opt/rustwide/cargo-home:ro,Z" "-v" "/var/lib/crater-agent-workspace/rustup-home:/opt/rustwide/rustup-home:ro,Z" "-e" "SOURCE_DIR=/opt/rustwide/workdir" "-e" "CARGO_TARGET_DIR=/opt/rustwide/target" "-e" "CARGO_INCREMENTAL=0" "-e" "RUST_BACKTRACE=full" "-e" "RUSTFLAGS=--cap-lints=forbid -Zrandomize-layout" "-e" "RUSTDOCFLAGS=--cap-lints=forbid" "-e" "CARGO_HOME=/opt/rustwide/cargo-home" "-e" "RUSTUP_HOME=/opt/rustwide/rustup-home" "-w" "/opt/rustwide/workdir" "-m" "1610612736" "--user" "0:0" "--network" "none" "ghcr.io/rust-lang/crates-build-env/linux@sha256:4a844ea9eb2546a2d2c7022eacef16ef2e8229c7fbb2c7d4d55a9ceca922f72d" "/opt/rustwide/cargo-home/bin/cargo" "+nightly-2024-10-28" "build" "--frozen" "--message-format=json", kill_on_drop: false }`
[INFO] [stdout] c1daf25ff8b9223571662e11d63bf7468f9d6a72dddb0b5998b3435973647c75
[INFO] running `Command { std: "docker" "start" "-a" "c1daf25ff8b9223571662e11d63bf7468f9d6a72dddb0b5998b3435973647c75", kill_on_drop: false }`
[INFO] [stderr]    Compiling internet-checksum v0.2.1 (/opt/rustwide/workdir)
[INFO] [stderr]     Finished `dev` profile [unoptimized + debuginfo] target(s) in 0.06s
[INFO] running `Command { std: "docker" "inspect" "c1daf25ff8b9223571662e11d63bf7468f9d6a72dddb0b5998b3435973647c75", kill_on_drop: false }`
[INFO] running `Command { std: "docker" "rm" "-f" "c1daf25ff8b9223571662e11d63bf7468f9d6a72dddb0b5998b3435973647c75", kill_on_drop: false }`
[INFO] [stdout] c1daf25ff8b9223571662e11d63bf7468f9d6a72dddb0b5998b3435973647c75
[INFO] running `Command { std: "docker" "create" "-v" "/var/lib/crater-agent-workspace/builds/worker-4-tc2/target:/opt/rustwide/target:rw,Z" "-v" "/var/lib/crater-agent-workspace/builds/worker-4-tc2/source:/opt/rustwide/workdir:ro,Z" "-v" "/var/lib/crater-agent-workspace/cargo-home:/opt/rustwide/cargo-home:ro,Z" "-v" "/var/lib/crater-agent-workspace/rustup-home:/opt/rustwide/rustup-home:ro,Z" "-e" "SOURCE_DIR=/opt/rustwide/workdir" "-e" "CARGO_TARGET_DIR=/opt/rustwide/target" "-e" "CARGO_INCREMENTAL=0" "-e" "RUST_BACKTRACE=full" "-e" "RUSTFLAGS=--cap-lints=forbid -Zrandomize-layout" "-e" "RUSTDOCFLAGS=--cap-lints=forbid" "-e" "CARGO_HOME=/opt/rustwide/cargo-home" "-e" "RUSTUP_HOME=/opt/rustwide/rustup-home" "-w" "/opt/rustwide/workdir" "-m" "1610612736" "--user" "0:0" "--network" "none" "ghcr.io/rust-lang/crates-build-env/linux@sha256:4a844ea9eb2546a2d2c7022eacef16ef2e8229c7fbb2c7d4d55a9ceca922f72d" "/opt/rustwide/cargo-home/bin/cargo" "+nightly-2024-10-28" "test" "--frozen" "--no-run" "--message-format=json", kill_on_drop: false }`
[INFO] [stdout] b65e182bbd4c775852b78c900657aa78a996f4ee0d7b58c37fbc1e9f3f68690c
[INFO] running `Command { std: "docker" "start" "-a" "b65e182bbd4c775852b78c900657aa78a996f4ee0d7b58c37fbc1e9f3f68690c", kill_on_drop: false }`
[INFO] [stderr]    Compiling autocfg v0.1.8
[INFO] [stderr]    Compiling rand_core v0.4.2
[INFO] [stderr]    Compiling rand_chacha v0.1.1
[INFO] [stderr]    Compiling rand_pcg v0.1.2
[INFO] [stderr]    Compiling rand v0.6.5
[INFO] [stderr]    Compiling rand_core v0.3.1
[INFO] [stderr]    Compiling rand_jitter v0.1.4
[INFO] [stderr]    Compiling rand_os v0.1.3
[INFO] [stderr]    Compiling rand_xorshift v0.1.1
[INFO] [stderr]    Compiling rand_isaac v0.1.1
[INFO] [stderr]    Compiling rand_hc v0.1.0
[INFO] [stderr]    Compiling internet-checksum v0.2.1 (/opt/rustwide/workdir)
[INFO] [stderr]     Finished `test` profile [unoptimized + debuginfo] target(s) in 0.94s
[INFO] running `Command { std: "docker" "inspect" "b65e182bbd4c775852b78c900657aa78a996f4ee0d7b58c37fbc1e9f3f68690c", kill_on_drop: false }`
[INFO] running `Command { std: "docker" "rm" "-f" "b65e182bbd4c775852b78c900657aa78a996f4ee0d7b58c37fbc1e9f3f68690c", kill_on_drop: false }`
[INFO] [stdout] b65e182bbd4c775852b78c900657aa78a996f4ee0d7b58c37fbc1e9f3f68690c
[INFO] running `Command { std: "docker" "create" "-v" "/var/lib/crater-agent-workspace/builds/worker-4-tc2/target:/opt/rustwide/target:rw,Z" "-v" "/var/lib/crater-agent-workspace/builds/worker-4-tc2/source:/opt/rustwide/workdir:ro,Z" "-v" "/var/lib/crater-agent-workspace/cargo-home:/opt/rustwide/cargo-home:ro,Z" "-v" "/var/lib/crater-agent-workspace/rustup-home:/opt/rustwide/rustup-home:ro,Z" "-e" "SOURCE_DIR=/opt/rustwide/workdir" "-e" "CARGO_TARGET_DIR=/opt/rustwide/target" "-e" "CARGO_INCREMENTAL=0" "-e" "RUST_BACKTRACE=full" "-e" "RUSTFLAGS=--cap-lints=forbid -Zrandomize-layout" "-e" "RUSTDOCFLAGS=--cap-lints=forbid" "-e" "CARGO_HOME=/opt/rustwide/cargo-home" "-e" "RUSTUP_HOME=/opt/rustwide/rustup-home" "-w" "/opt/rustwide/workdir" "-m" "1610612736" "--user" "0:0" "--network" "none" "ghcr.io/rust-lang/crates-build-env/linux@sha256:4a844ea9eb2546a2d2c7022eacef16ef2e8229c7fbb2c7d4d55a9ceca922f72d" "/opt/rustwide/cargo-home/bin/cargo" "+nightly-2024-10-28" "test" "--frozen", kill_on_drop: false }`
[INFO] [stdout] 7f521cf8c21d45adfb3a29493ccb89a5f2115a5cc8c1676241516d535dc7418c
[INFO] running `Command { std: "docker" "start" "-a" "7f521cf8c21d45adfb3a29493ccb89a5f2115a5cc8c1676241516d535dc7418c", kill_on_drop: false }`
[INFO] [stderr]     Finished `test` profile [unoptimized + debuginfo] target(s) in 0.01s
[INFO] [stderr]      Running unittests src/lib.rs (/opt/rustwide/target/debug/deps/internet_checksum-41ba190bff17b943)
[INFO] [stdout] 
[INFO] [stdout] running 4 tests
[INFO] [stdout] test tests::test_update ... ok
[INFO] [stdout] test tests::test_smoke_update ... ok
[INFO] [stdout] test tests::test_checksum ... ok
[INFO] [stdout] test tests::test_add_bytes_small_prop_test ... ok
[INFO] [stdout] 
[INFO] [stdout] test result: ok. 4 passed; 0 failed; 0 ignored; 0 measured; 0 filtered out; finished in 0.20s
[INFO] [stdout] 
[INFO] [stderr]    Doc-tests internet_checksum
[INFO] [stdout] 
[INFO] [stdout] running 2 tests
[INFO] [stdout] test src/lib.rs - unroll_tail (line 201) ... FAILED
[INFO] [stdout] test src/lib.rs - checksum (line 136) ... ok
[INFO] [stdout] 
[INFO] [stdout] failures:
[INFO] [stdout] 
[INFO] [stdout] ---- src/lib.rs - unroll_tail (line 201) stdout ----
[INFO] [stdout] error: cannot find macro `body` in this scope
[INFO] [stdout]  --> src/lib.rs:203:3
[INFO] [stdout]   |
[INFO] [stdout] 4 |   body!(2, u16);
[INFO] [stdout]   |   ^^^^
[INFO] [stdout] 
[INFO] [stdout] error[E0425]: cannot find value `bytes` in this scope
[INFO] [stdout]  --> src/lib.rs:202:4
[INFO] [stdout]   |
[INFO] [stdout] 3 | if bytes.len & 2 != 0 {
[INFO] [stdout]   |    ^^^^^ not found in this scope
[INFO] [stdout] 
[INFO] [stdout] error: aborting due to 2 previous errors
[INFO] [stdout] 
[INFO] [stdout] For more information about this error, try `rustc --explain E0425`.
[INFO] [stdout] Couldn't compile the test.
[INFO] [stdout] 
[INFO] [stdout] failures:
[INFO] [stdout]     src/lib.rs - unroll_tail (line 201)
[INFO] [stdout] 
[INFO] [stdout] test result: FAILED. 1 passed; 1 failed; 0 ignored; 0 measured; 0 filtered out; finished in 0.09s
[INFO] [stdout] 
[INFO] [stderr] error: doctest failed, to rerun pass `--doc`
[INFO] running `Command { std: "docker" "inspect" "7f521cf8c21d45adfb3a29493ccb89a5f2115a5cc8c1676241516d535dc7418c", kill_on_drop: false }`
[INFO] running `Command { std: "docker" "rm" "-f" "7f521cf8c21d45adfb3a29493ccb89a5f2115a5cc8c1676241516d535dc7418c", kill_on_drop: false }`
[INFO] [stdout] 7f521cf8c21d45adfb3a29493ccb89a5f2115a5cc8c1676241516d535dc7418c
