[INFO] fetching crate interactsh-rs 0.3.0...
[INFO] testing interactsh-rs-0.3.0 against nightly-2024-10-28+rustflags=-Zrandomize-layout for randomize-layout
[INFO] extracting crate interactsh-rs 0.3.0 into /workspace/builds/worker-6-tc2/source
[INFO] validating manifest of crates.io crate interactsh-rs 0.3.0 on toolchain nightly-2024-10-28
[INFO] running `Command { std: CARGO_HOME="/workspace/cargo-home" RUSTUP_HOME="/workspace/rustup-home" "/workspace/cargo-home/bin/cargo" "+nightly-2024-10-28" "metadata" "--manifest-path" "Cargo.toml" "--no-deps", kill_on_drop: false }`
[INFO] started tweaking crates.io crate interactsh-rs 0.3.0
[INFO] finished tweaking crates.io crate interactsh-rs 0.3.0
[INFO] tweaked toml for crates.io crate interactsh-rs 0.3.0 written to /workspace/builds/worker-6-tc2/source/Cargo.toml
[INFO] running `Command { std: CARGO_HOME="/workspace/cargo-home" RUSTUP_HOME="/workspace/rustup-home" "/workspace/cargo-home/bin/cargo" "+nightly-2024-10-28" "generate-lockfile" "--manifest-path" "Cargo.toml", kill_on_drop: false }`
[INFO] [stderr]     Blocking waiting for file lock on package cache
[INFO] [stderr]     Updating crates.io index
[INFO] [stderr]     Blocking waiting for file lock on package cache
[INFO] [stderr]      Locking 262 packages to latest compatible versions
[INFO] [stderr]       Adding base64 v0.21.7 (available: v0.22.1)
[INFO] [stderr]       Adding fake v2.10.0 (available: v3.0.0)
[INFO] [stderr]       Adding reqwest v0.11.27 (available: v0.12.9)
[INFO] [stderr]       Adding rsa v0.8.2 (available: v0.9.6)
[INFO] [stderr]       Adding secrecy v0.8.0 (available: v0.10.3)
[INFO] [stderr]       Adding smol v1.3.0 (available: v2.0.2)
[INFO] [stderr]       Adding snafu v0.7.5 (available: v0.8.5)
[INFO] [stderr]       Adding trust-dns-resolver v0.22.0 (available: v0.23.2)
[INFO] running `Command { std: CARGO_HOME="/workspace/cargo-home" RUSTUP_HOME="/workspace/rustup-home" "/workspace/cargo-home/bin/cargo" "+nightly-2024-10-28" "fetch" "--manifest-path" "Cargo.toml", kill_on_drop: false }`
[INFO] [stderr]     Blocking waiting for file lock on package cache
[INFO] running `Command { std: "docker" "create" "-v" "/var/lib/crater-agent-workspace/builds/worker-6-tc2/target:/opt/rustwide/target:rw,Z" "-v" "/var/lib/crater-agent-workspace/builds/worker-6-tc2/source:/opt/rustwide/workdir:ro,Z" "-v" "/var/lib/crater-agent-workspace/cargo-home:/opt/rustwide/cargo-home:ro,Z" "-v" "/var/lib/crater-agent-workspace/rustup-home:/opt/rustwide/rustup-home:ro,Z" "-e" "SOURCE_DIR=/opt/rustwide/workdir" "-e" "CARGO_TARGET_DIR=/opt/rustwide/target" "-e" "CARGO_HOME=/opt/rustwide/cargo-home" "-e" "RUSTUP_HOME=/opt/rustwide/rustup-home" "-w" "/opt/rustwide/workdir" "-m" "1610612736" "--user" "0:0" "--network" "none" "ghcr.io/rust-lang/crates-build-env/linux@sha256:4a844ea9eb2546a2d2c7022eacef16ef2e8229c7fbb2c7d4d55a9ceca922f72d" "/opt/rustwide/cargo-home/bin/cargo" "+nightly-2024-10-28" "metadata" "--no-deps" "--format-version=1", kill_on_drop: false }`
[INFO] [stdout] f021f04ec08202b92244fc95307cd6d6943ec9fc3421d324ef56b8f7e9bc78cd
[INFO] running `Command { std: "docker" "start" "-a" "f021f04ec08202b92244fc95307cd6d6943ec9fc3421d324ef56b8f7e9bc78cd", kill_on_drop: false }`
[INFO] running `Command { std: "docker" "inspect" "f021f04ec08202b92244fc95307cd6d6943ec9fc3421d324ef56b8f7e9bc78cd", kill_on_drop: false }`
[INFO] running `Command { std: "docker" "rm" "-f" "f021f04ec08202b92244fc95307cd6d6943ec9fc3421d324ef56b8f7e9bc78cd", kill_on_drop: false }`
[INFO] [stdout] f021f04ec08202b92244fc95307cd6d6943ec9fc3421d324ef56b8f7e9bc78cd
[INFO] running `Command { std: "docker" "create" "-v" "/var/lib/crater-agent-workspace/builds/worker-6-tc2/target:/opt/rustwide/target:rw,Z" "-v" "/var/lib/crater-agent-workspace/builds/worker-6-tc2/source:/opt/rustwide/workdir:ro,Z" "-v" "/var/lib/crater-agent-workspace/cargo-home:/opt/rustwide/cargo-home:ro,Z" "-v" "/var/lib/crater-agent-workspace/rustup-home:/opt/rustwide/rustup-home:ro,Z" "-e" "SOURCE_DIR=/opt/rustwide/workdir" "-e" "CARGO_TARGET_DIR=/opt/rustwide/target" "-e" "CARGO_INCREMENTAL=0" "-e" "RUST_BACKTRACE=full" "-e" "RUSTFLAGS=--cap-lints=forbid -Zrandomize-layout" "-e" "RUSTDOCFLAGS=--cap-lints=forbid" "-e" "CARGO_HOME=/opt/rustwide/cargo-home" "-e" "RUSTUP_HOME=/opt/rustwide/rustup-home" "-w" "/opt/rustwide/workdir" "-m" "1610612736" "--user" "0:0" "--network" "none" "ghcr.io/rust-lang/crates-build-env/linux@sha256:4a844ea9eb2546a2d2c7022eacef16ef2e8229c7fbb2c7d4d55a9ceca922f72d" "/opt/rustwide/cargo-home/bin/cargo" "+nightly-2024-10-28" "build" "--frozen" "--message-format=json", kill_on_drop: false }`
[INFO] [stdout] f8a32afef2f98da7170d7e6dbb4b47cd2902d4523a334ab8c4b566ee954cec59
[INFO] running `Command { std: "docker" "start" "-a" "f8a32afef2f98da7170d7e6dbb4b47cd2902d4523a334ab8c4b566ee954cec59", kill_on_drop: false }`
[INFO] [stderr]    Compiling version_check v0.9.5
[INFO] [stderr]    Compiling typenum v1.17.0
[INFO] [stderr]    Compiling shlex v1.3.0
[INFO] [stderr]    Compiling serde v1.0.214
[INFO] [stderr]    Compiling spin v0.9.8
[INFO] [stderr]    Compiling itoa v1.0.11
[INFO] [stderr]    Compiling futures-core v0.3.31
[INFO] [stderr]    Compiling const-oid v0.9.6
[INFO] [stderr]    Compiling libm v0.2.11
[INFO] [stderr]    Compiling once_cell v1.20.2
[INFO] [stderr]    Compiling untrusted v0.9.0
[INFO] [stderr]    Compiling zeroize v1.8.1
[INFO] [stderr]    Compiling num-traits v0.2.19
[INFO] [stderr]    Compiling slab v0.4.9
[INFO] [stderr]    Compiling getrandom v0.2.15
[INFO] [stderr]    Compiling syn v2.0.86
[INFO] [stderr]    Compiling tokio v1.41.0
[INFO] [stderr]    Compiling cc v1.1.31
[INFO] [stderr]    Compiling fnv v1.0.7
[INFO] [stderr]    Compiling byteorder v1.5.0
[INFO] [stderr]    Compiling base64ct v1.6.0
[INFO] [stderr]    Compiling tracing-core v0.1.32
[INFO] [stderr]    Compiling http v0.2.12
[INFO] [stderr]    Compiling rustls v0.21.12
[INFO] [stderr]    Compiling pin-utils v0.1.0
[INFO] [stderr]    Compiling equivalent v1.0.1
[INFO] [stderr]    Compiling rand_core v0.6.4
[INFO] [stderr]    Compiling futures-task v0.3.31
[INFO] [stderr]    Compiling httparse v1.9.5
[INFO] [stderr]    Compiling tinyvec_macros v0.1.1
[INFO] [stderr]    Compiling generic-array v0.14.7
[INFO] [stderr]    Compiling hashbrown v0.15.0
[INFO] [stderr]    Compiling futures-sink v0.3.31
[INFO] [stderr]    Compiling futures-util v0.3.31
[INFO] [stderr]    Compiling tinyvec v1.8.0
[INFO] [stderr]    Compiling pem-rfc7468 v0.6.0
[INFO] [stderr]    Compiling log v0.4.22
[INFO] [stderr]    Compiling rustversion v1.0.18
[INFO] [stderr]    Compiling syn v1.0.109
[INFO] [stderr]    Compiling percent-encoding v2.3.1
[INFO] [stderr]    Compiling der v0.6.1
[INFO] [stderr]    Compiling tracing v0.1.40
[INFO] [stderr]    Compiling try-lock v0.2.5
[INFO] [stderr]    Compiling want v0.3.1
[INFO] [stderr]    Compiling form_urlencoded v1.2.1
[INFO] [stderr]    Compiling indexmap v2.6.0
[INFO] [stderr]    Compiling futures-channel v0.3.31
[INFO] [stderr]    Compiling num-bigint-dig v0.8.4
[INFO] [stderr]    Compiling ryu v1.0.18
[INFO] [stderr]    Compiling http-body v0.4.6
[INFO] [stderr]    Compiling tower-service v0.3.3
[INFO] [stderr]    Compiling unicode-normalization v0.1.24
[INFO] [stderr]    Compiling serde_json v1.0.132
[INFO] [stderr]    Compiling doc-comment v0.3.3
[INFO] [stderr]    Compiling unicode-bidi v0.3.17
[INFO] [stderr]    Compiling httpdate v1.0.3
[INFO] [stderr]    Compiling lazy_static v1.5.0
[INFO] [stderr]    Compiling base64 v0.21.7
[INFO] [stderr]    Compiling powerfmt v0.2.0
[INFO] [stderr]    Compiling spki v0.6.0
[INFO] [stderr]    Compiling memchr v2.7.4
[INFO] [stderr]    Compiling heck v0.4.1
[INFO] [stderr]    Compiling num-integer v0.1.46
[INFO] [stderr]    Compiling pkcs8 v0.9.0
[INFO] [stderr]    Compiling cpufeatures v0.2.14
[INFO] [stderr]    Compiling rustls-pemfile v1.0.4
[INFO] [stderr]    Compiling idna v0.5.0
[INFO] [stderr]    Compiling interactsh-rs v0.3.0 (/opt/rustwide/workdir)
[INFO] [stderr]    Compiling encoding_rs v0.8.35
[INFO] [stderr]    Compiling pkcs1 v0.4.1
[INFO] [stderr]    Compiling ring v0.17.8
[INFO] [stderr]    Compiling sync_wrapper v0.1.2
[INFO] [stderr]    Compiling ipnet v2.10.1
[INFO] [stderr]    Compiling webpki-roots v0.25.4
[INFO] [stderr]    Compiling subtle v2.6.1
[INFO] [stderr]    Compiling num-iter v0.1.45
[INFO] [stderr]    Compiling url v2.5.2
[INFO] [stderr]    Compiling mime v0.3.17
[INFO] [stderr]    Compiling num-conv v0.1.0
[INFO] [stderr]    Compiling futures-io v0.3.31
[INFO] [stderr]    Compiling time-core v0.1.2
[INFO] [stderr]    Compiling uuid v1.11.0
[INFO] [stderr]    Compiling crypto-common v0.1.6
[INFO] [stderr]    Compiling block-buffer v0.10.4
[INFO] [stderr]    Compiling inout v0.1.3
[INFO] [stderr]    Compiling secrecy v0.8.0
[INFO] [stderr]    Compiling digest v0.10.7
[INFO] [stderr]    Compiling cipher v0.4.4
[INFO] [stderr]    Compiling signature v2.2.0
[INFO] [stderr]    Compiling sha2 v0.10.8
[INFO] [stderr]    Compiling cfb-mode v0.8.2
[INFO] [stderr]    Compiling aes v0.8.4
[INFO] [stderr]    Compiling serde_derive v1.0.214
[INFO] [stderr]    Compiling zerocopy-derive v0.7.35
[INFO] [stderr]    Compiling async-trait v0.1.83
[INFO] [stderr]    Compiling zerocopy v0.7.35
[INFO] [stderr]    Compiling tokio-util v0.7.12
[INFO] [stderr]    Compiling async-compat v0.2.4
[INFO] [stderr]    Compiling h2 v0.3.26
[INFO] [stderr]    Compiling ppv-lite86 v0.2.20
[INFO] [stderr]    Compiling snafu-derive v0.7.5
[INFO] [stderr]    Compiling rand_chacha v0.3.1
[INFO] [stderr]    Compiling rand v0.8.5
[INFO] [stderr]    Compiling snafu v0.7.5
[INFO] [stderr]    Compiling sct v0.7.1
[INFO] [stderr]    Compiling rustls-webpki v0.101.7
[INFO] [stderr]    Compiling hyper v0.14.31
[INFO] [stderr]    Compiling smallvec v1.13.2
[INFO] [stderr]    Compiling serde_urlencoded v0.7.1
[INFO] [stderr]    Compiling deranged v0.3.11
[INFO] [stderr]    Compiling tokio-rustls v0.24.1
[INFO] [stderr]    Compiling hyper-rustls v0.24.2
[INFO] [stderr]    Compiling time v0.3.36
[INFO] [stderr]    Compiling reqwest v0.11.27
[INFO] [stderr]    Compiling rsa v0.8.2
[INFO] [stderr]     Finished `dev` profile [unoptimized + debuginfo] target(s) in 16.23s
[INFO] running `Command { std: "docker" "inspect" "f8a32afef2f98da7170d7e6dbb4b47cd2902d4523a334ab8c4b566ee954cec59", kill_on_drop: false }`
[INFO] running `Command { std: "docker" "rm" "-f" "f8a32afef2f98da7170d7e6dbb4b47cd2902d4523a334ab8c4b566ee954cec59", kill_on_drop: false }`
[INFO] [stdout] f8a32afef2f98da7170d7e6dbb4b47cd2902d4523a334ab8c4b566ee954cec59
[INFO] running `Command { std: "docker" "create" "-v" "/var/lib/crater-agent-workspace/builds/worker-6-tc2/target:/opt/rustwide/target:rw,Z" "-v" "/var/lib/crater-agent-workspace/builds/worker-6-tc2/source:/opt/rustwide/workdir:ro,Z" "-v" "/var/lib/crater-agent-workspace/cargo-home:/opt/rustwide/cargo-home:ro,Z" "-v" "/var/lib/crater-agent-workspace/rustup-home:/opt/rustwide/rustup-home:ro,Z" "-e" "SOURCE_DIR=/opt/rustwide/workdir" "-e" "CARGO_TARGET_DIR=/opt/rustwide/target" "-e" "CARGO_INCREMENTAL=0" "-e" "RUST_BACKTRACE=full" "-e" "RUSTFLAGS=--cap-lints=forbid -Zrandomize-layout" "-e" "RUSTDOCFLAGS=--cap-lints=forbid" "-e" "CARGO_HOME=/opt/rustwide/cargo-home" "-e" "RUSTUP_HOME=/opt/rustwide/rustup-home" "-w" "/opt/rustwide/workdir" "-m" "1610612736" "--user" "0:0" "--network" "none" "ghcr.io/rust-lang/crates-build-env/linux@sha256:4a844ea9eb2546a2d2c7022eacef16ef2e8229c7fbb2c7d4d55a9ceca922f72d" "/opt/rustwide/cargo-home/bin/cargo" "+nightly-2024-10-28" "test" "--frozen" "--no-run" "--message-format=json", kill_on_drop: false }`
[INFO] [stdout] ff7f09463c7e0a634795c47e57e8eee596262f8bdba8f78edaf72a64450ab320
[INFO] running `Command { std: "docker" "start" "-a" "ff7f09463c7e0a634795c47e57e8eee596262f8bdba8f78edaf72a64450ab320", kill_on_drop: false }`
[INFO] [stderr]    Compiling crossbeam-utils v0.8.20
[INFO] [stderr]    Compiling parking v2.2.1
[INFO] [stderr]    Compiling value-bag v1.10.0
[INFO] [stderr]    Compiling fastrand v2.1.1
[INFO] [stderr]    Compiling memchr v2.7.4
[INFO] [stderr]    Compiling rustix v0.38.38
[INFO] [stderr]    Compiling syn v2.0.86
[INFO] [stderr]    Compiling bitflags v2.6.0
[INFO] [stderr]    Compiling futures-task v0.3.31
[INFO] [stderr]    Compiling linux-raw-sys v0.4.14
[INFO] [stderr]    Compiling event-listener v2.5.3
[INFO] [stderr]    Compiling unicode-normalization v0.1.24
[INFO] [stderr]    Compiling io-lifetimes v1.0.11
[INFO] [stderr]    Compiling async-task v4.7.1
[INFO] [stderr]    Compiling atomic-waker v1.1.2
[INFO] [stderr]    Compiling unicode-bidi v0.3.17
[INFO] [stderr]    Compiling futures-util v0.3.31
[INFO] [stderr]    Compiling polling v2.8.0
[INFO] [stderr]    Compiling fastrand v1.9.0
[INFO] [stderr]    Compiling futures-lite v2.4.0
[INFO] [stderr]    Compiling log v0.4.22
[INFO] [stderr]    Compiling piper v0.2.4
[INFO] [stderr]    Compiling waker-fn v1.2.0
[INFO] [stderr]    Compiling rustix v0.37.27
[INFO] [stderr]    Compiling async-lock v2.8.0
[INFO] [stderr]    Compiling async-io v1.13.0
[INFO] [stderr]    Compiling linux-raw-sys v0.3.8
[INFO] [stderr]    Compiling bitflags v1.3.2
[INFO] [stderr]    Compiling rustls v0.21.12
[INFO] [stderr]    Compiling idna v0.5.0
[INFO] [stderr]    Compiling futures-lite v1.13.0
[INFO] [stderr]    Compiling socket2 v0.4.10
[INFO] [stderr]    Compiling thiserror v1.0.66
[INFO] [stderr]    Compiling concurrent-queue v2.5.0
[INFO] [stderr]    Compiling async-fs v1.6.0
[INFO] [stderr]    Compiling match_cfg v0.1.0
[INFO] [stderr]    Compiling matches v0.1.10
[INFO] [stderr]    Compiling hostname v0.3.1
[INFO] [stderr]    Compiling idna v0.2.3
[INFO] [stderr]    Compiling event-listener v5.3.1
[INFO] [stderr]    Compiling async-executor v1.13.1
[INFO] [stderr]    Compiling event-listener v3.1.0
[INFO] [stderr]    Compiling async-channel v1.9.0
[INFO] [stderr]    Compiling url v2.5.2
[INFO] [stderr]    Compiling enum-as-inner v0.5.1
[INFO] [stderr]    Compiling linked-hash-map v0.5.6
[INFO] [stderr]    Compiling quick-error v1.2.3
[INFO] [stderr]    Compiling event-listener-strategy v0.5.2
[INFO] [stderr]    Compiling data-encoding v2.6.0
[INFO] [stderr]    Compiling lru-cache v0.1.2
[INFO] [stderr]    Compiling resolv-conf v0.7.0
[INFO] [stderr]    Compiling async-lock v3.4.0
[INFO] [stderr]    Compiling async-channel v2.3.1
[INFO] [stderr]    Compiling kv-log-macro v1.0.7
[INFO] [stderr]    Compiling async-attributes v1.1.2
[INFO] [stderr]    Compiling deunicode v1.6.0
[INFO] [stderr]    Compiling blocking v1.6.1
[INFO] [stderr]    Compiling hex v0.4.3
[INFO] [stderr]    Compiling dotenvy v0.15.7
[INFO] [stderr]    Compiling async-net v1.8.0
[INFO] [stderr]    Compiling tracing-attributes v0.1.27
[INFO] [stderr]    Compiling serde_derive v1.0.214
[INFO] [stderr]    Compiling tokio-macros v2.4.0
[INFO] [stderr]    Compiling zerocopy-derive v0.7.35
[INFO] [stderr]    Compiling async-trait v0.1.83
[INFO] [stderr]    Compiling thiserror-impl v1.0.66
[INFO] [stderr]    Compiling tokio v1.41.0
[INFO] [stderr]    Compiling zerocopy v0.7.35
[INFO] [stderr]    Compiling tracing v0.1.40
[INFO] [stderr]    Compiling polling v3.7.3
[INFO] [stderr]    Compiling ppv-lite86 v0.2.20
[INFO] [stderr]    Compiling async-io v2.3.4
[INFO] [stderr]    Compiling rand_chacha v0.3.1
[INFO] [stderr]    Compiling rand v0.8.5
[INFO] [stderr]    Compiling async-signal v0.2.10
[INFO] [stderr]    Compiling async-global-executor v2.4.1
[INFO] [stderr]    Compiling async-process v1.8.1
[INFO] [stderr]    Compiling async-std v1.13.0
[INFO] [stderr]    Compiling smol v1.3.0
[INFO] [stderr]    Compiling fake v2.10.0
[INFO] [stderr]    Compiling serde v1.0.214
[INFO] [stderr]    Compiling tokio-util v0.7.12
[INFO] [stderr]    Compiling tokio-rustls v0.24.1
[INFO] [stderr]    Compiling async-compat v0.2.4
[INFO] [stderr]    Compiling h2 v0.3.26
[INFO] [stderr]    Compiling smallvec v1.13.2
[INFO] [stderr]    Compiling serde_urlencoded v0.7.1
[INFO] [stderr]    Compiling deranged v0.3.11
[INFO] [stderr]    Compiling serde_json v1.0.132
[INFO] [stderr]    Compiling num-bigint-dig v0.8.4
[INFO] [stderr]    Compiling parking_lot_core v0.9.10
[INFO] [stderr]    Compiling trust-dns-proto v0.22.0
[INFO] [stderr]    Compiling parking_lot v0.12.3
[INFO] [stderr]    Compiling time v0.3.36
[INFO] [stderr]    Compiling rsa v0.8.2
[INFO] [stderr]    Compiling trust-dns-resolver v0.22.0
[INFO] [stderr]    Compiling hyper v0.14.31
[INFO] [stderr]    Compiling hyper-rustls v0.24.2
[INFO] [stderr]    Compiling reqwest v0.11.27
[INFO] [stderr]    Compiling interactsh-rs v0.3.0 (/opt/rustwide/workdir)
[INFO] [stderr]     Finished `test` profile [unoptimized + debuginfo] target(s) in 18.58s
[INFO] running `Command { std: "docker" "inspect" "ff7f09463c7e0a634795c47e57e8eee596262f8bdba8f78edaf72a64450ab320", kill_on_drop: false }`
[INFO] running `Command { std: "docker" "rm" "-f" "ff7f09463c7e0a634795c47e57e8eee596262f8bdba8f78edaf72a64450ab320", kill_on_drop: false }`
[INFO] [stdout] ff7f09463c7e0a634795c47e57e8eee596262f8bdba8f78edaf72a64450ab320
[INFO] running `Command { std: "docker" "create" "-v" "/var/lib/crater-agent-workspace/builds/worker-6-tc2/target:/opt/rustwide/target:rw,Z" "-v" "/var/lib/crater-agent-workspace/builds/worker-6-tc2/source:/opt/rustwide/workdir:ro,Z" "-v" "/var/lib/crater-agent-workspace/cargo-home:/opt/rustwide/cargo-home:ro,Z" "-v" "/var/lib/crater-agent-workspace/rustup-home:/opt/rustwide/rustup-home:ro,Z" "-e" "SOURCE_DIR=/opt/rustwide/workdir" "-e" "CARGO_TARGET_DIR=/opt/rustwide/target" "-e" "CARGO_INCREMENTAL=0" "-e" "RUST_BACKTRACE=full" "-e" "RUSTFLAGS=--cap-lints=forbid -Zrandomize-layout" "-e" "RUSTDOCFLAGS=--cap-lints=forbid" "-e" "CARGO_HOME=/opt/rustwide/cargo-home" "-e" "RUSTUP_HOME=/opt/rustwide/rustup-home" "-w" "/opt/rustwide/workdir" "-m" "1610612736" "--user" "0:0" "--network" "none" "ghcr.io/rust-lang/crates-build-env/linux@sha256:4a844ea9eb2546a2d2c7022eacef16ef2e8229c7fbb2c7d4d55a9ceca922f72d" "/opt/rustwide/cargo-home/bin/cargo" "+nightly-2024-10-28" "test" "--frozen", kill_on_drop: false }`
[INFO] [stdout] dd8b3255df258f9d1d5d12bd418801515f038d1b96bf8e6ebefca8f6b0edebc9
[INFO] running `Command { std: "docker" "start" "-a" "dd8b3255df258f9d1d5d12bd418801515f038d1b96bf8e6ebefca8f6b0edebc9", kill_on_drop: false }`
[INFO] [stderr]     Finished `test` profile [unoptimized + debuginfo] target(s) in 0.35s
[INFO] [stderr]      Running unittests src/lib.rs (/opt/rustwide/target/debug/deps/interactsh_rs-ed8baa02c02f6cab)
[INFO] [stdout] 
[INFO] [stdout] running 18 tests
[INFO] [stdout] test client::builder::tests::build_with_only_rsa_fails ... ok
[INFO] [stdout] test client::builder::tests::build_with_only_server_fails ... ok
[INFO] [stdout] test client::builder::tests::empty_builder_fails ... ok
[INFO] [stdout] test interaction_log::tests::log_entry_returns_raw_log_for_invalid_log ... ok
[INFO] [stdout] test interaction_log::tests::log_entry_successfully_parses_valid_dns_log_no_qtype ... ok
[INFO] [stdout] test interaction_log::tests::log_entry_successfully_parses_valid_ftp_log ... ok
[INFO] [stdout] test interaction_log::tests::log_entry_successfully_parses_valid_dns_log_with_qtype ... ok
[INFO] [stdout] test interaction_log::tests::log_entry_successfully_parses_valid_http_log ... ok
[INFO] [stdout] test interaction_log::tests::log_entry_successfully_parses_valid_smtp_log ... ok
[INFO] [stdout] test interaction_log::tests::log_entry_successfully_returns_raw_log ... ok
[INFO] [stdout] test interaction_log::tests::log_entry_successfully_parses_valid_smb_log ... ok
[INFO] [stdout] test interaction_log::tests::log_entry_successfully_parses_valid_ldap_log ... ok
[INFO] [stdout] test client::builder::tests::default_build_succeeds ... ok
[INFO] [stdout] test client::builder::tests::build_with_all_options_succeeds ... ok
[INFO] [stdout] test crypto::rsa::tests::rsa_private_key_generates_successfully_with_2048_bits ... ok
[INFO] [stdout] test crypto::rsa::tests::rsa_public_key_extraction_works_successfully ... ok
[INFO] [stdout] test crypto::rsa::tests::rsa_public_key_b64_encode_works_successfully ... ok
[INFO] [stdout] test client::builder::tests::build_with_server_and_rsa_only_succeeds ... ok
[INFO] [stdout] 
[INFO] [stdout] test result: ok. 18 passed; 0 failed; 0 ignored; 0 measured; 0 filtered out; finished in 16.53s
[INFO] [stdout] 
[INFO] [stderr]      Running tests/async_std_client_tests.rs (/opt/rustwide/target/debug/deps/async_std_client_tests-e0c1305c5e74af9a)
[INFO] [stdout] 
[INFO] [stdout] running 8 tests
[INFO] [stdout] test client_receives_dns_logs_from_pub_servers ... ignored
[INFO] [stdout] test client_registers_and_deregisters_to_local_server_successfully_with_auth ... FAILED
[INFO] [stdout] test client_receives_http_logs_from_local_server ... FAILED
[INFO] [stdout] test client_polls_local_server_successfully ... FAILED
[INFO] [stdout] test client_receives_http_logs_from_proxied_pub_servers ... FAILED
[INFO] [stdout] test client_registers_and_deregisters_to_pub_servers_successfully ... FAILED
[INFO] [stdout] test client_polls_pub_servers_successfully ... FAILED
[INFO] [stdout] test client_receives_http_logs_from_pub_servers ... FAILED
[INFO] [stdout] 
[INFO] [stdout] failures:
[INFO] [stdout] 
[INFO] [stdout] ---- client_registers_and_deregisters_to_local_server_successfully_with_auth stdout ----
[INFO] [stdout] thread 'client_registers_and_deregisters_to_local_server_successfully_with_auth' panicked at tests/shared/utils/shared_utils.rs:15:10:
[INFO] [stdout] Environment variable 'INTERACTSHRS_TEST_LOCAL_SERVER_FQDN' is missing: EnvVar(NotPresent)
[INFO] [stdout] stack backtrace:
[INFO] [stdout]    0:     0x563fe558d8fa - std::backtrace_rs::backtrace::libunwind::trace::h207520d6e9873551
[INFO] [stdout]                                at /rustc/df4ca44d3fbc9301ee17f30f4d474e6ae4b05252/library/std/src/../../backtrace/src/backtrace/libunwind.rs:116:5
[INFO] [stdout]    1:     0x563fe558d8fa - std::backtrace_rs::backtrace::trace_unsynchronized::h2ed7433f370e3eca
[INFO] [stdout]                                at /rustc/df4ca44d3fbc9301ee17f30f4d474e6ae4b05252/library/std/src/../../backtrace/src/backtrace/mod.rs:66:5
[INFO] [stdout]    2:     0x563fe558d8fa - std::sys::backtrace::_print_fmt::h916fac51166b18d7
[INFO] [stdout]                                at /rustc/df4ca44d3fbc9301ee17f30f4d474e6ae4b05252/library/std/src/sys/backtrace.rs:66:9
[INFO] [stdout]    3:     0x563fe558d8fa - <std::sys::backtrace::BacktraceLock::print::DisplayBacktrace as core::fmt::Display>::fmt::ha0a4c9b8ce3802e6
[INFO] [stdout]                                at /rustc/df4ca44d3fbc9301ee17f30f4d474e6ae4b05252/library/std/src/sys/backtrace.rs:39:26
[INFO] [stdout]    4:     0x563fe55b8793 - core::fmt::rt::Argument::fmt::h4cfc8587d52b3eb5
[INFO] [stdout]                                at /rustc/df4ca44d3fbc9301ee17f30f4d474e6ae4b05252/library/core/src/fmt/rt.rs:177:76
[INFO] [stdout]    5:     0x563fe55b8793 - core::fmt::write::h522cc39e5b36ae9f
[INFO] [stdout]                                at /rustc/df4ca44d3fbc9301ee17f30f4d474e6ae4b05252/library/core/src/fmt/mod.rs:1190:21
[INFO] [stdout]    6:     0x563fe5589783 - std::io::Write::write_fmt::h7d3c26752da97734
[INFO] [stdout]                                at /rustc/df4ca44d3fbc9301ee17f30f4d474e6ae4b05252/library/std/src/io/mod.rs:1839:15
[INFO] [stdout]    7:     0x563fe558d742 - std::sys::backtrace::BacktraceLock::print::h4b9e00b29e9c0942
[INFO] [stdout]                                at /rustc/df4ca44d3fbc9301ee17f30f4d474e6ae4b05252/library/std/src/sys/backtrace.rs:42:9
[INFO] [stdout]    8:     0x563fe558ed8a - std::panicking::default_hook::{{closure}}::hb59b88280d0324d9
[INFO] [stdout]                                at /rustc/df4ca44d3fbc9301ee17f30f4d474e6ae4b05252/library/std/src/panicking.rs:268:22
[INFO] [stdout]    9:     0x563fe558eb94 - std::panicking::default_hook::he1dd496665be4a29
[INFO] [stdout]                                at /rustc/df4ca44d3fbc9301ee17f30f4d474e6ae4b05252/library/std/src/panicking.rs:292:9
[INFO] [stdout]   10:     0x563fe4cb3649 - <alloc::boxed::Box<F,A> as core::ops::function::Fn<Args>>::call::h4ff71de18744e1dc
[INFO] [stdout]                                at /rustc/df4ca44d3fbc9301ee17f30f4d474e6ae4b05252/library/alloc/src/boxed.rs:2468:9
[INFO] [stdout]   11:     0x563fe4cb3649 - test::test_main::{{closure}}::hcf7c055ce117aa81
[INFO] [stdout]                                at /rustc/df4ca44d3fbc9301ee17f30f4d474e6ae4b05252/library/test/src/lib.rs:133:21
[INFO] [stdout]   12:     0x563fe558f488 - <alloc::boxed::Box<F,A> as core::ops::function::Fn<Args>>::call::h1d66c6bbd60c9692
[INFO] [stdout]                                at /rustc/df4ca44d3fbc9301ee17f30f4d474e6ae4b05252/library/alloc/src/boxed.rs:2468:9
[INFO] [stdout]   13:     0x563fe558f488 - std::panicking::rust_panic_with_hook::h2ff17fe8f26dfcf8
[INFO] [stdout]                                at /rustc/df4ca44d3fbc9301ee17f30f4d474e6ae4b05252/library/std/src/panicking.rs:809:13
[INFO] [stdout]   14:     0x563fe558f24a - std::panicking::begin_panic_handler::{{closure}}::h4fad77951c07e101
[INFO] [stdout]                                at /rustc/df4ca44d3fbc9301ee17f30f4d474e6ae4b05252/library/std/src/panicking.rs:674:13
[INFO] [stdout]   15:     0x563fe558ddd9 - std::sys::backtrace::__rust_end_short_backtrace::hb1a25b3da5d0ea08
[INFO] [stdout]                                at /rustc/df4ca44d3fbc9301ee17f30f4d474e6ae4b05252/library/std/src/sys/backtrace.rs:170:18
[INFO] [stdout]   16:     0x563fe558eedc - rust_begin_unwind
[INFO] [stdout]                                at /rustc/df4ca44d3fbc9301ee17f30f4d474e6ae4b05252/library/std/src/panicking.rs:665:5
[INFO] [stdout]   17:     0x563fe55b6940 - core::panicking::panic_fmt::ha9db07b529f9b256
[INFO] [stdout]                                at /rustc/df4ca44d3fbc9301ee17f30f4d474e6ae4b05252/library/core/src/panicking.rs:75:14
[INFO] [stdout]   18:     0x563fe55b6e26 - core::result::unwrap_failed::h5e8218e4d4338b8a
[INFO] [stdout]                                at /rustc/df4ca44d3fbc9301ee17f30f4d474e6ae4b05252/library/core/src/result.rs:1698:5
[INFO] [stdout]   19:     0x563fe4c4d88d - core::result::Result<T,E>::expect::heee341e171d55d45
[INFO] [stdout]                                at /rustc/df4ca44d3fbc9301ee17f30f4d474e6ae4b05252/library/core/src/result.rs:1060:23
[INFO] [stdout]   20:     0x563fe4c26f52 - async_std_client_tests::shared::utils::shared_utils::TEST_ENV_SETTINGS::{{closure}}::h6e66f31be3321f9d
[INFO] [stdout]                                at /opt/rustwide/workdir/tests/shared/utils/shared_utils.rs:14:23
[INFO] [stdout]   21:     0x563fe4bfa016 - core::ops::function::FnOnce::call_once::h43c544d96f80fb75
[INFO] [stdout]                                at /rustc/df4ca44d3fbc9301ee17f30f4d474e6ae4b05252/library/core/src/ops/function.rs:250:5
[INFO] [stdout]   22:     0x563fe4bfa052 - core::ops::function::FnOnce::call_once::h44bb88a32999f39a
[INFO] [stdout]                                at /rustc/df4ca44d3fbc9301ee17f30f4d474e6ae4b05252/library/core/src/ops/function.rs:250:5
[INFO] [stdout]   23:     0x563fe4c5cd76 - once_cell::sync::Lazy<T,F>::force::{{closure}}::hca7ae56d40440e81
[INFO] [stdout]                                at /opt/rustwide/cargo-home/registry/src/index.crates.io-6f17d22bba15001f/once_cell-1.20.2/src/lib.rs:1310:28
[INFO] [stdout]   24:     0x563fe4c5cdd2 - once_cell::sync::OnceCell<T>::get_or_init::{{closure}}::h3c36805ff1ff6b21
[INFO] [stdout]                                at /opt/rustwide/cargo-home/registry/src/index.crates.io-6f17d22bba15001f/once_cell-1.20.2/src/lib.rs:1120:57
[INFO] [stdout]   25:     0x563fe4c30420 - once_cell::imp::OnceCell<T>::initialize::{{closure}}::hc0f46410ab48a825
[INFO] [stdout]                                at /opt/rustwide/cargo-home/registry/src/index.crates.io-6f17d22bba15001f/once_cell-1.20.2/src/imp_std.rs:72:23
[INFO] [stdout]   26:     0x563fe54af846 - core::ops::function::impls::<impl core::ops::function::FnMut<A> for &mut F>::call_mut::h630626bc5af11037
[INFO] [stdout]                                at /rustc/df4ca44d3fbc9301ee17f30f4d474e6ae4b05252/library/core/src/ops/function.rs:294:13
[INFO] [stdout]   27:     0x563fe54b0e81 - once_cell::imp::initialize_or_wait::hc00a25f04c62a9e8
[INFO] [stdout]                                at /opt/rustwide/cargo-home/registry/src/index.crates.io-6f17d22bba15001f/once_cell-1.20.2/src/imp_std.rs:196:20
[INFO] [stdout]   28:     0x563fe4c303d6 - once_cell::imp::OnceCell<T>::initialize::h828c16ac433fecf8
[INFO] [stdout]                                at /opt/rustwide/cargo-home/registry/src/index.crates.io-6f17d22bba15001f/once_cell-1.20.2/src/imp_std.rs:68:9
[INFO] [stdout]   29:     0x563fe4c5cea7 - once_cell::sync::OnceCell<T>::get_or_try_init::h8f338473504b652c
[INFO] [stdout]                                at /opt/rustwide/cargo-home/registry/src/index.crates.io-6f17d22bba15001f/once_cell-1.20.2/src/lib.rs:1161:13
[INFO] [stdout]   30:     0x563fe4c5cd93 - once_cell::sync::OnceCell<T>::get_or_init::h05f13e07be3aabac
[INFO] [stdout]                                at /opt/rustwide/cargo-home/registry/src/index.crates.io-6f17d22bba15001f/once_cell-1.20.2/src/lib.rs:1120:19
[INFO] [stdout]   31:     0x563fe4c5cce0 - once_cell::sync::Lazy<T,F>::force::h18eab379d77ed82f
[INFO] [stdout]                                at /opt/rustwide/cargo-home/registry/src/index.crates.io-6f17d22bba15001f/once_cell-1.20.2/src/lib.rs:1309:13
[INFO] [stdout]   32:     0x563fe4c2762a - async_std_client_tests::shared::utils::shared_utils::get_local_server::h65bdd4fa943c6e5d
[INFO] [stdout]                                at /opt/rustwide/workdir/tests/shared/utils/shared_utils.rs:66:5
[INFO] [stdout]   33:     0x563fe4c268b9 - async_std_client_tests::shared::utils::local_utils::try_register_to_local_server::{{closure}}::h4adee76b8acadf42
[INFO] [stdout]                                at /opt/rustwide/workdir/tests/shared/utils/local_utils.rs:13:24
[INFO] [stdout]   34:     0x563fe4c508d1 - async_std_client_tests::shared::local_tests::client_registers_and_deregisters_to_local_server_successfully_with_auth::{{closure}}::h11aa395533dd306c
[INFO] [stdout]                                at /opt/rustwide/workdir/tests/shared/local_tests.rs:7:62
[INFO] [stdout]   35:     0x563fe4c299d4 - async_std_client_tests::client_registers_and_deregisters_to_local_server_successfully_with_auth::{{closure}}::h5e6191f00c0679e3
[INFO] [stdout]                                at /opt/rustwide/workdir/tests/async_std_client_tests.rs:38:87
[INFO] [stdout]   36:     0x563fe4c52032 - <async_std::task::builder::SupportTaskLocals<F> as core::future::future::Future>::poll::{{closure}}::h864cd7d1e6f0b9ae
[INFO] [stdout]                                at /opt/rustwide/cargo-home/registry/src/index.crates.io-6f17d22bba15001f/async-std-1.13.0/src/task/builder.rs:199:17
[INFO] [stdout]   37:     0x563fe4c2f91c - async_std::task::task_locals_wrapper::TaskLocalsWrapper::set_current::{{closure}}::h714f398e44523b2f
[INFO] [stdout]                                at /opt/rustwide/cargo-home/registry/src/index.crates.io-6f17d22bba15001f/async-std-1.13.0/src/task/task_locals_wrapper.rs:60:13
[INFO] [stdout]   38:     0x563fe4bf762a - std::thread::local::LocalKey<T>::try_with::h84fba7cfc39c3587
[INFO] [stdout]                                at /rustc/df4ca44d3fbc9301ee17f30f4d474e6ae4b05252/library/std/src/thread/local.rs:283:12
[INFO] [stdout]   39:     0x563fe4bf30ea - std::thread::local::LocalKey<T>::with::h057347f17cb5932e
[INFO] [stdout]                                at /rustc/df4ca44d3fbc9301ee17f30f4d474e6ae4b05252/library/std/src/thread/local.rs:260:9
[INFO] [stdout]   40:     0x563fe4c2ecf8 - async_std::task::task_locals_wrapper::TaskLocalsWrapper::set_current::h86dc80b7f3be33d8
[INFO] [stdout]                                at /opt/rustwide/cargo-home/registry/src/index.crates.io-6f17d22bba15001f/async-std-1.13.0/src/task/task_locals_wrapper.rs:55:9
[INFO] [stdout]   41:     0x563fe4c51dea - <async_std::task::builder::SupportTaskLocals<F> as core::future::future::Future>::poll::h08a6bccd6f6fdbb7
[INFO] [stdout]                                at /opt/rustwide/cargo-home/registry/src/index.crates.io-6f17d22bba15001f/async-std-1.13.0/src/task/builder.rs:197:13
[INFO] [stdout]   42:     0x563fe4c44da4 - <futures_lite::future::Or<F1,F2> as core::future::future::Future>::poll::h6d53b1af2533551b
[INFO] [stdout]                                at /opt/rustwide/cargo-home/registry/src/index.crates.io-6f17d22bba15001f/futures-lite-2.4.0/src/future.rs:454:33
[INFO] [stdout]   43:     0x563fe4c60535 - async_executor::State::run::{{closure}}::hb1ca1fefa74c71f6
[INFO] [stdout]                                at /opt/rustwide/cargo-home/registry/src/index.crates.io-6f17d22bba15001f/async-executor-1.13.1/src/lib.rs:748:32
[INFO] [stdout]   44:     0x563fe4c62cd1 - async_executor::Executor::run::{{closure}}::h1ef64becc4dbc4a4
[INFO] [stdout]                                at /opt/rustwide/cargo-home/registry/src/index.crates.io-6f17d22bba15001f/async-executor-1.13.1/src/lib.rs:344:34
[INFO] [stdout]   45:     0x563fe4c5e851 - async_executor::LocalExecutor::run::{{closure}}::he9463f3437610ba8
[INFO] [stdout]                                at /opt/rustwide/cargo-home/registry/src/index.crates.io-6f17d22bba15001f/async-executor-1.13.1/src/lib.rs:648:34
[INFO] [stdout]   46:     0x563fe4c146f1 - async_io::driver::block_on::{{closure}}::h65edb7ef7adf781d
[INFO] [stdout]                                at /opt/rustwide/cargo-home/registry/src/index.crates.io-6f17d22bba15001f/async-io-2.3.4/src/driver.rs:199:37
[INFO] [stdout]   47:     0x563fe4bf7406 - std::thread::local::LocalKey<T>::try_with::h81d08ee934b8a143
[INFO] [stdout]                                at /rustc/df4ca44d3fbc9301ee17f30f4d474e6ae4b05252/library/std/src/thread/local.rs:283:12
[INFO] [stdout]   48:     0x563fe4bf3d2a - std::thread::local::LocalKey<T>::with::ha2e137c256cc92ea
[INFO] [stdout]                                at /rustc/df4ca44d3fbc9301ee17f30f4d474e6ae4b05252/library/std/src/thread/local.rs:260:9
[INFO] [stdout]   49:     0x563fe4c024cc - async_io::driver::block_on::h29202aba2660898e
[INFO] [stdout]                                at /opt/rustwide/cargo-home/registry/src/index.crates.io-6f17d22bba15001f/async-io-2.3.4/src/driver.rs:175:5
[INFO] [stdout]   50:     0x563fe4c4c3f2 - async_global_executor::reactor::block_on::{{closure}}::h0991650e3bb54fd9
[INFO] [stdout]                                at /opt/rustwide/cargo-home/registry/src/index.crates.io-6f17d22bba15001f/async-global-executor-2.4.1/src/reactor.rs:3:18
[INFO] [stdout]   51:     0x563fe4c4c322 - async_global_executor::reactor::block_on::h82c31776d7c52dbe
[INFO] [stdout]                                at /opt/rustwide/cargo-home/registry/src/index.crates.io-6f17d22bba15001f/async-global-executor-2.4.1/src/reactor.rs:12:5
[INFO] [stdout]   52:     0x563fe4c431fa - async_global_executor::executor::block_on::{{closure}}::hde2925a9dfa90e46
[INFO] [stdout]                                at /opt/rustwide/cargo-home/registry/src/index.crates.io-6f17d22bba15001f/async-global-executor-2.4.1/src/executor.rs:26:36
[INFO] [stdout]   53:     0x563fe4bf9505 - std::thread::local::LocalKey<T>::try_with::he5b361897e7bf369
[INFO] [stdout]                                at /rustc/df4ca44d3fbc9301ee17f30f4d474e6ae4b05252/library/std/src/thread/local.rs:283:12
[INFO] [stdout]   54:     0x563fe4bf34ea - std::thread::local::LocalKey<T>::with::h3f84a9cb1dc22c55
[INFO] [stdout]                                at /rustc/df4ca44d3fbc9301ee17f30f4d474e6ae4b05252/library/std/src/thread/local.rs:260:9
[INFO] [stdout]   55:     0x563fe4c42cd6 - async_global_executor::executor::block_on::h5220501bcccc55d1
[INFO] [stdout]                                at /opt/rustwide/cargo-home/registry/src/index.crates.io-6f17d22bba15001f/async-global-executor-2.4.1/src/executor.rs:26:5
[INFO] [stdout]   56:     0x563fe4c5c770 - async_std::task::builder::Builder::blocking::{{closure}}::{{closure}}::h3d8c1f1a7e4bb8a4
[INFO] [stdout]                                at /opt/rustwide/cargo-home/registry/src/index.crates.io-6f17d22bba15001f/async-std-1.13.0/src/task/builder.rs:171:25
[INFO] [stdout]   57:     0x563fe4c2feb8 - async_std::task::task_locals_wrapper::TaskLocalsWrapper::set_current::{{closure}}::hf3d1c8a9072aba6a
[INFO] [stdout]                                at /opt/rustwide/cargo-home/registry/src/index.crates.io-6f17d22bba15001f/async-std-1.13.0/src/task/task_locals_wrapper.rs:60:13
[INFO] [stdout]   58:     0x563fe4bf92f7 - std::thread::local::LocalKey<T>::try_with::he1aa75d296f512c2
[INFO] [stdout]                                at /rustc/df4ca44d3fbc9301ee17f30f4d474e6ae4b05252/library/std/src/thread/local.rs:283:12
[INFO] [stdout]   59:     0x563fe4bf3f6a - std::thread::local::LocalKey<T>::with::hc89e1f55ebef4384
[INFO] [stdout]                                at /rustc/df4ca44d3fbc9301ee17f30f4d474e6ae4b05252/library/std/src/thread/local.rs:260:9
[INFO] [stdout]   60:     0x563fe4c2ef07 - async_std::task::task_locals_wrapper::TaskLocalsWrapper::set_current::he93c71d2612a955a
[INFO] [stdout]                                at /opt/rustwide/cargo-home/registry/src/index.crates.io-6f17d22bba15001f/async-std-1.13.0/src/task/task_locals_wrapper.rs:55:9
[INFO] [stdout]   61:     0x563fe4c5bfc0 - async_std::task::builder::Builder::blocking::{{closure}}::h32d11da89cafad5f
[INFO] [stdout]                                at /opt/rustwide/cargo-home/registry/src/index.crates.io-6f17d22bba15001f/async-std-1.13.0/src/task/builder.rs:168:17
[INFO] [stdout]   62:     0x563fe4bf91b5 - std::thread::local::LocalKey<T>::try_with::hdbcf550db311e144
[INFO] [stdout]                                at /rustc/df4ca44d3fbc9301ee17f30f4d474e6ae4b05252/library/std/src/thread/local.rs:283:12
[INFO] [stdout]   63:     0x563fe4bf397a - std::thread::local::LocalKey<T>::with::h77ba4c306a5515f7
[INFO] [stdout]                                at /rustc/df4ca44d3fbc9301ee17f30f4d474e6ae4b05252/library/std/src/thread/local.rs:260:9
[INFO] [stdout]   64:     0x563fe4c5ae3c - async_std::task::builder::Builder::blocking::h7f3a95267b71c46d
[INFO] [stdout]                                at /opt/rustwide/cargo-home/registry/src/index.crates.io-6f17d22bba15001f/async-std-1.13.0/src/task/builder.rs:161:9
[INFO] [stdout]   65:     0x563fe4c5045e - async_std::task::block_on::block_on::h842ca86052ab1e51
[INFO] [stdout]                                at /opt/rustwide/cargo-home/registry/src/index.crates.io-6f17d22bba15001f/async-std-1.13.0/src/task/block_on.rs:33:5
[INFO] [stdout]   66:     0x563fe4c29879 - async_std_client_tests::client_registers_and_deregisters_to_local_server_successfully_with_auth::h400e940720704e62
[INFO] [stdout]                                at /opt/rustwide/workdir/tests/async_std_client_tests.rs:36:1
[INFO] [stdout]   67:     0x563fe4c29847 - async_std_client_tests::client_registers_and_deregisters_to_local_server_successfully_with_auth::{{closure}}::h033e806a44a3d460
[INFO] [stdout]                                at /opt/rustwide/workdir/tests/async_std_client_tests.rs:36:19
[INFO] [stdout]   68:     0x563fe4bf9f76 - core::ops::function::FnOnce::call_once::h421c34bdbaa4cf40
[INFO] [stdout]                                at /rustc/df4ca44d3fbc9301ee17f30f4d474e6ae4b05252/library/core/src/ops/function.rs:250:5
[INFO] [stdout]   69:     0x563fe4cb7f1b - core::ops::function::FnOnce::call_once::h22c3ba5715e93f05
[INFO] [stdout]                                at /rustc/df4ca44d3fbc9301ee17f30f4d474e6ae4b05252/library/core/src/ops/function.rs:250:5
[INFO] [stdout]   70:     0x563fe4cb7f1b - test::__rust_begin_short_backtrace::h8e82d8113d0da17f
[INFO] [stdout]                                at /rustc/df4ca44d3fbc9301ee17f30f4d474e6ae4b05252/library/test/src/lib.rs:621:18
[INFO] [stdout]   71:     0x563fe4cb7897 - test::run_test_in_process::{{closure}}::h33235f4f20b7b7c7
[INFO] [stdout]                                at /rustc/df4ca44d3fbc9301ee17f30f4d474e6ae4b05252/library/test/src/lib.rs:644:60
[INFO] [stdout]   72:     0x563fe4cb7897 - <core::panic::unwind_safe::AssertUnwindSafe<F> as core::ops::function::FnOnce<()>>::call_once::hb5043206310c586f
[INFO] [stdout]                                at /rustc/df4ca44d3fbc9301ee17f30f4d474e6ae4b05252/library/core/src/panic/unwind_safe.rs:272:9
[INFO] [stdout]   73:     0x563fe4cb7897 - std::panicking::try::do_call::h9ad4731a60ab23e2
[INFO] [stdout]                                at /rustc/df4ca44d3fbc9301ee17f30f4d474e6ae4b05252/library/std/src/panicking.rs:557:40
[INFO] [stdout]   74:     0x563fe4cb7897 - std::panicking::try::h3824d23db772a716
[INFO] [stdout]                                at /rustc/df4ca44d3fbc9301ee17f30f4d474e6ae4b05252/library/std/src/panicking.rs:520:19
[INFO] [stdout]   75:     0x563fe4cb7897 - std::panic::catch_unwind::h5afd514605fde46b
[INFO] [stdout]                                at /rustc/df4ca44d3fbc9301ee17f30f4d474e6ae4b05252/library/std/src/panic.rs:358:14
[INFO] [stdout]   76:     0x563fe4cb7897 - test::run_test_in_process::h0d5cbfa7067d1720
[INFO] [stdout]                                at /rustc/df4ca44d3fbc9301ee17f30f4d474e6ae4b05252/library/test/src/lib.rs:644:27
[INFO] [stdout]   77:     0x563fe4cb7897 - test::run_test::{{closure}}::h708eb8872708115d
[INFO] [stdout]                                at /rustc/df4ca44d3fbc9301ee17f30f4d474e6ae4b05252/library/test/src/lib.rs:565:43
[INFO] [stdout]   78:     0x563fe4c7afb4 - test::run_test::{{closure}}::h392c51cee94713ab
[INFO] [stdout]                                at /rustc/df4ca44d3fbc9301ee17f30f4d474e6ae4b05252/library/test/src/lib.rs:595:41
[INFO] [stdout]   79:     0x563fe4c7afb4 - std::sys::backtrace::__rust_begin_short_backtrace::h2f40290710935a8b
[INFO] [stdout]                                at /rustc/df4ca44d3fbc9301ee17f30f4d474e6ae4b05252/library/std/src/sys/backtrace.rs:154:18
[INFO] [stdout]   80:     0x563fe4c7e75e - std::thread::Builder::spawn_unchecked_::{{closure}}::{{closure}}::h3fd968d89053a903
[INFO] [stdout]                                at /rustc/df4ca44d3fbc9301ee17f30f4d474e6ae4b05252/library/std/src/thread/mod.rs:541:17
[INFO] [stdout]   81:     0x563fe4c7e75e - <core::panic::unwind_safe::AssertUnwindSafe<F> as core::ops::function::FnOnce<()>>::call_once::h743f637ba4229880
[INFO] [stdout]                                at /rustc/df4ca44d3fbc9301ee17f30f4d474e6ae4b05252/library/core/src/panic/unwind_safe.rs:272:9
[INFO] [stdout]   82:     0x563fe4c7e75e - std::panicking::try::do_call::h07440897322525a6
[INFO] [stdout]                                at /rustc/df4ca44d3fbc9301ee17f30f4d474e6ae4b05252/library/std/src/panicking.rs:557:40
[INFO] [stdout]   83:     0x563fe4c7e75e - std::panicking::try::he5a2e00188156637
[INFO] [stdout]                                at /rustc/df4ca44d3fbc9301ee17f30f4d474e6ae4b05252/library/std/src/panicking.rs:520:19
[INFO] [stdout]   84:     0x563fe4c7e75e - std::panic::catch_unwind::hbaf3cae49b3c6433
[INFO] [stdout]                                at /rustc/df4ca44d3fbc9301ee17f30f4d474e6ae4b05252/library/std/src/panic.rs:358:14
[INFO] [stdout]   85:     0x563fe4c7e75e - std::thread::Builder::spawn_unchecked_::{{closure}}::h8e141ea224820bce
[INFO] [stdout]                                at /rustc/df4ca44d3fbc9301ee17f30f4d474e6ae4b05252/library/std/src/thread/mod.rs:540:30
[INFO] [stdout]   86:     0x563fe4c7e75e - core::ops::function::FnOnce::call_once{{vtable.shim}}::h90d312fedd7b8ea8
[INFO] [stdout]                                at /rustc/df4ca44d3fbc9301ee17f30f4d474e6ae4b05252/library/core/src/ops/function.rs:250:5
[INFO] [stdout]   87:     0x563fe559382b - <alloc::boxed::Box<F,A> as core::ops::function::FnOnce<Args>>::call_once::h69aa08ddb6adb8b6
[INFO] [stdout]                                at /rustc/df4ca44d3fbc9301ee17f30f4d474e6ae4b05252/library/alloc/src/boxed.rs:2454:9
[INFO] [stdout]   88:     0x563fe559382b - <alloc::boxed::Box<F,A> as core::ops::function::FnOnce<Args>>::call_once::h5aa36efdb79c806f
[INFO] [stdout]                                at /rustc/df4ca44d3fbc9301ee17f30f4d474e6ae4b05252/library/alloc/src/boxed.rs:2454:9
[INFO] [stdout]   89:     0x563fe559382b - std::sys::pal::unix::thread::Thread::new::thread_start::h6cd80a1b4be5158d
[INFO] [stdout]                                at /rustc/df4ca44d3fbc9301ee17f30f4d474e6ae4b05252/library/std/src/sys/pal/unix/thread.rs:105:17
[INFO] [stdout]   90:     0x7065c7baeac3 - <unknown>
[INFO] [stdout]   91:     0x7065c7c3fa04 - clone
[INFO] [stdout]   92:                0x0 - <unknown>
[INFO] [stdout] 
[INFO] [stdout] ---- client_receives_http_logs_from_local_server stdout ----
[INFO] [stdout] thread 'client_receives_http_logs_from_local_server' panicked at /opt/rustwide/cargo-home/registry/src/index.crates.io-6f17d22bba15001f/once_cell-1.20.2/src/lib.rs:1311:25:
[INFO] [stdout] Lazy instance has previously been poisoned
[INFO] [stdout] stack backtrace:
[INFO] [stdout]    0:     0x563fe558d8fa - std::backtrace_rs::backtrace::libunwind::trace::h207520d6e9873551
[INFO] [stdout]                                at /rustc/df4ca44d3fbc9301ee17f30f4d474e6ae4b05252/library/std/src/../../backtrace/src/backtrace/libunwind.rs:116:5
[INFO] [stdout]    1:     0x563fe558d8fa - std::backtrace_rs::backtrace::trace_unsynchronized::h2ed7433f370e3eca
[INFO] [stdout]                                at /rustc/df4ca44d3fbc9301ee17f30f4d474e6ae4b05252/library/std/src/../../backtrace/src/backtrace/mod.rs:66:5
[INFO] [stdout]    2:     0x563fe558d8fa - std::sys::backtrace::_print_fmt::h916fac51166b18d7
[INFO] [stdout]                                at /rustc/df4ca44d3fbc9301ee17f30f4d474e6ae4b05252/library/std/src/sys/backtrace.rs:66:9
[INFO] [stdout]    3:     0x563fe558d8fa - <std::sys::backtrace::BacktraceLock::print::DisplayBacktrace as core::fmt::Display>::fmt::ha0a4c9b8ce3802e6
[INFO] [stdout]                                at /rustc/df4ca44d3fbc9301ee17f30f4d474e6ae4b05252/library/std/src/sys/backtrace.rs:39:26
[INFO] [stdout]    4:     0x563fe55b8793 - core::fmt::rt::Argument::fmt::h4cfc8587d52b3eb5
[INFO] [stdout]                                at /rustc/df4ca44d3fbc9301ee17f30f4d474e6ae4b05252/library/core/src/fmt/rt.rs:177:76
[INFO] [stdout]    5:     0x563fe55b8793 - core::fmt::write::h522cc39e5b36ae9f
[INFO] [stdout]                                at /rustc/df4ca44d3fbc9301ee17f30f4d474e6ae4b05252/library/core/src/fmt/mod.rs:1190:21
[INFO] [stdout]    6:     0x563fe5589783 - std::io::Write::write_fmt::h7d3c26752da97734
[INFO] [stdout]                                at /rustc/df4ca44d3fbc9301ee17f30f4d474e6ae4b05252/library/std/src/io/mod.rs:1839:15
[INFO] [stdout]    7:     0x563fe558d742 - std::sys::backtrace::BacktraceLock::print::h4b9e00b29e9c0942
[INFO] [stdout]                                at /rustc/df4ca44d3fbc9301ee17f30f4d474e6ae4b05252/library/std/src/sys/backtrace.rs:42:9
[INFO] [stdout]    8:     0x563fe558ed8a - std::panicking::default_hook::{{closure}}::hb59b88280d0324d9
[INFO] [stdout]                                at /rustc/df4ca44d3fbc9301ee17f30f4d474e6ae4b05252/library/std/src/panicking.rs:268:22
[INFO] [stdout]    9:     0x563fe558eb94 - std::panicking::default_hook::he1dd496665be4a29
[INFO] [stdout]                                at /rustc/df4ca44d3fbc9301ee17f30f4d474e6ae4b05252/library/std/src/panicking.rs:292:9
[INFO] [stdout]   10:     0x563fe4cb3649 - <alloc::boxed::Box<F,A> as core::ops::function::Fn<Args>>::call::h4ff71de18744e1dc
[INFO] [stdout]                                at /rustc/df4ca44d3fbc9301ee17f30f4d474e6ae4b05252/library/alloc/src/boxed.rs:2468:9
[INFO] [stdout]   11:     0x563fe4cb3649 - test::test_main::{{closure}}::hcf7c055ce117aa81
[INFO] [stdout]                                at /rustc/df4ca44d3fbc9301ee17f30f4d474e6ae4b05252/library/test/src/lib.rs:133:21
[INFO] [stdout]   12:     0x563fe558f488 - <alloc::boxed::Box<F,A> as core::ops::function::Fn<Args>>::call::h1d66c6bbd60c9692
[INFO] [stdout]                                at /rustc/df4ca44d3fbc9301ee17f30f4d474e6ae4b05252/library/alloc/src/boxed.rs:2468:9
[INFO] [stdout]   13:     0x563fe558f488 - std::panicking::rust_panic_with_hook::h2ff17fe8f26dfcf8
[INFO] [stdout]                                at /rustc/df4ca44d3fbc9301ee17f30f4d474e6ae4b05252/library/std/src/panicking.rs:809:13
[INFO] [stdout]   14:     0x563fe558f216 - std::panicking::begin_panic_handler::{{closure}}::h4fad77951c07e101
[INFO] [stdout]                                at /rustc/df4ca44d3fbc9301ee17f30f4d474e6ae4b05252/library/std/src/panicking.rs:667:13
[INFO] [stdout]   15:     0x563fe558ddd9 - std::sys::backtrace::__rust_end_short_backtrace::hb1a25b3da5d0ea08
[INFO] [stdout]                                at /rustc/df4ca44d3fbc9301ee17f30f4d474e6ae4b05252/library/std/src/sys/backtrace.rs:170:18
[INFO] [stdout]   16:     0x563fe558eedc - rust_begin_unwind
[INFO] [stdout]                                at /rustc/df4ca44d3fbc9301ee17f30f4d474e6ae4b05252/library/std/src/panicking.rs:665:5
[INFO] [stdout]   17:     0x563fe55b6940 - core::panicking::panic_fmt::ha9db07b529f9b256
[INFO] [stdout]                                at /rustc/df4ca44d3fbc9301ee17f30f4d474e6ae4b05252/library/core/src/panicking.rs:75:14
[INFO] [stdout]   18:     0x563fe4c5cd62 - once_cell::sync::Lazy<T,F>::force::{{closure}}::hca7ae56d40440e81
[INFO] [stdout]                                at /opt/rustwide/cargo-home/registry/src/index.crates.io-6f17d22bba15001f/once_cell-1.20.2/src/lib.rs:1311:25
[INFO] [stdout]   19:     0x563fe4c5cdd2 - once_cell::sync::OnceCell<T>::get_or_init::{{closure}}::h3c36805ff1ff6b21
[INFO] [stdout]                                at /opt/rustwide/cargo-home/registry/src/index.crates.io-6f17d22bba15001f/once_cell-1.20.2/src/lib.rs:1120:57
[INFO] [stdout]   20:     0x563fe4c30420 - once_cell::imp::OnceCell<T>::initialize::{{closure}}::hc0f46410ab48a825
[INFO] [stdout]                                at /opt/rustwide/cargo-home/registry/src/index.crates.io-6f17d22bba15001f/once_cell-1.20.2/src/imp_std.rs:72:23
[INFO] [stdout]   21:     0x563fe54af846 - core::ops::function::impls::<impl core::ops::function::FnMut<A> for &mut F>::call_mut::h630626bc5af11037
[INFO] [stdout]                                at /rustc/df4ca44d3fbc9301ee17f30f4d474e6ae4b05252/library/core/src/ops/function.rs:294:13
[INFO] [stdout]   22:     0x563fe54b0e81 - once_cell::imp::initialize_or_wait::hc00a25f04c62a9e8
[INFO] [stdout]                                at /opt/rustwide/cargo-home/registry/src/index.crates.io-6f17d22bba15001f/once_cell-1.20.2/src/imp_std.rs:196:20
[INFO] [stdout]   23:     0x563fe4c303d6 - once_cell::imp::OnceCell<T>::initialize::h828c16ac433fecf8
[INFO] [stdout]                                at /opt/rustwide/cargo-home/registry/src/index.crates.io-6f17d22bba15001f/once_cell-1.20.2/src/imp_std.rs:68:9
[INFO] [stdout]   24:     0x563fe4c5cea7 - once_cell::sync::OnceCell<T>::get_or_try_init::h8f338473504b652c
[INFO] [stdout]                                at /opt/rustwide/cargo-home/registry/src/index.crates.io-6f17d22bba15001f/once_cell-1.20.2/src/lib.rs:1161:13
[INFO] [stdout]   25:     0x563fe4c5cd93 - once_cell::sync::OnceCell<T>::get_or_init::h05f13e07be3aabac
[INFO] [stdout]                                at /opt/rustwide/cargo-home/registry/src/index.crates.io-6f17d22bba15001f/once_cell-1.20.2/src/lib.rs:1120:19
[INFO] [stdout]   26:     0x563fe4c5cce0 - once_cell::sync::Lazy<T,F>::force::h18eab379d77ed82f
[INFO] [stdout]                                at /opt/rustwide/cargo-home/registry/src/index.crates.io-6f17d22bba15001f/once_cell-1.20.2/src/lib.rs:1309:13
[INFO] [stdout]   27:     0x563fe4c2762a - async_std_client_tests::shared::utils::shared_utils::get_local_server::h65bdd4fa943c6e5d
[INFO] [stdout]                                at /opt/rustwide/workdir/tests/shared/utils/shared_utils.rs:66:5
[INFO] [stdout]   28:     0x563fe4c268b9 - async_std_client_tests::shared::utils::local_utils::try_register_to_local_server::{{closure}}::h4adee76b8acadf42
[INFO] [stdout]                                at /opt/rustwide/workdir/tests/shared/utils/local_utils.rs:13:24
[INFO] [stdout]   29:     0x563fe4c5128e - async_std_client_tests::shared::local_tests::client_receives_http_logs_from_local_server::{{closure}}::h8498957296447be9
[INFO] [stdout]                                at /opt/rustwide/workdir/tests/shared/local_tests.rs:32:62
[INFO] [stdout]   30:     0x563fe4c29e00 - async_std_client_tests::client_receives_http_logs_from_local_server::{{closure}}::h051580065c49972f
[INFO] [stdout]                                at /opt/rustwide/workdir/tests/async_std_client_tests.rs:50:59
[INFO] [stdout]   31:     0x563fe4c520f2 - <async_std::task::builder::SupportTaskLocals<F> as core::future::future::Future>::poll::{{closure}}::hc9ff076ffb391e51
[INFO] [stdout]                                at /opt/rustwide/cargo-home/registry/src/index.crates.io-6f17d22bba15001f/async-std-1.13.0/src/task/builder.rs:199:17
[INFO] [stdout]   32:     0x563fe4c2efac - async_std::task::task_locals_wrapper::TaskLocalsWrapper::set_current::{{closure}}::h0ca00b9b7614305f
[INFO] [stdout]                                at /opt/rustwide/cargo-home/registry/src/index.crates.io-6f17d22bba15001f/async-std-1.13.0/src/task/task_locals_wrapper.rs:60:13
[INFO] [stdout]   33:     0x563fe4bf790a - std::thread::local::LocalKey<T>::try_with::h88e33af7a0ffaa3a
[INFO] [stdout]                                at /rustc/df4ca44d3fbc9301ee17f30f4d474e6ae4b05252/library/std/src/thread/local.rs:283:12
[INFO] [stdout]   34:     0x563fe4bf40da - std::thread::local::LocalKey<T>::with::hde6b1423d9a0ac92
[INFO] [stdout]                                at /rustc/df4ca44d3fbc9301ee17f30f4d474e6ae4b05252/library/std/src/thread/local.rs:260:9
[INFO] [stdout]   35:     0x563fe4c2ecb8 - async_std::task::task_locals_wrapper::TaskLocalsWrapper::set_current::h801f10e4adae495e
[INFO] [stdout]                                at /opt/rustwide/cargo-home/registry/src/index.crates.io-6f17d22bba15001f/async-std-1.13.0/src/task/task_locals_wrapper.rs:55:9
[INFO] [stdout]   36:     0x563fe4c51eaa - <async_std::task::builder::SupportTaskLocals<F> as core::future::future::Future>::poll::h715312bc4c285e62
[INFO] [stdout]                                at /opt/rustwide/cargo-home/registry/src/index.crates.io-6f17d22bba15001f/async-std-1.13.0/src/task/builder.rs:197:13
[INFO] [stdout]   37:     0x563fe4c44fe4 - <futures_lite::future::Or<F1,F2> as core::future::future::Future>::poll::heca686ff0e6bc203
[INFO] [stdout]                                at /opt/rustwide/cargo-home/registry/src/index.crates.io-6f17d22bba15001f/futures-lite-2.4.0/src/future.rs:454:33
[INFO] [stdout]   38:     0x563fe4c5f627 - async_executor::State::run::{{closure}}::h2f2716243da1509a
[INFO] [stdout]                                at /opt/rustwide/cargo-home/registry/src/index.crates.io-6f17d22bba15001f/async-executor-1.13.1/src/lib.rs:748:32
[INFO] [stdout]   39:     0x563fe4c62fac - async_executor::Executor::run::{{closure}}::h707abc7f5408b5d7
[INFO] [stdout]                                at /opt/rustwide/cargo-home/registry/src/index.crates.io-6f17d22bba15001f/async-executor-1.13.1/src/lib.rs:344:34
[INFO] [stdout]   40:     0x563fe4c5d9ff - async_executor::LocalExecutor::run::{{closure}}::h6125f148ea2af1bc
[INFO] [stdout]                                at /opt/rustwide/cargo-home/registry/src/index.crates.io-6f17d22bba15001f/async-executor-1.13.1/src/lib.rs:648:34
[INFO] [stdout]   41:     0x563fe4c115b0 - async_io::driver::block_on::{{closure}}::h63ddf88b56ad263b
[INFO] [stdout]                                at /opt/rustwide/cargo-home/registry/src/index.crates.io-6f17d22bba15001f/async-io-2.3.4/src/driver.rs:199:37
[INFO] [stdout]   42:     0x563fe4bf7ce5 - std::thread::local::LocalKey<T>::try_with::h90add04c4760d755
[INFO] [stdout]                                at /rustc/df4ca44d3fbc9301ee17f30f4d474e6ae4b05252/library/std/src/thread/local.rs:283:12
[INFO] [stdout]   43:     0x563fe4bf36fa - std::thread::local::LocalKey<T>::with::h53eedb4fb4ef93d6
[INFO] [stdout]                                at /rustc/df4ca44d3fbc9301ee17f30f4d474e6ae4b05252/library/std/src/thread/local.rs:260:9
[INFO] [stdout]   44:     0x563fe4c0381b - async_io::driver::block_on::h8a078418ebbb2f1d
[INFO] [stdout]                                at /opt/rustwide/cargo-home/registry/src/index.crates.io-6f17d22bba15001f/async-io-2.3.4/src/driver.rs:175:5
[INFO] [stdout]   45:     0x563fe4c4c4d1 - async_global_executor::reactor::block_on::{{closure}}::h5cc90043123fe28e
[INFO] [stdout]                                at /opt/rustwide/cargo-home/registry/src/index.crates.io-6f17d22bba15001f/async-global-executor-2.4.1/src/reactor.rs:3:18
[INFO] [stdout]   46:     0x563fe4c4c291 - async_global_executor::reactor::block_on::h7929768124ad5879
[INFO] [stdout]                                at /opt/rustwide/cargo-home/registry/src/index.crates.io-6f17d22bba15001f/async-global-executor-2.4.1/src/reactor.rs:12:5
[INFO] [stdout]   47:     0x563fe4c42f1b - async_global_executor::executor::block_on::{{closure}}::h3d6016562f9aff49
[INFO] [stdout]                                at /opt/rustwide/cargo-home/registry/src/index.crates.io-6f17d22bba15001f/async-global-executor-2.4.1/src/executor.rs:26:36
[INFO] [stdout]   48:     0x563fe4bf5dd7 - std::thread::local::LocalKey<T>::try_with::h41f1c10ecb92b3ff
[INFO] [stdout]                                at /rustc/df4ca44d3fbc9301ee17f30f4d474e6ae4b05252/library/std/src/thread/local.rs:283:12
[INFO] [stdout]   49:     0x563fe4bf343a - std::thread::local::LocalKey<T>::with::h2e44a6bbb5e17abf
[INFO] [stdout]                                at /rustc/df4ca44d3fbc9301ee17f30f4d474e6ae4b05252/library/std/src/thread/local.rs:260:9
[INFO] [stdout]   50:     0x563fe4c42d0a - async_global_executor::executor::block_on::h5a9e4f83228f47a3
[INFO] [stdout]                                at /opt/rustwide/cargo-home/registry/src/index.crates.io-6f17d22bba15001f/async-global-executor-2.4.1/src/executor.rs:26:5
[INFO] [stdout]   51:     0x563fe4c5cb4c - async_std::task::builder::Builder::blocking::{{closure}}::{{closure}}::hbebfc7bbd0160e7e
[INFO] [stdout]                                at /opt/rustwide/cargo-home/registry/src/index.crates.io-6f17d22bba15001f/async-std-1.13.0/src/task/builder.rs:171:25
[INFO] [stdout]   52:     0x563fe4c2fa3a - async_std::task::task_locals_wrapper::TaskLocalsWrapper::set_current::{{closure}}::h7c5cc58b66a7f52b
[INFO] [stdout]                                at /opt/rustwide/cargo-home/registry/src/index.crates.io-6f17d22bba15001f/async-std-1.13.0/src/task/task_locals_wrapper.rs:60:13
[INFO] [stdout]   53:     0x563fe4bf8505 - std::thread::local::LocalKey<T>::try_with::hbdc9db6b7020247e
[INFO] [stdout]                                at /rustc/df4ca44d3fbc9301ee17f30f4d474e6ae4b05252/library/std/src/thread/local.rs:283:12
[INFO] [stdout]   54:     0x563fe4bf382a - std::thread::local::LocalKey<T>::with::h625426deaf632522
[INFO] [stdout]                                at /rustc/df4ca44d3fbc9301ee17f30f4d474e6ae4b05252/library/std/src/thread/local.rs:260:9
[INFO] [stdout]   55:     0x563fe4c2ebda - async_std::task::task_locals_wrapper::TaskLocalsWrapper::set_current::h4953f6fce2b3057b
[INFO] [stdout]                                at /opt/rustwide/cargo-home/registry/src/index.crates.io-6f17d22bba15001f/async-std-1.13.0/src/task/task_locals_wrapper.rs:55:9
[INFO] [stdout]   56:     0x563fe4c5c3be - async_std::task::builder::Builder::blocking::{{closure}}::hd321f2176e3b25dd
[INFO] [stdout]                                at /opt/rustwide/cargo-home/registry/src/index.crates.io-6f17d22bba15001f/async-std-1.13.0/src/task/builder.rs:168:17
[INFO] [stdout]   57:     0x563fe4bf8037 - std::thread::local::LocalKey<T>::try_with::h97d06103b6c14bb9
[INFO] [stdout]                                at /rustc/df4ca44d3fbc9301ee17f30f4d474e6ae4b05252/library/std/src/thread/local.rs:283:12
[INFO] [stdout]   58:     0x563fe4bf385a - std::thread::local::LocalKey<T>::with::h661f5d680c56cbaa
[INFO] [stdout]                                at /rustc/df4ca44d3fbc9301ee17f30f4d474e6ae4b05252/library/std/src/thread/local.rs:260:9
[INFO] [stdout]   59:     0x563fe4c5b0fb - async_std::task::builder::Builder::blocking::h839318f0e825e624
[INFO] [stdout]                                at /opt/rustwide/cargo-home/registry/src/index.crates.io-6f17d22bba15001f/async-std-1.13.0/src/task/builder.rs:161:9
[INFO] [stdout]   60:     0x563fe4c5066c - async_std::task::block_on::block_on::he3471d1f3fba530e
[INFO] [stdout]                                at /opt/rustwide/cargo-home/registry/src/index.crates.io-6f17d22bba15001f/async-std-1.13.0/src/task/block_on.rs:33:5
[INFO] [stdout]   61:     0x563fe4c29ca7 - async_std_client_tests::client_receives_http_logs_from_local_server::h5674d8e874d98cc2
[INFO] [stdout]                                at /opt/rustwide/workdir/tests/async_std_client_tests.rs:48:1
[INFO] [stdout]   62:     0x563fe4c29c77 - async_std_client_tests::client_receives_http_logs_from_local_server::{{closure}}::hd1364f7608516215
[INFO] [stdout]                                at /opt/rustwide/workdir/tests/async_std_client_tests.rs:48:19
[INFO] [stdout]   63:     0x563fe4bf9ce6 - core::ops::function::FnOnce::call_once::h055b9e4d9f7a1a71
[INFO] [stdout]                                at /rustc/df4ca44d3fbc9301ee17f30f4d474e6ae4b05252/library/core/src/ops/function.rs:250:5
[INFO] [stdout]   64:     0x563fe4cb7f1b - core::ops::function::FnOnce::call_once::h22c3ba5715e93f05
[INFO] [stdout]                                at /rustc/df4ca44d3fbc9301ee17f30f4d474e6ae4b05252/library/core/src/ops/function.rs:250:5
[INFO] [stdout]   65:     0x563fe4cb7f1b - test::__rust_begin_short_backtrace::h8e82d8113d0da17f
[INFO] [stdout]                                at /rustc/df4ca44d3fbc9301ee17f30f4d474e6ae4b05252/library/test/src/lib.rs:621:18
[INFO] [stdout]   66:     0x563fe4cb7897 - test::run_test_in_process::{{closure}}::h33235f4f20b7b7c7
[INFO] [stdout]                                at /rustc/df4ca44d3fbc9301ee17f30f4d474e6ae4b05252/library/test/src/lib.rs:644:60
[INFO] [stdout]   67:     0x563fe4cb7897 - <core::panic::unwind_safe::AssertUnwindSafe<F> as core::ops::function::FnOnce<()>>::call_once::hb5043206310c586f
[INFO] [stdout]                                at /rustc/df4ca44d3fbc9301ee17f30f4d474e6ae4b05252/library/core/src/panic/unwind_safe.rs:272:9
[INFO] [stdout]   68:     0x563fe4cb7897 - std::panicking::try::do_call::h9ad4731a60ab23e2
[INFO] [stdout]                                at /rustc/df4ca44d3fbc9301ee17f30f4d474e6ae4b05252/library/std/src/panicking.rs:557:40
[INFO] [stdout]   69:     0x563fe4cb7897 - std::panicking::try::h3824d23db772a716
[INFO] [stdout]                                at /rustc/df4ca44d3fbc9301ee17f30f4d474e6ae4b05252/library/std/src/panicking.rs:520:19
[INFO] [stdout]   70:     0x563fe4cb7897 - std::panic::catch_unwind::h5afd514605fde46b
[INFO] [stdout]                                at /rustc/df4ca44d3fbc9301ee17f30f4d474e6ae4b05252/library/std/src/panic.rs:358:14
[INFO] [stdout]   71:     0x563fe4cb7897 - test::run_test_in_process::h0d5cbfa7067d1720
[INFO] [stdout]                                at /rustc/df4ca44d3fbc9301ee17f30f4d474e6ae4b05252/library/test/src/lib.rs:644:27
[INFO] [stdout]   72:     0x563fe4cb7897 - test::run_test::{{closure}}::h708eb8872708115d
[INFO] [stdout]                                at /rustc/df4ca44d3fbc9301ee17f30f4d474e6ae4b05252/library/test/src/lib.rs:565:43
[INFO] [stdout]   73:     0x563fe4c7afb4 - test::run_test::{{closure}}::h392c51cee94713ab
[INFO] [stdout]                                at /rustc/df4ca44d3fbc9301ee17f30f4d474e6ae4b05252/library/test/src/lib.rs:595:41
[INFO] [stdout]   74:     0x563fe4c7afb4 - std::sys::backtrace::__rust_begin_short_backtrace::h2f40290710935a8b
[INFO] [stdout]                                at /rustc/df4ca44d3fbc9301ee17f30f4d474e6ae4b05252/library/std/src/sys/backtrace.rs:154:18
[INFO] [stdout]   75:     0x563fe4c7e75e - std::thread::Builder::spawn_unchecked_::{{closure}}::{{closure}}::h3fd968d89053a903
[INFO] [stdout]                                at /rustc/df4ca44d3fbc9301ee17f30f4d474e6ae4b05252/library/std/src/thread/mod.rs:541:17
[INFO] [stdout]   76:     0x563fe4c7e75e - <core::panic::unwind_safe::AssertUnwindSafe<F> as core::ops::function::FnOnce<()>>::call_once::h743f637ba4229880
[INFO] [stdout]                                at /rustc/df4ca44d3fbc9301ee17f30f4d474e6ae4b05252/library/core/src/panic/unwind_safe.rs:272:9
[INFO] [stdout]   77:     0x563fe4c7e75e - std::panicking::try::do_call::h07440897322525a6
[INFO] [stdout]                                at /rustc/df4ca44d3fbc9301ee17f30f4d474e6ae4b05252/library/std/src/panicking.rs:557:40
[INFO] [stdout]   78:     0x563fe4c7e75e - std::panicking::try::he5a2e00188156637
[INFO] [stdout]                                at /rustc/df4ca44d3fbc9301ee17f30f4d474e6ae4b05252/library/std/src/panicking.rs:520:19
[INFO] [stdout]   79:     0x563fe4c7e75e - std::panic::catch_unwind::hbaf3cae49b3c6433
[INFO] [stdout]                                at /rustc/df4ca44d3fbc9301ee17f30f4d474e6ae4b05252/library/std/src/panic.rs:358:14
[INFO] [stdout]   80:     0x563fe4c7e75e - std::thread::Builder::spawn_unchecked_::{{closure}}::h8e141ea224820bce
[INFO] [stdout]                                at /rustc/df4ca44d3fbc9301ee17f30f4d474e6ae4b05252/library/std/src/thread/mod.rs:540:30
[INFO] [stdout]   81:     0x563fe4c7e75e - core::ops::function::FnOnce::call_once{{vtable.shim}}::h90d312fedd7b8ea8
[INFO] [stdout]                                at /rustc/df4ca44d3fbc9301ee17f30f4d474e6ae4b05252/library/core/src/ops/function.rs:250:5
[INFO] [stdout]   82:     0x563fe559382b - <alloc::boxed::Box<F,A> as core::ops::function::FnOnce<Args>>::call_once::h69aa08ddb6adb8b6
[INFO] [stdout]                                at /rustc/df4ca44d3fbc9301ee17f30f4d474e6ae4b05252/library/alloc/src/boxed.rs:2454:9
[INFO] [stdout]   83:     0x563fe559382b - <alloc::boxed::Box<F,A> as core::ops::function::FnOnce<Args>>::call_once::h5aa36efdb79c806f
[INFO] [stdout]                                at /rustc/df4ca44d3fbc9301ee17f30f4d474e6ae4b05252/library/alloc/src/boxed.rs:2454:9
[INFO] [stdout]   84:     0x563fe559382b - std::sys::pal::unix::thread::Thread::new::thread_start::h6cd80a1b4be5158d
[INFO] [stdout]                                at /rustc/df4ca44d3fbc9301ee17f30f4d474e6ae4b05252/library/std/src/sys/pal/unix/thread.rs:105:17
[INFO] [stdout]   85:     0x7065c7baeac3 - <unknown>
[INFO] [stdout]   86:     0x7065c7c3fa04 - clone
[INFO] [stdout]   87:                0x0 - <unknown>
[INFO] [stdout] 
[INFO] [stdout] ---- client_polls_local_server_successfully stdout ----
[INFO] [stdout] thread 'client_polls_local_server_successfully' panicked at /opt/rustwide/cargo-home/registry/src/index.crates.io-6f17d22bba15001f/once_cell-1.20.2/src/lib.rs:1311:25:
[INFO] [stdout] Lazy instance has previously been poisoned
[INFO] [stdout] stack backtrace:
[INFO] [stdout]    0:     0x563fe558d8fa - std::backtrace_rs::backtrace::libunwind::trace::h207520d6e9873551
[INFO] [stdout]                                at /rustc/df4ca44d3fbc9301ee17f30f4d474e6ae4b05252/library/std/src/../../backtrace/src/backtrace/libunwind.rs:116:5
[INFO] [stdout]    1:     0x563fe558d8fa - std::backtrace_rs::backtrace::trace_unsynchronized::h2ed7433f370e3eca
[INFO] [stdout]                                at /rustc/df4ca44d3fbc9301ee17f30f4d474e6ae4b05252/library/std/src/../../backtrace/src/backtrace/mod.rs:66:5
[INFO] [stdout]    2:     0x563fe558d8fa - std::sys::backtrace::_print_fmt::h916fac51166b18d7
[INFO] [stdout]                                at /rustc/df4ca44d3fbc9301ee17f30f4d474e6ae4b05252/library/std/src/sys/backtrace.rs:66:9
[INFO] [stdout]    3:     0x563fe558d8fa - <std::sys::backtrace::BacktraceLock::print::DisplayBacktrace as core::fmt::Display>::fmt::ha0a4c9b8ce3802e6
[INFO] [stdout]                                at /rustc/df4ca44d3fbc9301ee17f30f4d474e6ae4b05252/library/std/src/sys/backtrace.rs:39:26
[INFO] [stdout]    4:     0x563fe55b8793 - core::fmt::rt::Argument::fmt::h4cfc8587d52b3eb5
[INFO] [stdout]                                at /rustc/df4ca44d3fbc9301ee17f30f4d474e6ae4b05252/library/core/src/fmt/rt.rs:177:76
[INFO] [stdout]    5:     0x563fe55b8793 - core::fmt::write::h522cc39e5b36ae9f
[INFO] [stdout]                                at /rustc/df4ca44d3fbc9301ee17f30f4d474e6ae4b05252/library/core/src/fmt/mod.rs:1190:21
[INFO] [stdout]    6:     0x563fe5589783 - std::io::Write::write_fmt::h7d3c26752da97734
[INFO] [stdout]                                at /rustc/df4ca44d3fbc9301ee17f30f4d474e6ae4b05252/library/std/src/io/mod.rs:1839:15
[INFO] [stdout]    7:     0x563fe558d742 - std::sys::backtrace::BacktraceLock::print::h4b9e00b29e9c0942
[INFO] [stdout]                                at /rustc/df4ca44d3fbc9301ee17f30f4d474e6ae4b05252/library/std/src/sys/backtrace.rs:42:9
[INFO] [stdout]    8:     0x563fe558ed8a - std::panicking::default_hook::{{closure}}::hb59b88280d0324d9
[INFO] [stdout]                                at /rustc/df4ca44d3fbc9301ee17f30f4d474e6ae4b05252/library/std/src/panicking.rs:268:22
[INFO] [stdout]    9:     0x563fe558eb94 - std::panicking::default_hook::he1dd496665be4a29
[INFO] [stdout]                                at /rustc/df4ca44d3fbc9301ee17f30f4d474e6ae4b05252/library/std/src/panicking.rs:292:9
[INFO] [stdout]   10:     0x563fe4cb3649 - <alloc::boxed::Box<F,A> as core::ops::function::Fn<Args>>::call::h4ff71de18744e1dc
[INFO] [stdout]                                at /rustc/df4ca44d3fbc9301ee17f30f4d474e6ae4b05252/library/alloc/src/boxed.rs:2468:9
[INFO] [stdout]   11:     0x563fe4cb3649 - test::test_main::{{closure}}::hcf7c055ce117aa81
[INFO] [stdout]                                at /rustc/df4ca44d3fbc9301ee17f30f4d474e6ae4b05252/library/test/src/lib.rs:133:21
[INFO] [stdout]   12:     0x563fe558f488 - <alloc::boxed::Box<F,A> as core::ops::function::Fn<Args>>::call::h1d66c6bbd60c9692
[INFO] [stdout]                                at /rustc/df4ca44d3fbc9301ee17f30f4d474e6ae4b05252/library/alloc/src/boxed.rs:2468:9
[INFO] [stdout]   13:     0x563fe558f488 - std::panicking::rust_panic_with_hook::h2ff17fe8f26dfcf8
[INFO] [stdout]                                at /rustc/df4ca44d3fbc9301ee17f30f4d474e6ae4b05252/library/std/src/panicking.rs:809:13
[INFO] [stdout]   14:     0x563fe558f216 - std::panicking::begin_panic_handler::{{closure}}::h4fad77951c07e101
[INFO] [stdout]                                at /rustc/df4ca44d3fbc9301ee17f30f4d474e6ae4b05252/library/std/src/panicking.rs:667:13
[INFO] [stdout]   15:     0x563fe558ddd9 - std::sys::backtrace::__rust_end_short_backtrace::hb1a25b3da5d0ea08
[INFO] [stdout]                                at /rustc/df4ca44d3fbc9301ee17f30f4d474e6ae4b05252/library/std/src/sys/backtrace.rs:170:18
[INFO] [stdout]   16:     0x563fe558eedc - rust_begin_unwind
[INFO] [stdout]                                at /rustc/df4ca44d3fbc9301ee17f30f4d474e6ae4b05252/library/std/src/panicking.rs:665:5
[INFO] [stdout]   17:     0x563fe55b6940 - core::panicking::panic_fmt::ha9db07b529f9b256
[INFO] [stdout]                                at /rustc/df4ca44d3fbc9301ee17f30f4d474e6ae4b05252/library/core/src/panicking.rs:75:14
[INFO] [stdout]   18:     0x563fe4c5cd62 - once_cell::sync::Lazy<T,F>::force::{{closure}}::hca7ae56d40440e81
[INFO] [stdout]                                at /opt/rustwide/cargo-home/registry/src/index.crates.io-6f17d22bba15001f/once_cell-1.20.2/src/lib.rs:1311:25
[INFO] [stdout]   19:     0x563fe4c5cdd2 - once_cell::sync::OnceCell<T>::get_or_init::{{closure}}::h3c36805ff1ff6b21
[INFO] [stdout]                                at /opt/rustwide/cargo-home/registry/src/index.crates.io-6f17d22bba15001f/once_cell-1.20.2/src/lib.rs:1120:57
[INFO] [stdout]   20:     0x563fe4c30420 - once_cell::imp::OnceCell<T>::initialize::{{closure}}::hc0f46410ab48a825
[INFO] [stdout]                                at /opt/rustwide/cargo-home/registry/src/index.crates.io-6f17d22bba15001f/once_cell-1.20.2/src/imp_std.rs:72:23
[INFO] [stdout]   21:     0x563fe54af846 - core::ops::function::impls::<impl core::ops::function::FnMut<A> for &mut F>::call_mut::h630626bc5af11037
[INFO] [stdout]                                at /rustc/df4ca44d3fbc9301ee17f30f4d474e6ae4b05252/library/core/src/ops/function.rs:294:13
[INFO] [stdout]   22:     0x563fe54b0e81 - once_cell::imp::initialize_or_wait::hc00a25f04c62a9e8
[INFO] [stdout]                                at /opt/rustwide/cargo-home/registry/src/index.crates.io-6f17d22bba15001f/once_cell-1.20.2/src/imp_std.rs:196:20
[INFO] [stdout]   23:     0x563fe4c303d6 - once_cell::imp::OnceCell<T>::initialize::h828c16ac433fecf8
[INFO] [stdout]                                at /opt/rustwide/cargo-home/registry/src/index.crates.io-6f17d22bba15001f/once_cell-1.20.2/src/imp_std.rs:68:9
[INFO] [stdout]   24:     0x563fe4c5cea7 - once_cell::sync::OnceCell<T>::get_or_try_init::h8f338473504b652c
[INFO] [stdout]                                at /opt/rustwide/cargo-home/registry/src/index.crates.io-6f17d22bba15001f/once_cell-1.20.2/src/lib.rs:1161:13
[INFO] [stdout]   25:     0x563fe4c5cd93 - once_cell::sync::OnceCell<T>::get_or_init::h05f13e07be3aabac
[INFO] [stdout]                                at /opt/rustwide/cargo-home/registry/src/index.crates.io-6f17d22bba15001f/once_cell-1.20.2/src/lib.rs:1120:19
[INFO] [stdout]   26:     0x563fe4c5cce0 - once_cell::sync::Lazy<T,F>::force::h18eab379d77ed82f
[INFO] [stdout]                                at /opt/rustwide/cargo-home/registry/src/index.crates.io-6f17d22bba15001f/once_cell-1.20.2/src/lib.rs:1309:13
[INFO] [stdout]   27:     0x563fe4c2762a - async_std_client_tests::shared::utils::shared_utils::get_local_server::h65bdd4fa943c6e5d
[INFO] [stdout]                                at /opt/rustwide/workdir/tests/shared/utils/shared_utils.rs:66:5
[INFO] [stdout]   28:     0x563fe4c268b9 - async_std_client_tests::shared::utils::local_utils::try_register_to_local_server::{{closure}}::h4adee76b8acadf42
[INFO] [stdout]                                at /opt/rustwide/workdir/tests/shared/utils/local_utils.rs:13:24
[INFO] [stdout]   29:     0x563fe4c50c60 - async_std_client_tests::shared::local_tests::client_polls_local_server_successfully::{{closure}}::h4d9244d8e626d534
[INFO] [stdout]                                at /opt/rustwide/workdir/tests/shared/local_tests.rs:17:62
[INFO] [stdout]   30:     0x563fe4c29be4 - async_std_client_tests::client_polls_local_server_successfully::{{closure}}::ha9204dcdeb41565e
[INFO] [stdout]                                at /opt/rustwide/workdir/tests/async_std_client_tests.rs:44:54
[INFO] [stdout]   31:     0x563fe4c520b2 - <async_std::task::builder::SupportTaskLocals<F> as core::future::future::Future>::poll::{{closure}}::hb6dd1abb247910f2
[INFO] [stdout]                                at /opt/rustwide/cargo-home/registry/src/index.crates.io-6f17d22bba15001f/async-std-1.13.0/src/task/builder.rs:199:17
[INFO] [stdout]   32:     0x563fe4c2f3ac - async_std::task::task_locals_wrapper::TaskLocalsWrapper::set_current::{{closure}}::h152902dcae5aa0b4
[INFO] [stdout]                                at /opt/rustwide/cargo-home/registry/src/index.crates.io-6f17d22bba15001f/async-std-1.13.0/src/task/task_locals_wrapper.rs:60:13
[INFO] [stdout]   33:     0x563fe4bf602a - std::thread::local::LocalKey<T>::try_with::h4765b88eb0ab54e8
[INFO] [stdout]                                at /rustc/df4ca44d3fbc9301ee17f30f4d474e6ae4b05252/library/std/src/thread/local.rs:283:12
[INFO] [stdout]   34:     0x563fe4bf340a - std::thread::local::LocalKey<T>::with::h2d7ecba1f425ea78
[INFO] [stdout]                                at /rustc/df4ca44d3fbc9301ee17f30f4d474e6ae4b05252/library/std/src/thread/local.rs:260:9
[INFO] [stdout]   35:     0x563fe4c2edc8 - async_std::task::task_locals_wrapper::TaskLocalsWrapper::set_current::hb8c6d63515f83ff2
[INFO] [stdout]                                at /opt/rustwide/cargo-home/registry/src/index.crates.io-6f17d22bba15001f/async-std-1.13.0/src/task/task_locals_wrapper.rs:55:9
[INFO] [stdout]   36:     0x563fe4c51e2a - <async_std::task::builder::SupportTaskLocals<F> as core::future::future::Future>::poll::h200a4ac4584d7e68
[INFO] [stdout]                                at /opt/rustwide/cargo-home/registry/src/index.crates.io-6f17d22bba15001f/async-std-1.13.0/src/task/builder.rs:197:13
[INFO] [stdout]   37:     0x563fe4c44f54 - <futures_lite::future::Or<F1,F2> as core::future::future::Future>::poll::h9f022b0573e0b277
[INFO] [stdout]                                at /opt/rustwide/cargo-home/registry/src/index.crates.io-6f17d22bba15001f/futures-lite-2.4.0/src/future.rs:454:33
[INFO] [stdout]   38:     0x563fe4c5f9e1 - async_executor::State::run::{{closure}}::h69d96e5bf330409d
[INFO] [stdout]                                at /opt/rustwide/cargo-home/registry/src/index.crates.io-6f17d22bba15001f/async-executor-1.13.1/src/lib.rs:748:32
[INFO] [stdout]   39:     0x563fe4c63add - async_executor::Executor::run::{{closure}}::hf5bec4a3ee1cc776
[INFO] [stdout]                                at /opt/rustwide/cargo-home/registry/src/index.crates.io-6f17d22bba15001f/async-executor-1.13.1/src/lib.rs:344:34
[INFO] [stdout]   40:     0x563fe4c5e2b0 - async_executor::LocalExecutor::run::{{closure}}::hc89c5f3608b6785c
[INFO] [stdout]                                at /opt/rustwide/cargo-home/registry/src/index.crates.io-6f17d22bba15001f/async-executor-1.13.1/src/lib.rs:648:34
[INFO] [stdout]   41:     0x563fe4c04f40 - async_io::driver::block_on::{{closure}}::h0eb39aafe34828a4
[INFO] [stdout]                                at /opt/rustwide/cargo-home/registry/src/index.crates.io-6f17d22bba15001f/async-io-2.3.4/src/driver.rs:199:37
[INFO] [stdout]   42:     0x563fe4bf70d6 - std::thread::local::LocalKey<T>::try_with::h6f598d54688f035c
[INFO] [stdout]                                at /rustc/df4ca44d3fbc9301ee17f30f4d474e6ae4b05252/library/std/src/thread/local.rs:283:12
[INFO] [stdout]   43:     0x563fe4bf33da - std::thread::local::LocalKey<T>::with::h2c5081e4f0420ff8
[INFO] [stdout]                                at /rustc/df4ca44d3fbc9301ee17f30f4d474e6ae4b05252/library/std/src/thread/local.rs:260:9
[INFO] [stdout]   44:     0x563fe4c031ab - async_io::driver::block_on::h82da5fc93e1524b8
[INFO] [stdout]                                at /opt/rustwide/cargo-home/registry/src/index.crates.io-6f17d22bba15001f/async-io-2.3.4/src/driver.rs:175:5
[INFO] [stdout]   45:     0x563fe4c4c432 - async_global_executor::reactor::block_on::{{closure}}::h3e2150a66e47db25
[INFO] [stdout]                                at /opt/rustwide/cargo-home/registry/src/index.crates.io-6f17d22bba15001f/async-global-executor-2.4.1/src/reactor.rs:3:18
[INFO] [stdout]   46:     0x563fe4c4c242 - async_global_executor::reactor::block_on::h70e30e472e088889
[INFO] [stdout]                                at /opt/rustwide/cargo-home/registry/src/index.crates.io-6f17d22bba15001f/async-global-executor-2.4.1/src/reactor.rs:12:5
[INFO] [stdout]   47:     0x563fe4c42e9b - async_global_executor::executor::block_on::{{closure}}::h2df75e4a0291def9
[INFO] [stdout]                                at /opt/rustwide/cargo-home/registry/src/index.crates.io-6f17d22bba15001f/async-global-executor-2.4.1/src/executor.rs:26:36
[INFO] [stdout]   48:     0x563fe4bf62a7 - std::thread::local::LocalKey<T>::try_with::h48ae25b40b921d61
[INFO] [stdout]                                at /rustc/df4ca44d3fbc9301ee17f30f4d474e6ae4b05252/library/std/src/thread/local.rs:283:12
[INFO] [stdout]   49:     0x563fe4bf31da - std::thread::local::LocalKey<T>::with::h1459b06a2c242a5b
[INFO] [stdout]                                at /rustc/df4ca44d3fbc9301ee17f30f4d474e6ae4b05252/library/std/src/thread/local.rs:260:9
[INFO] [stdout]   50:     0x563fe4c42d7a - async_global_executor::executor::block_on::h87933a65915e424b
[INFO] [stdout]                                at /opt/rustwide/cargo-home/registry/src/index.crates.io-6f17d22bba15001f/async-global-executor-2.4.1/src/executor.rs:26:5
[INFO] [stdout]   51:     0x563fe4c5cc40 - async_std::task::builder::Builder::blocking::{{closure}}::{{closure}}::he312f322c86b74fc
[INFO] [stdout]                                at /opt/rustwide/cargo-home/registry/src/index.crates.io-6f17d22bba15001f/async-std-1.13.0/src/task/builder.rs:171:25
[INFO] [stdout]   52:     0x563fe4c2fd8a - async_std::task::task_locals_wrapper::TaskLocalsWrapper::set_current::{{closure}}::hde61a6a24bace45d
[INFO] [stdout]                                at /opt/rustwide/cargo-home/registry/src/index.crates.io-6f17d22bba15001f/async-std-1.13.0/src/task/task_locals_wrapper.rs:60:13
[INFO] [stdout]   53:     0x563fe4bf8795 - std::thread::local::LocalKey<T>::try_with::hc13e565df40ffcc2
[INFO] [stdout]                                at /rustc/df4ca44d3fbc9301ee17f30f4d474e6ae4b05252/library/std/src/thread/local.rs:283:12
[INFO] [stdout]   54:     0x563fe4bf359a - std::thread::local::LocalKey<T>::with::h471be720691b0178
[INFO] [stdout]                                at /rustc/df4ca44d3fbc9301ee17f30f4d474e6ae4b05252/library/std/src/thread/local.rs:260:9
[INFO] [stdout]   55:     0x563fe4c2ed3a - async_std::task::task_locals_wrapper::TaskLocalsWrapper::set_current::h89b28e7518da56f6
[INFO] [stdout]                                at /opt/rustwide/cargo-home/registry/src/index.crates.io-6f17d22bba15001f/async-std-1.13.0/src/task/task_locals_wrapper.rs:55:9
[INFO] [stdout]   56:     0x563fe4c5c4fe - async_std::task::builder::Builder::blocking::{{closure}}::he941bbb647b830e1
[INFO] [stdout]                                at /opt/rustwide/cargo-home/registry/src/index.crates.io-6f17d22bba15001f/async-std-1.13.0/src/task/builder.rs:168:17
[INFO] [stdout]   57:     0x563fe4bf8c17 - std::thread::local::LocalKey<T>::try_with::hca372b0cc71f534e
[INFO] [stdout]                                at /rustc/df4ca44d3fbc9301ee17f30f4d474e6ae4b05252/library/std/src/thread/local.rs:283:12
[INFO] [stdout]   58:     0x563fe4bf388a - std::thread::local::LocalKey<T>::with::h6bdb1fa77f2e9bdc
[INFO] [stdout]                                at /rustc/df4ca44d3fbc9301ee17f30f4d474e6ae4b05252/library/std/src/thread/local.rs:260:9
[INFO] [stdout]   59:     0x563fe4c5a8c8 - async_std::task::builder::Builder::blocking::h594740c97a9756f9
[INFO] [stdout]                                at /opt/rustwide/cargo-home/registry/src/index.crates.io-6f17d22bba15001f/async-std-1.13.0/src/task/builder.rs:161:9
[INFO] [stdout]   60:     0x563fe4c503ac - async_std::task::block_on::block_on::h813ee754ecacfacf
[INFO] [stdout]                                at /opt/rustwide/cargo-home/registry/src/index.crates.io-6f17d22bba15001f/async-std-1.13.0/src/task/block_on.rs:33:5
[INFO] [stdout]   61:     0x563fe4c29a97 - async_std_client_tests::client_polls_local_server_successfully::hf3e562235fae77d7
[INFO] [stdout]                                at /opt/rustwide/workdir/tests/async_std_client_tests.rs:42:1
[INFO] [stdout]   62:     0x563fe4c29a67 - async_std_client_tests::client_polls_local_server_successfully::{{closure}}::h482e594a90a5bed6
[INFO] [stdout]                                at /opt/rustwide/workdir/tests/async_std_client_tests.rs:42:19
[INFO] [stdout]   63:     0x563fe4bfa236 - core::ops::function::FnOnce::call_once::h89df2dd12fd425fb
[INFO] [stdout]                                at /rustc/df4ca44d3fbc9301ee17f30f4d474e6ae4b05252/library/core/src/ops/function.rs:250:5
[INFO] [stdout]   64:     0x563fe4cb7f1b - core::ops::function::FnOnce::call_once::h22c3ba5715e93f05
[INFO] [stdout]                                at /rustc/df4ca44d3fbc9301ee17f30f4d474e6ae4b05252/library/core/src/ops/function.rs:250:5
[INFO] [stdout]   65:     0x563fe4cb7f1b - test::__rust_begin_short_backtrace::h8e82d8113d0da17f
[INFO] [stdout]                                at /rustc/df4ca44d3fbc9301ee17f30f4d474e6ae4b05252/library/test/src/lib.rs:621:18
[INFO] [stdout]   66:     0x563fe4cb7897 - test::run_test_in_process::{{closure}}::h33235f4f20b7b7c7
[INFO] [stdout]                                at /rustc/df4ca44d3fbc9301ee17f30f4d474e6ae4b05252/library/test/src/lib.rs:644:60
[INFO] [stdout]   67:     0x563fe4cb7897 - <core::panic::unwind_safe::AssertUnwindSafe<F> as core::ops::function::FnOnce<()>>::call_once::hb5043206310c586f
[INFO] [stdout]                                at /rustc/df4ca44d3fbc9301ee17f30f4d474e6ae4b05252/library/core/src/panic/unwind_safe.rs:272:9
[INFO] [stdout]   68:     0x563fe4cb7897 - std::panicking::try::do_call::h9ad4731a60ab23e2
[INFO] [stdout]                                at /rustc/df4ca44d3fbc9301ee17f30f4d474e6ae4b05252/library/std/src/panicking.rs:557:40
[INFO] [stdout]   69:     0x563fe4cb7897 - std::panicking::try::h3824d23db772a716
[INFO] [stdout]                                at /rustc/df4ca44d3fbc9301ee17f30f4d474e6ae4b05252/library/std/src/panicking.rs:520:19
[INFO] [stdout]   70:     0x563fe4cb7897 - std::panic::catch_unwind::h5afd514605fde46b
[INFO] [stdout]                                at /rustc/df4ca44d3fbc9301ee17f30f4d474e6ae4b05252/library/std/src/panic.rs:358:14
[INFO] [stdout]   71:     0x563fe4cb7897 - test::run_test_in_process::h0d5cbfa7067d1720
[INFO] [stdout]                                at /rustc/df4ca44d3fbc9301ee17f30f4d474e6ae4b05252/library/test/src/lib.rs:644:27
[INFO] [stdout]   72:     0x563fe4cb7897 - test::run_test::{{closure}}::h708eb8872708115d
[INFO] [stdout]                                at /rustc/df4ca44d3fbc9301ee17f30f4d474e6ae4b05252/library/test/src/lib.rs:565:43
[INFO] [stdout]   73:     0x563fe4c7afb4 - test::run_test::{{closure}}::h392c51cee94713ab
[INFO] [stdout]                                at /rustc/df4ca44d3fbc9301ee17f30f4d474e6ae4b05252/library/test/src/lib.rs:595:41
[INFO] [stdout]   74:     0x563fe4c7afb4 - std::sys::backtrace::__rust_begin_short_backtrace::h2f40290710935a8b
[INFO] [stdout]                                at /rustc/df4ca44d3fbc9301ee17f30f4d474e6ae4b05252/library/std/src/sys/backtrace.rs:154:18
[INFO] [stdout]   75:     0x563fe4c7e75e - std::thread::Builder::spawn_unchecked_::{{closure}}::{{closure}}::h3fd968d89053a903
[INFO] [stdout]                                at /rustc/df4ca44d3fbc9301ee17f30f4d474e6ae4b05252/library/std/src/thread/mod.rs:541:17
[INFO] [stdout]   76:     0x563fe4c7e75e - <core::panic::unwind_safe::AssertUnwindSafe<F> as core::ops::function::FnOnce<()>>::call_once::h743f637ba4229880
[INFO] [stdout]                                at /rustc/df4ca44d3fbc9301ee17f30f4d474e6ae4b05252/library/core/src/panic/unwind_safe.rs:272:9
[INFO] [stdout]   77:     0x563fe4c7e75e - std::panicking::try::do_call::h07440897322525a6
[INFO] [stdout]                                at /rustc/df4ca44d3fbc9301ee17f30f4d474e6ae4b05252/library/std/src/panicking.rs:557:40
[INFO] [stdout]   78:     0x563fe4c7e75e - std::panicking::try::he5a2e00188156637
[INFO] [stdout]                                at /rustc/df4ca44d3fbc9301ee17f30f4d474e6ae4b05252/library/std/src/panicking.rs:520:19
[INFO] [stdout]   79:     0x563fe4c7e75e - std::panic::catch_unwind::hbaf3cae49b3c6433
[INFO] [stdout]                                at /rustc/df4ca44d3fbc9301ee17f30f4d474e6ae4b05252/library/std/src/panic.rs:358:14
[INFO] [stdout]   80:     0x563fe4c7e75e - std::thread::Builder::spawn_unchecked_::{{closure}}::h8e141ea224820bce
[INFO] [stdout]                                at /rustc/df4ca44d3fbc9301ee17f30f4d474e6ae4b05252/library/std/src/thread/mod.rs:540:30
[INFO] [stdout]   81:     0x563fe4c7e75e - core::ops::function::FnOnce::call_once{{vtable.shim}}::h90d312fedd7b8ea8
[INFO] [stdout]                                at /rustc/df4ca44d3fbc9301ee17f30f4d474e6ae4b05252/library/core/src/ops/function.rs:250:5
[INFO] [stdout]   82:     0x563fe559382b - <alloc::boxed::Box<F,A> as core::ops::function::FnOnce<Args>>::call_once::h69aa08ddb6adb8b6
[INFO] [stdout]                                at /rustc/df4ca44d3fbc9301ee17f30f4d474e6ae4b05252/library/alloc/src/boxed.rs:2454:9
[INFO] [stdout]   83:     0x563fe559382b - <alloc::boxed::Box<F,A> as core::ops::function::FnOnce<Args>>::call_once::h5aa36efdb79c806f
[INFO] [stdout]                                at /rustc/df4ca44d3fbc9301ee17f30f4d474e6ae4b05252/library/alloc/src/boxed.rs:2454:9
[INFO] [stdout]   84:     0x563fe559382b - std::sys::pal::unix::thread::Thread::new::thread_start::h6cd80a1b4be5158d
[INFO] [stdout]                                at /rustc/df4ca44d3fbc9301ee17f30f4d474e6ae4b05252/library/std/src/sys/pal/unix/thread.rs:105:17
[INFO] [stdout]   85:     0x7065c7baeac3 - <unknown>
[INFO] [stdout]   86:     0x7065c7c3fa04 - clone
[INFO] [stdout]   87:                0x0 - <unknown>
[INFO] [stdout] 
[INFO] [stdout] ---- client_receives_http_logs_from_proxied_pub_servers stdout ----
[INFO] [stdout] thread 'client_receives_http_logs_from_proxied_pub_servers' panicked at /opt/rustwide/cargo-home/registry/src/index.crates.io-6f17d22bba15001f/once_cell-1.20.2/src/lib.rs:1311:25:
[INFO] [stdout] Lazy instance has previously been poisoned
[INFO] [stdout] stack backtrace:
[INFO] [stdout]    0:     0x563fe558d8fa - std::backtrace_rs::backtrace::libunwind::trace::h207520d6e9873551
[INFO] [stdout]                                at /rustc/df4ca44d3fbc9301ee17f30f4d474e6ae4b05252/library/std/src/../../backtrace/src/backtrace/libunwind.rs:116:5
[INFO] [stdout]    1:     0x563fe558d8fa - std::backtrace_rs::backtrace::trace_unsynchronized::h2ed7433f370e3eca
[INFO] [stdout]                                at /rustc/df4ca44d3fbc9301ee17f30f4d474e6ae4b05252/library/std/src/../../backtrace/src/backtrace/mod.rs:66:5
[INFO] [stdout]    2:     0x563fe558d8fa - std::sys::backtrace::_print_fmt::h916fac51166b18d7
[INFO] [stdout]                                at /rustc/df4ca44d3fbc9301ee17f30f4d474e6ae4b05252/library/std/src/sys/backtrace.rs:66:9
[INFO] [stdout]    3:     0x563fe558d8fa - <std::sys::backtrace::BacktraceLock::print::DisplayBacktrace as core::fmt::Display>::fmt::ha0a4c9b8ce3802e6
[INFO] [stdout]                                at /rustc/df4ca44d3fbc9301ee17f30f4d474e6ae4b05252/library/std/src/sys/backtrace.rs:39:26
[INFO] [stdout]    4:     0x563fe55b8793 - core::fmt::rt::Argument::fmt::h4cfc8587d52b3eb5
[INFO] [stdout]                                at /rustc/df4ca44d3fbc9301ee17f30f4d474e6ae4b05252/library/core/src/fmt/rt.rs:177:76
[INFO] [stdout]    5:     0x563fe55b8793 - core::fmt::write::h522cc39e5b36ae9f
[INFO] [stdout]                                at /rustc/df4ca44d3fbc9301ee17f30f4d474e6ae4b05252/library/core/src/fmt/mod.rs:1190:21
[INFO] [stdout]    6:     0x563fe5589783 - std::io::Write::write_fmt::h7d3c26752da97734
[INFO] [stdout]                                at /rustc/df4ca44d3fbc9301ee17f30f4d474e6ae4b05252/library/std/src/io/mod.rs:1839:15
[INFO] [stdout]    7:     0x563fe558d742 - std::sys::backtrace::BacktraceLock::print::h4b9e00b29e9c0942
[INFO] [stdout]                                at /rustc/df4ca44d3fbc9301ee17f30f4d474e6ae4b05252/library/std/src/sys/backtrace.rs:42:9
[INFO] [stdout]    8:     0x563fe558ed8a - std::panicking::default_hook::{{closure}}::hb59b88280d0324d9
[INFO] [stdout]                                at /rustc/df4ca44d3fbc9301ee17f30f4d474e6ae4b05252/library/std/src/panicking.rs:268:22
[INFO] [stdout]    9:     0x563fe558eb94 - std::panicking::default_hook::he1dd496665be4a29
[INFO] [stdout]                                at /rustc/df4ca44d3fbc9301ee17f30f4d474e6ae4b05252/library/std/src/panicking.rs:292:9
[INFO] [stdout]   10:     0x563fe4cb3649 - <alloc::boxed::Box<F,A> as core::ops::function::Fn<Args>>::call::h4ff71de18744e1dc
[INFO] [stdout]                                at /rustc/df4ca44d3fbc9301ee17f30f4d474e6ae4b05252/library/alloc/src/boxed.rs:2468:9
[INFO] [stdout]   11:     0x563fe4cb3649 - test::test_main::{{closure}}::hcf7c055ce117aa81
[INFO] [stdout]                                at /rustc/df4ca44d3fbc9301ee17f30f4d474e6ae4b05252/library/test/src/lib.rs:133:21
[INFO] [stdout]   12:     0x563fe558f488 - <alloc::boxed::Box<F,A> as core::ops::function::Fn<Args>>::call::h1d66c6bbd60c9692
[INFO] [stdout]                                at /rustc/df4ca44d3fbc9301ee17f30f4d474e6ae4b05252/library/alloc/src/boxed.rs:2468:9
[INFO] [stdout]   13:     0x563fe558f488 - std::panicking::rust_panic_with_hook::h2ff17fe8f26dfcf8
[INFO] [stdout]                                at /rustc/df4ca44d3fbc9301ee17f30f4d474e6ae4b05252/library/std/src/panicking.rs:809:13
[INFO] [stdout]   14:     0x563fe558f216 - std::panicking::begin_panic_handler::{{closure}}::h4fad77951c07e101
[INFO] [stdout]                                at /rustc/df4ca44d3fbc9301ee17f30f4d474e6ae4b05252/library/std/src/panicking.rs:667:13
[INFO] [stdout]   15:     0x563fe558ddd9 - std::sys::backtrace::__rust_end_short_backtrace::hb1a25b3da5d0ea08
[INFO] [stdout]                                at /rustc/df4ca44d3fbc9301ee17f30f4d474e6ae4b05252/library/std/src/sys/backtrace.rs:170:18
[INFO] [stdout]   16:     0x563fe558eedc - rust_begin_unwind
[INFO] [stdout]                                at /rustc/df4ca44d3fbc9301ee17f30f4d474e6ae4b05252/library/std/src/panicking.rs:665:5
[INFO] [stdout]   17:     0x563fe55b6940 - core::panicking::panic_fmt::ha9db07b529f9b256
[INFO] [stdout]                                at /rustc/df4ca44d3fbc9301ee17f30f4d474e6ae4b05252/library/core/src/panicking.rs:75:14
[INFO] [stdout]   18:     0x563fe4c5cd62 - once_cell::sync::Lazy<T,F>::force::{{closure}}::hca7ae56d40440e81
[INFO] [stdout]                                at /opt/rustwide/cargo-home/registry/src/index.crates.io-6f17d22bba15001f/once_cell-1.20.2/src/lib.rs:1311:25
[INFO] [stdout]   19:     0x563fe4c5cdd2 - once_cell::sync::OnceCell<T>::get_or_init::{{closure}}::h3c36805ff1ff6b21
[INFO] [stdout]                                at /opt/rustwide/cargo-home/registry/src/index.crates.io-6f17d22bba15001f/once_cell-1.20.2/src/lib.rs:1120:57
[INFO] [stdout]   20:     0x563fe4c30420 - once_cell::imp::OnceCell<T>::initialize::{{closure}}::hc0f46410ab48a825
[INFO] [stdout]                                at /opt/rustwide/cargo-home/registry/src/index.crates.io-6f17d22bba15001f/once_cell-1.20.2/src/imp_std.rs:72:23
[INFO] [stdout]   21:     0x563fe54af846 - core::ops::function::impls::<impl core::ops::function::FnMut<A> for &mut F>::call_mut::h630626bc5af11037
[INFO] [stdout]                                at /rustc/df4ca44d3fbc9301ee17f30f4d474e6ae4b05252/library/core/src/ops/function.rs:294:13
[INFO] [stdout]   22:     0x563fe54b0e81 - once_cell::imp::initialize_or_wait::hc00a25f04c62a9e8
[INFO] [stdout]                                at /opt/rustwide/cargo-home/registry/src/index.crates.io-6f17d22bba15001f/once_cell-1.20.2/src/imp_std.rs:196:20
[INFO] [stdout]   23:     0x563fe4c303d6 - once_cell::imp::OnceCell<T>::initialize::h828c16ac433fecf8
[INFO] [stdout]                                at /opt/rustwide/cargo-home/registry/src/index.crates.io-6f17d22bba15001f/once_cell-1.20.2/src/imp_std.rs:68:9
[INFO] [stdout]   24:     0x563fe4c5cea7 - once_cell::sync::OnceCell<T>::get_or_try_init::h8f338473504b652c
[INFO] [stdout]                                at /opt/rustwide/cargo-home/registry/src/index.crates.io-6f17d22bba15001f/once_cell-1.20.2/src/lib.rs:1161:13
[INFO] [stdout]   25:     0x563fe4c5cd93 - once_cell::sync::OnceCell<T>::get_or_init::h05f13e07be3aabac
[INFO] [stdout]                                at /opt/rustwide/cargo-home/registry/src/index.crates.io-6f17d22bba15001f/once_cell-1.20.2/src/lib.rs:1120:19
[INFO] [stdout]   26:     0x563fe4c5cce0 - once_cell::sync::Lazy<T,F>::force::h18eab379d77ed82f
[INFO] [stdout]                                at /opt/rustwide/cargo-home/registry/src/index.crates.io-6f17d22bba15001f/once_cell-1.20.2/src/lib.rs:1309:13
[INFO] [stdout]   27:     0x563fe4c2766a - async_std_client_tests::shared::utils::shared_utils::get_proxy::h856553bfe23a0927
[INFO] [stdout]                                at /opt/rustwide/workdir/tests/shared/utils/shared_utils.rs:70:5
[INFO] [stdout]   28:     0x563fe4c31a32 - async_std_client_tests::shared::public_tests::client_receives_http_logs_from_proxied_pub_servers::{{closure}}::h7f1a512cd12a1ad5
[INFO] [stdout]                                at /opt/rustwide/workdir/tests/shared/public_tests.rs:72:24
[INFO] [stdout]   29:     0x563fe4c29584 - async_std_client_tests::client_receives_http_logs_from_proxied_pub_servers::{{closure}}::hb65c1aca65bc79be
[INFO] [stdout]                                at /opt/rustwide/workdir/tests/async_std_client_tests.rs:25:66
[INFO] [stdout]   30:     0x563fe4c51ff2 - <async_std::task::builder::SupportTaskLocals<F> as core::future::future::Future>::poll::{{closure}}::h05a23d3a721d9358
[INFO] [stdout]                                at /opt/rustwide/cargo-home/registry/src/index.crates.io-6f17d22bba15001f/async-std-1.13.0/src/task/builder.rs:199:17
[INFO] [stdout]   31:     0x563fe4c2f5cc - async_std::task::task_locals_wrapper::TaskLocalsWrapper::set_current::{{closure}}::h57bda1601586aeac
[INFO] [stdout]                                at /opt/rustwide/cargo-home/registry/src/index.crates.io-6f17d22bba15001f/async-std-1.13.0/src/task/task_locals_wrapper.rs:60:13
[INFO] [stdout]   32:     0x563fe4bf83ca - std::thread::local::LocalKey<T>::try_with::hb22f6f743a3c45cb
[INFO] [stdout]                                at /rustc/df4ca44d3fbc9301ee17f30f4d474e6ae4b05252/library/std/src/thread/local.rs:283:12
[INFO] [stdout]   33:     0x563fe4bf337a - std::thread::local::LocalKey<T>::with::h2a3e779640a46425
[INFO] [stdout]                                at /rustc/df4ca44d3fbc9301ee17f30f4d474e6ae4b05252/library/std/src/thread/local.rs:260:9
[INFO] [stdout]   34:     0x563fe4c2eb18 - async_std::task::task_locals_wrapper::TaskLocalsWrapper::set_current::h097e9918322dbb85
[INFO] [stdout]                                at /opt/rustwide/cargo-home/registry/src/index.crates.io-6f17d22bba15001f/async-std-1.13.0/src/task/task_locals_wrapper.rs:55:9
[INFO] [stdout]   35:     0x563fe4c51f2a - <async_std::task::builder::SupportTaskLocals<F> as core::future::future::Future>::poll::hd141c929132d4619
[INFO] [stdout]                                at /opt/rustwide/cargo-home/registry/src/index.crates.io-6f17d22bba15001f/async-std-1.13.0/src/task/builder.rs:197:13
[INFO] [stdout]   36:     0x563fe4c44e34 - <futures_lite::future::Or<F1,F2> as core::future::future::Future>::poll::h8075cf2fd82dc599
[INFO] [stdout]                                at /opt/rustwide/cargo-home/registry/src/index.crates.io-6f17d22bba15001f/futures-lite-2.4.0/src/future.rs:454:33
[INFO] [stdout]   37:     0x563fe4c5fdb4 - async_executor::State::run::{{closure}}::h7892e78882d38875
[INFO] [stdout]                                at /opt/rustwide/cargo-home/registry/src/index.crates.io-6f17d22bba15001f/async-executor-1.13.1/src/lib.rs:748:32
[INFO] [stdout]   38:     0x563fe4c6274f - async_executor::Executor::run::{{closure}}::h06b33814f798fae4
[INFO] [stdout]                                at /opt/rustwide/cargo-home/registry/src/index.crates.io-6f17d22bba15001f/async-executor-1.13.1/src/lib.rs:344:34
[INFO] [stdout]   39:     0x563fe4c5dfcf - async_executor::LocalExecutor::run::{{closure}}::hb8dc560aeaa9f9d4
[INFO] [stdout]                                at /opt/rustwide/cargo-home/registry/src/index.crates.io-6f17d22bba15001f/async-executor-1.13.1/src/lib.rs:648:34
[INFO] [stdout]   40:     0x563fe4c0b2e0 - async_io::driver::block_on::{{closure}}::h31a477112e8cb1e3
[INFO] [stdout]                                at /opt/rustwide/cargo-home/registry/src/index.crates.io-6f17d22bba15001f/async-io-2.3.4/src/driver.rs:199:37
[INFO] [stdout]   41:     0x563fe4bf5805 - std::thread::local::LocalKey<T>::try_with::h31af2273e2e91354
[INFO] [stdout]                                at /rustc/df4ca44d3fbc9301ee17f30f4d474e6ae4b05252/library/std/src/thread/local.rs:283:12
[INFO] [stdout]   42:     0x563fe4bf35fa - std::thread::local::LocalKey<T>::with::h4c9e6b93e638fea5
[INFO] [stdout]                                at /rustc/df4ca44d3fbc9301ee17f30f4d474e6ae4b05252/library/std/src/thread/local.rs:260:9
[INFO] [stdout]   43:     0x563fe4c04b5b - async_io::driver::block_on::hcdc930f18ed1d6a3
[INFO] [stdout]                                at /opt/rustwide/cargo-home/registry/src/index.crates.io-6f17d22bba15001f/async-io-2.3.4/src/driver.rs:175:5
[INFO] [stdout]   44:     0x563fe4c4c5ae - async_global_executor::reactor::block_on::{{closure}}::hb6ff781dc992f8c1
[INFO] [stdout]                                at /opt/rustwide/cargo-home/registry/src/index.crates.io-6f17d22bba15001f/async-global-executor-2.4.1/src/reactor.rs:3:18
[INFO] [stdout]   45:     0x563fe4c4c2de - async_global_executor::reactor::block_on::h79e6ffe1494d1e58
[INFO] [stdout]                                at /opt/rustwide/cargo-home/registry/src/index.crates.io-6f17d22bba15001f/async-global-executor-2.4.1/src/reactor.rs:12:5
[INFO] [stdout]   46:     0x563fe4c43109 - async_global_executor::executor::block_on::{{closure}}::hc148d17f2e8a50f4
[INFO] [stdout]                                at /opt/rustwide/cargo-home/registry/src/index.crates.io-6f17d22bba15001f/async-global-executor-2.4.1/src/executor.rs:26:36
[INFO] [stdout]   47:     0x563fe4bf5945 - std::thread::local::LocalKey<T>::try_with::h3558da9df1e8d0c5
[INFO] [stdout]                                at /rustc/df4ca44d3fbc9301ee17f30f4d474e6ae4b05252/library/std/src/thread/local.rs:283:12
[INFO] [stdout]   48:     0x563fe4bf3b9a - std::thread::local::LocalKey<T>::with::h8f2e55e77bb39c2d
[INFO] [stdout]                                at /rustc/df4ca44d3fbc9301ee17f30f4d474e6ae4b05252/library/std/src/thread/local.rs:260:9
[INFO] [stdout]   49:     0x563fe4c42ca6 - async_global_executor::executor::block_on::h2d2f67fce5cfe5db
[INFO] [stdout]                                at /opt/rustwide/cargo-home/registry/src/index.crates.io-6f17d22bba15001f/async-global-executor-2.4.1/src/executor.rs:26:5
[INFO] [stdout]   50:     0x563fe4c5c860 - async_std::task::builder::Builder::blocking::{{closure}}::{{closure}}::h4d837334f1ac43e9
[INFO] [stdout]                                at /opt/rustwide/cargo-home/registry/src/index.crates.io-6f17d22bba15001f/async-std-1.13.0/src/task/builder.rs:171:25
[INFO] [stdout]   51:     0x563fe4c2f4c8 - async_std::task::task_locals_wrapper::TaskLocalsWrapper::set_current::{{closure}}::h4b0e3f04d883bdfc
[INFO] [stdout]                                at /opt/rustwide/cargo-home/registry/src/index.crates.io-6f17d22bba15001f/async-std-1.13.0/src/task/task_locals_wrapper.rs:60:13
[INFO] [stdout]   52:     0x563fe4bf5c97 - std::thread::local::LocalKey<T>::try_with::h3ee9d7777eb47f5a
[INFO] [stdout]                                at /rustc/df4ca44d3fbc9301ee17f30f4d474e6ae4b05252/library/std/src/thread/local.rs:283:12
[INFO] [stdout]   53:     0x563fe4bf3a6a - std::thread::local::LocalKey<T>::with::h86cccc5cbed1630b
[INFO] [stdout]                                at /rustc/df4ca44d3fbc9301ee17f30f4d474e6ae4b05252/library/std/src/thread/local.rs:260:9
[INFO] [stdout]   54:     0x563fe4c2eb57 - async_std::task::task_locals_wrapper::TaskLocalsWrapper::set_current::h1ece4859a4c4d60f
[INFO] [stdout]                                at /opt/rustwide/cargo-home/registry/src/index.crates.io-6f17d22bba15001f/async-std-1.13.0/src/task/task_locals_wrapper.rs:55:9
[INFO] [stdout]   55:     0x563fe4c5bc40 - async_std::task::builder::Builder::blocking::{{closure}}::h0ebd9a7d641677fc
[INFO] [stdout]                                at /opt/rustwide/cargo-home/registry/src/index.crates.io-6f17d22bba15001f/async-std-1.13.0/src/task/builder.rs:168:17
[INFO] [stdout]   56:     0x563fe4bf8e25 - std::thread::local::LocalKey<T>::try_with::hd1a75c722f27b870
[INFO] [stdout]                                at /rustc/df4ca44d3fbc9301ee17f30f4d474e6ae4b05252/library/std/src/thread/local.rs:283:12
[INFO] [stdout]   57:     0x563fe4bf3efa - std::thread::local::LocalKey<T>::with::hc64bc056ea2e53ec
[INFO] [stdout]                                at /rustc/df4ca44d3fbc9301ee17f30f4d474e6ae4b05252/library/std/src/thread/local.rs:260:9
[INFO] [stdout]   58:     0x563fe4c5ab8b - async_std::task::builder::Builder::blocking::h73a8376f9c7074eb
[INFO] [stdout]                                at /opt/rustwide/cargo-home/registry/src/index.crates.io-6f17d22bba15001f/async-std-1.13.0/src/task/builder.rs:161:9
[INFO] [stdout]   59:     0x563fe4c505be - async_std::task::block_on::block_on::hdd684ea0b01a8226
[INFO] [stdout]                                at /opt/rustwide/cargo-home/registry/src/index.crates.io-6f17d22bba15001f/async-std-1.13.0/src/task/block_on.rs:33:5
[INFO] [stdout]   60:     0x563fe4c29429 - async_std_client_tests::client_receives_http_logs_from_proxied_pub_servers::ha252cd0978bcab90
[INFO] [stdout]                                at /opt/rustwide/workdir/tests/async_std_client_tests.rs:23:1
[INFO] [stdout]   61:     0x563fe4c293f7 - async_std_client_tests::client_receives_http_logs_from_proxied_pub_servers::{{closure}}::h364e3e1d373b5c50
[INFO] [stdout]                                at /opt/rustwide/workdir/tests/async_std_client_tests.rs:23:19
[INFO] [stdout]   62:     0x563fe4bfa696 - core::ops::function::FnOnce::call_once::hea6c4bf7cb3ee0da
[INFO] [stdout]                                at /rustc/df4ca44d3fbc9301ee17f30f4d474e6ae4b05252/library/core/src/ops/function.rs:250:5
[INFO] [stdout]   63:     0x563fe4cb7f1b - core::ops::function::FnOnce::call_once::h22c3ba5715e93f05
[INFO] [stdout]                                at /rustc/df4ca44d3fbc9301ee17f30f4d474e6ae4b05252/library/core/src/ops/function.rs:250:5
[INFO] [stdout]   64:     0x563fe4cb7f1b - test::__rust_begin_short_backtrace::h8e82d8113d0da17f
[INFO] [stdout]                                at /rustc/df4ca44d3fbc9301ee17f30f4d474e6ae4b05252/library/test/src/lib.rs:621:18
[INFO] [stdout]   65:     0x563fe4cb7897 - test::run_test_in_process::{{closure}}::h33235f4f20b7b7c7
[INFO] [stdout]                                at /rustc/df4ca44d3fbc9301ee17f30f4d474e6ae4b05252/library/test/src/lib.rs:644:60
[INFO] [stdout]   66:     0x563fe4cb7897 - <core::panic::unwind_safe::AssertUnwindSafe<F> as core::ops::function::FnOnce<()>>::call_once::hb5043206310c586f
[INFO] [stdout]                                at /rustc/df4ca44d3fbc9301ee17f30f4d474e6ae4b05252/library/core/src/panic/unwind_safe.rs:272:9
[INFO] [stdout]   67:     0x563fe4cb7897 - std::panicking::try::do_call::h9ad4731a60ab23e2
[INFO] [stdout]                                at /rustc/df4ca44d3fbc9301ee17f30f4d474e6ae4b05252/library/std/src/panicking.rs:557:40
[INFO] [stdout]   68:     0x563fe4cb7897 - std::panicking::try::h3824d23db772a716
[INFO] [stdout]                                at /rustc/df4ca44d3fbc9301ee17f30f4d474e6ae4b05252/library/std/src/panicking.rs:520:19
[INFO] [stdout]   69:     0x563fe4cb7897 - std::panic::catch_unwind::h5afd514605fde46b
[INFO] [stdout]                                at /rustc/df4ca44d3fbc9301ee17f30f4d474e6ae4b05252/library/std/src/panic.rs:358:14
[INFO] [stdout]   70:     0x563fe4cb7897 - test::run_test_in_process::h0d5cbfa7067d1720
[INFO] [stdout]                                at /rustc/df4ca44d3fbc9301ee17f30f4d474e6ae4b05252/library/test/src/lib.rs:644:27
[INFO] [stdout]   71:     0x563fe4cb7897 - test::run_test::{{closure}}::h708eb8872708115d
[INFO] [stdout]                                at /rustc/df4ca44d3fbc9301ee17f30f4d474e6ae4b05252/library/test/src/lib.rs:565:43
[INFO] [stdout]   72:     0x563fe4c7afb4 - test::run_test::{{closure}}::h392c51cee94713ab
[INFO] [stdout]                                at /rustc/df4ca44d3fbc9301ee17f30f4d474e6ae4b05252/library/test/src/lib.rs:595:41
[INFO] [stdout]   73:     0x563fe4c7afb4 - std::sys::backtrace::__rust_begin_short_backtrace::h2f40290710935a8b
[INFO] [stdout]                                at /rustc/df4ca44d3fbc9301ee17f30f4d474e6ae4b05252/library/std/src/sys/backtrace.rs:154:18
[INFO] [stdout]   74:     0x563fe4c7e75e - std::thread::Builder::spawn_unchecked_::{{closure}}::{{closure}}::h3fd968d89053a903
[INFO] [stdout]                                at /rustc/df4ca44d3fbc9301ee17f30f4d474e6ae4b05252/library/std/src/thread/mod.rs:541:17
[INFO] [stdout]   75:     0x563fe4c7e75e - <core::panic::unwind_safe::AssertUnwindSafe<F> as core::ops::function::FnOnce<()>>::call_once::h743f637ba4229880
[INFO] [stdout]                                at /rustc/df4ca44d3fbc9301ee17f30f4d474e6ae4b05252/library/core/src/panic/unwind_safe.rs:272:9
[INFO] [stdout]   76:     0x563fe4c7e75e - std::panicking::try::do_call::h07440897322525a6
[INFO] [stdout]                                at /rustc/df4ca44d3fbc9301ee17f30f4d474e6ae4b05252/library/std/src/panicking.rs:557:40
[INFO] [stdout]   77:     0x563fe4c7e75e - std::panicking::try::he5a2e00188156637
[INFO] [stdout]                                at /rustc/df4ca44d3fbc9301ee17f30f4d474e6ae4b05252/library/std/src/panicking.rs:520:19
[INFO] [stdout]   78:     0x563fe4c7e75e - std::panic::catch_unwind::hbaf3cae49b3c6433
[INFO] [stdout]                                at /rustc/df4ca44d3fbc9301ee17f30f4d474e6ae4b05252/library/std/src/panic.rs:358:14
[INFO] [stdout]   79:     0x563fe4c7e75e - std::thread::Builder::spawn_unchecked_::{{closure}}::h8e141ea224820bce
[INFO] [stdout]                                at /rustc/df4ca44d3fbc9301ee17f30f4d474e6ae4b05252/library/std/src/thread/mod.rs:540:30
[INFO] [stdout]   80:     0x563fe4c7e75e - core::ops::function::FnOnce::call_once{{vtable.shim}}::h90d312fedd7b8ea8
[INFO] [stdout]                                at /rustc/df4ca44d3fbc9301ee17f30f4d474e6ae4b05252/library/core/src/ops/function.rs:250:5
[INFO] [stdout]   81:     0x563fe559382b - <alloc::boxed::Box<F,A> as core::ops::function::FnOnce<Args>>::call_once::h69aa08ddb6adb8b6
[INFO] [stdout]                                at /rustc/df4ca44d3fbc9301ee17f30f4d474e6ae4b05252/library/alloc/src/boxed.rs:2454:9
[INFO] [stdout]   82:     0x563fe559382b - <alloc::boxed::Box<F,A> as core::ops::function::FnOnce<Args>>::call_once::h5aa36efdb79c806f
[INFO] [stdout]                                at /rustc/df4ca44d3fbc9301ee17f30f4d474e6ae4b05252/library/alloc/src/boxed.rs:2454:9
[INFO] [stdout]   83:     0x563fe559382b - std::sys::pal::unix::thread::Thread::new::thread_start::h6cd80a1b4be5158d
[INFO] [stdout]                                at /rustc/df4ca44d3fbc9301ee17f30f4d474e6ae4b05252/library/std/src/sys/pal/unix/thread.rs:105:17
[INFO] [stdout]   84:     0x7065c7baeac3 - <unknown>
[INFO] [stdout]   85:     0x7065c7c3fa04 - clone
[INFO] [stdout]   86:                0x0 - <unknown>
[INFO] [stdout] 
[INFO] [stdout] ---- client_registers_and_deregisters_to_pub_servers_successfully stdout ----
[INFO] [stdout] thread 'client_registers_and_deregisters_to_pub_servers_successfully' panicked at tests/shared/utils/public_utils.rs:47:5:
[INFO] [stdout] Unable to register to any public server
[INFO] [stdout] stack backtrace:
[INFO] [stdout]    0:     0x563fe558d8fa - std::backtrace_rs::backtrace::libunwind::trace::h207520d6e9873551
[INFO] [stdout]                                at /rustc/df4ca44d3fbc9301ee17f30f4d474e6ae4b05252/library/std/src/../../backtrace/src/backtrace/libunwind.rs:116:5
[INFO] [stdout]    1:     0x563fe558d8fa - std::backtrace_rs::backtrace::trace_unsynchronized::h2ed7433f370e3eca
[INFO] [stdout]                                at /rustc/df4ca44d3fbc9301ee17f30f4d474e6ae4b05252/library/std/src/../../backtrace/src/backtrace/mod.rs:66:5
[INFO] [stdout]    2:     0x563fe558d8fa - std::sys::backtrace::_print_fmt::h916fac51166b18d7
[INFO] [stdout]                                at /rustc/df4ca44d3fbc9301ee17f30f4d474e6ae4b05252/library/std/src/sys/backtrace.rs:66:9
[INFO] [stdout]    3:     0x563fe558d8fa - <std::sys::backtrace::BacktraceLock::print::DisplayBacktrace as core::fmt::Display>::fmt::ha0a4c9b8ce3802e6
[INFO] [stdout]                                at /rustc/df4ca44d3fbc9301ee17f30f4d474e6ae4b05252/library/std/src/sys/backtrace.rs:39:26
[INFO] [stdout]    4:     0x563fe55b8793 - core::fmt::rt::Argument::fmt::h4cfc8587d52b3eb5
[INFO] [stdout]                                at /rustc/df4ca44d3fbc9301ee17f30f4d474e6ae4b05252/library/core/src/fmt/rt.rs:177:76
[INFO] [stdout]    5:     0x563fe55b8793 - core::fmt::write::h522cc39e5b36ae9f
[INFO] [stdout]                                at /rustc/df4ca44d3fbc9301ee17f30f4d474e6ae4b05252/library/core/src/fmt/mod.rs:1190:21
[INFO] [stdout]    6:     0x563fe5589783 - std::io::Write::write_fmt::h7d3c26752da97734
[INFO] [stdout]                                at /rustc/df4ca44d3fbc9301ee17f30f4d474e6ae4b05252/library/std/src/io/mod.rs:1839:15
[INFO] [stdout]    7:     0x563fe558d742 - std::sys::backtrace::BacktraceLock::print::h4b9e00b29e9c0942
[INFO] [stdout]                                at /rustc/df4ca44d3fbc9301ee17f30f4d474e6ae4b05252/library/std/src/sys/backtrace.rs:42:9
[INFO] [stdout]    8:     0x563fe558ed8a - std::panicking::default_hook::{{closure}}::hb59b88280d0324d9
[INFO] [stdout]                                at /rustc/df4ca44d3fbc9301ee17f30f4d474e6ae4b05252/library/std/src/panicking.rs:268:22
[INFO] [stdout]    9:     0x563fe558eb94 - std::panicking::default_hook::he1dd496665be4a29
[INFO] [stdout]                                at /rustc/df4ca44d3fbc9301ee17f30f4d474e6ae4b05252/library/std/src/panicking.rs:292:9
[INFO] [stdout]   10:     0x563fe4cb3649 - <alloc::boxed::Box<F,A> as core::ops::function::Fn<Args>>::call::h4ff71de18744e1dc
[INFO] [stdout]                                at /rustc/df4ca44d3fbc9301ee17f30f4d474e6ae4b05252/library/alloc/src/boxed.rs:2468:9
[INFO] [stdout]   11:     0x563fe4cb3649 - test::test_main::{{closure}}::hcf7c055ce117aa81
[INFO] [stdout]                                at /rustc/df4ca44d3fbc9301ee17f30f4d474e6ae4b05252/library/test/src/lib.rs:133:21
[INFO] [stdout]   12:     0x563fe558f488 - <alloc::boxed::Box<F,A> as core::ops::function::Fn<Args>>::call::h1d66c6bbd60c9692
[INFO] [stdout]                                at /rustc/df4ca44d3fbc9301ee17f30f4d474e6ae4b05252/library/alloc/src/boxed.rs:2468:9
[INFO] [stdout]   13:     0x563fe558f488 - std::panicking::rust_panic_with_hook::h2ff17fe8f26dfcf8
[INFO] [stdout]                                at /rustc/df4ca44d3fbc9301ee17f30f4d474e6ae4b05252/library/std/src/panicking.rs:809:13
[INFO] [stdout]   14:     0x563fe558f216 - std::panicking::begin_panic_handler::{{closure}}::h4fad77951c07e101
[INFO] [stdout]                                at /rustc/df4ca44d3fbc9301ee17f30f4d474e6ae4b05252/library/std/src/panicking.rs:667:13
[INFO] [stdout]   15:     0x563fe558ddd9 - std::sys::backtrace::__rust_end_short_backtrace::hb1a25b3da5d0ea08
[INFO] [stdout]                                at /rustc/df4ca44d3fbc9301ee17f30f4d474e6ae4b05252/library/std/src/sys/backtrace.rs:170:18
[INFO] [stdout]   16:     0x563fe558eedc - rust_begin_unwind
[INFO] [stdout]                                at /rustc/df4ca44d3fbc9301ee17f30f4d474e6ae4b05252/library/std/src/panicking.rs:665:5
[INFO] [stdout]   17:     0x563fe55b6940 - core::panicking::panic_fmt::ha9db07b529f9b256
[INFO] [stdout]                                at /rustc/df4ca44d3fbc9301ee17f30f4d474e6ae4b05252/library/core/src/panicking.rs:75:14
[INFO] [stdout]   18:     0x563fe4c336d5 - async_std_client_tests::shared::utils::public_utils::try_register_to_any_of_pub_servers::{{closure}}::hcd377a2e5907d6e2
[INFO] [stdout]                                at /opt/rustwide/workdir/tests/shared/utils/public_utils.rs:47:5
[INFO] [stdout]   19:     0x563fe4c30775 - async_std_client_tests::shared::public_tests::client_registers_and_deregisters_to_pub_servers_successfully::{{closure}}::ha62dde9ce0dd5660
[INFO] [stdout]                                at /opt/rustwide/workdir/tests/shared/public_tests.rs:7:73
[INFO] [stdout]   20:     0x563fe4c28f34 - async_std_client_tests::client_registers_and_deregisters_to_pub_servers_successfully::{{closure}}::hebb159599ff25f40
[INFO] [stdout]                                at /opt/rustwide/workdir/tests/async_std_client_tests.rs:7:76
[INFO] [stdout]   21:     0x563fe4c52132 - <async_std::task::builder::SupportTaskLocals<F> as core::future::future::Future>::poll::{{closure}}::hd84a835671d98e8e
[INFO] [stdout]                                at /opt/rustwide/cargo-home/registry/src/index.crates.io-6f17d22bba15001f/async-std-1.13.0/src/task/builder.rs:199:17
[INFO] [stdout]   22:     0x563fe4c2fc6c - async_std::task::task_locals_wrapper::TaskLocalsWrapper::set_current::{{closure}}::hdc015851c0c54ba4
[INFO] [stdout]                                at /opt/rustwide/cargo-home/registry/src/index.crates.io-6f17d22bba15001f/async-std-1.13.0/src/task/task_locals_wrapper.rs:60:13
[INFO] [stdout]   23:     0x563fe4bf907a - std::thread::local::LocalKey<T>::try_with::hda3322f63575e92f
[INFO] [stdout]                                at /rustc/df4ca44d3fbc9301ee17f30f4d474e6ae4b05252/library/std/src/thread/local.rs:283:12
[INFO] [stdout]   24:     0x563fe4bf3e5a - std::thread::local::LocalKey<T>::with::hb54f8d59b075fc37
[INFO] [stdout]                                at /rustc/df4ca44d3fbc9301ee17f30f4d474e6ae4b05252/library/std/src/thread/local.rs:260:9
[INFO] [stdout]   25:     0x563fe4c2eec8 - async_std::task::task_locals_wrapper::TaskLocalsWrapper::set_current::he075095084a29841
[INFO] [stdout]                                at /opt/rustwide/cargo-home/registry/src/index.crates.io-6f17d22bba15001f/async-std-1.13.0/src/task/task_locals_wrapper.rs:55:9
[INFO] [stdout]   26:     0x563fe4c51e6a - <async_std::task::builder::SupportTaskLocals<F> as core::future::future::Future>::poll::h2b91b624237d4ffb
[INFO] [stdout]                                at /opt/rustwide/cargo-home/registry/src/index.crates.io-6f17d22bba15001f/async-std-1.13.0/src/task/builder.rs:197:13
[INFO] [stdout]   27:     0x563fe4c44ec4 - <futures_lite::future::Or<F1,F2> as core::future::future::Future>::poll::h9de901683d9073f8
[INFO] [stdout]                                at /opt/rustwide/cargo-home/registry/src/index.crates.io-6f17d22bba15001f/futures-lite-2.4.0/src/future.rs:454:33
[INFO] [stdout]   28:     0x563fe4c60175 - async_executor::State::run::{{closure}}::h7db56c532cc0166f
[INFO] [stdout]                                at /opt/rustwide/cargo-home/registry/src/index.crates.io-6f17d22bba15001f/async-executor-1.13.1/src/lib.rs:748:32
[INFO] [stdout]   29:     0x563fe4c63540 - async_executor::Executor::run::{{closure}}::h9009ced6c95a47ff
[INFO] [stdout]                                at /opt/rustwide/cargo-home/registry/src/index.crates.io-6f17d22bba15001f/async-executor-1.13.1/src/lib.rs:344:34
[INFO] [stdout]   30:     0x563fe4c5e581 - async_executor::LocalExecutor::run::{{closure}}::hd2316ad4e93fa44c
[INFO] [stdout]                                at /opt/rustwide/cargo-home/registry/src/index.crates.io-6f17d22bba15001f/async-executor-1.13.1/src/lib.rs:648:34
[INFO] [stdout]   31:     0x563fe4c0e461 - async_io::driver::block_on::{{closure}}::h608278741c6c9e01
[INFO] [stdout]                                at /opt/rustwide/cargo-home/registry/src/index.crates.io-6f17d22bba15001f/async-io-2.3.4/src/driver.rs:199:37
[INFO] [stdout]   32:     0x563fe4bf8656 - std::thread::local::LocalKey<T>::try_with::hbf2a3f660ec384e4
[INFO] [stdout]                                at /rustc/df4ca44d3fbc9301ee17f30f4d474e6ae4b05252/library/std/src/thread/local.rs:283:12
[INFO] [stdout]   33:     0x563fe4bf3c7a - std::thread::local::LocalKey<T>::with::h96b8f543caea20cc
[INFO] [stdout]                                at /rustc/df4ca44d3fbc9301ee17f30f4d474e6ae4b05252/library/std/src/thread/local.rs:260:9
[INFO] [stdout]   34:     0x563fe4c044ec - async_io::driver::block_on::hc506df4893fde0be
[INFO] [stdout]                                at /opt/rustwide/cargo-home/registry/src/index.crates.io-6f17d22bba15001f/async-io-2.3.4/src/driver.rs:175:5
[INFO] [stdout]   35:     0x563fe4c4c3b2 - async_global_executor::reactor::block_on::{{closure}}::h04bce9ceae3aed35
[INFO] [stdout]                                at /opt/rustwide/cargo-home/registry/src/index.crates.io-6f17d22bba15001f/async-global-executor-2.4.1/src/reactor.rs:3:18
[INFO] [stdout]   36:     0x563fe4c4c172 - async_global_executor::reactor::block_on::h12612795aa169b95
[INFO] [stdout]                                at /opt/rustwide/cargo-home/registry/src/index.crates.io-6f17d22bba15001f/async-global-executor-2.4.1/src/reactor.rs:12:5
[INFO] [stdout]   37:     0x563fe4c4300a - async_global_executor::executor::block_on::{{closure}}::h80054b09a89d4225
[INFO] [stdout]                                at /opt/rustwide/cargo-home/registry/src/index.crates.io-6f17d22bba15001f/async-global-executor-2.4.1/src/executor.rs:26:36
[INFO] [stdout]   38:     0x563fe4bf5b55 - std::thread::local::LocalKey<T>::try_with::h3d1ceeec6825c047
[INFO] [stdout]                                at /rustc/df4ca44d3fbc9301ee17f30f4d474e6ae4b05252/library/std/src/thread/local.rs:283:12
[INFO] [stdout]   39:     0x563fe4bf32ca - std::thread::local::LocalKey<T>::with::h1dd10606148caf93
[INFO] [stdout]                                at /rustc/df4ca44d3fbc9301ee17f30f4d474e6ae4b05252/library/std/src/thread/local.rs:260:9
[INFO] [stdout]   40:     0x563fe4c42db6 - async_global_executor::executor::block_on::h9c5ffee0d240716c
[INFO] [stdout]                                at /opt/rustwide/cargo-home/registry/src/index.crates.io-6f17d22bba15001f/async-global-executor-2.4.1/src/executor.rs:26:5
[INFO] [stdout]   41:     0x563fe4c5ca50 - async_std::task::builder::Builder::blocking::{{closure}}::{{closure}}::hba38febcca30ddb1
[INFO] [stdout]                                at /opt/rustwide/cargo-home/registry/src/index.crates.io-6f17d22bba15001f/async-std-1.13.0/src/task/builder.rs:171:25
[INFO] [stdout]   42:     0x563fe4c2f818 - async_std::task::task_locals_wrapper::TaskLocalsWrapper::set_current::{{closure}}::h67dcbdd7b2c032ed
[INFO] [stdout]                                at /opt/rustwide/cargo-home/registry/src/index.crates.io-6f17d22bba15001f/async-std-1.13.0/src/task/task_locals_wrapper.rs:60:13
[INFO] [stdout]   43:     0x563fe4bf9b27 - std::thread::local::LocalKey<T>::try_with::hfb7a847fac4d8d11
[INFO] [stdout]                                at /rustc/df4ca44d3fbc9301ee17f30f4d474e6ae4b05252/library/std/src/thread/local.rs:283:12
[INFO] [stdout]   44:     0x563fe4bf366a - std::thread::local::LocalKey<T>::with::h50a76165c1b4808b
[INFO] [stdout]                                at /rustc/df4ca44d3fbc9301ee17f30f4d474e6ae4b05252/library/std/src/thread/local.rs:260:9
[INFO] [stdout]   45:     0x563fe4c2ee07 - async_std::task::task_locals_wrapper::TaskLocalsWrapper::set_current::hdb0a0178629366f7
[INFO] [stdout]                                at /opt/rustwide/cargo-home/registry/src/index.crates.io-6f17d22bba15001f/async-std-1.13.0/src/task/task_locals_wrapper.rs:55:9
[INFO] [stdout]   46:     0x563fe4c5c240 - async_std::task::builder::Builder::blocking::{{closure}}::h9d5e0f800161f476
[INFO] [stdout]                                at /opt/rustwide/cargo-home/registry/src/index.crates.io-6f17d22bba15001f/async-std-1.13.0/src/task/builder.rs:168:17
[INFO] [stdout]   47:     0x563fe4bf8f65 - std::thread::local::LocalKey<T>::try_with::hd900714c1939468f
[INFO] [stdout]                                at /rustc/df4ca44d3fbc9301ee17f30f4d474e6ae4b05252/library/std/src/thread/local.rs:283:12
[INFO] [stdout]   48:     0x563fe4bf36ca - std::thread::local::LocalKey<T>::with::h53600cfc7295a8d1
[INFO] [stdout]                                at /rustc/df4ca44d3fbc9301ee17f30f4d474e6ae4b05252/library/std/src/thread/local.rs:260:9
[INFO] [stdout]   49:     0x563fe4c5b3ac - async_std::task::builder::Builder::blocking::h8d29c25ea4c2e46f
[INFO] [stdout]                                at /opt/rustwide/cargo-home/registry/src/index.crates.io-6f17d22bba15001f/async-std-1.13.0/src/task/builder.rs:161:9
[INFO] [stdout]   50:     0x563fe4c5024e - async_std::task::block_on::block_on::h2e56ea19599ef979
[INFO] [stdout]                                at /opt/rustwide/cargo-home/registry/src/index.crates.io-6f17d22bba15001f/async-std-1.13.0/src/task/block_on.rs:33:5
[INFO] [stdout]   51:     0x563fe4c28dd9 - async_std_client_tests::client_registers_and_deregisters_to_pub_servers_successfully::h90e4c43fd0706a22
[INFO] [stdout]                                at /opt/rustwide/workdir/tests/async_std_client_tests.rs:5:1
[INFO] [stdout]   52:     0x563fe4c28da7 - async_std_client_tests::client_registers_and_deregisters_to_pub_servers_successfully::{{closure}}::h70c0858a8ccf92b9
[INFO] [stdout]                                at /opt/rustwide/workdir/tests/async_std_client_tests.rs:5:19
[INFO] [stdout]   53:     0x563fe4bf9f36 - core::ops::function::FnOnce::call_once::h40ee6b8e090f85df
[INFO] [stdout]                                at /rustc/df4ca44d3fbc9301ee17f30f4d474e6ae4b05252/library/core/src/ops/function.rs:250:5
[INFO] [stdout]   54:     0x563fe4cb7f1b - core::ops::function::FnOnce::call_once::h22c3ba5715e93f05
[INFO] [stdout]                                at /rustc/df4ca44d3fbc9301ee17f30f4d474e6ae4b05252/library/core/src/ops/function.rs:250:5
[INFO] [stdout]   55:     0x563fe4cb7f1b - test::__rust_begin_short_backtrace::h8e82d8113d0da17f
[INFO] [stdout]                                at /rustc/df4ca44d3fbc9301ee17f30f4d474e6ae4b05252/library/test/src/lib.rs:621:18
[INFO] [stdout]   56:     0x563fe4cb7897 - test::run_test_in_process::{{closure}}::h33235f4f20b7b7c7
[INFO] [stdout]                                at /rustc/df4ca44d3fbc9301ee17f30f4d474e6ae4b05252/library/test/src/lib.rs:644:60
[INFO] [stdout]   57:     0x563fe4cb7897 - <core::panic::unwind_safe::AssertUnwindSafe<F> as core::ops::function::FnOnce<()>>::call_once::hb5043206310c586f
[INFO] [stdout]                                at /rustc/df4ca44d3fbc9301ee17f30f4d474e6ae4b05252/library/core/src/panic/unwind_safe.rs:272:9
[INFO] [stdout]   58:     0x563fe4cb7897 - std::panicking::try::do_call::h9ad4731a60ab23e2
[INFO] [stdout]                                at /rustc/df4ca44d3fbc9301ee17f30f4d474e6ae4b05252/library/std/src/panicking.rs:557:40
[INFO] [stdout]   59:     0x563fe4cb7897 - std::panicking::try::h3824d23db772a716
[INFO] [stdout]                                at /rustc/df4ca44d3fbc9301ee17f30f4d474e6ae4b05252/library/std/src/panicking.rs:520:19
[INFO] [stdout]   60:     0x563fe4cb7897 - std::panic::catch_unwind::h5afd514605fde46b
[INFO] [stdout]                                at /rustc/df4ca44d3fbc9301ee17f30f4d474e6ae4b05252/library/std/src/panic.rs:358:14
[INFO] [stdout]   61:     0x563fe4cb7897 - test::run_test_in_process::h0d5cbfa7067d1720
[INFO] [stdout]                                at /rustc/df4ca44d3fbc9301ee17f30f4d474e6ae4b05252/library/test/src/lib.rs:644:27
[INFO] [stdout]   62:     0x563fe4cb7897 - test::run_test::{{closure}}::h708eb8872708115d
[INFO] [stdout]                                at /rustc/df4ca44d3fbc9301ee17f30f4d474e6ae4b05252/library/test/src/lib.rs:565:43
[INFO] [stdout]   63:     0x563fe4c7afb4 - test::run_test::{{closure}}::h392c51cee94713ab
[INFO] [stdout]                                at /rustc/df4ca44d3fbc9301ee17f30f4d474e6ae4b05252/library/test/src/lib.rs:595:41
[INFO] [stdout]   64:     0x563fe4c7afb4 - std::sys::backtrace::__rust_begin_short_backtrace::h2f40290710935a8b
[INFO] [stdout]                                at /rustc/df4ca44d3fbc9301ee17f30f4d474e6ae4b05252/library/std/src/sys/backtrace.rs:154:18
[INFO] [stdout]   65:     0x563fe4c7e75e - std::thread::Builder::spawn_unchecked_::{{closure}}::{{closure}}::h3fd968d89053a903
[INFO] [stdout]                                at /rustc/df4ca44d3fbc9301ee17f30f4d474e6ae4b05252/library/std/src/thread/mod.rs:541:17
[INFO] [stdout]   66:     0x563fe4c7e75e - <core::panic::unwind_safe::AssertUnwindSafe<F> as core::ops::function::FnOnce<()>>::call_once::h743f637ba4229880
[INFO] [stdout]                                at /rustc/df4ca44d3fbc9301ee17f30f4d474e6ae4b05252/library/core/src/panic/unwind_safe.rs:272:9
[INFO] [stdout]   67:     0x563fe4c7e75e - std::panicking::try::do_call::h07440897322525a6
[INFO] [stdout]                                at /rustc/df4ca44d3fbc9301ee17f30f4d474e6ae4b05252/library/std/src/panicking.rs:557:40
[INFO] [stdout]   68:     0x563fe4c7e75e - std::panicking::try::he5a2e00188156637
[INFO] [stdout]                                at /rustc/df4ca44d3fbc9301ee17f30f4d474e6ae4b05252/library/std/src/panicking.rs:520:19
[INFO] [stdout]   69:     0x563fe4c7e75e - std::panic::catch_unwind::hbaf3cae49b3c6433
[INFO] [stdout]                                at /rustc/df4ca44d3fbc9301ee17f30f4d474e6ae4b05252/library/std/src/panic.rs:358:14
[INFO] [stdout]   70:     0x563fe4c7e75e - std::thread::Builder::spawn_unchecked_::{{closure}}::h8e141ea224820bce
[INFO] [stdout]                                at /rustc/df4ca44d3fbc9301ee17f30f4d474e6ae4b05252/library/std/src/thread/mod.rs:540:30
[INFO] [stdout]   71:     0x563fe4c7e75e - core::ops::function::FnOnce::call_once{{vtable.shim}}::h90d312fedd7b8ea8
[INFO] [stdout]                                at /rustc/df4ca44d3fbc9301ee17f30f4d474e6ae4b05252/library/core/src/ops/function.rs:250:5
[INFO] [stdout]   72:     0x563fe559382b - <alloc::boxed::Box<F,A> as core::ops::function::FnOnce<Args>>::call_once::h69aa08ddb6adb8b6
[INFO] [stdout]                                at /rustc/df4ca44d3fbc9301ee17f30f4d474e6ae4b05252/library/alloc/src/boxed.rs:2454:9
[INFO] [stdout]   73:     0x563fe559382b - <alloc::boxed::Box<F,A> as core::ops::function::FnOnce<Args>>::call_once::h5aa36efdb79c806f
[INFO] [stdout]                                at /rustc/df4ca44d3fbc9301ee17f30f4d474e6ae4b05252/library/alloc/src/boxed.rs:2454:9
[INFO] [stdout]   74:     0x563fe559382b - std::sys::pal::unix::thread::Thread::new::thread_start::h6cd80a1b4be5158d
[INFO] [stdout]                                at /rustc/df4ca44d3fbc9301ee17f30f4d474e6ae4b05252/library/std/src/sys/pal/unix/thread.rs:105:17
[INFO] [stdout]   75:     0x7065c7baeac3 - <unknown>
[INFO] [stdout]   76:     0x7065c7c3fa04 - clone
[INFO] [stdout]   77:                0x0 - <unknown>
[INFO] [stdout] 
[INFO] [stdout] ---- client_polls_pub_servers_successfully stdout ----
[INFO] [stdout] thread 'client_polls_pub_servers_successfully' panicked at tests/shared/utils/public_utils.rs:47:5:
[INFO] [stdout] Unable to register to any public server
[INFO] [stdout] stack backtrace:
[INFO] [stdout]    0:     0x563fe558d8fa - std::backtrace_rs::backtrace::libunwind::trace::h207520d6e9873551
[INFO] [stdout]                                at /rustc/df4ca44d3fbc9301ee17f30f4d474e6ae4b05252/library/std/src/../../backtrace/src/backtrace/libunwind.rs:116:5
[INFO] [stdout]    1:     0x563fe558d8fa - std::backtrace_rs::backtrace::trace_unsynchronized::h2ed7433f370e3eca
[INFO] [stdout]                                at /rustc/df4ca44d3fbc9301ee17f30f4d474e6ae4b05252/library/std/src/../../backtrace/src/backtrace/mod.rs:66:5
[INFO] [stdout]    2:     0x563fe558d8fa - std::sys::backtrace::_print_fmt::h916fac51166b18d7
[INFO] [stdout]                                at /rustc/df4ca44d3fbc9301ee17f30f4d474e6ae4b05252/library/std/src/sys/backtrace.rs:66:9
[INFO] [stdout]    3:     0x563fe558d8fa - <std::sys::backtrace::BacktraceLock::print::DisplayBacktrace as core::fmt::Display>::fmt::ha0a4c9b8ce3802e6
[INFO] [stdout]                                at /rustc/df4ca44d3fbc9301ee17f30f4d474e6ae4b05252/library/std/src/sys/backtrace.rs:39:26
[INFO] [stdout]    4:     0x563fe55b8793 - core::fmt::rt::Argument::fmt::h4cfc8587d52b3eb5
[INFO] [stdout]                                at /rustc/df4ca44d3fbc9301ee17f30f4d474e6ae4b05252/library/core/src/fmt/rt.rs:177:76
[INFO] [stdout]    5:     0x563fe55b8793 - core::fmt::write::h522cc39e5b36ae9f
[INFO] [stdout]                                at /rustc/df4ca44d3fbc9301ee17f30f4d474e6ae4b05252/library/core/src/fmt/mod.rs:1190:21
[INFO] [stdout]    6:     0x563fe5589783 - std::io::Write::write_fmt::h7d3c26752da97734
[INFO] [stdout]                                at /rustc/df4ca44d3fbc9301ee17f30f4d474e6ae4b05252/library/std/src/io/mod.rs:1839:15
[INFO] [stdout]    7:     0x563fe558d742 - std::sys::backtrace::BacktraceLock::print::h4b9e00b29e9c0942
[INFO] [stdout]                                at /rustc/df4ca44d3fbc9301ee17f30f4d474e6ae4b05252/library/std/src/sys/backtrace.rs:42:9
[INFO] [stdout]    8:     0x563fe558ed8a - std::panicking::default_hook::{{closure}}::hb59b88280d0324d9
[INFO] [stdout]                                at /rustc/df4ca44d3fbc9301ee17f30f4d474e6ae4b05252/library/std/src/panicking.rs:268:22
[INFO] [stdout]    9:     0x563fe558eb94 - std::panicking::default_hook::he1dd496665be4a29
[INFO] [stdout]                                at /rustc/df4ca44d3fbc9301ee17f30f4d474e6ae4b05252/library/std/src/panicking.rs:292:9
[INFO] [stdout]   10:     0x563fe4cb3649 - <alloc::boxed::Box<F,A> as core::ops::function::Fn<Args>>::call::h4ff71de18744e1dc
[INFO] [stdout]                                at /rustc/df4ca44d3fbc9301ee17f30f4d474e6ae4b05252/library/alloc/src/boxed.rs:2468:9
[INFO] [stdout]   11:     0x563fe4cb3649 - test::test_main::{{closure}}::hcf7c055ce117aa81
[INFO] [stdout]                                at /rustc/df4ca44d3fbc9301ee17f30f4d474e6ae4b05252/library/test/src/lib.rs:133:21
[INFO] [stdout]   12:     0x563fe558f488 - <alloc::boxed::Box<F,A> as core::ops::function::Fn<Args>>::call::h1d66c6bbd60c9692
[INFO] [stdout]                                at /rustc/df4ca44d3fbc9301ee17f30f4d474e6ae4b05252/library/alloc/src/boxed.rs:2468:9
[INFO] [stdout]   13:     0x563fe558f488 - std::panicking::rust_panic_with_hook::h2ff17fe8f26dfcf8
[INFO] [stdout]                                at /rustc/df4ca44d3fbc9301ee17f30f4d474e6ae4b05252/library/std/src/panicking.rs:809:13
[INFO] [stdout]   14:     0x563fe558f216 - std::panicking::begin_panic_handler::{{closure}}::h4fad77951c07e101
[INFO] [stdout]                                at /rustc/df4ca44d3fbc9301ee17f30f4d474e6ae4b05252/library/std/src/panicking.rs:667:13
[INFO] [stdout]   15:     0x563fe558ddd9 - std::sys::backtrace::__rust_end_short_backtrace::hb1a25b3da5d0ea08
[INFO] [stdout]                                at /rustc/df4ca44d3fbc9301ee17f30f4d474e6ae4b05252/library/std/src/sys/backtrace.rs:170:18
[INFO] [stdout]   16:     0x563fe558eedc - rust_begin_unwind
[INFO] [stdout]                                at /rustc/df4ca44d3fbc9301ee17f30f4d474e6ae4b05252/library/std/src/panicking.rs:665:5
[INFO] [stdout]   17:     0x563fe55b6940 - core::panicking::panic_fmt::ha9db07b529f9b256
[INFO] [stdout]                                at /rustc/df4ca44d3fbc9301ee17f30f4d474e6ae4b05252/library/core/src/panicking.rs:75:14
[INFO] [stdout]   18:     0x563fe4c336d5 - async_std_client_tests::shared::utils::public_utils::try_register_to_any_of_pub_servers::{{closure}}::hcd377a2e5907d6e2
[INFO] [stdout]                                at /opt/rustwide/workdir/tests/shared/utils/public_utils.rs:47:5
[INFO] [stdout]   19:     0x563fe4c30b14 - async_std_client_tests::shared::public_tests::client_polls_pub_servers_successfully::{{closure}}::h4f9897fd41fcd1de
[INFO] [stdout]                                at /opt/rustwide/workdir/tests/shared/public_tests.rs:17:73
[INFO] [stdout]   20:     0x563fe4c29144 - async_std_client_tests::client_polls_pub_servers_successfully::{{closure}}::h5c08e79308016d68
[INFO] [stdout]                                at /opt/rustwide/workdir/tests/async_std_client_tests.rs:13:53
[INFO] [stdout]   21:     0x563fe4c52172 - <async_std::task::builder::SupportTaskLocals<F> as core::future::future::Future>::poll::{{closure}}::hdd62dc27246b7838
[INFO] [stdout]                                at /opt/rustwide/cargo-home/registry/src/index.crates.io-6f17d22bba15001f/async-std-1.13.0/src/task/builder.rs:199:17
[INFO] [stdout]   22:     0x563fe4c2f2bc - async_std::task::task_locals_wrapper::TaskLocalsWrapper::set_current::{{closure}}::h135dd976cbd2656e
[INFO] [stdout]                                at /opt/rustwide/cargo-home/registry/src/index.crates.io-6f17d22bba15001f/async-std-1.13.0/src/task/task_locals_wrapper.rs:60:13
[INFO] [stdout]   23:     0x563fe4bf67aa - std::thread::local::LocalKey<T>::try_with::h5e53e32ddd9111f2
[INFO] [stdout]                                at /rustc/df4ca44d3fbc9301ee17f30f4d474e6ae4b05252/library/std/src/thread/local.rs:283:12
[INFO] [stdout]   24:     0x563fe4bf3fca - std::thread::local::LocalKey<T>::with::hce7186d2722e9677
[INFO] [stdout]                                at /rustc/df4ca44d3fbc9301ee17f30f4d474e6ae4b05252/library/std/src/thread/local.rs:260:9
[INFO] [stdout]   25:     0x563fe4c2ee48 - async_std::task::task_locals_wrapper::TaskLocalsWrapper::set_current::hdcb39664fd8c8a4b
[INFO] [stdout]                                at /opt/rustwide/cargo-home/registry/src/index.crates.io-6f17d22bba15001f/async-std-1.13.0/src/task/task_locals_wrapper.rs:55:9
[INFO] [stdout]   26:     0x563fe4c51eea - <async_std::task::builder::SupportTaskLocals<F> as core::future::future::Future>::poll::hbd04cce79ed4443a
[INFO] [stdout]                                at /opt/rustwide/cargo-home/registry/src/index.crates.io-6f17d22bba15001f/async-std-1.13.0/src/task/builder.rs:197:13
[INFO] [stdout]   27:     0x563fe4c44d14 - <futures_lite::future::Or<F1,F2> as core::future::future::Future>::poll::h564d4cd22badacf7
[INFO] [stdout]                                at /opt/rustwide/cargo-home/registry/src/index.crates.io-6f17d22bba15001f/futures-lite-2.4.0/src/future.rs:454:33
[INFO] [stdout]   28:     0x563fe4c608f1 - async_executor::State::run::{{closure}}::hfedeae9a74dc7de9
[INFO] [stdout]                                at /opt/rustwide/cargo-home/registry/src/index.crates.io-6f17d22bba15001f/async-executor-1.13.1/src/lib.rs:748:32
[INFO] [stdout]   29:     0x563fe4c62a1d - async_executor::Executor::run::{{closure}}::h17c03d9ca882387f
[INFO] [stdout]                                at /opt/rustwide/cargo-home/registry/src/index.crates.io-6f17d22bba15001f/async-executor-1.13.1/src/lib.rs:344:34
[INFO] [stdout]   30:     0x563fe4c5dce0 - async_executor::LocalExecutor::run::{{closure}}::hb6c4d09231326d06
[INFO] [stdout]                                at /opt/rustwide/cargo-home/registry/src/index.crates.io-6f17d22bba15001f/async-executor-1.13.1/src/lib.rs:648:34
[INFO] [stdout]   31:     0x563fe4c17880 - async_io::driver::block_on::{{closure}}::hbba3c6041330c2ad
[INFO] [stdout]                                at /opt/rustwide/cargo-home/registry/src/index.crates.io-6f17d22bba15001f/async-io-2.3.4/src/driver.rs:199:37
[INFO] [stdout]   32:     0x563fe4bf64c6 - std::thread::local::LocalKey<T>::try_with::h4d1ea20c56dd4ab2
[INFO] [stdout]                                at /rustc/df4ca44d3fbc9301ee17f30f4d474e6ae4b05252/library/std/src/thread/local.rs:283:12
[INFO] [stdout]   33:     0x563fe4bf35ca - std::thread::local::LocalKey<T>::with::h48edd18cb52e8857
[INFO] [stdout]                                at /rustc/df4ca44d3fbc9301ee17f30f4d474e6ae4b05252/library/std/src/thread/local.rs:260:9
[INFO] [stdout]   34:     0x563fe4c02b3b - async_io::driver::block_on::h7f16f15e74477de2
[INFO] [stdout]                                at /opt/rustwide/cargo-home/registry/src/index.crates.io-6f17d22bba15001f/async-io-2.3.4/src/driver.rs:175:5
[INFO] [stdout]   35:     0x563fe4c4c562 - async_global_executor::reactor::block_on::{{closure}}::h9829687354f46748
[INFO] [stdout]                                at /opt/rustwide/cargo-home/registry/src/index.crates.io-6f17d22bba15001f/async-global-executor-2.4.1/src/reactor.rs:3:18
[INFO] [stdout]   36:     0x563fe4c4c202 - async_global_executor::reactor::block_on::h6db77d69bdc5a634
[INFO] [stdout]                                at /opt/rustwide/cargo-home/registry/src/index.crates.io-6f17d22bba15001f/async-global-executor-2.4.1/src/reactor.rs:12:5
[INFO] [stdout]   37:     0x563fe4c4318b - async_global_executor::executor::block_on::{{closure}}::hc877857b66422e77
[INFO] [stdout]                                at /opt/rustwide/cargo-home/registry/src/index.crates.io-6f17d22bba15001f/async-global-executor-2.4.1/src/executor.rs:26:36
[INFO] [stdout]   38:     0x563fe4bf6a97 - std::thread::local::LocalKey<T>::try_with::h65f131b3b65bd114
[INFO] [stdout]                                at /rustc/df4ca44d3fbc9301ee17f30f4d474e6ae4b05252/library/std/src/thread/local.rs:283:12
[INFO] [stdout]   39:     0x563fe4bf378a - std::thread::local::LocalKey<T>::with::h5c57caaa482224cc
[INFO] [stdout]                                at /rustc/df4ca44d3fbc9301ee17f30f4d474e6ae4b05252/library/std/src/thread/local.rs:260:9
[INFO] [stdout]   40:     0x563fe4c42e1a - async_global_executor::executor::block_on::hf107a96e68465cd2
[INFO] [stdout]                                at /opt/rustwide/cargo-home/registry/src/index.crates.io-6f17d22bba15001f/async-global-executor-2.4.1/src/executor.rs:26:5
[INFO] [stdout]   41:     0x563fe4c5c590 - async_std::task::builder::Builder::blocking::{{closure}}::{{closure}}::h0011a6a1f9c209ca
[INFO] [stdout]                                at /opt/rustwide/cargo-home/registry/src/index.crates.io-6f17d22bba15001f/async-std-1.13.0/src/task/builder.rs:171:25
[INFO] [stdout]   42:     0x563fe4c2f1ba - async_std::task::task_locals_wrapper::TaskLocalsWrapper::set_current::{{closure}}::h10aaa4ef523fd49b
[INFO] [stdout]                                at /opt/rustwide/cargo-home/registry/src/index.crates.io-6f17d22bba15001f/async-std-1.13.0/src/task/task_locals_wrapper.rs:60:13
[INFO] [stdout]   43:     0x563fe4bf4db5 - std::thread::local::LocalKey<T>::try_with::h1d46c93ce82dda83
[INFO] [stdout]                                at /rustc/df4ca44d3fbc9301ee17f30f4d474e6ae4b05252/library/std/src/thread/local.rs:283:12
[INFO] [stdout]   44:     0x563fe4bf375a - std::thread::local::LocalKey<T>::with::h59684480b9015fc7
[INFO] [stdout]                                at /rustc/df4ca44d3fbc9301ee17f30f4d474e6ae4b05252/library/std/src/thread/local.rs:260:9
[INFO] [stdout]   45:     0x563fe4c2ec6a - async_std::task::task_locals_wrapper::TaskLocalsWrapper::set_current::h7893d817c159fa7c
[INFO] [stdout]                                at /opt/rustwide/cargo-home/registry/src/index.crates.io-6f17d22bba15001f/async-std-1.13.0/src/task/task_locals_wrapper.rs:55:9
[INFO] [stdout]   46:     0x563fe4c5c0fe - async_std::task::builder::Builder::blocking::{{closure}}::h60a7bbaa098c69f9
[INFO] [stdout]                                at /opt/rustwide/cargo-home/registry/src/index.crates.io-6f17d22bba15001f/async-std-1.13.0/src/task/builder.rs:168:17
[INFO] [stdout]   47:     0x563fe4bf7e27 - std::thread::local::LocalKey<T>::try_with::h9326456304d4b3a9
[INFO] [stdout]                                at /rustc/df4ca44d3fbc9301ee17f30f4d474e6ae4b05252/library/std/src/thread/local.rs:283:12
[INFO] [stdout]   48:     0x563fe4bf37fa - std::thread::local::LocalKey<T>::with::h613950ef91c3b46c
[INFO] [stdout]                                at /rustc/df4ca44d3fbc9301ee17f30f4d474e6ae4b05252/library/std/src/thread/local.rs:260:9
[INFO] [stdout]   49:     0x563fe4c5a608 - async_std::task::builder::Builder::blocking::h400baa34774e3290
[INFO] [stdout]                                at /opt/rustwide/cargo-home/registry/src/index.crates.io-6f17d22bba15001f/async-std-1.13.0/src/task/builder.rs:161:9
[INFO] [stdout]   50:     0x563fe4c502fc - async_std::task::block_on::block_on::h3de92aefae128c5b
[INFO] [stdout]                                at /opt/rustwide/cargo-home/registry/src/index.crates.io-6f17d22bba15001f/async-std-1.13.0/src/task/block_on.rs:33:5
[INFO] [stdout]   51:     0x563fe4c28ff7 - async_std_client_tests::client_polls_pub_servers_successfully::h9985bbf63ffd04b1
[INFO] [stdout]                                at /opt/rustwide/workdir/tests/async_std_client_tests.rs:11:1
[INFO] [stdout]   52:     0x563fe4c28fc7 - async_std_client_tests::client_polls_pub_servers_successfully::{{closure}}::hbdb64a694f67a7c6
[INFO] [stdout]                                at /opt/rustwide/workdir/tests/async_std_client_tests.rs:11:19
[INFO] [stdout]   53:     0x563fe4bfa5c6 - core::ops::function::FnOnce::call_once::hd7ea406c0ce75d0b
[INFO] [stdout]                                at /rustc/df4ca44d3fbc9301ee17f30f4d474e6ae4b05252/library/core/src/ops/function.rs:250:5
[INFO] [stdout]   54:     0x563fe4cb7f1b - core::ops::function::FnOnce::call_once::h22c3ba5715e93f05
[INFO] [stdout]                                at /rustc/df4ca44d3fbc9301ee17f30f4d474e6ae4b05252/library/core/src/ops/function.rs:250:5
[INFO] [stdout]   55:     0x563fe4cb7f1b - test::__rust_begin_short_backtrace::h8e82d8113d0da17f
[INFO] [stdout]                                at /rustc/df4ca44d3fbc9301ee17f30f4d474e6ae4b05252/library/test/src/lib.rs:621:18
[INFO] [stdout]   56:     0x563fe4cb7897 - test::run_test_in_process::{{closure}}::h33235f4f20b7b7c7
[INFO] [stdout]                                at /rustc/df4ca44d3fbc9301ee17f30f4d474e6ae4b05252/library/test/src/lib.rs:644:60
[INFO] [stdout]   57:     0x563fe4cb7897 - <core::panic::unwind_safe::AssertUnwindSafe<F> as core::ops::function::FnOnce<()>>::call_once::hb5043206310c586f
[INFO] [stdout]                                at /rustc/df4ca44d3fbc9301ee17f30f4d474e6ae4b05252/library/core/src/panic/unwind_safe.rs:272:9
[INFO] [stdout]   58:     0x563fe4cb7897 - std::panicking::try::do_call::h9ad4731a60ab23e2
[INFO] [stdout]                                at /rustc/df4ca44d3fbc9301ee17f30f4d474e6ae4b05252/library/std/src/panicking.rs:557:40
[INFO] [stdout]   59:     0x563fe4cb7897 - std::panicking::try::h3824d23db772a716
[INFO] [stdout]                                at /rustc/df4ca44d3fbc9301ee17f30f4d474e6ae4b05252/library/std/src/panicking.rs:520:19
[INFO] [stdout]   60:     0x563fe4cb7897 - std::panic::catch_unwind::h5afd514605fde46b
[INFO] [stdout]                                at /rustc/df4ca44d3fbc9301ee17f30f4d474e6ae4b05252/library/std/src/panic.rs:358:14
[INFO] [stdout]   61:     0x563fe4cb7897 - test::run_test_in_process::h0d5cbfa7067d1720
[INFO] [stdout]                                at /rustc/df4ca44d3fbc9301ee17f30f4d474e6ae4b05252/library/test/src/lib.rs:644:27
[INFO] [stdout]   62:     0x563fe4cb7897 - test::run_test::{{closure}}::h708eb8872708115d
[INFO] [stdout]                                at /rustc/df4ca44d3fbc9301ee17f30f4d474e6ae4b05252/library/test/src/lib.rs:565:43
[INFO] [stdout]   63:     0x563fe4c7afb4 - test::run_test::{{closure}}::h392c51cee94713ab
[INFO] [stdout]                                at /rustc/df4ca44d3fbc9301ee17f30f4d474e6ae4b05252/library/test/src/lib.rs:595:41
[INFO] [stdout]   64:     0x563fe4c7afb4 - std::sys::backtrace::__rust_begin_short_backtrace::h2f40290710935a8b
[INFO] [stdout]                                at /rustc/df4ca44d3fbc9301ee17f30f4d474e6ae4b05252/library/std/src/sys/backtrace.rs:154:18
[INFO] [stdout]   65:     0x563fe4c7e75e - std::thread::Builder::spawn_unchecked_::{{closure}}::{{closure}}::h3fd968d89053a903
[INFO] [stdout]                                at /rustc/df4ca44d3fbc9301ee17f30f4d474e6ae4b05252/library/std/src/thread/mod.rs:541:17
[INFO] [stdout]   66:     0x563fe4c7e75e - <core::panic::unwind_safe::AssertUnwindSafe<F> as core::ops::function::FnOnce<()>>::call_once::h743f637ba4229880
[INFO] [stdout]                                at /rustc/df4ca44d3fbc9301ee17f30f4d474e6ae4b05252/library/core/src/panic/unwind_safe.rs:272:9
[INFO] [stdout]   67:     0x563fe4c7e75e - std::panicking::try::do_call::h07440897322525a6
[INFO] [stdout]                                at /rustc/df4ca44d3fbc9301ee17f30f4d474e6ae4b05252/library/std/src/panicking.rs:557:40
[INFO] [stdout]   68:     0x563fe4c7e75e - std::panicking::try::he5a2e00188156637
[INFO] [stdout]                                at /rustc/df4ca44d3fbc9301ee17f30f4d474e6ae4b05252/library/std/src/panicking.rs:520:19
[INFO] [stdout]   69:     0x563fe4c7e75e - std::panic::catch_unwind::hbaf3cae49b3c6433
[INFO] [stdout]                                at /rustc/df4ca44d3fbc9301ee17f30f4d474e6ae4b05252/library/std/src/panic.rs:358:14
[INFO] [stdout]   70:     0x563fe4c7e75e - std::thread::Builder::spawn_unchecked_::{{closure}}::h8e141ea224820bce
[INFO] [stdout]                                at /rustc/df4ca44d3fbc9301ee17f30f4d474e6ae4b05252/library/std/src/thread/mod.rs:540:30
[INFO] [stdout]   71:     0x563fe4c7e75e - core::ops::function::FnOnce::call_once{{vtable.shim}}::h90d312fedd7b8ea8
[INFO] [stdout]                                at /rustc/df4ca44d3fbc9301ee17f30f4d474e6ae4b05252/library/core/src/ops/function.rs:250:5
[INFO] [stdout]   72:     0x563fe559382b - <alloc::boxed::Box<F,A> as core::ops::function::FnOnce<Args>>::call_once::h69aa08ddb6adb8b6
[INFO] [stdout]                                at /rustc/df4ca44d3fbc9301ee17f30f4d474e6ae4b05252/library/alloc/src/boxed.rs:2454:9
[INFO] [stdout]   73:     0x563fe559382b - <alloc::boxed::Box<F,A> as core::ops::function::FnOnce<Args>>::call_once::h5aa36efdb79c806f
[INFO] [stdout]                                at /rustc/df4ca44d3fbc9301ee17f30f4d474e6ae4b05252/library/alloc/src/boxed.rs:2454:9
[INFO] [stdout]   74:     0x563fe559382b - std::sys::pal::unix::thread::Thread::new::thread_start::h6cd80a1b4be5158d
[INFO] [stdout]                                at /rustc/df4ca44d3fbc9301ee17f30f4d474e6ae4b05252/library/std/src/sys/pal/unix/thread.rs:105:17
[INFO] [stdout]   75:     0x7065c7baeac3 - <unknown>
[INFO] [stdout]   76:     0x7065c7c3fa04 - clone
[INFO] [stdout]   77:                0x0 - <unknown>
[INFO] [stdout] 
[INFO] [stdout] ---- client_receives_http_logs_from_pub_servers stdout ----
[INFO] [stdout] thread 'client_receives_http_logs_from_pub_servers' panicked at tests/shared/utils/public_utils.rs:47:5:
[INFO] [stdout] Unable to register to any public server
[INFO] [stdout] stack backtrace:
[INFO] [stdout]    0:     0x563fe558d8fa - std::backtrace_rs::backtrace::libunwind::trace::h207520d6e9873551
[INFO] [stdout]                                at /rustc/df4ca44d3fbc9301ee17f30f4d474e6ae4b05252/library/std/src/../../backtrace/src/backtrace/libunwind.rs:116:5
[INFO] [stdout]    1:     0x563fe558d8fa - std::backtrace_rs::backtrace::trace_unsynchronized::h2ed7433f370e3eca
[INFO] [stdout]                                at /rustc/df4ca44d3fbc9301ee17f30f4d474e6ae4b05252/library/std/src/../../backtrace/src/backtrace/mod.rs:66:5
[INFO] [stdout]    2:     0x563fe558d8fa - std::sys::backtrace::_print_fmt::h916fac51166b18d7
[INFO] [stdout]                                at /rustc/df4ca44d3fbc9301ee17f30f4d474e6ae4b05252/library/std/src/sys/backtrace.rs:66:9
[INFO] [stdout]    3:     0x563fe558d8fa - <std::sys::backtrace::BacktraceLock::print::DisplayBacktrace as core::fmt::Display>::fmt::ha0a4c9b8ce3802e6
[INFO] [stdout]                                at /rustc/df4ca44d3fbc9301ee17f30f4d474e6ae4b05252/library/std/src/sys/backtrace.rs:39:26
[INFO] [stdout]    4:     0x563fe55b8793 - core::fmt::rt::Argument::fmt::h4cfc8587d52b3eb5
[INFO] [stdout]                                at /rustc/df4ca44d3fbc9301ee17f30f4d474e6ae4b05252/library/core/src/fmt/rt.rs:177:76
[INFO] [stdout]    5:     0x563fe55b8793 - core::fmt::write::h522cc39e5b36ae9f
[INFO] [stdout]                                at /rustc/df4ca44d3fbc9301ee17f30f4d474e6ae4b05252/library/core/src/fmt/mod.rs:1190:21
[INFO] [stdout]    6:     0x563fe5589783 - std::io::Write::write_fmt::h7d3c26752da97734
[INFO] [stdout]                                at /rustc/df4ca44d3fbc9301ee17f30f4d474e6ae4b05252/library/std/src/io/mod.rs:1839:15
[INFO] [stdout]    7:     0x563fe558d742 - std::sys::backtrace::BacktraceLock::print::h4b9e00b29e9c0942
[INFO] [stdout]                                at /rustc/df4ca44d3fbc9301ee17f30f4d474e6ae4b05252/library/std/src/sys/backtrace.rs:42:9
[INFO] [stdout]    8:     0x563fe558ed8a - std::panicking::default_hook::{{closure}}::hb59b88280d0324d9
[INFO] [stdout]                                at /rustc/df4ca44d3fbc9301ee17f30f4d474e6ae4b05252/library/std/src/panicking.rs:268:22
[INFO] [stdout]    9:     0x563fe558eb94 - std::panicking::default_hook::he1dd496665be4a29
[INFO] [stdout]                                at /rustc/df4ca44d3fbc9301ee17f30f4d474e6ae4b05252/library/std/src/panicking.rs:292:9
[INFO] [stdout]   10:     0x563fe4cb3649 - <alloc::boxed::Box<F,A> as core::ops::function::Fn<Args>>::call::h4ff71de18744e1dc
[INFO] [stdout]                                at /rustc/df4ca44d3fbc9301ee17f30f4d474e6ae4b05252/library/alloc/src/boxed.rs:2468:9
[INFO] [stdout]   11:     0x563fe4cb3649 - test::test_main::{{closure}}::hcf7c055ce117aa81
[INFO] [stdout]                                at /rustc/df4ca44d3fbc9301ee17f30f4d474e6ae4b05252/library/test/src/lib.rs:133:21
[INFO] [stdout]   12:     0x563fe558f488 - <alloc::boxed::Box<F,A> as core::ops::function::Fn<Args>>::call::h1d66c6bbd60c9692
[INFO] [stdout]                                at /rustc/df4ca44d3fbc9301ee17f30f4d474e6ae4b05252/library/alloc/src/boxed.rs:2468:9
[INFO] [stdout]   13:     0x563fe558f488 - std::panicking::rust_panic_with_hook::h2ff17fe8f26dfcf8
[INFO] [stdout]                                at /rustc/df4ca44d3fbc9301ee17f30f4d474e6ae4b05252/library/std/src/panicking.rs:809:13
[INFO] [stdout]   14:     0x563fe558f216 - std::panicking::begin_panic_handler::{{closure}}::h4fad77951c07e101
[INFO] [stdout]                                at /rustc/df4ca44d3fbc9301ee17f30f4d474e6ae4b05252/library/std/src/panicking.rs:667:13
[INFO] [stdout]   15:     0x563fe558ddd9 - std::sys::backtrace::__rust_end_short_backtrace::hb1a25b3da5d0ea08
[INFO] [stdout]                                at /rustc/df4ca44d3fbc9301ee17f30f4d474e6ae4b05252/library/std/src/sys/backtrace.rs:170:18
[INFO] [stdout]   16:     0x563fe558eedc - rust_begin_unwind
[INFO] [stdout]                                at /rustc/df4ca44d3fbc9301ee17f30f4d474e6ae4b05252/library/std/src/panicking.rs:665:5
[INFO] [stdout]   17:     0x563fe55b6940 - core::panicking::panic_fmt::ha9db07b529f9b256
[INFO] [stdout]                                at /rustc/df4ca44d3fbc9301ee17f30f4d474e6ae4b05252/library/core/src/panicking.rs:75:14
[INFO] [stdout]   18:     0x563fe4c336d5 - async_std_client_tests::shared::utils::public_utils::try_register_to_any_of_pub_servers::{{closure}}::hcd377a2e5907d6e2
[INFO] [stdout]                                at /opt/rustwide/workdir/tests/shared/utils/public_utils.rs:47:5
[INFO] [stdout]   19:     0x563fe4c31146 - async_std_client_tests::shared::public_tests::client_receives_http_logs_from_pub_servers::{{closure}}::h25358b9817349d82
[INFO] [stdout]                                at /opt/rustwide/workdir/tests/shared/public_tests.rs:32:73
[INFO] [stdout]   20:     0x563fe4c29364 - async_std_client_tests::client_receives_http_logs_from_pub_servers::{{closure}}::h73a9dbdaae539d3c
[INFO] [stdout]                                at /opt/rustwide/workdir/tests/async_std_client_tests.rs:19:58
[INFO] [stdout]   21:     0x563fe4c52072 - <async_std::task::builder::SupportTaskLocals<F> as core::future::future::Future>::poll::{{closure}}::hb181d97c0490fa21
[INFO] [stdout]                                at /opt/rustwide/cargo-home/registry/src/index.crates.io-6f17d22bba15001f/async-std-1.13.0/src/task/builder.rs:199:17
[INFO] [stdout]   22:     0x563fe4c2f09c - async_std::task::task_locals_wrapper::TaskLocalsWrapper::set_current::{{closure}}::h105a9f03ba58fbe9
[INFO] [stdout]                                at /opt/rustwide/cargo-home/registry/src/index.crates.io-6f17d22bba15001f/async-std-1.13.0/src/task/task_locals_wrapper.rs:60:13
[INFO] [stdout]   23:     0x563fe4bf751a - std::thread::local::LocalKey<T>::try_with::h82a26a6fced22cc4
[INFO] [stdout]                                at /rustc/df4ca44d3fbc9301ee17f30f4d474e6ae4b05252/library/std/src/thread/local.rs:283:12
[INFO] [stdout]   24:     0x563fe4bf372a - std::thread::local::LocalKey<T>::with::h575def3d3d951f07
[INFO] [stdout]                                at /rustc/df4ca44d3fbc9301ee17f30f4d474e6ae4b05252/library/std/src/thread/local.rs:260:9
[INFO] [stdout]   25:     0x563fe4c2ee88 - async_std::task::task_locals_wrapper::TaskLocalsWrapper::set_current::hdffbec172c88f01b
[INFO] [stdout]                                at /opt/rustwide/cargo-home/registry/src/index.crates.io-6f17d22bba15001f/async-std-1.13.0/src/task/task_locals_wrapper.rs:55:9
[INFO] [stdout]   26:     0x563fe4c51faa - <async_std::task::builder::SupportTaskLocals<F> as core::future::future::Future>::poll::hfea7e03134476006
[INFO] [stdout]                                at /opt/rustwide/cargo-home/registry/src/index.crates.io-6f17d22bba15001f/async-std-1.13.0/src/task/builder.rs:197:13
[INFO] [stdout]   27:     0x563fe4c44bf4 - <futures_lite::future::Or<F1,F2> as core::future::future::Future>::poll::h1ecc0859215f0bf6
[INFO] [stdout]                                at /opt/rustwide/cargo-home/registry/src/index.crates.io-6f17d22bba15001f/futures-lite-2.4.0/src/future.rs:454:33
[INFO] [stdout]   28:     0x563fe4c5ee94 - async_executor::State::run::{{closure}}::h223399df981e8248
[INFO] [stdout]                                at /opt/rustwide/cargo-home/registry/src/index.crates.io-6f17d22bba15001f/async-executor-1.13.1/src/lib.rs:748:32
[INFO] [stdout]   29:     0x563fe4c6327f - async_executor::Executor::run::{{closure}}::h7bea239c52b4ba17
[INFO] [stdout]                                at /opt/rustwide/cargo-home/registry/src/index.crates.io-6f17d22bba15001f/async-executor-1.13.1/src/lib.rs:344:34
[INFO] [stdout]   30:     0x563fe4c5d70f - async_executor::LocalExecutor::run::{{closure}}::h514f0818873f0f77
[INFO] [stdout]                                at /opt/rustwide/cargo-home/registry/src/index.crates.io-6f17d22bba15001f/async-executor-1.13.1/src/lib.rs:648:34
[INFO] [stdout]   31:     0x563fe4c1a9d0 - async_io::driver::block_on::{{closure}}::hf63b82927bc90785
[INFO] [stdout]                                at /opt/rustwide/cargo-home/registry/src/index.crates.io-6f17d22bba15001f/async-io-2.3.4/src/driver.rs:199:37
[INFO] [stdout]   32:     0x563fe4bf98e5 - std::thread::local::LocalKey<T>::try_with::hf2d78ed9f1cada76
[INFO] [stdout]                                at /rustc/df4ca44d3fbc9301ee17f30f4d474e6ae4b05252/library/std/src/thread/local.rs:283:12
[INFO] [stdout]   33:     0x563fe4bf40aa - std::thread::local::LocalKey<T>::with::hda87b025253e0301
[INFO] [stdout]                                at /rustc/df4ca44d3fbc9301ee17f30f4d474e6ae4b05252/library/std/src/thread/local.rs:260:9
[INFO] [stdout]   34:     0x563fe4c03e8b - async_io::driver::block_on::hc4711e922ba13954
[INFO] [stdout]                                at /opt/rustwide/cargo-home/registry/src/index.crates.io-6f17d22bba15001f/async-io-2.3.4/src/driver.rs:175:5
[INFO] [stdout]   35:     0x563fe4c4c47e - async_global_executor::reactor::block_on::{{closure}}::h52e767013f2323ac
[INFO] [stdout]                                at /opt/rustwide/cargo-home/registry/src/index.crates.io-6f17d22bba15001f/async-global-executor-2.4.1/src/reactor.rs:3:18
[INFO] [stdout]   36:     0x563fe4c4c36e - async_global_executor::reactor::block_on::hbeaab5a56d5834bb
[INFO] [stdout]                                at /opt/rustwide/cargo-home/registry/src/index.crates.io-6f17d22bba15001f/async-global-executor-2.4.1/src/reactor.rs:12:5
[INFO] [stdout]   37:     0x563fe4c43089 - async_global_executor::executor::block_on::{{closure}}::ha103396176ae0d5d
[INFO] [stdout]                                at /opt/rustwide/cargo-home/registry/src/index.crates.io-6f17d22bba15001f/async-global-executor-2.4.1/src/executor.rs:26:36
[INFO] [stdout]   38:     0x563fe4bf6ca5 - std::thread::local::LocalKey<T>::try_with::h6bd5e50598626aa0
[INFO] [stdout]                                at /rustc/df4ca44d3fbc9301ee17f30f4d474e6ae4b05252/library/std/src/thread/local.rs:283:12
[INFO] [stdout]   39:     0x563fe4bf33aa - std::thread::local::LocalKey<T>::with::h2b3f3bb7e6f82f2f
[INFO] [stdout]                                at /rustc/df4ca44d3fbc9301ee17f30f4d474e6ae4b05252/library/std/src/thread/local.rs:260:9
[INFO] [stdout]   40:     0x563fe4c42d46 - async_global_executor::executor::block_on::h86162239d9267f30
[INFO] [stdout]                                at /opt/rustwide/cargo-home/registry/src/index.crates.io-6f17d22bba15001f/async-global-executor-2.4.1/src/executor.rs:26:5
[INFO] [stdout]   41:     0x563fe4c5c680 - async_std::task::builder::Builder::blocking::{{closure}}::{{closure}}::h1afa3928b3311977
[INFO] [stdout]                                at /opt/rustwide/cargo-home/registry/src/index.crates.io-6f17d22bba15001f/async-std-1.13.0/src/task/builder.rs:171:25
[INFO] [stdout]   42:     0x563fe4c2f6e8 - async_std::task::task_locals_wrapper::TaskLocalsWrapper::set_current::{{closure}}::h5bdd85691ada28e4
[INFO] [stdout]                                at /opt/rustwide/cargo-home/registry/src/index.crates.io-6f17d22bba15001f/async-std-1.13.0/src/task/task_locals_wrapper.rs:60:13
[INFO] [stdout]   43:     0x563fe4bf5f17 - std::thread::local::LocalKey<T>::try_with::h41f4333b27646fa6
[INFO] [stdout]                                at /rustc/df4ca44d3fbc9301ee17f30f4d474e6ae4b05252/library/std/src/thread/local.rs:283:12
[INFO] [stdout]   44:     0x563fe4bf403a - std::thread::local::LocalKey<T>::with::hd13d41f5be7c3af5
[INFO] [stdout]                                at /rustc/df4ca44d3fbc9301ee17f30f4d474e6ae4b05252/library/std/src/thread/local.rs:260:9
[INFO] [stdout]   45:     0x563fe4c2ed87 - async_std::task::task_locals_wrapper::TaskLocalsWrapper::set_current::h90bff71bbc55e935
[INFO] [stdout]                                at /opt/rustwide/cargo-home/registry/src/index.crates.io-6f17d22bba15001f/async-std-1.13.0/src/task/task_locals_wrapper.rs:55:9
[INFO] [stdout]   46:     0x563fe4c5bea0 - async_std::task::builder::Builder::blocking::{{closure}}::h2f7f3da5191b5f43
[INFO] [stdout]                                at /opt/rustwide/cargo-home/registry/src/index.crates.io-6f17d22bba15001f/async-std-1.13.0/src/task/builder.rs:168:17
[INFO] [stdout]   47:     0x563fe4bf6165 - std::thread::local::LocalKey<T>::try_with::h4832bfa9991e66f6
[INFO] [stdout]                                at /rustc/df4ca44d3fbc9301ee17f30f4d474e6ae4b05252/library/std/src/thread/local.rs:283:12
[INFO] [stdout]   48:     0x563fe4bf41ca - std::thread::local::LocalKey<T>::with::hee00776b0723ff16
[INFO] [stdout]                                at /rustc/df4ca44d3fbc9301ee17f30f4d474e6ae4b05252/library/std/src/thread/local.rs:260:9
[INFO] [stdout]   49:     0x563fe4c5b92b - async_std::task::builder::Builder::blocking::he95c0ec30bc6269e
[INFO] [stdout]                                at /opt/rustwide/cargo-home/registry/src/index.crates.io-6f17d22bba15001f/async-std-1.13.0/src/task/builder.rs:161:9
[INFO] [stdout]   50:     0x563fe4c5050e - async_std::task::block_on::block_on::h8a100e78d85db644
[INFO] [stdout]                                at /opt/rustwide/cargo-home/registry/src/index.crates.io-6f17d22bba15001f/async-std-1.13.0/src/task/block_on.rs:33:5
[INFO] [stdout]   51:     0x563fe4c29209 - async_std_client_tests::client_receives_http_logs_from_pub_servers::h36a9197f5ff12950
[INFO] [stdout]                                at /opt/rustwide/workdir/tests/async_std_client_tests.rs:17:1
[INFO] [stdout]   52:     0x563fe4c291d7 - async_std_client_tests::client_receives_http_logs_from_pub_servers::{{closure}}::h0b4c6e899b5931db
[INFO] [stdout]                                at /opt/rustwide/workdir/tests/async_std_client_tests.rs:17:19
[INFO] [stdout]   53:     0x563fe4bfa436 - core::ops::function::FnOnce::call_once::haabe181c6b93c070
[INFO] [stdout]                                at /rustc/df4ca44d3fbc9301ee17f30f4d474e6ae4b05252/library/core/src/ops/function.rs:250:5
[INFO] [stdout]   54:     0x563fe4cb7f1b - core::ops::function::FnOnce::call_once::h22c3ba5715e93f05
[INFO] [stdout]                                at /rustc/df4ca44d3fbc9301ee17f30f4d474e6ae4b05252/library/core/src/ops/function.rs:250:5
[INFO] [stdout]   55:     0x563fe4cb7f1b - test::__rust_begin_short_backtrace::h8e82d8113d0da17f
[INFO] [stdout]                                at /rustc/df4ca44d3fbc9301ee17f30f4d474e6ae4b05252/library/test/src/lib.rs:621:18
[INFO] [stdout]   56:     0x563fe4cb7897 - test::run_test_in_process::{{closure}}::h33235f4f20b7b7c7
[INFO] [stdout]                                at /rustc/df4ca44d3fbc9301ee17f30f4d474e6ae4b05252/library/test/src/lib.rs:644:60
[INFO] [stdout]   57:     0x563fe4cb7897 - <core::panic::unwind_safe::AssertUnwindSafe<F> as core::ops::function::FnOnce<()>>::call_once::hb5043206310c586f
[INFO] [stdout]                                at /rustc/df4ca44d3fbc9301ee17f30f4d474e6ae4b05252/library/core/src/panic/unwind_safe.rs:272:9
[INFO] [stdout]   58:     0x563fe4cb7897 - std::panicking::try::do_call::h9ad4731a60ab23e2
[INFO] [stdout]                                at /rustc/df4ca44d3fbc9301ee17f30f4d474e6ae4b05252/library/std/src/panicking.rs:557:40
[INFO] [stdout]   59:     0x563fe4cb7897 - std::panicking::try::h3824d23db772a716
[INFO] [stdout]                                at /rustc/df4ca44d3fbc9301ee17f30f4d474e6ae4b05252/library/std/src/panicking.rs:520:19
[INFO] [stdout]   60:     0x563fe4cb7897 - std::panic::catch_unwind::h5afd514605fde46b
[INFO] [stdout]                                at /rustc/df4ca44d3fbc9301ee17f30f4d474e6ae4b05252/library/std/src/panic.rs:358:14
[INFO] [stdout]   61:     0x563fe4cb7897 - test::run_test_in_process::h0d5cbfa7067d1720
[INFO] [stdout]                                at /rustc/df4ca44d3fbc9301ee17f30f4d474e6ae4b05252/library/test/src/lib.rs:644:27
[INFO] [stdout]   62:     0x563fe4cb7897 - test::run_test::{{closure}}::h708eb8872708115d
[INFO] [stdout]                                at /rustc/df4ca44d3fbc9301ee17f30f4d474e6ae4b05252/library/test/src/lib.rs:565:43
[INFO] [stdout]   63:     0x563fe4c7afb4 - test::run_test::{{closure}}::h392c51cee94713ab
[INFO] [stdout]                                at /rustc/df4ca44d3fbc9301ee17f30f4d474e6ae4b05252/library/test/src/lib.rs:595:41
[INFO] [stdout]   64:     0x563fe4c7afb4 - std::sys::backtrace::__rust_begin_short_backtrace::h2f40290710935a8b
[INFO] [stdout]                                at /rustc/df4ca44d3fbc9301ee17f30f4d474e6ae4b05252/library/std/src/sys/backtrace.rs:154:18
[INFO] [stdout]   65:     0x563fe4c7e75e - std::thread::Builder::spawn_unchecked_::{{closure}}::{{closure}}::h3fd968d89053a903
[INFO] [stdout]                                at /rustc/df4ca44d3fbc9301ee17f30f4d474e6ae4b05252/library/std/src/thread/mod.rs:541:17
[INFO] [stdout]   66:     0x563fe4c7e75e - <core::panic::unwind_safe::AssertUnwindSafe<F> as core::ops::function::FnOnce<()>>::call_once::h743f637ba4229880
[INFO] [stdout]                                at /rustc/df4ca44d3fbc9301ee17f30f4d474e6ae4b05252/library/core/src/panic/unwind_safe.rs:272:9
[INFO] [stdout]   67:     0x563fe4c7e75e - std::panicking::try::do_call::h07440897322525a6
[INFO] [stdout]                                at /rustc/df4ca44d3fbc9301ee17f30f4d474e6ae4b05252/library/std/src/panicking.rs:557:40
[INFO] [stdout]   68:     0x563fe4c7e75e - std::panicking::try::he5a2e00188156637
[INFO] [stdout]                                at /rustc/df4ca44d3fbc9301ee17f30f4d474e6ae4b05252/library/std/src/panicking.rs:520:19
[INFO] [stdout]   69:     0x563fe4c7e75e - std::panic::catch_unwind::hbaf3cae49b3c6433
[INFO] [stdout]                                at /rustc/df4ca44d3fbc9301ee17f30f4d474e6ae4b05252/library/std/src/panic.rs:358:14
[INFO] [stdout]   70:     0x563fe4c7e75e - std::thread::Builder::spawn_unchecked_::{{closure}}::h8e141ea224820bce
[INFO] [stdout]                                at /rustc/df4ca44d3fbc9301ee17f30f4d474e6ae4b05252/library/std/src/thread/mod.rs:540:30
[INFO] [stdout]   71:     0x563fe4c7e75e - core::ops::function::FnOnce::call_once{{vtable.shim}}::h90d312fedd7b8ea8
[INFO] [stdout]                                at /rustc/df4ca44d3fbc9301ee17f30f4d474e6ae4b05252/library/core/src/ops/function.rs:250:5
[INFO] [stdout]   72:     0x563fe559382b - <alloc::boxed::Box<F,A> as core::ops::function::FnOnce<Args>>::call_once::h69aa08ddb6adb8b6
[INFO] [stdout]                                at /rustc/df4ca44d3fbc9301ee17f30f4d474e6ae4b05252/library/alloc/src/boxed.rs:2454:9
[INFO] [stdout]   73:     0x563fe559382b - <alloc::boxed::Box<F,A> as core::ops::function::FnOnce<Args>>::call_once::h5aa36efdb79c806f
[INFO] [stdout]                                at /rustc/df4ca44d3fbc9301ee17f30f4d474e6ae4b05252/library/alloc/src/boxed.rs:2454:9
[INFO] [stdout]   74:     0x563fe559382b - std::sys::pal::unix::thread::Thread::new::thread_start::h6cd80a1b4be5158d
[INFO] [stdout]                                at /rustc/df4ca44d3fbc9301ee17f30f4d474e6ae4b05252/library/std/src/sys/pal/unix/thread.rs:105:17
[INFO] [stdout]   75:     0x7065c7baeac3 - <unknown>
[INFO] [stdout]   76:     0x7065c7c3fa04 - clone
[INFO] [stdout]   77:                0x0 - <unknown>
[INFO] [stdout] 
[INFO] [stdout] 
[INFO] [stdout] failures:
[INFO] [stdout]     client_polls_local_server_successfully
[INFO] [stdout]     client_polls_pub_servers_successfully
[INFO] [stdout]     client_receives_http_logs_from_local_server
[INFO] [stdout]     client_receives_http_logs_from_proxied_pub_servers
[INFO] [stdout]     client_receives_http_logs_from_pub_servers
[INFO] [stdout]     client_registers_and_deregisters_to_local_server_successfully_with_auth
[INFO] [stdout]     client_registers_and_deregisters_to_pub_servers_successfully
[INFO] [stdout] 
[INFO] [stdout] test result: FAILED. 0 passed; 7 failed; 1 ignored; 0 measured; 0 filtered out; finished in 40.26s
[INFO] [stdout] 
[INFO] [stderr] error: test failed, to rerun pass `--test async_std_client_tests`
[INFO] running `Command { std: "docker" "inspect" "dd8b3255df258f9d1d5d12bd418801515f038d1b96bf8e6ebefca8f6b0edebc9", kill_on_drop: false }`
[INFO] running `Command { std: "docker" "rm" "-f" "dd8b3255df258f9d1d5d12bd418801515f038d1b96bf8e6ebefca8f6b0edebc9", kill_on_drop: false }`
[INFO] [stdout] dd8b3255df258f9d1d5d12bd418801515f038d1b96bf8e6ebefca8f6b0edebc9
