[INFO] fetching crate interact 0.3.6...
[INFO] testing interact-0.3.6 against nightly-2024-10-28 for randomize-layout
[INFO] extracting crate interact 0.3.6 into /workspace/builds/worker-0-tc1/source
[INFO] validating manifest of crates.io crate interact 0.3.6 on toolchain nightly-2024-10-28
[INFO] running `Command { std: CARGO_HOME="/workspace/cargo-home" RUSTUP_HOME="/workspace/rustup-home" "/workspace/cargo-home/bin/cargo" "+nightly-2024-10-28" "metadata" "--manifest-path" "Cargo.toml" "--no-deps", kill_on_drop: false }`
[INFO] started tweaking crates.io crate interact 0.3.6
[INFO] finished tweaking crates.io crate interact 0.3.6
[INFO] tweaked toml for crates.io crate interact 0.3.6 written to /workspace/builds/worker-0-tc1/source/Cargo.toml
[INFO] running `Command { std: CARGO_HOME="/workspace/cargo-home" RUSTUP_HOME="/workspace/rustup-home" "/workspace/cargo-home/bin/cargo" "+nightly-2024-10-28" "generate-lockfile" "--manifest-path" "Cargo.toml", kill_on_drop: false }`
[INFO] [stderr]     Updating crates.io index
[INFO] [stderr]      Locking 45 packages to latest compatible versions
[INFO] [stderr]       Adding pretty_assertions v0.5.1 (available: v1.4.1)
[INFO] [stderr]       Adding rand v0.5.6 (available: v0.8.5)
[INFO] [stderr]       Adding ron v0.4.2 (available: v0.8.1)
[INFO] running `Command { std: CARGO_HOME="/workspace/cargo-home" RUSTUP_HOME="/workspace/rustup-home" "/workspace/cargo-home/bin/cargo" "+nightly-2024-10-28" "fetch" "--manifest-path" "Cargo.toml", kill_on_drop: false }`
[INFO] [stderr]  Downloading crates ...
[INFO] [stderr]   Downloaded pretty_assertions v0.5.1
[INFO] [stderr]   Downloaded interact_derive v0.3.6
[INFO] running `Command { std: "docker" "create" "-v" "/var/lib/crater-agent-workspace/builds/worker-0-tc1/target:/opt/rustwide/target:rw,Z" "-v" "/var/lib/crater-agent-workspace/builds/worker-0-tc1/source:/opt/rustwide/workdir:ro,Z" "-v" "/var/lib/crater-agent-workspace/cargo-home:/opt/rustwide/cargo-home:ro,Z" "-v" "/var/lib/crater-agent-workspace/rustup-home:/opt/rustwide/rustup-home:ro,Z" "-e" "SOURCE_DIR=/opt/rustwide/workdir" "-e" "CARGO_TARGET_DIR=/opt/rustwide/target" "-e" "CARGO_HOME=/opt/rustwide/cargo-home" "-e" "RUSTUP_HOME=/opt/rustwide/rustup-home" "-w" "/opt/rustwide/workdir" "-m" "1610612736" "--user" "0:0" "--network" "none" "ghcr.io/rust-lang/crates-build-env/linux@sha256:4a844ea9eb2546a2d2c7022eacef16ef2e8229c7fbb2c7d4d55a9ceca922f72d" "/opt/rustwide/cargo-home/bin/cargo" "+nightly-2024-10-28" "metadata" "--no-deps" "--format-version=1", kill_on_drop: false }`
[INFO] [stdout] b9cbbbd3657b91dc62a734187ad889138cc01383cbbecc9251d3b1f41d1bacf7
[INFO] running `Command { std: "docker" "start" "-a" "b9cbbbd3657b91dc62a734187ad889138cc01383cbbecc9251d3b1f41d1bacf7", kill_on_drop: false }`
[INFO] running `Command { std: "docker" "inspect" "b9cbbbd3657b91dc62a734187ad889138cc01383cbbecc9251d3b1f41d1bacf7", kill_on_drop: false }`
[INFO] running `Command { std: "docker" "rm" "-f" "b9cbbbd3657b91dc62a734187ad889138cc01383cbbecc9251d3b1f41d1bacf7", kill_on_drop: false }`
[INFO] [stdout] b9cbbbd3657b91dc62a734187ad889138cc01383cbbecc9251d3b1f41d1bacf7
[INFO] running `Command { std: "docker" "create" "-v" "/var/lib/crater-agent-workspace/builds/worker-0-tc1/target:/opt/rustwide/target:rw,Z" "-v" "/var/lib/crater-agent-workspace/builds/worker-0-tc1/source:/opt/rustwide/workdir:ro,Z" "-v" "/var/lib/crater-agent-workspace/cargo-home:/opt/rustwide/cargo-home:ro,Z" "-v" "/var/lib/crater-agent-workspace/rustup-home:/opt/rustwide/rustup-home:ro,Z" "-e" "SOURCE_DIR=/opt/rustwide/workdir" "-e" "CARGO_TARGET_DIR=/opt/rustwide/target" "-e" "CARGO_INCREMENTAL=0" "-e" "RUST_BACKTRACE=full" "-e" "RUSTFLAGS=--cap-lints=forbid" "-e" "RUSTDOCFLAGS=--cap-lints=forbid" "-e" "CARGO_HOME=/opt/rustwide/cargo-home" "-e" "RUSTUP_HOME=/opt/rustwide/rustup-home" "-w" "/opt/rustwide/workdir" "-m" "1610612736" "--user" "0:0" "--network" "none" "ghcr.io/rust-lang/crates-build-env/linux@sha256:4a844ea9eb2546a2d2c7022eacef16ef2e8229c7fbb2c7d4d55a9ceca922f72d" "/opt/rustwide/cargo-home/bin/cargo" "+nightly-2024-10-28" "build" "--frozen" "--message-format=json", kill_on_drop: false }`
[INFO] [stdout] a0d046448074d262c4d3108f177c02732bd412ab68a02d5c025a3677fa477842
[INFO] running `Command { std: "docker" "start" "-a" "a0d046448074d262c4d3108f177c02732bd412ab68a02d5c025a3677fa477842", kill_on_drop: false }`
[INFO] [stderr]    Compiling proc-macro2 v0.4.30
[INFO] [stderr]    Compiling unicode-xid v0.1.0
[INFO] [stderr]    Compiling ucd-trie v0.1.7
[INFO] [stderr]    Compiling memchr v2.7.4
[INFO] [stderr]    Compiling serde v1.0.214
[INFO] [stderr]    Compiling syn v0.15.44
[INFO] [stderr]    Compiling base64 v0.10.1
[INFO] [stderr]    Compiling syn v2.0.86
[INFO] [stderr]    Compiling quote v0.6.13
[INFO] [stderr]    Compiling thiserror-impl v1.0.66
[INFO] [stderr]    Compiling serde_derive v1.0.214
[INFO] [stderr]    Compiling thiserror v1.0.66
[INFO] [stderr]    Compiling pest v2.7.14
[INFO] [stderr]    Compiling interact_derive v0.3.6
[INFO] [stderr]    Compiling pest_meta v2.7.14
[INFO] [stderr]    Compiling pest_generator v2.7.14
[INFO] [stderr]    Compiling pest_derive v2.7.14
[INFO] [stderr]    Compiling ron v0.4.2
[INFO] [stderr]    Compiling interact v0.3.6 (/opt/rustwide/workdir)
[INFO] [stdout] warning: unnecessary trailing semicolon
[INFO] [stdout]    --> src/climber.rs:82:44
[INFO] [stdout]     |
[INFO] [stdout] 82  |           enum T<A, B> { Struct(A), Enum(B) };
[INFO] [stdout]     |                                              ^ help: remove this semicolon
[INFO] [stdout] ...
[INFO] [stdout] 466 | /         climber_impl!(
[INFO] [stdout] 467 | |             check_field_access,
[INFO] [stdout] 468 | |             immut,
[INFO] [stdout] 469 | |             check_field_access_immut,
[INFO] [stdout] ...   |
[INFO] [stdout] 476 | |             reflect
[INFO] [stdout] 477 | |         )
[INFO] [stdout]     | |_________- in this macro invocation
[INFO] [stdout]     |
[INFO] [stdout]     = note: `#[warn(redundant_semicolons)]` on by default
[INFO] [stdout]     = note: this warning originates in the macro `climber_impl` (in Nightly builds, run with -Z macro-backtrace for more info)
[INFO] [stdout] 
[INFO] [stdout] 
[INFO] [stdout] warning: unnecessary trailing semicolon
[INFO] [stdout]    --> src/climber.rs:82:44
[INFO] [stdout]     |
[INFO] [stdout] 82  |           enum T<A, B> { Struct(A), Enum(B) };
[INFO] [stdout]     |                                              ^ help: remove this semicolon
[INFO] [stdout] ...
[INFO] [stdout] 484 | /         climber_impl!(check_field_access, mut, check_field_access_mut,
[INFO] [stdout] 485 | |                       get_field_by_idx_mut, get_field_by_name_mut, general_access_mut, get_variant_struct_mut,
[INFO] [stdout] 486 | |                       EnumOrStructMut, self, reflect)
[INFO] [stdout]     | |_____________________________________________________- in this macro invocation
[INFO] [stdout]     |
[INFO] [stdout]     = note: this warning originates in the macro `climber_impl` (in Nightly builds, run with -Z macro-backtrace for more info)
[INFO] [stdout] 
[INFO] [stdout] 
[INFO] [stdout] warning: unnecessary trailing semicolon
[INFO] [stdout]   --> src/root.rs:99:10
[INFO] [stdout]    |
[INFO] [stdout] 99 |         };
[INFO] [stdout]    |          ^ help: remove this semicolon
[INFO] [stdout] 
[INFO] [stdout] 
[INFO] [stderr]     Finished `dev` profile [unoptimized + debuginfo] target(s) in 6.60s
[INFO] running `Command { std: "docker" "inspect" "a0d046448074d262c4d3108f177c02732bd412ab68a02d5c025a3677fa477842", kill_on_drop: false }`
[INFO] running `Command { std: "docker" "rm" "-f" "a0d046448074d262c4d3108f177c02732bd412ab68a02d5c025a3677fa477842", kill_on_drop: false }`
[INFO] [stdout] a0d046448074d262c4d3108f177c02732bd412ab68a02d5c025a3677fa477842
[INFO] running `Command { std: "docker" "create" "-v" "/var/lib/crater-agent-workspace/builds/worker-0-tc1/target:/opt/rustwide/target:rw,Z" "-v" "/var/lib/crater-agent-workspace/builds/worker-0-tc1/source:/opt/rustwide/workdir:ro,Z" "-v" "/var/lib/crater-agent-workspace/cargo-home:/opt/rustwide/cargo-home:ro,Z" "-v" "/var/lib/crater-agent-workspace/rustup-home:/opt/rustwide/rustup-home:ro,Z" "-e" "SOURCE_DIR=/opt/rustwide/workdir" "-e" "CARGO_TARGET_DIR=/opt/rustwide/target" "-e" "CARGO_INCREMENTAL=0" "-e" "RUST_BACKTRACE=full" "-e" "RUSTFLAGS=--cap-lints=forbid" "-e" "RUSTDOCFLAGS=--cap-lints=forbid" "-e" "CARGO_HOME=/opt/rustwide/cargo-home" "-e" "RUSTUP_HOME=/opt/rustwide/rustup-home" "-w" "/opt/rustwide/workdir" "-m" "1610612736" "--user" "0:0" "--network" "none" "ghcr.io/rust-lang/crates-build-env/linux@sha256:4a844ea9eb2546a2d2c7022eacef16ef2e8229c7fbb2c7d4d55a9ceca922f72d" "/opt/rustwide/cargo-home/bin/cargo" "+nightly-2024-10-28" "test" "--frozen" "--no-run" "--message-format=json", kill_on_drop: false }`
[INFO] [stdout] 58f9d27c3c81b90dc9fcbe7433e30010e73bd9461317bbfb5395e63de11ba8ca
[INFO] running `Command { std: "docker" "start" "-a" "58f9d27c3c81b90dc9fcbe7433e30010e73bd9461317bbfb5395e63de11ba8ca", kill_on_drop: false }`
[INFO] [stderr]    Compiling rand_core v0.4.2
[INFO] [stderr]    Compiling ansi_term v0.11.0
[INFO] [stderr]    Compiling difference v2.0.0
[INFO] [stdout] warning: unnecessary trailing semicolon
[INFO] [stdout]    --> src/climber.rs:82:44
[INFO] [stdout]     |
[INFO] [stdout] 82  |           enum T<A, B> { Struct(A), Enum(B) };
[INFO] [stdout]     |                                              ^ help: remove this semicolon
[INFO] [stdout] ...
[INFO] [stdout] 466 | /         climber_impl!(
[INFO] [stdout] 467 | |             check_field_access,
[INFO] [stdout] 468 | |             immut,
[INFO] [stdout] 469 | |             check_field_access_immut,
[INFO] [stdout] ...   |
[INFO] [stdout] 476 | |             reflect
[INFO] [stdout] 477 | |         )
[INFO] [stdout]     | |_________- in this macro invocation
[INFO] [stdout]     |
[INFO] [stdout]     = note: `#[warn(redundant_semicolons)]` on by default
[INFO] [stdout]     = note: this warning originates in the macro `climber_impl` (in Nightly builds, run with -Z macro-backtrace for more info)
[INFO] [stdout] 
[INFO] [stdout] 
[INFO] [stdout] warning: unnecessary trailing semicolon
[INFO] [stdout]    --> src/climber.rs:82:44
[INFO] [stdout]     |
[INFO] [stdout] 82  |           enum T<A, B> { Struct(A), Enum(B) };
[INFO] [stdout]     |                                              ^ help: remove this semicolon
[INFO] [stdout] ...
[INFO] [stdout] 484 | /         climber_impl!(check_field_access, mut, check_field_access_mut,
[INFO] [stdout] 485 | |                       get_field_by_idx_mut, get_field_by_name_mut, general_access_mut, get_variant_struct_mut,
[INFO] [stdout] 486 | |                       EnumOrStructMut, self, reflect)
[INFO] [stdout]     | |_____________________________________________________- in this macro invocation
[INFO] [stdout]     |
[INFO] [stdout]     = note: this warning originates in the macro `climber_impl` (in Nightly builds, run with -Z macro-backtrace for more info)
[INFO] [stdout] 
[INFO] [stdout] 
[INFO] [stdout] warning: unnecessary trailing semicolon
[INFO] [stdout]   --> src/root.rs:99:10
[INFO] [stdout]    |
[INFO] [stdout] 99 |         };
[INFO] [stdout]    |          ^ help: remove this semicolon
[INFO] [stdout] 
[INFO] [stdout] 
[INFO] [stderr]    Compiling rand_core v0.3.1
[INFO] [stderr]    Compiling pretty_assertions v0.5.1
[INFO] [stderr]    Compiling rand v0.5.6
[INFO] [stderr]    Compiling interact v0.3.6 (/opt/rustwide/workdir)
[INFO] [stdout] warning: unnecessary trailing semicolon
[INFO] [stdout]    --> src/climber.rs:82:44
[INFO] [stdout]     |
[INFO] [stdout] 82  |           enum T<A, B> { Struct(A), Enum(B) };
[INFO] [stdout]     |                                              ^ help: remove this semicolon
[INFO] [stdout] ...
[INFO] [stdout] 466 | /         climber_impl!(
[INFO] [stdout] 467 | |             check_field_access,
[INFO] [stdout] 468 | |             immut,
[INFO] [stdout] 469 | |             check_field_access_immut,
[INFO] [stdout] ...   |
[INFO] [stdout] 476 | |             reflect
[INFO] [stdout] 477 | |         )
[INFO] [stdout]     | |_________- in this macro invocation
[INFO] [stdout]     |
[INFO] [stdout]     = note: `#[warn(redundant_semicolons)]` on by default
[INFO] [stdout]     = note: this warning originates in the macro `climber_impl` (in Nightly builds, run with -Z macro-backtrace for more info)
[INFO] [stdout] 
[INFO] [stdout] 
[INFO] [stdout] warning: unnecessary trailing semicolon
[INFO] [stdout]    --> src/climber.rs:82:44
[INFO] [stdout]     |
[INFO] [stdout] 82  |           enum T<A, B> { Struct(A), Enum(B) };
[INFO] [stdout]     |                                              ^ help: remove this semicolon
[INFO] [stdout] ...
[INFO] [stdout] 484 | /         climber_impl!(check_field_access, mut, check_field_access_mut,
[INFO] [stdout] 485 | |                       get_field_by_idx_mut, get_field_by_name_mut, general_access_mut, get_variant_struct_mut,
[INFO] [stdout] 486 | |                       EnumOrStructMut, self, reflect)
[INFO] [stdout]     | |_____________________________________________________- in this macro invocation
[INFO] [stdout]     |
[INFO] [stdout]     = note: this warning originates in the macro `climber_impl` (in Nightly builds, run with -Z macro-backtrace for more info)
[INFO] [stdout] 
[INFO] [stdout] 
[INFO] [stdout] warning: unnecessary trailing semicolon
[INFO] [stdout]   --> src/root.rs:99:10
[INFO] [stdout]    |
[INFO] [stdout] 99 |         };
[INFO] [stdout]    |          ^ help: remove this semicolon
[INFO] [stdout] 
[INFO] [stdout] 
[INFO] [stderr]     Finished `test` profile [unoptimized + debuginfo] target(s) in 1.88s
[INFO] running `Command { std: "docker" "inspect" "58f9d27c3c81b90dc9fcbe7433e30010e73bd9461317bbfb5395e63de11ba8ca", kill_on_drop: false }`
[INFO] running `Command { std: "docker" "rm" "-f" "58f9d27c3c81b90dc9fcbe7433e30010e73bd9461317bbfb5395e63de11ba8ca", kill_on_drop: false }`
[INFO] [stdout] 58f9d27c3c81b90dc9fcbe7433e30010e73bd9461317bbfb5395e63de11ba8ca
[INFO] running `Command { std: "docker" "create" "-v" "/var/lib/crater-agent-workspace/builds/worker-0-tc1/target:/opt/rustwide/target:rw,Z" "-v" "/var/lib/crater-agent-workspace/builds/worker-0-tc1/source:/opt/rustwide/workdir:ro,Z" "-v" "/var/lib/crater-agent-workspace/cargo-home:/opt/rustwide/cargo-home:ro,Z" "-v" "/var/lib/crater-agent-workspace/rustup-home:/opt/rustwide/rustup-home:ro,Z" "-e" "SOURCE_DIR=/opt/rustwide/workdir" "-e" "CARGO_TARGET_DIR=/opt/rustwide/target" "-e" "CARGO_INCREMENTAL=0" "-e" "RUST_BACKTRACE=full" "-e" "RUSTFLAGS=--cap-lints=forbid" "-e" "RUSTDOCFLAGS=--cap-lints=forbid" "-e" "CARGO_HOME=/opt/rustwide/cargo-home" "-e" "RUSTUP_HOME=/opt/rustwide/rustup-home" "-w" "/opt/rustwide/workdir" "-m" "1610612736" "--user" "0:0" "--network" "none" "ghcr.io/rust-lang/crates-build-env/linux@sha256:4a844ea9eb2546a2d2c7022eacef16ef2e8229c7fbb2c7d4d55a9ceca922f72d" "/opt/rustwide/cargo-home/bin/cargo" "+nightly-2024-10-28" "test" "--frozen", kill_on_drop: false }`
[INFO] [stdout] 6caf4f0546a3b819aeaa224fe05b91847be323d8bbbebd8868dc92bd5e2f737f
[INFO] running `Command { std: "docker" "start" "-a" "6caf4f0546a3b819aeaa224fe05b91847be323d8bbbebd8868dc92bd5e2f737f", kill_on_drop: false }`
[INFO] [stderr] warning: unnecessary trailing semicolon
[INFO] [stderr]    --> src/climber.rs:82:44
[INFO] [stderr]     |
[INFO] [stderr] 82  |           enum T<A, B> { Struct(A), Enum(B) };
[INFO] [stderr]     |                                              ^ help: remove this semicolon
[INFO] [stderr] ...
[INFO] [stderr] 466 | /         climber_impl!(
[INFO] [stderr] 467 | |             check_field_access,
[INFO] [stderr] 468 | |             immut,
[INFO] [stderr] 469 | |             check_field_access_immut,
[INFO] [stderr] ...   |
[INFO] [stderr] 476 | |             reflect
[INFO] [stderr] 477 | |         )
[INFO] [stderr]     | |_________- in this macro invocation
[INFO] [stderr]     |
[INFO] [stderr]     = note: `#[warn(redundant_semicolons)]` on by default
[INFO] [stderr]     = note: this warning originates in the macro `climber_impl` (in Nightly builds, run with -Z macro-backtrace for more info)
[INFO] [stderr] 
[INFO] [stderr] warning: unnecessary trailing semicolon
[INFO] [stderr]    --> src/climber.rs:82:44
[INFO] [stderr]     |
[INFO] [stderr] 82  |           enum T<A, B> { Struct(A), Enum(B) };
[INFO] [stderr]     |                                              ^ help: remove this semicolon
[INFO] [stderr] ...
[INFO] [stderr] 484 | /         climber_impl!(check_field_access, mut, check_field_access_mut,
[INFO] [stderr] 485 | |                       get_field_by_idx_mut, get_field_by_name_mut, general_access_mut, get_variant_struct_mut,
[INFO] [stderr] 486 | |                       EnumOrStructMut, self, reflect)
[INFO] [stderr]     | |_____________________________________________________- in this macro invocation
[INFO] [stderr]     |
[INFO] [stderr]     = note: this warning originates in the macro `climber_impl` (in Nightly builds, run with -Z macro-backtrace for more info)
[INFO] [stderr] 
[INFO] [stderr] warning: unnecessary trailing semicolon
[INFO] [stderr]   --> src/root.rs:99:10
[INFO] [stderr]    |
[INFO] [stderr] 99 |         };
[INFO] [stderr]    |          ^ help: remove this semicolon
[INFO] [stderr] 
[INFO] [stderr] warning: `interact` (lib) generated 3 warnings
[INFO] [stderr] warning: `interact` (lib test) generated 3 warnings (3 duplicates)
[INFO] [stderr]     Finished `test` profile [unoptimized + debuginfo] target(s) in 0.05s
[INFO] [stderr]      Running unittests src/lib.rs (/opt/rustwide/target/debug/deps/interact-7b81ffe4fd5a45b0)
[INFO] [stdout] 
[INFO] [stdout] running 1 test
[INFO] [stdout] test util::expect::tests::main ... ok
[INFO] [stdout] 
[INFO] [stdout] test result: ok. 1 passed; 0 failed; 0 ignored; 0 measured; 0 filtered out; finished in 0.00s
[INFO] [stdout] 
[INFO] [stderr]      Running tests/integ.rs (/opt/rustwide/target/debug/deps/integ-8b986d7665b6bc73)
[INFO] [stdout] 
[INFO] [stdout] running 1 test
[INFO] [stdout] test main ... FAILED
[INFO] [stdout] 
[INFO] [stdout] failures:
[INFO] [stdout] 
[INFO] [stdout] ---- main stdout ----
[INFO] [stdout] 
[INFO] [stdout] Failed:
[INFO] [stdout] 
[INFO] [stdout] verify!(self, root.access("state.complex.0.0.0.0 = 100000000000000000001") => "(Err(TokenError(IntError(ParseIntError { kind: Overflow }))), Assist { valid: 0, pending: 0, pending_special: 0, next_options: Avail(0, []) })");
[INFO] [stdout] 
[INFO] [stdout] thread 'main' panicked at tests/integ.rs:100:9:
[INFO] [stdout] assertion failed: `(left == right)`
[INFO] [stdout] 
[INFO] [stdout] [1mDiff[0m [31m< left[0m / [32mright >[0m :
[INFO] [stdout] [31m<[0m[31m"(Err(TokenError(IntError(ParseIntError { kind: [0m[1;48;5;52;31mPos[0m[31mOverflow }))), Assist { valid: 0, pending: 0, pending_special: 0, next_options: Avail(0, []) })"[0m
[INFO] [stdout] [32m>[0m[32m"(Err(TokenError(IntError(ParseIntError { kind: [0m[32mOverflow }))), Assist { valid: 0, pending: 0, pending_special: 0, next_options: Avail(0, []) })"[0m
[INFO] [stdout] 
[INFO] [stdout] 
[INFO] [stdout] stack backtrace:
[INFO] [stdout]    0:     0x646ba72960ba - std::backtrace_rs::backtrace::libunwind::trace::h207520d6e9873551
[INFO] [stdout]                                at /rustc/df4ca44d3fbc9301ee17f30f4d474e6ae4b05252/library/std/src/../../backtrace/src/backtrace/libunwind.rs:116:5
[INFO] [stdout]    1:     0x646ba72960ba - std::backtrace_rs::backtrace::trace_unsynchronized::h2ed7433f370e3eca
[INFO] [stdout]                                at /rustc/df4ca44d3fbc9301ee17f30f4d474e6ae4b05252/library/std/src/../../backtrace/src/backtrace/mod.rs:66:5
[INFO] [stdout]    2:     0x646ba72960ba - std::sys::backtrace::_print_fmt::h916fac51166b18d7
[INFO] [stdout]                                at /rustc/df4ca44d3fbc9301ee17f30f4d474e6ae4b05252/library/std/src/sys/backtrace.rs:66:9
[INFO] [stdout]    3:     0x646ba72960ba - <std::sys::backtrace::BacktraceLock::print::DisplayBacktrace as core::fmt::Display>::fmt::ha0a4c9b8ce3802e6
[INFO] [stdout]                                at /rustc/df4ca44d3fbc9301ee17f30f4d474e6ae4b05252/library/std/src/sys/backtrace.rs:39:26
[INFO] [stdout]    4:     0x646ba72bc703 - core::fmt::rt::Argument::fmt::h4cfc8587d52b3eb5
[INFO] [stdout]                                at /rustc/df4ca44d3fbc9301ee17f30f4d474e6ae4b05252/library/core/src/fmt/rt.rs:177:76
[INFO] [stdout]    5:     0x646ba72bc703 - core::fmt::write::h522cc39e5b36ae9f
[INFO] [stdout]                                at /rustc/df4ca44d3fbc9301ee17f30f4d474e6ae4b05252/library/core/src/fmt/mod.rs:1190:21
[INFO] [stdout]    6:     0x646ba7292d23 - std::io::Write::write_fmt::h7d3c26752da97734
[INFO] [stdout]                                at /rustc/df4ca44d3fbc9301ee17f30f4d474e6ae4b05252/library/std/src/io/mod.rs:1839:15
[INFO] [stdout]    7:     0x646ba7295f02 - std::sys::backtrace::BacktraceLock::print::h4b9e00b29e9c0942
[INFO] [stdout]                                at /rustc/df4ca44d3fbc9301ee17f30f4d474e6ae4b05252/library/std/src/sys/backtrace.rs:42:9
[INFO] [stdout]    8:     0x646ba729754a - std::panicking::default_hook::{{closure}}::hb59b88280d0324d9
[INFO] [stdout]                                at /rustc/df4ca44d3fbc9301ee17f30f4d474e6ae4b05252/library/std/src/panicking.rs:268:22
[INFO] [stdout]    9:     0x646ba7297354 - std::panicking::default_hook::he1dd496665be4a29
[INFO] [stdout]                                at /rustc/df4ca44d3fbc9301ee17f30f4d474e6ae4b05252/library/std/src/panicking.rs:292:9
[INFO] [stdout]   10:     0x646ba7198809 - <alloc::boxed::Box<F,A> as core::ops::function::Fn<Args>>::call::h4ff71de18744e1dc
[INFO] [stdout]                                at /rustc/df4ca44d3fbc9301ee17f30f4d474e6ae4b05252/library/alloc/src/boxed.rs:2468:9
[INFO] [stdout]   11:     0x646ba7198809 - test::test_main::{{closure}}::hcf7c055ce117aa81
[INFO] [stdout]                                at /rustc/df4ca44d3fbc9301ee17f30f4d474e6ae4b05252/library/test/src/lib.rs:133:21
[INFO] [stdout]   12:     0x646ba7297c48 - <alloc::boxed::Box<F,A> as core::ops::function::Fn<Args>>::call::h1d66c6bbd60c9692
[INFO] [stdout]                                at /rustc/df4ca44d3fbc9301ee17f30f4d474e6ae4b05252/library/alloc/src/boxed.rs:2468:9
[INFO] [stdout]   13:     0x646ba7297c48 - std::panicking::rust_panic_with_hook::h2ff17fe8f26dfcf8
[INFO] [stdout]                                at /rustc/df4ca44d3fbc9301ee17f30f4d474e6ae4b05252/library/std/src/panicking.rs:809:13
[INFO] [stdout]   14:     0x646ba7297a0a - std::panicking::begin_panic_handler::{{closure}}::h4fad77951c07e101
[INFO] [stdout]                                at /rustc/df4ca44d3fbc9301ee17f30f4d474e6ae4b05252/library/std/src/panicking.rs:674:13
[INFO] [stdout]   15:     0x646ba7296599 - std::sys::backtrace::__rust_end_short_backtrace::hb1a25b3da5d0ea08
[INFO] [stdout]                                at /rustc/df4ca44d3fbc9301ee17f30f4d474e6ae4b05252/library/std/src/sys/backtrace.rs:170:18
[INFO] [stdout]   16:     0x646ba729769c - rust_begin_unwind
[INFO] [stdout]                                at /rustc/df4ca44d3fbc9301ee17f30f4d474e6ae4b05252/library/std/src/panicking.rs:665:5
[INFO] [stdout]   17:     0x646ba72bb0c0 - core::panicking::panic_fmt::ha9db07b529f9b256
[INFO] [stdout]                                at /rustc/df4ca44d3fbc9301ee17f30f4d474e6ae4b05252/library/core/src/panicking.rs:75:14
[INFO] [stdout]   18:     0x646ba715dfc7 - integ::Context::main::{{closure}}::hc78f38611b470613
[INFO] [stdout]                                at /opt/rustwide/workdir/tests/integ.rs:26:21
[INFO] [stdout]   19:     0x646ba714bb55 - std::panicking::try::do_call::h78522b2c75e53f4b
[INFO] [stdout]                                at /rustc/df4ca44d3fbc9301ee17f30f4d474e6ae4b05252/library/std/src/panicking.rs:557:40
[INFO] [stdout]   20:     0x646ba714b76b - __rust_try
[INFO] [stdout]   21:     0x646ba7146430 - std::panicking::try::h998620adbecf8faa
[INFO] [stdout]                                at /rustc/df4ca44d3fbc9301ee17f30f4d474e6ae4b05252/library/std/src/panicking.rs:520:19
[INFO] [stdout]   22:     0x646ba7146430 - std::panic::catch_unwind::h5461aac2e366024a
[INFO] [stdout]                                at /rustc/df4ca44d3fbc9301ee17f30f4d474e6ae4b05252/library/std/src/panic.rs:358:14
[INFO] [stdout]   23:     0x646ba715ae52 - integ::Context::main::hf89a3164559cae2b
[INFO] [stdout]                                at /opt/rustwide/workdir/tests/integ.rs:25:25
[INFO] [stdout]   24:     0x646ba715886f - integ::main::h6ac00874ee695b8d
[INFO] [stdout]                                at /opt/rustwide/workdir/tests/integ.rs:48:5
[INFO] [stdout]   25:     0x646ba7158837 - integ::main::{{closure}}::h32a7b1914e979897
[INFO] [stdout]                                at /opt/rustwide/workdir/tests/integ.rs:43:10
[INFO] [stdout]   26:     0x646ba71515c6 - core::ops::function::FnOnce::call_once::hb08455e7b7f83e02
[INFO] [stdout]                                at /rustc/df4ca44d3fbc9301ee17f30f4d474e6ae4b05252/library/core/src/ops/function.rs:250:5
[INFO] [stdout]   27:     0x646ba719d0db - core::ops::function::FnOnce::call_once::h22c3ba5715e93f05
[INFO] [stdout]                                at /rustc/df4ca44d3fbc9301ee17f30f4d474e6ae4b05252/library/core/src/ops/function.rs:250:5
[INFO] [stdout]   28:     0x646ba719d0db - test::__rust_begin_short_backtrace::h8e82d8113d0da17f
[INFO] [stdout]                                at /rustc/df4ca44d3fbc9301ee17f30f4d474e6ae4b05252/library/test/src/lib.rs:621:18
[INFO] [stdout]   29:     0x646ba719ca57 - test::run_test_in_process::{{closure}}::h33235f4f20b7b7c7
[INFO] [stdout]                                at /rustc/df4ca44d3fbc9301ee17f30f4d474e6ae4b05252/library/test/src/lib.rs:644:60
[INFO] [stdout]   30:     0x646ba719ca57 - <core::panic::unwind_safe::AssertUnwindSafe<F> as core::ops::function::FnOnce<()>>::call_once::hb5043206310c586f
[INFO] [stdout]                                at /rustc/df4ca44d3fbc9301ee17f30f4d474e6ae4b05252/library/core/src/panic/unwind_safe.rs:272:9
[INFO] [stdout]   31:     0x646ba719ca57 - std::panicking::try::do_call::h9ad4731a60ab23e2
[INFO] [stdout]                                at /rustc/df4ca44d3fbc9301ee17f30f4d474e6ae4b05252/library/std/src/panicking.rs:557:40
[INFO] [stdout]   32:     0x646ba719ca57 - std::panicking::try::h3824d23db772a716
[INFO] [stdout]                                at /rustc/df4ca44d3fbc9301ee17f30f4d474e6ae4b05252/library/std/src/panicking.rs:520:19
[INFO] [stdout]   33:     0x646ba719ca57 - std::panic::catch_unwind::h5afd514605fde46b
[INFO] [stdout]                                at /rustc/df4ca44d3fbc9301ee17f30f4d474e6ae4b05252/library/std/src/panic.rs:358:14
[INFO] [stdout]   34:     0x646ba719ca57 - test::run_test_in_process::h0d5cbfa7067d1720
[INFO] [stdout]                                at /rustc/df4ca44d3fbc9301ee17f30f4d474e6ae4b05252/library/test/src/lib.rs:644:27
[INFO] [stdout]   35:     0x646ba719ca57 - test::run_test::{{closure}}::h708eb8872708115d
[INFO] [stdout]                                at /rustc/df4ca44d3fbc9301ee17f30f4d474e6ae4b05252/library/test/src/lib.rs:565:43
[INFO] [stdout]   36:     0x646ba7160174 - test::run_test::{{closure}}::h392c51cee94713ab
[INFO] [stdout]                                at /rustc/df4ca44d3fbc9301ee17f30f4d474e6ae4b05252/library/test/src/lib.rs:595:41
[INFO] [stdout]   37:     0x646ba7160174 - std::sys::backtrace::__rust_begin_short_backtrace::h2f40290710935a8b
[INFO] [stdout]                                at /rustc/df4ca44d3fbc9301ee17f30f4d474e6ae4b05252/library/std/src/sys/backtrace.rs:154:18
[INFO] [stdout]   38:     0x646ba716391e - std::thread::Builder::spawn_unchecked_::{{closure}}::{{closure}}::h3fd968d89053a903
[INFO] [stdout]                                at /rustc/df4ca44d3fbc9301ee17f30f4d474e6ae4b05252/library/std/src/thread/mod.rs:541:17
[INFO] [stdout]   39:     0x646ba716391e - <core::panic::unwind_safe::AssertUnwindSafe<F> as core::ops::function::FnOnce<()>>::call_once::h743f637ba4229880
[INFO] [stdout]                                at /rustc/df4ca44d3fbc9301ee17f30f4d474e6ae4b05252/library/core/src/panic/unwind_safe.rs:272:9
[INFO] [stdout]   40:     0x646ba716391e - std::panicking::try::do_call::h07440897322525a6
[INFO] [stdout]                                at /rustc/df4ca44d3fbc9301ee17f30f4d474e6ae4b05252/library/std/src/panicking.rs:557:40
[INFO] [stdout]   41:     0x646ba716391e - std::panicking::try::he5a2e00188156637
[INFO] [stdout]                                at /rustc/df4ca44d3fbc9301ee17f30f4d474e6ae4b05252/library/std/src/panicking.rs:520:19
[INFO] [stdout]   42:     0x646ba716391e - std::panic::catch_unwind::hbaf3cae49b3c6433
[INFO] [stdout]                                at /rustc/df4ca44d3fbc9301ee17f30f4d474e6ae4b05252/library/std/src/panic.rs:358:14
[INFO] [stdout]   43:     0x646ba716391e - std::thread::Builder::spawn_unchecked_::{{closure}}::h8e141ea224820bce
[INFO] [stdout]                                at /rustc/df4ca44d3fbc9301ee17f30f4d474e6ae4b05252/library/std/src/thread/mod.rs:540:30
[INFO] [stdout]   44:     0x646ba716391e - core::ops::function::FnOnce::call_once{{vtable.shim}}::h90d312fedd7b8ea8
[INFO] [stdout]                                at /rustc/df4ca44d3fbc9301ee17f30f4d474e6ae4b05252/library/core/src/ops/function.rs:250:5
[INFO] [stdout]   45:     0x646ba729ba3b - <alloc::boxed::Box<F,A> as core::ops::function::FnOnce<Args>>::call_once::h69aa08ddb6adb8b6
[INFO] [stdout]                                at /rustc/df4ca44d3fbc9301ee17f30f4d474e6ae4b05252/library/alloc/src/boxed.rs:2454:9
[INFO] [stdout]   46:     0x646ba729ba3b - <alloc::boxed::Box<F,A> as core::ops::function::FnOnce<Args>>::call_once::h5aa36efdb79c806f
[INFO] [stdout]                                at /rustc/df4ca44d3fbc9301ee17f30f4d474e6ae4b05252/library/alloc/src/boxed.rs:2454:9
[INFO] [stdout]   47:     0x646ba729ba3b - std::sys::pal::unix::thread::Thread::new::thread_start::h6cd80a1b4be5158d
[INFO] [stdout]                                at /rustc/df4ca44d3fbc9301ee17f30f4d474e6ae4b05252/library/std/src/sys/pal/unix/thread.rs:105:17
[INFO] [stdout]   48:     0x7188c33a0ac3 - <unknown>
[INFO] [stdout]   49:     0x7188c3431a04 - clone
[INFO] [stdout]   50:                0x0 - <unknown>
[INFO] [stdout] Correct this by having:
[INFO] [stdout] 
[INFO] [stdout] verify!(self, root.access("state.complex.0.0.0.0 = 100000000000000000001") => "(Err(TokenError(IntError(ParseIntError { kind: PosOverflow }))), Assist { valid: 0, pending: 0, pending_special: 0, next_options: Avail(0, []) })");
[INFO] [stdout] 
[INFO] [stdout] 
[INFO] [stdout] Expected test manifest:
[INFO] [stdout] 
[INFO] [stdout] verify!(self, root.access("not_existing") => "(Err(MissingStartComponent), Assist { valid: 0, pending: 0, pending_special: 0, next_options: Avail(0, []) })");
[INFO] [stdout] verify!(self, root.access("basic.u_16") => "(Ok(NodeTree { info: Leaf(\"50158\"), meta: Some(Wrap(1)), size: 6 }), Assist { valid: 10, pending: 0, pending_special: 0, next_options: Avail(0, []) })");
[INFO] [stdout] verify!(self, root.access("basic.u_") => "(Err(UnexpectedToken), Assist { valid: 5, pending: 3, pending_special: 0, next_options: Avail(1, [\"u_s\", \"u_64\", \"u_32\", \"u_16\", \"u_8\"]) })");
[INFO] [stdout] verify!(self, root.access("basic.u_64 = 1234") => "(Ok(NodeTree { info: Leaf(\"\"), meta: None, size: 1 }), Assist { valid: 17, pending: 0, pending_special: 0, next_options: Avail(0, []) })");
[INFO] [stdout] verify!(self, root.access("basic.u_64") => "(Ok(NodeTree { info: Leaf(\"1234\"), meta: Some(Wrap(1)), size: 5 }), Assist { valid: 10, pending: 0, pending_special: 0, next_options: Avail(0, []) })");
[INFO] [stdout] verify!(self, root.access("state.complex.0.0.0.0 = 100000000000000000001") => "(Err(TokenError(IntError(ParseIntError { kind: PosOverflow }))), Assist { valid: 0, pending: 0, pending_special: 0, next_options: Avail(0, []) })");
[INFO] [stdout] verify!(self, root.access("complex.tuple.0.0 = 3") => "(Ok(NodeTree { info: Leaf(\"\"), meta: None, size: 1 }), Assist { valid: 21, pending: 0, pending_special: 0, next_options: Avail(0, []) })");
[INFO] [stdout] verify!(self, root.access("complex.tuple_1.0 = 3") => "(Ok(NodeTree { info: Leaf(\"\"), meta: None, size: 1 }), Assist { valid: 21, pending: 0, pending_special: 0, next_options: Avail(0, []) })");
[INFO] [stdout] verify!(self, root.access("complex.check()") => "(Ok(NodeTree { info: Leaf(\"true\"), meta: Some(Wrap(1)), size: 5 }), Assist { valid: 15, pending: 0, pending_special: 0, next_options: Avail(0, []) })");
[INFO] [stdout] verify!(self, root.access("complex.tuple_1.0 = 4") => "(Ok(NodeTree { info: Leaf(\"\"), meta: None, size: 1 }), Assist { valid: 21, pending: 0, pending_special: 0, next_options: Avail(0, []) })");
[INFO] [stdout] verify!(self, root.access("complex.check()") => "(Ok(NodeTree { info: Leaf(\"false\"), meta: Some(Wrap(1)), size: 6 }), Assist { valid: 15, pending: 0, pending_special: 0, next_options: Avail(0, []) })");
[INFO] [stdout] verify!(self, root.access("complex.add(3)") => "(Ok(NodeTree { info: Leaf(\"()\"), meta: Some(Wrap(1)), size: 3 }), Assist { valid: 14, pending: 0, pending_special: 0, next_options: Avail(0, []) })");
[INFO] [stdout] verify!(self, root.access("complex.tuple_1.0 = 7") => "(Ok(NodeTree { info: Leaf(\"\"), meta: None, size: 1 }), Assist { valid: 21, pending: 0, pending_special: 0, next_options: Avail(0, []) })");
[INFO] [stdout] 
[INFO] [stdout] thread 'main' panicked at tests/integ.rs:63:9:
[INFO] [stdout] A total of 1 verification tests failed
[INFO] [stdout] stack backtrace:
[INFO] [stdout]    0:     0x646ba72960ba - std::backtrace_rs::backtrace::libunwind::trace::h207520d6e9873551
[INFO] [stdout]                                at /rustc/df4ca44d3fbc9301ee17f30f4d474e6ae4b05252/library/std/src/../../backtrace/src/backtrace/libunwind.rs:116:5
[INFO] [stdout]    1:     0x646ba72960ba - std::backtrace_rs::backtrace::trace_unsynchronized::h2ed7433f370e3eca
[INFO] [stdout]                                at /rustc/df4ca44d3fbc9301ee17f30f4d474e6ae4b05252/library/std/src/../../backtrace/src/backtrace/mod.rs:66:5
[INFO] [stdout]    2:     0x646ba72960ba - std::sys::backtrace::_print_fmt::h916fac51166b18d7
[INFO] [stdout]                                at /rustc/df4ca44d3fbc9301ee17f30f4d474e6ae4b05252/library/std/src/sys/backtrace.rs:66:9
[INFO] [stdout]    3:     0x646ba72960ba - <std::sys::backtrace::BacktraceLock::print::DisplayBacktrace as core::fmt::Display>::fmt::ha0a4c9b8ce3802e6
[INFO] [stdout]                                at /rustc/df4ca44d3fbc9301ee17f30f4d474e6ae4b05252/library/std/src/sys/backtrace.rs:39:26
[INFO] [stdout]    4:     0x646ba72bc703 - core::fmt::rt::Argument::fmt::h4cfc8587d52b3eb5
[INFO] [stdout]                                at /rustc/df4ca44d3fbc9301ee17f30f4d474e6ae4b05252/library/core/src/fmt/rt.rs:177:76
[INFO] [stdout]    5:     0x646ba72bc703 - core::fmt::write::h522cc39e5b36ae9f
[INFO] [stdout]                                at /rustc/df4ca44d3fbc9301ee17f30f4d474e6ae4b05252/library/core/src/fmt/mod.rs:1190:21
[INFO] [stdout]    6:     0x646ba7292d23 - std::io::Write::write_fmt::h7d3c26752da97734
[INFO] [stdout]                                at /rustc/df4ca44d3fbc9301ee17f30f4d474e6ae4b05252/library/std/src/io/mod.rs:1839:15
[INFO] [stdout]    7:     0x646ba7295f02 - std::sys::backtrace::BacktraceLock::print::h4b9e00b29e9c0942
[INFO] [stdout]                                at /rustc/df4ca44d3fbc9301ee17f30f4d474e6ae4b05252/library/std/src/sys/backtrace.rs:42:9
[INFO] [stdout]    8:     0x646ba729754a - std::panicking::default_hook::{{closure}}::hb59b88280d0324d9
[INFO] [stdout]                                at /rustc/df4ca44d3fbc9301ee17f30f4d474e6ae4b05252/library/std/src/panicking.rs:268:22
[INFO] [stdout]    9:     0x646ba7297354 - std::panicking::default_hook::he1dd496665be4a29
[INFO] [stdout]                                at /rustc/df4ca44d3fbc9301ee17f30f4d474e6ae4b05252/library/std/src/panicking.rs:292:9
[INFO] [stdout]   10:     0x646ba7198809 - <alloc::boxed::Box<F,A> as core::ops::function::Fn<Args>>::call::h4ff71de18744e1dc
[INFO] [stdout]                                at /rustc/df4ca44d3fbc9301ee17f30f4d474e6ae4b05252/library/alloc/src/boxed.rs:2468:9
[INFO] [stdout]   11:     0x646ba7198809 - test::test_main::{{closure}}::hcf7c055ce117aa81
[INFO] [stdout]                                at /rustc/df4ca44d3fbc9301ee17f30f4d474e6ae4b05252/library/test/src/lib.rs:133:21
[INFO] [stdout]   12:     0x646ba7297c48 - <alloc::boxed::Box<F,A> as core::ops::function::Fn<Args>>::call::h1d66c6bbd60c9692
[INFO] [stdout]                                at /rustc/df4ca44d3fbc9301ee17f30f4d474e6ae4b05252/library/alloc/src/boxed.rs:2468:9
[INFO] [stdout]   13:     0x646ba7297c48 - std::panicking::rust_panic_with_hook::h2ff17fe8f26dfcf8
[INFO] [stdout]                                at /rustc/df4ca44d3fbc9301ee17f30f4d474e6ae4b05252/library/std/src/panicking.rs:809:13
[INFO] [stdout]   14:     0x646ba7297a0a - std::panicking::begin_panic_handler::{{closure}}::h4fad77951c07e101
[INFO] [stdout]                                at /rustc/df4ca44d3fbc9301ee17f30f4d474e6ae4b05252/library/std/src/panicking.rs:674:13
[INFO] [stdout]   15:     0x646ba7296599 - std::sys::backtrace::__rust_end_short_backtrace::hb1a25b3da5d0ea08
[INFO] [stdout]                                at /rustc/df4ca44d3fbc9301ee17f30f4d474e6ae4b05252/library/std/src/sys/backtrace.rs:170:18
[INFO] [stdout]   16:     0x646ba729769c - rust_begin_unwind
[INFO] [stdout]                                at /rustc/df4ca44d3fbc9301ee17f30f4d474e6ae4b05252/library/std/src/panicking.rs:665:5
[INFO] [stdout]   17:     0x646ba72bb0c0 - core::panicking::panic_fmt::ha9db07b529f9b256
[INFO] [stdout]                                at /rustc/df4ca44d3fbc9301ee17f30f4d474e6ae4b05252/library/core/src/panicking.rs:75:14
[INFO] [stdout]   18:     0x646ba71589d4 - integ::main::h6ac00874ee695b8d
[INFO] [stdout]                                at /opt/rustwide/workdir/tests/integ.rs:63:9
[INFO] [stdout]   19:     0x646ba7158837 - integ::main::{{closure}}::h32a7b1914e979897
[INFO] [stdout]                                at /opt/rustwide/workdir/tests/integ.rs:43:10
[INFO] [stdout]   20:     0x646ba71515c6 - core::ops::function::FnOnce::call_once::hb08455e7b7f83e02
[INFO] [stdout]                                at /rustc/df4ca44d3fbc9301ee17f30f4d474e6ae4b05252/library/core/src/ops/function.rs:250:5
[INFO] [stdout]   21:     0x646ba719d0db - core::ops::function::FnOnce::call_once::h22c3ba5715e93f05
[INFO] [stdout]                                at /rustc/df4ca44d3fbc9301ee17f30f4d474e6ae4b05252/library/core/src/ops/function.rs:250:5
[INFO] [stdout]   22:     0x646ba719d0db - test::__rust_begin_short_backtrace::h8e82d8113d0da17f
[INFO] [stdout]                                at /rustc/df4ca44d3fbc9301ee17f30f4d474e6ae4b05252/library/test/src/lib.rs:621:18
[INFO] [stdout]   23:     0x646ba719ca57 - test::run_test_in_process::{{closure}}::h33235f4f20b7b7c7
[INFO] [stdout]                                at /rustc/df4ca44d3fbc9301ee17f30f4d474e6ae4b05252/library/test/src/lib.rs:644:60
[INFO] [stdout]   24:     0x646ba719ca57 - <core::panic::unwind_safe::AssertUnwindSafe<F> as core::ops::function::FnOnce<()>>::call_once::hb5043206310c586f
[INFO] [stdout]                                at /rustc/df4ca44d3fbc9301ee17f30f4d474e6ae4b05252/library/core/src/panic/unwind_safe.rs:272:9
[INFO] [stdout]   25:     0x646ba719ca57 - std::panicking::try::do_call::h9ad4731a60ab23e2
[INFO] [stdout]                                at /rustc/df4ca44d3fbc9301ee17f30f4d474e6ae4b05252/library/std/src/panicking.rs:557:40
[INFO] [stdout]   26:     0x646ba719ca57 - std::panicking::try::h3824d23db772a716
[INFO] [stdout]                                at /rustc/df4ca44d3fbc9301ee17f30f4d474e6ae4b05252/library/std/src/panicking.rs:520:19
[INFO] [stdout]   27:     0x646ba719ca57 - std::panic::catch_unwind::h5afd514605fde46b
[INFO] [stdout]                                at /rustc/df4ca44d3fbc9301ee17f30f4d474e6ae4b05252/library/std/src/panic.rs:358:14
[INFO] [stdout]   28:     0x646ba719ca57 - test::run_test_in_process::h0d5cbfa7067d1720
[INFO] [stdout]                                at /rustc/df4ca44d3fbc9301ee17f30f4d474e6ae4b05252/library/test/src/lib.rs:644:27
[INFO] [stdout]   29:     0x646ba719ca57 - test::run_test::{{closure}}::h708eb8872708115d
[INFO] [stdout]                                at /rustc/df4ca44d3fbc9301ee17f30f4d474e6ae4b05252/library/test/src/lib.rs:565:43
[INFO] [stdout]   30:     0x646ba7160174 - test::run_test::{{closure}}::h392c51cee94713ab
[INFO] [stdout]                                at /rustc/df4ca44d3fbc9301ee17f30f4d474e6ae4b05252/library/test/src/lib.rs:595:41
[INFO] [stdout]   31:     0x646ba7160174 - std::sys::backtrace::__rust_begin_short_backtrace::h2f40290710935a8b
[INFO] [stdout]                                at /rustc/df4ca44d3fbc9301ee17f30f4d474e6ae4b05252/library/std/src/sys/backtrace.rs:154:18
[INFO] [stdout]   32:     0x646ba716391e - std::thread::Builder::spawn_unchecked_::{{closure}}::{{closure}}::h3fd968d89053a903
[INFO] [stdout]                                at /rustc/df4ca44d3fbc9301ee17f30f4d474e6ae4b05252/library/std/src/thread/mod.rs:541:17
[INFO] [stdout]   33:     0x646ba716391e - <core::panic::unwind_safe::AssertUnwindSafe<F> as core::ops::function::FnOnce<()>>::call_once::h743f637ba4229880
[INFO] [stdout]                                at /rustc/df4ca44d3fbc9301ee17f30f4d474e6ae4b05252/library/core/src/panic/unwind_safe.rs:272:9
[INFO] [stdout]   34:     0x646ba716391e - std::panicking::try::do_call::h07440897322525a6
[INFO] [stdout]                                at /rustc/df4ca44d3fbc9301ee17f30f4d474e6ae4b05252/library/std/src/panicking.rs:557:40
[INFO] [stdout]   35:     0x646ba716391e - std::panicking::try::he5a2e00188156637
[INFO] [stdout]                                at /rustc/df4ca44d3fbc9301ee17f30f4d474e6ae4b05252/library/std/src/panicking.rs:520:19
[INFO] [stdout]   36:     0x646ba716391e - std::panic::catch_unwind::hbaf3cae49b3c6433
[INFO] [stdout]                                at /rustc/df4ca44d3fbc9301ee17f30f4d474e6ae4b05252/library/std/src/panic.rs:358:14
[INFO] [stdout]   37:     0x646ba716391e - std::thread::Builder::spawn_unchecked_::{{closure}}::h8e141ea224820bce
[INFO] [stdout]                                at /rustc/df4ca44d3fbc9301ee17f30f4d474e6ae4b05252/library/std/src/thread/mod.rs:540:30
[INFO] [stdout]   38:     0x646ba716391e - core::ops::function::FnOnce::call_once{{vtable.shim}}::h90d312fedd7b8ea8
[INFO] [stdout]                                at /rustc/df4ca44d3fbc9301ee17f30f4d474e6ae4b05252/library/core/src/ops/function.rs:250:5
[INFO] [stdout]   39:     0x646ba729ba3b - <alloc::boxed::Box<F,A> as core::ops::function::FnOnce<Args>>::call_once::h69aa08ddb6adb8b6
[INFO] [stdout]                                at /rustc/df4ca44d3fbc9301ee17f30f4d474e6ae4b05252/library/alloc/src/boxed.rs:2454:9
[INFO] [stdout]   40:     0x646ba729ba3b - <alloc::boxed::Box<F,A> as core::ops::function::FnOnce<Args>>::call_once::h5aa36efdb79c806f
[INFO] [stdout]                                at /rustc/df4ca44d3fbc9301ee17f30f4d474e6ae4b05252/library/alloc/src/boxed.rs:2454:9
[INFO] [stdout]   41:     0x646ba729ba3b - std::sys::pal::unix::thread::Thread::new::thread_start::h6cd80a1b4be5158d
[INFO] [stdout]                                at /rustc/df4ca44d3fbc9301ee17f30f4d474e6ae4b05252/library/std/src/sys/pal/unix/thread.rs:105:17
[INFO] [stdout]   42:     0x7188c33a0ac3 - <unknown>
[INFO] [stdout]   43:     0x7188c3431a04 - clone
[INFO] [stdout]   44:                0x0 - <unknown>
[INFO] [stdout] 
[INFO] [stdout] 
[INFO] [stdout] failures:
[INFO] [stdout]     main
[INFO] [stdout] 
[INFO] [stdout] test result: FAILED. 0 passed; 1 failed; 0 ignored; 0 measured; 0 filtered out; finished in 0.02s
[INFO] [stdout] 
[INFO] [stderr] error: test failed, to rerun pass `--test integ`
[INFO] running `Command { std: "docker" "inspect" "6caf4f0546a3b819aeaa224fe05b91847be323d8bbbebd8868dc92bd5e2f737f", kill_on_drop: false }`
[INFO] running `Command { std: "docker" "rm" "-f" "6caf4f0546a3b819aeaa224fe05b91847be323d8bbbebd8868dc92bd5e2f737f", kill_on_drop: false }`
[INFO] [stdout] 6caf4f0546a3b819aeaa224fe05b91847be323d8bbbebd8868dc92bd5e2f737f
