[INFO] fetching crate inline_tweak_derive 3.0.0...
[INFO] testing inline_tweak_derive-3.0.0 against nightly-2024-10-28 for randomize-layout
[INFO] extracting crate inline_tweak_derive 3.0.0 into /workspace/builds/worker-0-tc1/source
[INFO] validating manifest of crates.io crate inline_tweak_derive 3.0.0 on toolchain nightly-2024-10-28
[INFO] running `Command { std: CARGO_HOME="/workspace/cargo-home" RUSTUP_HOME="/workspace/rustup-home" "/workspace/cargo-home/bin/cargo" "+nightly-2024-10-28" "metadata" "--manifest-path" "Cargo.toml" "--no-deps", kill_on_drop: false }`
[INFO] started tweaking crates.io crate inline_tweak_derive 3.0.0
[INFO] finished tweaking crates.io crate inline_tweak_derive 3.0.0
[INFO] tweaked toml for crates.io crate inline_tweak_derive 3.0.0 written to /workspace/builds/worker-0-tc1/source/Cargo.toml
[INFO] running `Command { std: CARGO_HOME="/workspace/cargo-home" RUSTUP_HOME="/workspace/rustup-home" "/workspace/cargo-home/bin/cargo" "+nightly-2024-10-28" "generate-lockfile" "--manifest-path" "Cargo.toml", kill_on_drop: false }`
[INFO] [stderr]     Blocking waiting for file lock on package cache
[INFO] [stderr]     Updating crates.io index
[INFO] [stderr]      Locking 4 packages to latest compatible versions
[INFO] running `Command { std: CARGO_HOME="/workspace/cargo-home" RUSTUP_HOME="/workspace/rustup-home" "/workspace/cargo-home/bin/cargo" "+nightly-2024-10-28" "fetch" "--manifest-path" "Cargo.toml", kill_on_drop: false }`
[INFO] running `Command { std: "docker" "create" "-v" "/var/lib/crater-agent-workspace/builds/worker-0-tc1/target:/opt/rustwide/target:rw,Z" "-v" "/var/lib/crater-agent-workspace/builds/worker-0-tc1/source:/opt/rustwide/workdir:ro,Z" "-v" "/var/lib/crater-agent-workspace/cargo-home:/opt/rustwide/cargo-home:ro,Z" "-v" "/var/lib/crater-agent-workspace/rustup-home:/opt/rustwide/rustup-home:ro,Z" "-e" "SOURCE_DIR=/opt/rustwide/workdir" "-e" "CARGO_TARGET_DIR=/opt/rustwide/target" "-e" "CARGO_HOME=/opt/rustwide/cargo-home" "-e" "RUSTUP_HOME=/opt/rustwide/rustup-home" "-w" "/opt/rustwide/workdir" "-m" "1610612736" "--user" "0:0" "--network" "none" "ghcr.io/rust-lang/crates-build-env/linux@sha256:4a844ea9eb2546a2d2c7022eacef16ef2e8229c7fbb2c7d4d55a9ceca922f72d" "/opt/rustwide/cargo-home/bin/cargo" "+nightly-2024-10-28" "metadata" "--no-deps" "--format-version=1", kill_on_drop: false }`
[INFO] [stdout] f0e9b8bd6d677ce7b1c2e15742528e9f063b018379a2113e997c15c31a9034f6
[INFO] running `Command { std: "docker" "start" "-a" "f0e9b8bd6d677ce7b1c2e15742528e9f063b018379a2113e997c15c31a9034f6", kill_on_drop: false }`
[INFO] running `Command { std: "docker" "inspect" "f0e9b8bd6d677ce7b1c2e15742528e9f063b018379a2113e997c15c31a9034f6", kill_on_drop: false }`
[INFO] running `Command { std: "docker" "rm" "-f" "f0e9b8bd6d677ce7b1c2e15742528e9f063b018379a2113e997c15c31a9034f6", kill_on_drop: false }`
[INFO] [stdout] f0e9b8bd6d677ce7b1c2e15742528e9f063b018379a2113e997c15c31a9034f6
[INFO] running `Command { std: "docker" "create" "-v" "/var/lib/crater-agent-workspace/builds/worker-0-tc1/target:/opt/rustwide/target:rw,Z" "-v" "/var/lib/crater-agent-workspace/builds/worker-0-tc1/source:/opt/rustwide/workdir:ro,Z" "-v" "/var/lib/crater-agent-workspace/cargo-home:/opt/rustwide/cargo-home:ro,Z" "-v" "/var/lib/crater-agent-workspace/rustup-home:/opt/rustwide/rustup-home:ro,Z" "-e" "SOURCE_DIR=/opt/rustwide/workdir" "-e" "CARGO_TARGET_DIR=/opt/rustwide/target" "-e" "CARGO_INCREMENTAL=0" "-e" "RUST_BACKTRACE=full" "-e" "RUSTFLAGS=--cap-lints=forbid" "-e" "RUSTDOCFLAGS=--cap-lints=forbid" "-e" "CARGO_HOME=/opt/rustwide/cargo-home" "-e" "RUSTUP_HOME=/opt/rustwide/rustup-home" "-w" "/opt/rustwide/workdir" "-m" "1610612736" "--user" "0:0" "--network" "none" "ghcr.io/rust-lang/crates-build-env/linux@sha256:4a844ea9eb2546a2d2c7022eacef16ef2e8229c7fbb2c7d4d55a9ceca922f72d" "/opt/rustwide/cargo-home/bin/cargo" "+nightly-2024-10-28" "build" "--frozen" "--message-format=json", kill_on_drop: false }`
[INFO] [stdout] fcc6d53f562deed0aa6a1ac038ded26d468208bbb4a2361beb12f19ee0c3188d
[INFO] running `Command { std: "docker" "start" "-a" "fcc6d53f562deed0aa6a1ac038ded26d468208bbb4a2361beb12f19ee0c3188d", kill_on_drop: false }`
[INFO] [stderr]    Compiling syn v2.0.86
[INFO] [stderr]    Compiling inline_tweak_derive v3.0.0 (/opt/rustwide/workdir)
[INFO] [stderr]     Finished `dev` profile [unoptimized + debuginfo] target(s) in 3.47s
[INFO] running `Command { std: "docker" "inspect" "fcc6d53f562deed0aa6a1ac038ded26d468208bbb4a2361beb12f19ee0c3188d", kill_on_drop: false }`
[INFO] running `Command { std: "docker" "rm" "-f" "fcc6d53f562deed0aa6a1ac038ded26d468208bbb4a2361beb12f19ee0c3188d", kill_on_drop: false }`
[INFO] [stdout] fcc6d53f562deed0aa6a1ac038ded26d468208bbb4a2361beb12f19ee0c3188d
[INFO] running `Command { std: "docker" "create" "-v" "/var/lib/crater-agent-workspace/builds/worker-0-tc1/target:/opt/rustwide/target:rw,Z" "-v" "/var/lib/crater-agent-workspace/builds/worker-0-tc1/source:/opt/rustwide/workdir:ro,Z" "-v" "/var/lib/crater-agent-workspace/cargo-home:/opt/rustwide/cargo-home:ro,Z" "-v" "/var/lib/crater-agent-workspace/rustup-home:/opt/rustwide/rustup-home:ro,Z" "-e" "SOURCE_DIR=/opt/rustwide/workdir" "-e" "CARGO_TARGET_DIR=/opt/rustwide/target" "-e" "CARGO_INCREMENTAL=0" "-e" "RUST_BACKTRACE=full" "-e" "RUSTFLAGS=--cap-lints=forbid" "-e" "RUSTDOCFLAGS=--cap-lints=forbid" "-e" "CARGO_HOME=/opt/rustwide/cargo-home" "-e" "RUSTUP_HOME=/opt/rustwide/rustup-home" "-w" "/opt/rustwide/workdir" "-m" "1610612736" "--user" "0:0" "--network" "none" "ghcr.io/rust-lang/crates-build-env/linux@sha256:4a844ea9eb2546a2d2c7022eacef16ef2e8229c7fbb2c7d4d55a9ceca922f72d" "/opt/rustwide/cargo-home/bin/cargo" "+nightly-2024-10-28" "test" "--frozen" "--no-run" "--message-format=json", kill_on_drop: false }`
[INFO] [stdout] e9a8d5347f96634d3af82f7062e0ab2798feb78ad8bf1fa1309b9872234d5794
[INFO] running `Command { std: "docker" "start" "-a" "e9a8d5347f96634d3af82f7062e0ab2798feb78ad8bf1fa1309b9872234d5794", kill_on_drop: false }`
[INFO] [stderr]    Compiling inline_tweak_derive v3.0.0 (/opt/rustwide/workdir)
[INFO] [stderr]     Finished `test` profile [unoptimized + debuginfo] target(s) in 0.35s
[INFO] running `Command { std: "docker" "inspect" "e9a8d5347f96634d3af82f7062e0ab2798feb78ad8bf1fa1309b9872234d5794", kill_on_drop: false }`
[INFO] running `Command { std: "docker" "rm" "-f" "e9a8d5347f96634d3af82f7062e0ab2798feb78ad8bf1fa1309b9872234d5794", kill_on_drop: false }`
[INFO] [stdout] e9a8d5347f96634d3af82f7062e0ab2798feb78ad8bf1fa1309b9872234d5794
[INFO] running `Command { std: "docker" "create" "-v" "/var/lib/crater-agent-workspace/builds/worker-0-tc1/target:/opt/rustwide/target:rw,Z" "-v" "/var/lib/crater-agent-workspace/builds/worker-0-tc1/source:/opt/rustwide/workdir:ro,Z" "-v" "/var/lib/crater-agent-workspace/cargo-home:/opt/rustwide/cargo-home:ro,Z" "-v" "/var/lib/crater-agent-workspace/rustup-home:/opt/rustwide/rustup-home:ro,Z" "-e" "SOURCE_DIR=/opt/rustwide/workdir" "-e" "CARGO_TARGET_DIR=/opt/rustwide/target" "-e" "CARGO_INCREMENTAL=0" "-e" "RUST_BACKTRACE=full" "-e" "RUSTFLAGS=--cap-lints=forbid" "-e" "RUSTDOCFLAGS=--cap-lints=forbid" "-e" "CARGO_HOME=/opt/rustwide/cargo-home" "-e" "RUSTUP_HOME=/opt/rustwide/rustup-home" "-w" "/opt/rustwide/workdir" "-m" "1610612736" "--user" "0:0" "--network" "none" "ghcr.io/rust-lang/crates-build-env/linux@sha256:4a844ea9eb2546a2d2c7022eacef16ef2e8229c7fbb2c7d4d55a9ceca922f72d" "/opt/rustwide/cargo-home/bin/cargo" "+nightly-2024-10-28" "test" "--frozen", kill_on_drop: false }`
[INFO] [stdout] f45cfa3771a3f9a981ab6fe0f991221df552716fc894821b18d6c92dc4c9318d
[INFO] running `Command { std: "docker" "start" "-a" "f45cfa3771a3f9a981ab6fe0f991221df552716fc894821b18d6c92dc4c9318d", kill_on_drop: false }`
[INFO] [stderr]     Finished `test` profile [unoptimized + debuginfo] target(s) in 0.01s
[INFO] [stderr]      Running unittests src/lib.rs (/opt/rustwide/target/debug/deps/inline_tweak_derive-c93fa5ada5047f96)
[INFO] [stdout] 
[INFO] [stdout] running 0 tests
[INFO] [stdout] 
[INFO] [stdout] test result: ok. 0 passed; 0 failed; 0 ignored; 0 measured; 0 filtered out; finished in 0.00s
[INFO] [stdout] 
[INFO] [stderr]    Doc-tests inline_tweak_derive
[INFO] [stdout] 
[INFO] [stdout] running 2 tests
[INFO] [stdout] test src/lib.rs - release_tweak_fn (line 116) ... FAILED
[INFO] [stdout] test src/lib.rs - tweak_fn (line 95) ... FAILED
[INFO] [stdout] 
[INFO] [stdout] failures:
[INFO] [stdout] 
[INFO] [stdout] ---- src/lib.rs - release_tweak_fn (line 116) stdout ----
[INFO] [stdout] error: unknown start of token: `
[INFO] [stdout]   --> src/lib.rs:126:1
[INFO] [stdout]    |
[INFO] [stdout] 11 | ```#[cfg(feature = "release_tweak")]
[INFO] [stdout]    | ^^^
[INFO] [stdout]    |
[INFO] [stdout]    = note: character appears 2 more times
[INFO] [stdout] help: Unicode character '`' (Grave Accent) looks like ''' (Single Quote), but it is not
[INFO] [stdout]    |
[INFO] [stdout] 11 | '''#[cfg(feature = "release_tweak")]
[INFO] [stdout]    | ~~~
[INFO] [stdout] 
[INFO] [stdout] error: expected item after attributes
[INFO] [stdout]   --> src/lib.rs:126:4
[INFO] [stdout]    |
[INFO] [stdout] 11 | ```#[cfg(feature = "release_tweak")]
[INFO] [stdout]    |    ^^^^^^^^^^^^^^^^^^^^^^^^^^^^^^^^^
[INFO] [stdout] 
[INFO] [stdout] error: aborting due to 2 previous errors
[INFO] [stdout] 
[INFO] [stdout] Couldn't compile the test.
[INFO] [stdout] ---- src/lib.rs - tweak_fn (line 95) stdout ----
[INFO] [stdout] error[E0433]: failed to resolve: use of undeclared crate or module `inline_tweak`
[INFO] [stdout]  --> src/lib.rs:97:3
[INFO] [stdout]   |
[INFO] [stdout] 3 | #[inline_tweak::tweak_fn]
[INFO] [stdout]   |   ^^^^^^^^^^^^ use of undeclared crate or module `inline_tweak`
[INFO] [stdout] 
[INFO] [stdout] error: aborting due to 1 previous error
[INFO] [stdout] 
[INFO] [stdout] For more information about this error, try `rustc --explain E0433`.
[INFO] [stdout] Couldn't compile the test.
[INFO] [stdout] 
[INFO] [stdout] failures:
[INFO] [stdout]     src/lib.rs - release_tweak_fn (line 116)
[INFO] [stdout]     src/lib.rs - tweak_fn (line 95)
[INFO] [stdout] 
[INFO] [stdout] test result: FAILED. 0 passed; 2 failed; 0 ignored; 0 measured; 0 filtered out; finished in 0.06s
[INFO] [stdout] 
[INFO] [stderr] error: doctest failed, to rerun pass `--doc`
[INFO] running `Command { std: "docker" "inspect" "f45cfa3771a3f9a981ab6fe0f991221df552716fc894821b18d6c92dc4c9318d", kill_on_drop: false }`
[INFO] running `Command { std: "docker" "rm" "-f" "f45cfa3771a3f9a981ab6fe0f991221df552716fc894821b18d6c92dc4c9318d", kill_on_drop: false }`
[INFO] [stdout] f45cfa3771a3f9a981ab6fe0f991221df552716fc894821b18d6c92dc4c9318d
