[INFO] fetching crate inline-postgres-impl 0.1.0...
[INFO] testing inline-postgres-impl-0.1.0 against nightly-2024-10-28 for randomize-layout
[INFO] extracting crate inline-postgres-impl 0.1.0 into /workspace/builds/worker-4-tc1/source
[INFO] validating manifest of crates.io crate inline-postgres-impl 0.1.0 on toolchain nightly-2024-10-28
[INFO] running `Command { std: CARGO_HOME="/workspace/cargo-home" RUSTUP_HOME="/workspace/rustup-home" "/workspace/cargo-home/bin/cargo" "+nightly-2024-10-28" "metadata" "--manifest-path" "Cargo.toml" "--no-deps", kill_on_drop: false }`
[INFO] started tweaking crates.io crate inline-postgres-impl 0.1.0
[INFO] finished tweaking crates.io crate inline-postgres-impl 0.1.0
[INFO] tweaked toml for crates.io crate inline-postgres-impl 0.1.0 written to /workspace/builds/worker-4-tc1/source/Cargo.toml
[INFO] running `Command { std: CARGO_HOME="/workspace/cargo-home" RUSTUP_HOME="/workspace/rustup-home" "/workspace/cargo-home/bin/cargo" "+nightly-2024-10-28" "generate-lockfile" "--manifest-path" "Cargo.toml", kill_on_drop: false }`
[INFO] [stderr]     Updating crates.io index
[INFO] [stderr]     Blocking waiting for file lock on package cache
[INFO] [stderr]      Locking 107 packages to latest compatible versions
[INFO] running `Command { std: CARGO_HOME="/workspace/cargo-home" RUSTUP_HOME="/workspace/rustup-home" "/workspace/cargo-home/bin/cargo" "+nightly-2024-10-28" "fetch" "--manifest-path" "Cargo.toml", kill_on_drop: false }`
[INFO] [stderr]     Blocking waiting for file lock on package cache
[INFO] running `Command { std: "docker" "create" "-v" "/var/lib/crater-agent-workspace/builds/worker-4-tc1/target:/opt/rustwide/target:rw,Z" "-v" "/var/lib/crater-agent-workspace/builds/worker-4-tc1/source:/opt/rustwide/workdir:ro,Z" "-v" "/var/lib/crater-agent-workspace/cargo-home:/opt/rustwide/cargo-home:ro,Z" "-v" "/var/lib/crater-agent-workspace/rustup-home:/opt/rustwide/rustup-home:ro,Z" "-e" "SOURCE_DIR=/opt/rustwide/workdir" "-e" "CARGO_TARGET_DIR=/opt/rustwide/target" "-e" "CARGO_HOME=/opt/rustwide/cargo-home" "-e" "RUSTUP_HOME=/opt/rustwide/rustup-home" "-w" "/opt/rustwide/workdir" "-m" "1610612736" "--user" "0:0" "--network" "none" "ghcr.io/rust-lang/crates-build-env/linux@sha256:4a844ea9eb2546a2d2c7022eacef16ef2e8229c7fbb2c7d4d55a9ceca922f72d" "/opt/rustwide/cargo-home/bin/cargo" "+nightly-2024-10-28" "metadata" "--no-deps" "--format-version=1", kill_on_drop: false }`
[INFO] [stdout] 1508644a242ad4bc9e5b969fb19d9b2be55b94ff2dfdf2bd05af3de5c6b4e372
[INFO] running `Command { std: "docker" "start" "-a" "1508644a242ad4bc9e5b969fb19d9b2be55b94ff2dfdf2bd05af3de5c6b4e372", kill_on_drop: false }`
[INFO] running `Command { std: "docker" "inspect" "1508644a242ad4bc9e5b969fb19d9b2be55b94ff2dfdf2bd05af3de5c6b4e372", kill_on_drop: false }`
[INFO] running `Command { std: "docker" "rm" "-f" "1508644a242ad4bc9e5b969fb19d9b2be55b94ff2dfdf2bd05af3de5c6b4e372", kill_on_drop: false }`
[INFO] [stdout] 1508644a242ad4bc9e5b969fb19d9b2be55b94ff2dfdf2bd05af3de5c6b4e372
[INFO] running `Command { std: "docker" "create" "-v" "/var/lib/crater-agent-workspace/builds/worker-4-tc1/target:/opt/rustwide/target:rw,Z" "-v" "/var/lib/crater-agent-workspace/builds/worker-4-tc1/source:/opt/rustwide/workdir:ro,Z" "-v" "/var/lib/crater-agent-workspace/cargo-home:/opt/rustwide/cargo-home:ro,Z" "-v" "/var/lib/crater-agent-workspace/rustup-home:/opt/rustwide/rustup-home:ro,Z" "-e" "SOURCE_DIR=/opt/rustwide/workdir" "-e" "CARGO_TARGET_DIR=/opt/rustwide/target" "-e" "CARGO_INCREMENTAL=0" "-e" "RUST_BACKTRACE=full" "-e" "RUSTFLAGS=--cap-lints=forbid" "-e" "RUSTDOCFLAGS=--cap-lints=forbid" "-e" "CARGO_HOME=/opt/rustwide/cargo-home" "-e" "RUSTUP_HOME=/opt/rustwide/rustup-home" "-w" "/opt/rustwide/workdir" "-m" "1610612736" "--user" "0:0" "--network" "none" "ghcr.io/rust-lang/crates-build-env/linux@sha256:4a844ea9eb2546a2d2c7022eacef16ef2e8229c7fbb2c7d4d55a9ceca922f72d" "/opt/rustwide/cargo-home/bin/cargo" "+nightly-2024-10-28" "build" "--frozen" "--message-format=json", kill_on_drop: false }`
[INFO] [stdout] f325e381b28c2c8742f8492272e39bfa14339b6a1b49f018d6c535dd4fb06e06
[INFO] running `Command { std: "docker" "start" "-a" "f325e381b28c2c8742f8492272e39bfa14339b6a1b49f018d6c535dd4fb06e06", kill_on_drop: false }`
[INFO] [stderr]    Compiling typenum v1.17.0
[INFO] [stderr]    Compiling generic-array v0.14.7
[INFO] [stderr]    Compiling subtle v2.6.1
[INFO] [stderr]    Compiling num-traits v0.2.19
[INFO] [stderr]    Compiling unicode-normalization v0.1.24
[INFO] [stderr]    Compiling syn v2.0.86
[INFO] [stderr]    Compiling unicode-bidi v0.3.17
[INFO] [stderr]    Compiling unicode-properties v0.1.3
[INFO] [stderr]    Compiling cpufeatures v0.2.14
[INFO] [stderr]    Compiling base64 v0.22.1
[INFO] [stderr]    Compiling siphasher v0.3.11
[INFO] [stderr]    Compiling fallible-iterator v0.2.0
[INFO] [stderr]    Compiling memchr v2.7.4
[INFO] [stderr]    Compiling phf_shared v0.11.2
[INFO] [stderr]    Compiling tokio v1.41.0
[INFO] [stderr]    Compiling stringprep v0.1.5
[INFO] [stderr]    Compiling phf v0.11.2
[INFO] [stderr]    Compiling futures-channel v0.3.31
[INFO] [stderr]    Compiling whoami v1.5.2
[INFO] [stderr]    Compiling chrono v0.4.38
[INFO] [stderr]    Compiling block-buffer v0.10.4
[INFO] [stderr]    Compiling crypto-common v0.1.6
[INFO] [stderr]    Compiling digest v0.10.7
[INFO] [stderr]    Compiling sha2 v0.10.8
[INFO] [stderr]    Compiling hmac v0.12.1
[INFO] [stderr]    Compiling md-5 v0.10.6
[INFO] [stderr]    Compiling zerocopy-derive v0.7.35
[INFO] [stderr]    Compiling futures-macro v0.3.31
[INFO] [stderr]    Compiling async-trait v0.1.83
[INFO] [stderr]    Compiling tokio-util v0.7.12
[INFO] [stderr]    Compiling futures-util v0.3.31
[INFO] [stderr]    Compiling zerocopy v0.7.35
[INFO] [stderr]    Compiling ppv-lite86 v0.2.20
[INFO] [stderr]    Compiling rand_chacha v0.3.1
[INFO] [stderr]    Compiling rand v0.8.5
[INFO] [stderr]    Compiling postgres-protocol v0.6.7
[INFO] [stderr]    Compiling ulid v1.1.3
[INFO] [stderr]    Compiling postgres-types v0.2.8
[INFO] [stderr]    Compiling tokio-postgres v0.7.12
[INFO] [stderr]    Compiling inline-postgres-impl v0.1.0 (/opt/rustwide/workdir)
[INFO] [stdout] warning: use of deprecated associated function `chrono::NaiveDateTime::from_timestamp_millis`: use `DateTime::from_timestamp_millis` instead
[INFO] [stdout]    --> src/key.rs:101:24
[INFO] [stdout]     |
[INFO] [stdout] 101 |         NaiveDateTime::from_timestamp_millis(ms).unwrap()
[INFO] [stdout]     |                        ^^^^^^^^^^^^^^^^^^^^^
[INFO] [stdout]     |
[INFO] [stdout]     = note: `#[warn(deprecated)]` on by default
[INFO] [stdout] 
[INFO] [stdout] 
[INFO] [stderr]     Finished `dev` profile [unoptimized + debuginfo] target(s) in 14.77s
[INFO] running `Command { std: "docker" "inspect" "f325e381b28c2c8742f8492272e39bfa14339b6a1b49f018d6c535dd4fb06e06", kill_on_drop: false }`
[INFO] running `Command { std: "docker" "rm" "-f" "f325e381b28c2c8742f8492272e39bfa14339b6a1b49f018d6c535dd4fb06e06", kill_on_drop: false }`
[INFO] [stdout] f325e381b28c2c8742f8492272e39bfa14339b6a1b49f018d6c535dd4fb06e06
[INFO] running `Command { std: "docker" "create" "-v" "/var/lib/crater-agent-workspace/builds/worker-4-tc1/target:/opt/rustwide/target:rw,Z" "-v" "/var/lib/crater-agent-workspace/builds/worker-4-tc1/source:/opt/rustwide/workdir:ro,Z" "-v" "/var/lib/crater-agent-workspace/cargo-home:/opt/rustwide/cargo-home:ro,Z" "-v" "/var/lib/crater-agent-workspace/rustup-home:/opt/rustwide/rustup-home:ro,Z" "-e" "SOURCE_DIR=/opt/rustwide/workdir" "-e" "CARGO_TARGET_DIR=/opt/rustwide/target" "-e" "CARGO_INCREMENTAL=0" "-e" "RUST_BACKTRACE=full" "-e" "RUSTFLAGS=--cap-lints=forbid" "-e" "RUSTDOCFLAGS=--cap-lints=forbid" "-e" "CARGO_HOME=/opt/rustwide/cargo-home" "-e" "RUSTUP_HOME=/opt/rustwide/rustup-home" "-w" "/opt/rustwide/workdir" "-m" "1610612736" "--user" "0:0" "--network" "none" "ghcr.io/rust-lang/crates-build-env/linux@sha256:4a844ea9eb2546a2d2c7022eacef16ef2e8229c7fbb2c7d4d55a9ceca922f72d" "/opt/rustwide/cargo-home/bin/cargo" "+nightly-2024-10-28" "test" "--frozen" "--no-run" "--message-format=json", kill_on_drop: false }`
[INFO] [stdout] 52632c19333fc7f0d7d25295421d69fddba457753f46d94ef062047fc1259dae
[INFO] running `Command { std: "docker" "start" "-a" "52632c19333fc7f0d7d25295421d69fddba457753f46d94ef062047fc1259dae", kill_on_drop: false }`
[INFO] [stdout] warning: use of deprecated associated function `chrono::NaiveDateTime::from_timestamp_millis`: use `DateTime::from_timestamp_millis` instead
[INFO] [stdout]    --> src/key.rs:101:24
[INFO] [stdout]     |
[INFO] [stdout] 101 |         NaiveDateTime::from_timestamp_millis(ms).unwrap()
[INFO] [stdout]     |                        ^^^^^^^^^^^^^^^^^^^^^
[INFO] [stdout]     |
[INFO] [stdout]     = note: `#[warn(deprecated)]` on by default
[INFO] [stdout] 
[INFO] [stdout] 
[INFO] [stderr]    Compiling inline-postgres-impl v0.1.0 (/opt/rustwide/workdir)
[INFO] [stdout] warning: use of deprecated associated function `chrono::NaiveDateTime::from_timestamp_millis`: use `DateTime::from_timestamp_millis` instead
[INFO] [stdout]    --> src/key.rs:101:24
[INFO] [stdout]     |
[INFO] [stdout] 101 |         NaiveDateTime::from_timestamp_millis(ms).unwrap()
[INFO] [stdout]     |                        ^^^^^^^^^^^^^^^^^^^^^
[INFO] [stdout]     |
[INFO] [stdout]     = note: `#[warn(deprecated)]` on by default
[INFO] [stdout] 
[INFO] [stdout] 
[INFO] [stderr]     Finished `test` profile [unoptimized + debuginfo] target(s) in 0.51s
[INFO] running `Command { std: "docker" "inspect" "52632c19333fc7f0d7d25295421d69fddba457753f46d94ef062047fc1259dae", kill_on_drop: false }`
[INFO] running `Command { std: "docker" "rm" "-f" "52632c19333fc7f0d7d25295421d69fddba457753f46d94ef062047fc1259dae", kill_on_drop: false }`
[INFO] [stdout] 52632c19333fc7f0d7d25295421d69fddba457753f46d94ef062047fc1259dae
[INFO] running `Command { std: "docker" "create" "-v" "/var/lib/crater-agent-workspace/builds/worker-4-tc1/target:/opt/rustwide/target:rw,Z" "-v" "/var/lib/crater-agent-workspace/builds/worker-4-tc1/source:/opt/rustwide/workdir:ro,Z" "-v" "/var/lib/crater-agent-workspace/cargo-home:/opt/rustwide/cargo-home:ro,Z" "-v" "/var/lib/crater-agent-workspace/rustup-home:/opt/rustwide/rustup-home:ro,Z" "-e" "SOURCE_DIR=/opt/rustwide/workdir" "-e" "CARGO_TARGET_DIR=/opt/rustwide/target" "-e" "CARGO_INCREMENTAL=0" "-e" "RUST_BACKTRACE=full" "-e" "RUSTFLAGS=--cap-lints=forbid" "-e" "RUSTDOCFLAGS=--cap-lints=forbid" "-e" "CARGO_HOME=/opt/rustwide/cargo-home" "-e" "RUSTUP_HOME=/opt/rustwide/rustup-home" "-w" "/opt/rustwide/workdir" "-m" "1610612736" "--user" "0:0" "--network" "none" "ghcr.io/rust-lang/crates-build-env/linux@sha256:4a844ea9eb2546a2d2c7022eacef16ef2e8229c7fbb2c7d4d55a9ceca922f72d" "/opt/rustwide/cargo-home/bin/cargo" "+nightly-2024-10-28" "test" "--frozen", kill_on_drop: false }`
[INFO] [stdout] e9c057f3bdebf75f1d033c5d35ade318d776ebdecb608440cc77209b32d06d37
[INFO] running `Command { std: "docker" "start" "-a" "e9c057f3bdebf75f1d033c5d35ade318d776ebdecb608440cc77209b32d06d37", kill_on_drop: false }`
[INFO] [stderr] warning: use of deprecated associated function `chrono::NaiveDateTime::from_timestamp_millis`: use `DateTime::from_timestamp_millis` instead
[INFO] [stderr]    --> src/key.rs:101:24
[INFO] [stderr]     |
[INFO] [stderr] 101 |         NaiveDateTime::from_timestamp_millis(ms).unwrap()
[INFO] [stderr]     |                        ^^^^^^^^^^^^^^^^^^^^^
[INFO] [stderr]     |
[INFO] [stderr]     = note: `#[warn(deprecated)]` on by default
[INFO] [stderr] 
[INFO] [stderr] warning: `inline-postgres-impl` (lib) generated 1 warning
[INFO] [stderr] warning: `inline-postgres-impl` (lib test) generated 1 warning (1 duplicate)
[INFO] [stderr]     Finished `test` profile [unoptimized + debuginfo] target(s) in 0.08s
[INFO] [stderr]      Running unittests src/lib.rs (/opt/rustwide/target/debug/deps/inline_postgres_impl-4bda161d3f1b0ecf)
[INFO] [stdout] 
[INFO] [stdout] running 0 tests
[INFO] [stdout] 
[INFO] [stdout] test result: ok. 0 passed; 0 failed; 0 ignored; 0 measured; 0 filtered out; finished in 0.00s
[INFO] [stdout] 
[INFO] [stderr]    Doc-tests inline_postgres_impl
[INFO] [stdout] 
[INFO] [stdout] running 1 test
[INFO] [stdout] test src/lib.rs - TableHelper::fetch_table (line 200) ... FAILED
[INFO] [stdout] 
[INFO] [stdout] failures:
[INFO] [stdout] 
[INFO] [stdout] ---- src/lib.rs - TableHelper::fetch_table (line 200) stdout ----
[INFO] [stdout] error[E0432]: unresolved import `inline_postgres`
[INFO] [stdout]  --> src/lib.rs:201:5
[INFO] [stdout]   |
[INFO] [stdout] 2 | use inline_postgres as pg;
[INFO] [stdout]   |     ^^^^^^^^^^^^^^^^^^^^^ no external crate `inline_postgres`
[INFO] [stdout] 
[INFO] [stdout] error[E0425]: cannot find value `client` in this scope
[INFO] [stdout]   --> src/lib.rs:213:3
[INFO] [stdout]    |
[INFO] [stdout] 14 |   client.exec(sql! {
[INFO] [stdout]    |   ^^^^^^ not found in this scope
[INFO] [stdout] 
[INFO] [stdout] error[E0599]: no function or associated item named `new` found for struct `Celebrity` in the current scope
[INFO] [stdout]   --> src/lib.rs:223:30
[INFO] [stdout]    |
[INFO] [stdout] 8  |     struct Celebrity {
[INFO] [stdout]    |     ---------------- function or associated item `new` not found for this struct
[INFO] [stdout] ...
[INFO] [stdout] 24 |     client.insert(Celebrity::new("Tony", "Hawk"))?;
[INFO] [stdout]    |                              ^^^ function or associated item not found in `Celebrity`
[INFO] [stdout]    |
[INFO] [stdout]    = help: items from traits can only be used if the trait is implemented and in scope
[INFO] [stdout]    = note: the following traits define an item `new`, perhaps you need to implement one of them:
[INFO] [stdout]            candidate #1: `crypto_common::KeyIvInit`
[INFO] [stdout]            candidate #2: `digest::KeyInit`
[INFO] [stdout]            candidate #3: `digest::Mac`
[INFO] [stdout]            candidate #4: `digest::VariableOutput`
[INFO] [stdout]            candidate #5: `digest::core_api::VariableOutputCore`
[INFO] [stdout]            candidate #6: `md5::Digest`
[INFO] [stdout]            candidate #7: `parking_lot_core::thread_parker::ThreadParkerT`
[INFO] [stdout]            candidate #8: `rand::distributions::uniform::UniformSampler`
[INFO] [stdout]            candidate #9: `typenum::Bit`
[INFO] [stdout] 
[INFO] [stdout] error: aborting due to 3 previous errors
[INFO] [stdout] 
[INFO] [stdout] Some errors have detailed explanations: E0425, E0432, E0599.
[INFO] [stdout] For more information about an error, try `rustc --explain E0425`.
[INFO] [stdout] Couldn't compile the test.
[INFO] [stdout] 
[INFO] [stdout] failures:
[INFO] [stdout]     src/lib.rs - TableHelper::fetch_table (line 200)
[INFO] [stdout] 
[INFO] [stdout] test result: FAILED. 0 passed; 1 failed; 0 ignored; 0 measured; 0 filtered out; finished in 0.18s
[INFO] [stdout] 
[INFO] [stderr] error: doctest failed, to rerun pass `--doc`
[INFO] running `Command { std: "docker" "inspect" "e9c057f3bdebf75f1d033c5d35ade318d776ebdecb608440cc77209b32d06d37", kill_on_drop: false }`
[INFO] running `Command { std: "docker" "rm" "-f" "e9c057f3bdebf75f1d033c5d35ade318d776ebdecb608440cc77209b32d06d37", kill_on_drop: false }`
[INFO] [stdout] e9c057f3bdebf75f1d033c5d35ade318d776ebdecb608440cc77209b32d06d37
