[INFO] fetching crate indices 0.3.6...
[INFO] testing indices-0.3.6 against nightly-2024-10-28+rustflags=-Zrandomize-layout for randomize-layout
[INFO] extracting crate indices 0.3.6 into /workspace/builds/worker-5-tc2/source
[INFO] validating manifest of crates.io crate indices 0.3.6 on toolchain nightly-2024-10-28
[INFO] running `Command { std: CARGO_HOME="/workspace/cargo-home" RUSTUP_HOME="/workspace/rustup-home" "/workspace/cargo-home/bin/cargo" "+nightly-2024-10-28" "metadata" "--manifest-path" "Cargo.toml" "--no-deps", kill_on_drop: false }`
[INFO] started tweaking crates.io crate indices 0.3.6
[INFO] finished tweaking crates.io crate indices 0.3.6
[INFO] tweaked toml for crates.io crate indices 0.3.6 written to /workspace/builds/worker-5-tc2/source/Cargo.toml
[INFO] running `Command { std: CARGO_HOME="/workspace/cargo-home" RUSTUP_HOME="/workspace/rustup-home" "/workspace/cargo-home/bin/cargo" "+nightly-2024-10-28" "generate-lockfile" "--manifest-path" "Cargo.toml", kill_on_drop: false }`
[INFO] [stderr]     Updating crates.io index
[INFO] [stderr]      Locking 33 packages to latest compatible versions
[INFO] running `Command { std: CARGO_HOME="/workspace/cargo-home" RUSTUP_HOME="/workspace/rustup-home" "/workspace/cargo-home/bin/cargo" "+nightly-2024-10-28" "fetch" "--manifest-path" "Cargo.toml", kill_on_drop: false }`
[INFO] running `Command { std: "docker" "create" "-v" "/var/lib/crater-agent-workspace/builds/worker-5-tc2/target:/opt/rustwide/target:rw,Z" "-v" "/var/lib/crater-agent-workspace/builds/worker-5-tc2/source:/opt/rustwide/workdir:ro,Z" "-v" "/var/lib/crater-agent-workspace/cargo-home:/opt/rustwide/cargo-home:ro,Z" "-v" "/var/lib/crater-agent-workspace/rustup-home:/opt/rustwide/rustup-home:ro,Z" "-e" "SOURCE_DIR=/opt/rustwide/workdir" "-e" "CARGO_TARGET_DIR=/opt/rustwide/target" "-e" "CARGO_HOME=/opt/rustwide/cargo-home" "-e" "RUSTUP_HOME=/opt/rustwide/rustup-home" "-w" "/opt/rustwide/workdir" "-m" "1610612736" "--user" "0:0" "--network" "none" "ghcr.io/rust-lang/crates-build-env/linux@sha256:4a844ea9eb2546a2d2c7022eacef16ef2e8229c7fbb2c7d4d55a9ceca922f72d" "/opt/rustwide/cargo-home/bin/cargo" "+nightly-2024-10-28" "metadata" "--no-deps" "--format-version=1", kill_on_drop: false }`
[INFO] [stdout] 563e38c2de00a09775f5536e89d99e8abc6c19f90bdc93361cf8875be120418d
[INFO] running `Command { std: "docker" "start" "-a" "563e38c2de00a09775f5536e89d99e8abc6c19f90bdc93361cf8875be120418d", kill_on_drop: false }`
[INFO] running `Command { std: "docker" "inspect" "563e38c2de00a09775f5536e89d99e8abc6c19f90bdc93361cf8875be120418d", kill_on_drop: false }`
[INFO] running `Command { std: "docker" "rm" "-f" "563e38c2de00a09775f5536e89d99e8abc6c19f90bdc93361cf8875be120418d", kill_on_drop: false }`
[INFO] [stdout] 563e38c2de00a09775f5536e89d99e8abc6c19f90bdc93361cf8875be120418d
[INFO] running `Command { std: "docker" "create" "-v" "/var/lib/crater-agent-workspace/builds/worker-5-tc2/target:/opt/rustwide/target:rw,Z" "-v" "/var/lib/crater-agent-workspace/builds/worker-5-tc2/source:/opt/rustwide/workdir:ro,Z" "-v" "/var/lib/crater-agent-workspace/cargo-home:/opt/rustwide/cargo-home:ro,Z" "-v" "/var/lib/crater-agent-workspace/rustup-home:/opt/rustwide/rustup-home:ro,Z" "-e" "SOURCE_DIR=/opt/rustwide/workdir" "-e" "CARGO_TARGET_DIR=/opt/rustwide/target" "-e" "CARGO_INCREMENTAL=0" "-e" "RUST_BACKTRACE=full" "-e" "RUSTFLAGS=--cap-lints=forbid -Zrandomize-layout" "-e" "RUSTDOCFLAGS=--cap-lints=forbid" "-e" "CARGO_HOME=/opt/rustwide/cargo-home" "-e" "RUSTUP_HOME=/opt/rustwide/rustup-home" "-w" "/opt/rustwide/workdir" "-m" "1610612736" "--user" "0:0" "--network" "none" "ghcr.io/rust-lang/crates-build-env/linux@sha256:4a844ea9eb2546a2d2c7022eacef16ef2e8229c7fbb2c7d4d55a9ceca922f72d" "/opt/rustwide/cargo-home/bin/cargo" "+nightly-2024-10-28" "build" "--frozen" "--message-format=json", kill_on_drop: false }`
[INFO] [stdout] 2b6f5b9b7ee8dd8e067f8e68737d92eb5f842389d29ff48af15475dad5ab36a8
[INFO] running `Command { std: "docker" "start" "-a" "2b6f5b9b7ee8dd8e067f8e68737d92eb5f842389d29ff48af15475dad5ab36a8", kill_on_drop: false }`
[INFO] [stderr]    Compiling indices v0.3.6 (/opt/rustwide/workdir)
[INFO] [stderr]     Finished `dev` profile [unoptimized + debuginfo] target(s) in 0.08s
[INFO] running `Command { std: "docker" "inspect" "2b6f5b9b7ee8dd8e067f8e68737d92eb5f842389d29ff48af15475dad5ab36a8", kill_on_drop: false }`
[INFO] running `Command { std: "docker" "rm" "-f" "2b6f5b9b7ee8dd8e067f8e68737d92eb5f842389d29ff48af15475dad5ab36a8", kill_on_drop: false }`
[INFO] [stdout] 2b6f5b9b7ee8dd8e067f8e68737d92eb5f842389d29ff48af15475dad5ab36a8
[INFO] running `Command { std: "docker" "create" "-v" "/var/lib/crater-agent-workspace/builds/worker-5-tc2/target:/opt/rustwide/target:rw,Z" "-v" "/var/lib/crater-agent-workspace/builds/worker-5-tc2/source:/opt/rustwide/workdir:ro,Z" "-v" "/var/lib/crater-agent-workspace/cargo-home:/opt/rustwide/cargo-home:ro,Z" "-v" "/var/lib/crater-agent-workspace/rustup-home:/opt/rustwide/rustup-home:ro,Z" "-e" "SOURCE_DIR=/opt/rustwide/workdir" "-e" "CARGO_TARGET_DIR=/opt/rustwide/target" "-e" "CARGO_INCREMENTAL=0" "-e" "RUST_BACKTRACE=full" "-e" "RUSTFLAGS=--cap-lints=forbid -Zrandomize-layout" "-e" "RUSTDOCFLAGS=--cap-lints=forbid" "-e" "CARGO_HOME=/opt/rustwide/cargo-home" "-e" "RUSTUP_HOME=/opt/rustwide/rustup-home" "-w" "/opt/rustwide/workdir" "-m" "1610612736" "--user" "0:0" "--network" "none" "ghcr.io/rust-lang/crates-build-env/linux@sha256:4a844ea9eb2546a2d2c7022eacef16ef2e8229c7fbb2c7d4d55a9ceca922f72d" "/opt/rustwide/cargo-home/bin/cargo" "+nightly-2024-10-28" "test" "--frozen" "--no-run" "--message-format=json", kill_on_drop: false }`
[INFO] [stdout] 11be8d9f0f09b5f8cdfbaa06e41bc2b538c8a9d9ea0178454640553f0fced14b
[INFO] running `Command { std: "docker" "start" "-a" "11be8d9f0f09b5f8cdfbaa06e41bc2b538c8a9d9ea0178454640553f0fced14b", kill_on_drop: false }`
[INFO] [stderr]    Compiling serde v1.0.214
[INFO] [stderr]    Compiling proc-macro2 v1.0.89
[INFO] [stderr]    Compiling equivalent v1.0.1
[INFO] [stderr]    Compiling hashbrown v0.15.0
[INFO] [stderr]    Compiling serde_json v1.0.132
[INFO] [stderr]    Compiling winnow v0.6.20
[INFO] [stderr]    Compiling target-triple v0.1.3
[INFO] [stderr]    Compiling itoa v1.0.11
[INFO] [stderr]    Compiling ryu v1.0.18
[INFO] [stderr]    Compiling memchr v2.7.4
[INFO] [stderr]    Compiling termcolor v1.4.1
[INFO] [stderr]    Compiling glob v0.3.1
[INFO] [stderr]    Compiling indexmap v2.6.0
[INFO] [stderr]    Compiling quote v1.0.37
[INFO] [stderr]    Compiling syn v2.0.86
[INFO] [stderr]    Compiling serde_derive v1.0.214
[INFO] [stderr]    Compiling serde_spanned v0.6.8
[INFO] [stderr]    Compiling toml_datetime v0.6.8
[INFO] [stderr]    Compiling toml_edit v0.22.22
[INFO] [stderr]    Compiling toml v0.8.19
[INFO] [stderr]    Compiling trybuild v1.0.101
[INFO] [stderr]    Compiling indices v0.3.6 (/opt/rustwide/workdir)
[INFO] [stderr]     Finished `test` profile [unoptimized + debuginfo] target(s) in 6.39s
[INFO] running `Command { std: "docker" "inspect" "11be8d9f0f09b5f8cdfbaa06e41bc2b538c8a9d9ea0178454640553f0fced14b", kill_on_drop: false }`
[INFO] running `Command { std: "docker" "rm" "-f" "11be8d9f0f09b5f8cdfbaa06e41bc2b538c8a9d9ea0178454640553f0fced14b", kill_on_drop: false }`
[INFO] [stdout] 11be8d9f0f09b5f8cdfbaa06e41bc2b538c8a9d9ea0178454640553f0fced14b
[INFO] running `Command { std: "docker" "create" "-v" "/var/lib/crater-agent-workspace/builds/worker-5-tc2/target:/opt/rustwide/target:rw,Z" "-v" "/var/lib/crater-agent-workspace/builds/worker-5-tc2/source:/opt/rustwide/workdir:ro,Z" "-v" "/var/lib/crater-agent-workspace/cargo-home:/opt/rustwide/cargo-home:ro,Z" "-v" "/var/lib/crater-agent-workspace/rustup-home:/opt/rustwide/rustup-home:ro,Z" "-e" "SOURCE_DIR=/opt/rustwide/workdir" "-e" "CARGO_TARGET_DIR=/opt/rustwide/target" "-e" "CARGO_INCREMENTAL=0" "-e" "RUST_BACKTRACE=full" "-e" "RUSTFLAGS=--cap-lints=forbid -Zrandomize-layout" "-e" "RUSTDOCFLAGS=--cap-lints=forbid" "-e" "CARGO_HOME=/opt/rustwide/cargo-home" "-e" "RUSTUP_HOME=/opt/rustwide/rustup-home" "-w" "/opt/rustwide/workdir" "-m" "1610612736" "--user" "0:0" "--network" "none" "ghcr.io/rust-lang/crates-build-env/linux@sha256:4a844ea9eb2546a2d2c7022eacef16ef2e8229c7fbb2c7d4d55a9ceca922f72d" "/opt/rustwide/cargo-home/bin/cargo" "+nightly-2024-10-28" "test" "--frozen", kill_on_drop: false }`
[INFO] [stdout] 27218c6d14c7949bea711ca6878f257783755b518349a18c329b34e06bf59914
[INFO] running `Command { std: "docker" "start" "-a" "27218c6d14c7949bea711ca6878f257783755b518349a18c329b34e06bf59914", kill_on_drop: false }`
[INFO] [stderr]     Finished `test` profile [unoptimized + debuginfo] target(s) in 0.03s
[INFO] [stderr]      Running unittests src/lib.rs (/opt/rustwide/target/debug/deps/indices-10fe3938e3e01ac1)
[INFO] [stdout] 
[INFO] [stdout] running 77 tests
[INFO] [stdout] test example_tests::example1 ... ok
[INFO] [stdout] test example_tests::graph_example ... ok
[INFO] [stdout] test tests::indices_1 ... ok
[INFO] [stdout] test tests::indices_2 ... ok
[INFO] [stdout] test tests::indices_2_out_of_order ... ok
[INFO] [stdout] test tests::indices_3 ... ok
[INFO] [stdout] test tests::indices_4 ... ok
[INFO] [stdout] test tests::indices_5 ... ok
[INFO] [stdout] test tests::indices_array_more_than_two_indices ... ok
[INFO] [stdout] test tests::indices_array_not_empty_slice_requested_empty ... ok
[INFO] [stdout] test tests::indices_array_out_of_order ... ok
[INFO] [stdout] test tests::indices_array_empty_requested_empty ... ok
[INFO] [stdout] test tests::indices_array_works ... ok
[INFO] [stdout] test tests::indices_can_return_mut_from_scope ... ok
[INFO] [stdout] test tests::indices_ordered_can_return_mut_from_scope ... ok
[INFO] [stdout] test tests::indices_ordered_more_than_two_indices ... ok
[INFO] [stdout] test tests::indices_1_out_of_bounds - should panic ... ok
[INFO] [stdout] test tests::indices_2_duplicate_indices - should panic ... ok
[INFO] [stdout] test tests::indices_ordered_works ... ok
[INFO] [stdout] test tests::indices_2_out_of_bounds - should panic ... ok
[INFO] [stdout] test tests::indices_slice_empty_requested_empty ... ok
[INFO] [stdout] test tests::indices_3_duplicate_indices - should panic ... ok
[INFO] [stdout] test tests::indices_slice_more_than_two_indices ... ok
[INFO] [stdout] test tests::indices_slice_not_empty_slice_requested_empty ... ok
[INFO] [stdout] test tests::indices_3_out_of_bounds - should panic ... ok
[INFO] [stdout] test tests::indices_slice_out_of_order ... ok
[INFO] [stdout] test tests::indices_slice_works ... ok
[INFO] [stdout] test tests::indices_slice_out_of_bounds - should panic ... ok
[INFO] [stdout] test tests::indices_slices_data_empty_and_indices_requested_empty ... ok
[INFO] [stdout] test tests::indices_4_out_of_bounds - should panic ... ok
[INFO] [stdout] test tests::indices_slices_data_empty_and_indices_requested_has_no_indices ... ok
[INFO] [stdout] test tests::indices_slices_data_empty_and_indices_requested_has_indices - should panic ... ok
[INFO] [stdout] test tests::indices_slices_data_not_empty_and_indices_requested_empty ... ok
[INFO] [stdout] test tests::indices_slices_data_not_empty_and_indices_requested_has_indices ... ok
[INFO] [stdout] test tests::indices_slices_data_not_empty_and_indices_requested_has_no_indices ... ok
[INFO] [stdout] test tests::indices_array_duplicate_indices - should panic ... ok
[INFO] [stdout] test tests::indices_slices_more_than_two_indices ... ok
[INFO] [stdout] test tests::indices_5_duplicate_indices - should panic ... ok
[INFO] [stdout] test tests::indices_slices_works ... ok
[INFO] [stdout] test tests::indices_array_out_of_bounds - should panic ... ok
[INFO] [stdout] test tests::try_indices_1 ... ok
[INFO] [stdout] test tests::try_indices_1_out_of_bounds ... ok
[INFO] [stdout] test tests::indices_empty - should panic ... ok
[INFO] [stdout] test tests::try_indices_2 ... ok
[INFO] [stdout] test tests::try_indices_2_duplicate_indices ... ok
[INFO] [stdout] test tests::try_indices_2_out_of_bounds ... ok
[INFO] [stdout] test tests::indices_array_empty_requested_indices - should panic ... ok
[INFO] [stdout] test tests::try_indices_2_out_of_order ... ok
[INFO] [stdout] test tests::try_indices_3 ... ok
[INFO] [stdout] test tests::try_indices_3_duplicate_indices ... ok
[INFO] [stdout] test tests::try_indices_3_out_of_bounds ... ok
[INFO] [stdout] test tests::indices_ordered_duplicate_indices - should panic ... ok
[INFO] [stdout] test tests::try_indices_4_duplicate_indices ... ok
[INFO] [stdout] test tests::try_indices_4 ... ok
[INFO] [stdout] test tests::try_indices_4_out_of_bounds ... ok
[INFO] [stdout] test tests::indices_ordered_empty_requested_indices - should panic ... ok
[INFO] [stdout] test tests::try_indices_5 ... ok
[INFO] [stdout] test tests::try_indices_5_duplicate_indices ... ok
[INFO] [stdout] test tests::try_indices_5_out_of_bounds ... ok
[INFO] [stdout] test tests::try_indices_can_return_mut_from_scope ... ok
[INFO] [stdout] test tests::try_indices_empty ... ok
[INFO] [stdout] test tests::indices_ordered_out_of_bounds - should panic ... ok
[INFO] [stdout] test tests::try_indices_ordered_can_return_mut_from_scope ... ok
[INFO] [stdout] test tests::try_indices_ordered_duplicate_indices ... ok
[INFO] [stdout] test tests::try_indices_ordered_empty_requested_indices ... ok
[INFO] [stdout] test tests::try_indices_ordered_more_than_two_indices ... ok
[INFO] [stdout] test tests::try_indices_ordered_out_of_bounds ... ok
[INFO] [stdout] test tests::indices_ordered_out_of_order - should panic ... ok
[INFO] [stdout] test tests::try_indices_ordered_works ... ok
[INFO] [stdout] test tests::try_indices_ordered_out_of_order ... ok
[INFO] [stdout] test tests::indices_slice_duplicate_indices - should panic ... ok
[INFO] [stdout] test tests::indices_slice_empty_requested_indices - should panic ... ok
[INFO] [stdout] test tests::indices_4_duplicate_indices - should panic ... ok
[INFO] [stdout] test tests::indices_5_out_of_bounds - should panic ... ok
[INFO] [stdout] test tests::indices_slices_duplicate_indices - should panic ... ok
[INFO] [stdout] test tests::indices_slices_duplicate_indices_different_slice - should panic ... ok
[INFO] [stdout] test tests::indices_slices_out_of_bounds - should panic ... ok
[INFO] [stdout] 
[INFO] [stdout] test result: ok. 77 passed; 0 failed; 0 ignored; 0 measured; 0 filtered out; finished in 0.02s
[INFO] [stdout] 
[INFO] [stderr]      Running tests/mod.rs (/opt/rustwide/target/debug/deps/mod-782413d6ed6581bd)
[INFO] [stdout] 
[INFO] [stdout] running 5 tests
[INFO] [stderr]     Checking indices v0.3.6 (/opt/rustwide/workdir)
[INFO] [stderr]     Checking indices-tests v0.0.0 (/opt/rustwide/target/tests/trybuild/indices)
[INFO] [stderr]     Finished `dev` profile [unoptimized + debuginfo] target(s) in 0.15s
[INFO] [stderr] 
[INFO] [stderr] 
[INFO] [stderr] test tests/trybuild/indices/needs_to_provide_indices.rs ... ok
[INFO] [stderr] test tests/trybuild/indices_ordered/needs_to_provide_indices.rs ... ok
[INFO] [stderr] test tests/trybuild/try_indices/needs_to_provide_indices.rs ... ok
[INFO] [stderr] test tests/trybuild/try_indices_ordered/needs_to_provide_indices.rs ... ok
[INFO] [stderr] 
[INFO] [stderr] 
[INFO] [stdout] test should_not_compile_tests::needs_to_provide_indices ... ok
[INFO] [stderr]     Checking indices-tests v0.0.0 (/opt/rustwide/target/tests/trybuild/indices)
[INFO] [stderr]     Finished `dev` profile [unoptimized + debuginfo] target(s) in 0.03s
[INFO] [stderr] 
[INFO] [stderr] 
[INFO] [stderr] test tests/trybuild/indices/no_negative_arguments.rs ... mismatch
[INFO] [stderr] 
[INFO] [stderr] EXPECTED:
[INFO] [stderr] ┈┈┈┈┈┈┈┈┈┈┈┈┈┈┈┈┈┈┈┈┈┈┈┈┈┈┈┈┈┈┈┈┈┈┈┈┈┈┈┈┈┈┈┈┈┈┈┈┈┈┈┈┈┈┈┈┈┈┈┈
[INFO] [stderr] error[E0600]: cannot apply unary operator `-` to type `usize`
[INFO] [stderr]  --> tests/trybuild/indices/no_negative_arguments.rs:6:40
[INFO] [stderr]   |
[INFO] [stderr] 6 |     let (_one, _two) = indices!(slice, -1, 1);
[INFO] [stderr]   |                                        ^^
[INFO] [stderr]   |                                        |
[INFO] [stderr]   |                                        cannot apply unary operator `-`
[INFO] [stderr]   |                                        help: you may have meant the maximum value of `usize`: `usize::MAX`
[INFO] [stderr]   |
[INFO] [stderr]   = note: unsigned values cannot be negated
[INFO] [stderr] ┈┈┈┈┈┈┈┈┈┈┈┈┈┈┈┈┈┈┈┈┈┈┈┈┈┈┈┈┈┈┈┈┈┈┈┈┈┈┈┈┈┈┈┈┈┈┈┈┈┈┈┈┈┈┈┈┈┈┈┈
[INFO] [stderr] 
[INFO] [stderr] ACTUAL OUTPUT:
[INFO] [stderr] ┈┈┈┈┈┈┈┈┈┈┈┈┈┈┈┈┈┈┈┈┈┈┈┈┈┈┈┈┈┈┈┈┈┈┈┈┈┈┈┈┈┈┈┈┈┈┈┈┈┈┈┈┈┈┈┈┈┈┈┈
[INFO] [stderr] error[E0600]: cannot apply unary operator `-` to type `usize`
[INFO] [stderr]  --> tests/trybuild/indices/no_negative_arguments.rs:6:40
[INFO] [stderr]   |
[INFO] [stderr] 6 |     let (_one, _two) = indices!(slice, -1, 1);
[INFO] [stderr]   |                                        ^^ cannot apply unary operator `-`
[INFO] [stderr]   |
[INFO] [stderr]   = note: unsigned values cannot be negated
[INFO] [stderr] help: you may have meant the maximum value of `usize`
[INFO] [stderr]   |
[INFO] [stderr] 6 |     let (_one, _two) = indices!(slice, usize::MAX, 1);
[INFO] [stderr]   |                                        ~~~~~~~~~~
[INFO] [stderr] ┈┈┈┈┈┈┈┈┈┈┈┈┈┈┈┈┈┈┈┈┈┈┈┈┈┈┈┈┈┈┈┈┈┈┈┈┈┈┈┈┈┈┈┈┈┈┈┈┈┈┈┈┈┈┈┈┈┈┈┈
[INFO] [stderr] note: If the actual output is the correct output you can bless it by rerunning
[INFO] [stderr]       your test with the environment variable TRYBUILD=overwrite
[INFO] [stderr] 
[INFO] [stderr] test tests/trybuild/indices_ordered/no_negative_arguments.rs ... mismatch
[INFO] [stderr] 
[INFO] [stderr] EXPECTED:
[INFO] [stderr] ┈┈┈┈┈┈┈┈┈┈┈┈┈┈┈┈┈┈┈┈┈┈┈┈┈┈┈┈┈┈┈┈┈┈┈┈┈┈┈┈┈┈┈┈┈┈┈┈┈┈┈┈┈┈┈┈┈┈┈┈
[INFO] [stderr] error[E0277]: the trait bound `usize: Neg` is not satisfied
[INFO] [stderr]  --> tests/trybuild/indices_ordered/no_negative_arguments.rs:6:48
[INFO] [stderr]   |
[INFO] [stderr] 6 |     let (_one, _two) = indices_ordered!(slice, -1, 1);
[INFO] [stderr]   |                                                ^^ the trait `Neg` is not implemented for `usize`
[INFO] [stderr]   |
[INFO] [stderr]   = help: the following other types implement trait `Neg`:
[INFO] [stderr]             &f128
[INFO] [stderr]             &f16
[INFO] [stderr]             &f32
[INFO] [stderr]             &f64
[INFO] [stderr]             &i128
[INFO] [stderr]             &i16
[INFO] [stderr]             &i32
[INFO] [stderr]             &i64
[INFO] [stderr]           and $N others
[INFO] [stderr] 
[INFO] [stderr] error[E0600]: cannot apply unary operator `-` to type `usize`
[INFO] [stderr]  --> tests/trybuild/indices_ordered/no_negative_arguments.rs:6:48
[INFO] [stderr]   |
[INFO] [stderr] 6 |     let (_one, _two) = indices_ordered!(slice, -1, 1);
[INFO] [stderr]   |                                                ^^
[INFO] [stderr]   |                                                |
[INFO] [stderr]   |                                                cannot apply unary operator `-`
[INFO] [stderr]   |                                                help: you may have meant the maximum value of `usize`: `usize::MAX`
[INFO] [stderr]   |
[INFO] [stderr]   = note: unsigned values cannot be negated
[INFO] [stderr] ┈┈┈┈┈┈┈┈┈┈┈┈┈┈┈┈┈┈┈┈┈┈┈┈┈┈┈┈┈┈┈┈┈┈┈┈┈┈┈┈┈┈┈┈┈┈┈┈┈┈┈┈┈┈┈┈┈┈┈┈
[INFO] [stderr] 
[INFO] [stderr] ACTUAL OUTPUT:
[INFO] [stderr] ┈┈┈┈┈┈┈┈┈┈┈┈┈┈┈┈┈┈┈┈┈┈┈┈┈┈┈┈┈┈┈┈┈┈┈┈┈┈┈┈┈┈┈┈┈┈┈┈┈┈┈┈┈┈┈┈┈┈┈┈
[INFO] [stderr] error[E0277]: the trait bound `usize: Neg` is not satisfied
[INFO] [stderr]  --> tests/trybuild/indices_ordered/no_negative_arguments.rs:6:48
[INFO] [stderr]   |
[INFO] [stderr] 6 |     let (_one, _two) = indices_ordered!(slice, -1, 1);
[INFO] [stderr]   |                                                ^^ the trait `Neg` is not implemented for `usize`
[INFO] [stderr]   |
[INFO] [stderr]   = help: the following other types implement trait `Neg`:
[INFO] [stderr]             &f128
[INFO] [stderr]             &f16
[INFO] [stderr]             &f32
[INFO] [stderr]             &f64
[INFO] [stderr]             &i128
[INFO] [stderr]             &i16
[INFO] [stderr]             &i32
[INFO] [stderr]             &i64
[INFO] [stderr]           and $N others
[INFO] [stderr] 
[INFO] [stderr] error[E0600]: cannot apply unary operator `-` to type `usize`
[INFO] [stderr]  --> tests/trybuild/indices_ordered/no_negative_arguments.rs:6:48
[INFO] [stderr]   |
[INFO] [stderr] 6 |     let (_one, _two) = indices_ordered!(slice, -1, 1);
[INFO] [stderr]   |                                                ^^ cannot apply unary operator `-`
[INFO] [stderr]   |
[INFO] [stderr]   = note: unsigned values cannot be negated
[INFO] [stderr] help: you may have meant the maximum value of `usize`
[INFO] [stderr]   |
[INFO] [stderr] 6 |     let (_one, _two) = indices_ordered!(slice, usize::MAX, 1);
[INFO] [stderr]   |                                                ~~~~~~~~~~
[INFO] [stderr] ┈┈┈┈┈┈┈┈┈┈┈┈┈┈┈┈┈┈┈┈┈┈┈┈┈┈┈┈┈┈┈┈┈┈┈┈┈┈┈┈┈┈┈┈┈┈┈┈┈┈┈┈┈┈┈┈┈┈┈┈
[INFO] [stderr] note: If the actual output is the correct output you can bless it by rerunning
[INFO] [stderr]       your test with the environment variable TRYBUILD=overwrite
[INFO] [stderr] 
[INFO] [stderr] test tests/trybuild/try_indices/no_negative_arguments.rs ... mismatch
[INFO] [stderr] 
[INFO] [stderr] EXPECTED:
[INFO] [stderr] ┈┈┈┈┈┈┈┈┈┈┈┈┈┈┈┈┈┈┈┈┈┈┈┈┈┈┈┈┈┈┈┈┈┈┈┈┈┈┈┈┈┈┈┈┈┈┈┈┈┈┈┈┈┈┈┈┈┈┈┈
[INFO] [stderr] error[E0600]: cannot apply unary operator `-` to type `usize`
[INFO] [stderr]  --> tests/trybuild/try_indices/no_negative_arguments.rs:6:38
[INFO] [stderr]   |
[INFO] [stderr] 6 |     let result = try_indices!(slice, -1, 1);
[INFO] [stderr]   |                                      ^^
[INFO] [stderr]   |                                      |
[INFO] [stderr]   |                                      cannot apply unary operator `-`
[INFO] [stderr]   |                                      help: you may have meant the maximum value of `usize`: `usize::MAX`
[INFO] [stderr]   |
[INFO] [stderr]   = note: unsigned values cannot be negated
[INFO] [stderr] ┈┈┈┈┈┈┈┈┈┈┈┈┈┈┈┈┈┈┈┈┈┈┈┈┈┈┈┈┈┈┈┈┈┈┈┈┈┈┈┈┈┈┈┈┈┈┈┈┈┈┈┈┈┈┈┈┈┈┈┈
[INFO] [stderr] 
[INFO] [stderr] ACTUAL OUTPUT:
[INFO] [stderr] ┈┈┈┈┈┈┈┈┈┈┈┈┈┈┈┈┈┈┈┈┈┈┈┈┈┈┈┈┈┈┈┈┈┈┈┈┈┈┈┈┈┈┈┈┈┈┈┈┈┈┈┈┈┈┈┈┈┈┈┈
[INFO] [stderr] error[E0600]: cannot apply unary operator `-` to type `usize`
[INFO] [stderr]  --> tests/trybuild/try_indices/no_negative_arguments.rs:6:38
[INFO] [stderr]   |
[INFO] [stderr] 6 |     let result = try_indices!(slice, -1, 1);
[INFO] [stderr]   |                                      ^^ cannot apply unary operator `-`
[INFO] [stderr]   |
[INFO] [stderr]   = note: unsigned values cannot be negated
[INFO] [stderr] help: you may have meant the maximum value of `usize`
[INFO] [stderr]   |
[INFO] [stderr] 6 |     let result = try_indices!(slice, usize::MAX, 1);
[INFO] [stderr]   |                                      ~~~~~~~~~~
[INFO] [stderr] ┈┈┈┈┈┈┈┈┈┈┈┈┈┈┈┈┈┈┈┈┈┈┈┈┈┈┈┈┈┈┈┈┈┈┈┈┈┈┈┈┈┈┈┈┈┈┈┈┈┈┈┈┈┈┈┈┈┈┈┈
[INFO] [stderr] note: If the actual output is the correct output you can bless it by rerunning
[INFO] [stderr]       your test with the environment variable TRYBUILD=overwrite
[INFO] [stderr] 
[INFO] [stderr] test tests/trybuild/try_indices_ordered/no_negative_arguments.rs ... mismatch
[INFO] [stderr] 
[INFO] [stderr] EXPECTED:
[INFO] [stderr] ┈┈┈┈┈┈┈┈┈┈┈┈┈┈┈┈┈┈┈┈┈┈┈┈┈┈┈┈┈┈┈┈┈┈┈┈┈┈┈┈┈┈┈┈┈┈┈┈┈┈┈┈┈┈┈┈┈┈┈┈
[INFO] [stderr] error[E0277]: the trait bound `usize: Neg` is not satisfied
[INFO] [stderr]  --> tests/trybuild/try_indices_ordered/no_negative_arguments.rs:6:46
[INFO] [stderr]   |
[INFO] [stderr] 6 |     let result = try_indices_ordered!(slice, -1, 1);
[INFO] [stderr]   |                                              ^^ the trait `Neg` is not implemented for `usize`
[INFO] [stderr]   |
[INFO] [stderr]   = help: the following other types implement trait `Neg`:
[INFO] [stderr]             &f128
[INFO] [stderr]             &f16
[INFO] [stderr]             &f32
[INFO] [stderr]             &f64
[INFO] [stderr]             &i128
[INFO] [stderr]             &i16
[INFO] [stderr]             &i32
[INFO] [stderr]             &i64
[INFO] [stderr]           and $N others
[INFO] [stderr] 
[INFO] [stderr] error[E0600]: cannot apply unary operator `-` to type `usize`
[INFO] [stderr]  --> tests/trybuild/try_indices_ordered/no_negative_arguments.rs:6:46
[INFO] [stderr]   |
[INFO] [stderr] 6 |     let result = try_indices_ordered!(slice, -1, 1);
[INFO] [stderr]   |                                              ^^
[INFO] [stderr]   |                                              |
[INFO] [stderr]   |                                              cannot apply unary operator `-`
[INFO] [stderr]   |                                              help: you may have meant the maximum value of `usize`: `usize::MAX`
[INFO] [stderr]   |
[INFO] [stderr]   = note: unsigned values cannot be negated
[INFO] [stderr] ┈┈┈┈┈┈┈┈┈┈┈┈┈┈┈┈┈┈┈┈┈┈┈┈┈┈┈┈┈┈┈┈┈┈┈┈┈┈┈┈┈┈┈┈┈┈┈┈┈┈┈┈┈┈┈┈┈┈┈┈
[INFO] [stderr] 
[INFO] [stderr] ACTUAL OUTPUT:
[INFO] [stderr] ┈┈┈┈┈┈┈┈┈┈┈┈┈┈┈┈┈┈┈┈┈┈┈┈┈┈┈┈┈┈┈┈┈┈┈┈┈┈┈┈┈┈┈┈┈┈┈┈┈┈┈┈┈┈┈┈┈┈┈┈
[INFO] [stderr] error[E0277]: the trait bound `usize: Neg` is not satisfied
[INFO] [stderr]  --> tests/trybuild/try_indices_ordered/no_negative_arguments.rs:6:46
[INFO] [stderr]   |
[INFO] [stderr] 6 |     let result = try_indices_ordered!(slice, -1, 1);
[INFO] [stderr]   |                                              ^^ the trait `Neg` is not implemented for `usize`
[INFO] [stderr]   |
[INFO] [stderr]   = help: the following other types implement trait `Neg`:
[INFO] [stderr]             &f128
[INFO] [stderr]             &f16
[INFO] [stderr]             &f32
[INFO] [stderr]             &f64
[INFO] [stderr]             &i128
[INFO] [stderr]             &i16
[INFO] [stderr]             &i32
[INFO] [stderr]             &i64
[INFO] [stderr]           and $N others
[INFO] [stderr] 
[INFO] [stderr] error[E0600]: cannot apply unary operator `-` to type `usize`
[INFO] [stderr]  --> tests/trybuild/try_indices_ordered/no_negative_arguments.rs:6:46
[INFO] [stderr]   |
[INFO] [stderr] 6 |     let result = try_indices_ordered!(slice, -1, 1);
[INFO] [stderr]   |                                              ^^ cannot apply unary operator `-`
[INFO] [stderr]   |
[INFO] [stderr]   = note: unsigned values cannot be negated
[INFO] [stderr] help: you may have meant the maximum value of `usize`
[INFO] [stderr]   |
[INFO] [stderr] 6 |     let result = try_indices_ordered!(slice, usize::MAX, 1);
[INFO] [stderr]   |                                              ~~~~~~~~~~
[INFO] [stderr] ┈┈┈┈┈┈┈┈┈┈┈┈┈┈┈┈┈┈┈┈┈┈┈┈┈┈┈┈┈┈┈┈┈┈┈┈┈┈┈┈┈┈┈┈┈┈┈┈┈┈┈┈┈┈┈┈┈┈┈┈
[INFO] [stderr] note: If the actual output is the correct output you can bless it by rerunning
[INFO] [stderr]       your test with the environment variable TRYBUILD=overwrite
[INFO] [stderr] 
[INFO] [stderr] 
[INFO] [stderr] 
[INFO] [stdout] test should_not_compile_tests::no_negative_arguments ... FAILED
[INFO] [stderr]     Checking indices-tests v0.0.0 (/opt/rustwide/target/tests/trybuild/indices)
[INFO] [stderr]     Finished `dev` profile [unoptimized + debuginfo] target(s) in 0.03s
[INFO] [stderr] 
[INFO] [stderr] 
[INFO] [stderr] test tests/trybuild/indices/cannot_mutate_once_borrowed.rs ... ok
[INFO] [stderr] test tests/trybuild/indices_ordered/cannot_mutate_once_borrowed.rs ... ok
[INFO] [stderr] test tests/trybuild/try_indices/cannot_mutate_once_borrowed.rs ... ok
[INFO] [stderr] test tests/trybuild/try_indices_ordered/cannot_mutate_once_borrowed.rs ... ok
[INFO] [stderr] 
[INFO] [stderr] 
[INFO] [stdout] test should_not_compile_tests::cannot_mutate_once_borrowed ... ok
[INFO] [stderr]     Checking indices-tests v0.0.0 (/opt/rustwide/target/tests/trybuild/indices)
[INFO] [stderr]     Finished `dev` profile [unoptimized + debuginfo] target(s) in 0.03s
[INFO] [stderr] 
[INFO] [stderr] 
[INFO] [stderr] test tests/trybuild/indices/cannot_return_local_data.rs ... ok
[INFO] [stderr] test tests/trybuild/indices_ordered/cannot_return_local_data.rs ... ok
[INFO] [stderr] test tests/trybuild/try_indices/cannot_return_local_data.rs ... ok
[INFO] [stderr] test tests/trybuild/try_indices_ordered/cannot_return_local_data.rs ... ok
[INFO] [stderr] 
[INFO] [stderr] 
[INFO] [stdout] test should_not_compile_tests::cannot_return_local_data ... ok
[INFO] [stderr]     Checking indices-tests v0.0.0 (/opt/rustwide/target/tests/trybuild/indices)
[INFO] [stderr]     Finished `dev` profile [unoptimized + debuginfo] target(s) in 0.03s
[INFO] [stderr] 
[INFO] [stderr] 
[INFO] [stderr] test tests/trybuild/indices/needs_to_provide_indices_comma.rs ... ok
[INFO] [stderr] test tests/trybuild/indices_ordered/needs_to_provide_indices_comma.rs ... ok
[INFO] [stderr] test tests/trybuild/try_indices/needs_to_provide_indices_comma.rs ... ok
[INFO] [stderr] test tests/trybuild/try_indices_ordered/needs_to_provide_indices_comma.rs ... ok
[INFO] [stderr] 
[INFO] [stderr] 
[INFO] [stdout] test should_not_compile_tests::needs_to_provide_indices_comma ... ok
[INFO] [stdout] 
[INFO] [stdout] failures:
[INFO] [stdout] 
[INFO] [stdout] ---- should_not_compile_tests::no_negative_arguments stdout ----
[INFO] [stdout] thread 'should_not_compile_tests::no_negative_arguments' panicked at /opt/rustwide/cargo-home/registry/src/index.crates.io-6f17d22bba15001f/trybuild-1.0.101/src/run.rs:101:13:
[INFO] [stdout] 4 of 4 tests failed
[INFO] [stdout] stack backtrace:
[INFO] [stdout]    0:     0x5f4e037636da - std::backtrace_rs::backtrace::libunwind::trace::h207520d6e9873551
[INFO] [stdout]                                at /rustc/df4ca44d3fbc9301ee17f30f4d474e6ae4b05252/library/std/src/../../backtrace/src/backtrace/libunwind.rs:116:5
[INFO] [stdout]    1:     0x5f4e037636da - std::backtrace_rs::backtrace::trace_unsynchronized::h2ed7433f370e3eca
[INFO] [stdout]                                at /rustc/df4ca44d3fbc9301ee17f30f4d474e6ae4b05252/library/std/src/../../backtrace/src/backtrace/mod.rs:66:5
[INFO] [stdout]    2:     0x5f4e037636da - std::sys::backtrace::_print_fmt::h916fac51166b18d7
[INFO] [stdout]                                at /rustc/df4ca44d3fbc9301ee17f30f4d474e6ae4b05252/library/std/src/sys/backtrace.rs:66:9
[INFO] [stdout]    3:     0x5f4e037636da - <std::sys::backtrace::BacktraceLock::print::DisplayBacktrace as core::fmt::Display>::fmt::ha0a4c9b8ce3802e6
[INFO] [stdout]                                at /rustc/df4ca44d3fbc9301ee17f30f4d474e6ae4b05252/library/std/src/sys/backtrace.rs:39:26
[INFO] [stdout]    4:     0x5f4e0378db83 - core::fmt::rt::Argument::fmt::h4cfc8587d52b3eb5
[INFO] [stdout]                                at /rustc/df4ca44d3fbc9301ee17f30f4d474e6ae4b05252/library/core/src/fmt/rt.rs:177:76
[INFO] [stdout]    5:     0x5f4e0378db83 - core::fmt::write::h522cc39e5b36ae9f
[INFO] [stdout]                                at /rustc/df4ca44d3fbc9301ee17f30f4d474e6ae4b05252/library/core/src/fmt/mod.rs:1190:21
[INFO] [stdout]    6:     0x5f4e0375f713 - std::io::Write::write_fmt::h7d3c26752da97734
[INFO] [stdout]                                at /rustc/df4ca44d3fbc9301ee17f30f4d474e6ae4b05252/library/std/src/io/mod.rs:1839:15
[INFO] [stdout]    7:     0x5f4e03763522 - std::sys::backtrace::BacktraceLock::print::h4b9e00b29e9c0942
[INFO] [stdout]                                at /rustc/df4ca44d3fbc9301ee17f30f4d474e6ae4b05252/library/std/src/sys/backtrace.rs:42:9
[INFO] [stdout]    8:     0x5f4e0376516a - std::panicking::default_hook::{{closure}}::hb59b88280d0324d9
[INFO] [stdout]                                at /rustc/df4ca44d3fbc9301ee17f30f4d474e6ae4b05252/library/std/src/panicking.rs:268:22
[INFO] [stdout]    9:     0x5f4e03764f74 - std::panicking::default_hook::he1dd496665be4a29
[INFO] [stdout]                                at /rustc/df4ca44d3fbc9301ee17f30f4d474e6ae4b05252/library/std/src/panicking.rs:292:9
[INFO] [stdout]   10:     0x5f4e0372bc69 - <alloc::boxed::Box<F,A> as core::ops::function::Fn<Args>>::call::h4ff71de18744e1dc
[INFO] [stdout]                                at /rustc/df4ca44d3fbc9301ee17f30f4d474e6ae4b05252/library/alloc/src/boxed.rs:2468:9
[INFO] [stdout]   11:     0x5f4e0372bc69 - test::test_main::{{closure}}::hcf7c055ce117aa81
[INFO] [stdout]                                at /rustc/df4ca44d3fbc9301ee17f30f4d474e6ae4b05252/library/test/src/lib.rs:133:21
[INFO] [stdout]   12:     0x5f4e03765868 - <alloc::boxed::Box<F,A> as core::ops::function::Fn<Args>>::call::h1d66c6bbd60c9692
[INFO] [stdout]                                at /rustc/df4ca44d3fbc9301ee17f30f4d474e6ae4b05252/library/alloc/src/boxed.rs:2468:9
[INFO] [stdout]   13:     0x5f4e03765868 - std::panicking::rust_panic_with_hook::h2ff17fe8f26dfcf8
[INFO] [stdout]                                at /rustc/df4ca44d3fbc9301ee17f30f4d474e6ae4b05252/library/std/src/panicking.rs:809:13
[INFO] [stdout]   14:     0x5f4e0376562a - std::panicking::begin_panic_handler::{{closure}}::h4fad77951c07e101
[INFO] [stdout]                                at /rustc/df4ca44d3fbc9301ee17f30f4d474e6ae4b05252/library/std/src/panicking.rs:674:13
[INFO] [stdout]   15:     0x5f4e03763bb9 - std::sys::backtrace::__rust_end_short_backtrace::hb1a25b3da5d0ea08
[INFO] [stdout]                                at /rustc/df4ca44d3fbc9301ee17f30f4d474e6ae4b05252/library/std/src/sys/backtrace.rs:170:18
[INFO] [stdout]   16:     0x5f4e037652bc - rust_begin_unwind
[INFO] [stdout]                                at /rustc/df4ca44d3fbc9301ee17f30f4d474e6ae4b05252/library/std/src/panicking.rs:665:5
[INFO] [stdout]   17:     0x5f4e0378bf30 - core::panicking::panic_fmt::ha9db07b529f9b256
[INFO] [stdout]                                at /rustc/df4ca44d3fbc9301ee17f30f4d474e6ae4b05252/library/core/src/panicking.rs:75:14
[INFO] [stdout]   18:     0x5f4e03509725 - trybuild::run::<impl trybuild::Runner>::run::h0a1341444c95105d
[INFO] [stdout]                                at /opt/rustwide/cargo-home/registry/src/index.crates.io-6f17d22bba15001f/trybuild-1.0.101/src/run.rs:101:13
[INFO] [stdout]   19:     0x5f4e0350ec58 - <trybuild::TestCases as core::ops::drop::Drop>::drop::h3acbf3988266bbcc
[INFO] [stdout]                                at /opt/rustwide/cargo-home/registry/src/index.crates.io-6f17d22bba15001f/trybuild-1.0.101/src/lib.rs:340:13
[INFO] [stdout]   20:     0x5f4e0343af17 - core::ptr::drop_in_place<trybuild::TestCases>::h315d4371af59e3e6
[INFO] [stdout]                                at /rustc/df4ca44d3fbc9301ee17f30f4d474e6ae4b05252/library/core/src/ptr/mod.rs:521:1
[INFO] [stdout]   21:     0x5f4e0343b6ab - mod::should_not_compile_tests::no_negative_arguments::hfd29d27f32b5437b
[INFO] [stdout]                                at /opt/rustwide/workdir/tests/mod.rs:11:5
[INFO] [stdout]   22:     0x5f4e0343b5f7 - mod::should_not_compile_tests::no_negative_arguments::{{closure}}::h292eb518c01ca0f8
[INFO] [stdout]                                at /opt/rustwide/workdir/tests/mod.rs:5:31
[INFO] [stdout]   23:     0x5f4e0343ae46 - core::ops::function::FnOnce::call_once::hd6ab786fc1db276f
[INFO] [stdout]                                at /rustc/df4ca44d3fbc9301ee17f30f4d474e6ae4b05252/library/core/src/ops/function.rs:250:5
[INFO] [stdout]   24:     0x5f4e0373053b - core::ops::function::FnOnce::call_once::h22c3ba5715e93f05
[INFO] [stdout]                                at /rustc/df4ca44d3fbc9301ee17f30f4d474e6ae4b05252/library/core/src/ops/function.rs:250:5
[INFO] [stdout]   25:     0x5f4e0373053b - test::__rust_begin_short_backtrace::h8e82d8113d0da17f
[INFO] [stdout]                                at /rustc/df4ca44d3fbc9301ee17f30f4d474e6ae4b05252/library/test/src/lib.rs:621:18
[INFO] [stdout]   26:     0x5f4e0372feb7 - test::run_test_in_process::{{closure}}::h33235f4f20b7b7c7
[INFO] [stdout]                                at /rustc/df4ca44d3fbc9301ee17f30f4d474e6ae4b05252/library/test/src/lib.rs:644:60
[INFO] [stdout]   27:     0x5f4e0372feb7 - <core::panic::unwind_safe::AssertUnwindSafe<F> as core::ops::function::FnOnce<()>>::call_once::hb5043206310c586f
[INFO] [stdout]                                at /rustc/df4ca44d3fbc9301ee17f30f4d474e6ae4b05252/library/core/src/panic/unwind_safe.rs:272:9
[INFO] [stdout]   28:     0x5f4e0372feb7 - std::panicking::try::do_call::h9ad4731a60ab23e2
[INFO] [stdout]                                at /rustc/df4ca44d3fbc9301ee17f30f4d474e6ae4b05252/library/std/src/panicking.rs:557:40
[INFO] [stdout]   29:     0x5f4e0372feb7 - std::panicking::try::h3824d23db772a716
[INFO] [stdout]                                at /rustc/df4ca44d3fbc9301ee17f30f4d474e6ae4b05252/library/std/src/panicking.rs:520:19
[INFO] [stdout]   30:     0x5f4e0372feb7 - std::panic::catch_unwind::h5afd514605fde46b
[INFO] [stdout]                                at /rustc/df4ca44d3fbc9301ee17f30f4d474e6ae4b05252/library/std/src/panic.rs:358:14
[INFO] [stdout]   31:     0x5f4e0372feb7 - test::run_test_in_process::h0d5cbfa7067d1720
[INFO] [stdout]                                at /rustc/df4ca44d3fbc9301ee17f30f4d474e6ae4b05252/library/test/src/lib.rs:644:27
[INFO] [stdout]   32:     0x5f4e0372feb7 - test::run_test::{{closure}}::h708eb8872708115d
[INFO] [stdout]                                at /rustc/df4ca44d3fbc9301ee17f30f4d474e6ae4b05252/library/test/src/lib.rs:565:43
[INFO] [stdout]   33:     0x5f4e036f35d4 - test::run_test::{{closure}}::h392c51cee94713ab
[INFO] [stdout]                                at /rustc/df4ca44d3fbc9301ee17f30f4d474e6ae4b05252/library/test/src/lib.rs:595:41
[INFO] [stdout]   34:     0x5f4e036f35d4 - std::sys::backtrace::__rust_begin_short_backtrace::h2f40290710935a8b
[INFO] [stdout]                                at /rustc/df4ca44d3fbc9301ee17f30f4d474e6ae4b05252/library/std/src/sys/backtrace.rs:154:18
[INFO] [stdout]   35:     0x5f4e036f6d7e - std::thread::Builder::spawn_unchecked_::{{closure}}::{{closure}}::h3fd968d89053a903
[INFO] [stdout]                                at /rustc/df4ca44d3fbc9301ee17f30f4d474e6ae4b05252/library/std/src/thread/mod.rs:541:17
[INFO] [stdout]   36:     0x5f4e036f6d7e - <core::panic::unwind_safe::AssertUnwindSafe<F> as core::ops::function::FnOnce<()>>::call_once::h743f637ba4229880
[INFO] [stdout]                                at /rustc/df4ca44d3fbc9301ee17f30f4d474e6ae4b05252/library/core/src/panic/unwind_safe.rs:272:9
[INFO] [stdout]   37:     0x5f4e036f6d7e - std::panicking::try::do_call::h07440897322525a6
[INFO] [stdout]                                at /rustc/df4ca44d3fbc9301ee17f30f4d474e6ae4b05252/library/std/src/panicking.rs:557:40
[INFO] [stdout]   38:     0x5f4e036f6d7e - std::panicking::try::he5a2e00188156637
[INFO] [stdout]                                at /rustc/df4ca44d3fbc9301ee17f30f4d474e6ae4b05252/library/std/src/panicking.rs:520:19
[INFO] [stdout]   39:     0x5f4e036f6d7e - std::panic::catch_unwind::hbaf3cae49b3c6433
[INFO] [stdout]                                at /rustc/df4ca44d3fbc9301ee17f30f4d474e6ae4b05252/library/std/src/panic.rs:358:14
[INFO] [stdout]   40:     0x5f4e036f6d7e - std::thread::Builder::spawn_unchecked_::{{closure}}::h8e141ea224820bce
[INFO] [stdout]                                at /rustc/df4ca44d3fbc9301ee17f30f4d474e6ae4b05252/library/std/src/thread/mod.rs:540:30
[INFO] [stdout]   41:     0x5f4e036f6d7e - core::ops::function::FnOnce::call_once{{vtable.shim}}::h90d312fedd7b8ea8
[INFO] [stdout]                                at /rustc/df4ca44d3fbc9301ee17f30f4d474e6ae4b05252/library/core/src/ops/function.rs:250:5
[INFO] [stdout]   42:     0x5f4e0376a62b - <alloc::boxed::Box<F,A> as core::ops::function::FnOnce<Args>>::call_once::h69aa08ddb6adb8b6
[INFO] [stdout]                                at /rustc/df4ca44d3fbc9301ee17f30f4d474e6ae4b05252/library/alloc/src/boxed.rs:2454:9
[INFO] [stdout]   43:     0x5f4e0376a62b - <alloc::boxed::Box<F,A> as core::ops::function::FnOnce<Args>>::call_once::h5aa36efdb79c806f
[INFO] [stdout]                                at /rustc/df4ca44d3fbc9301ee17f30f4d474e6ae4b05252/library/alloc/src/boxed.rs:2454:9
[INFO] [stdout]   44:     0x5f4e0376a62b - std::sys::pal::unix::thread::Thread::new::thread_start::h6cd80a1b4be5158d
[INFO] [stdout]                                at /rustc/df4ca44d3fbc9301ee17f30f4d474e6ae4b05252/library/std/src/sys/pal/unix/thread.rs:105:17
[INFO] [stdout]   45:     0x73e40ebdfac3 - <unknown>
[INFO] [stdout]   46:     0x73e40ec70a04 - clone
[INFO] [stdout]   47:                0x0 - <unknown>
[INFO] [stdout] 
[INFO] [stdout] 
[INFO] [stdout] failures:
[INFO] [stdout]     should_not_compile_tests::no_negative_arguments
[INFO] [stdout] 
[INFO] [stdout] test result: FAILED. 4 passed; 1 failed; 0 ignored; 0 measured; 0 filtered out; finished in 0.95s
[INFO] [stdout] 
[INFO] [stderr] error: test failed, to rerun pass `--test mod`
[INFO] running `Command { std: "docker" "inspect" "27218c6d14c7949bea711ca6878f257783755b518349a18c329b34e06bf59914", kill_on_drop: false }`
[INFO] running `Command { std: "docker" "rm" "-f" "27218c6d14c7949bea711ca6878f257783755b518349a18c329b34e06bf59914", kill_on_drop: false }`
[INFO] [stdout] 27218c6d14c7949bea711ca6878f257783755b518349a18c329b34e06bf59914
