[INFO] fetching crate include_wgsl 1.1.1...
[INFO] testing include_wgsl-1.1.1 against nightly-2024-10-28 for randomize-layout
[INFO] extracting crate include_wgsl 1.1.1 into /workspace/builds/worker-1-tc1/source
[INFO] validating manifest of crates.io crate include_wgsl 1.1.1 on toolchain nightly-2024-10-28
[INFO] running `Command { std: CARGO_HOME="/workspace/cargo-home" RUSTUP_HOME="/workspace/rustup-home" "/workspace/cargo-home/bin/cargo" "+nightly-2024-10-28" "metadata" "--manifest-path" "Cargo.toml" "--no-deps", kill_on_drop: false }`
[INFO] started tweaking crates.io crate include_wgsl 1.1.1
[INFO] finished tweaking crates.io crate include_wgsl 1.1.1
[INFO] tweaked toml for crates.io crate include_wgsl 1.1.1 written to /workspace/builds/worker-1-tc1/source/Cargo.toml
[INFO] running `Command { std: CARGO_HOME="/workspace/cargo-home" RUSTUP_HOME="/workspace/rustup-home" "/workspace/cargo-home/bin/cargo" "+nightly-2024-10-28" "generate-lockfile" "--manifest-path" "Cargo.toml", kill_on_drop: false }`
[INFO] [stderr]     Updating crates.io index
[INFO] [stderr]      Locking 34 packages to latest compatible versions
[INFO] [stderr]       Adding naga v0.7.3 (available: v23.0.0)
[INFO] [stderr]       Adding syn v1.0.109 (available: v2.0.86)
[INFO] running `Command { std: CARGO_HOME="/workspace/cargo-home" RUSTUP_HOME="/workspace/rustup-home" "/workspace/cargo-home/bin/cargo" "+nightly-2024-10-28" "fetch" "--manifest-path" "Cargo.toml", kill_on_drop: false }`
[INFO] [stderr]  Downloading crates ...
[INFO] [stderr]   Downloaded naga v0.7.3
[INFO] running `Command { std: "docker" "create" "-v" "/var/lib/crater-agent-workspace/builds/worker-1-tc1/target:/opt/rustwide/target:rw,Z" "-v" "/var/lib/crater-agent-workspace/builds/worker-1-tc1/source:/opt/rustwide/workdir:ro,Z" "-v" "/var/lib/crater-agent-workspace/cargo-home:/opt/rustwide/cargo-home:ro,Z" "-v" "/var/lib/crater-agent-workspace/rustup-home:/opt/rustwide/rustup-home:ro,Z" "-e" "SOURCE_DIR=/opt/rustwide/workdir" "-e" "CARGO_TARGET_DIR=/opt/rustwide/target" "-e" "CARGO_HOME=/opt/rustwide/cargo-home" "-e" "RUSTUP_HOME=/opt/rustwide/rustup-home" "-w" "/opt/rustwide/workdir" "-m" "1610612736" "--user" "0:0" "--network" "none" "ghcr.io/rust-lang/crates-build-env/linux@sha256:4a844ea9eb2546a2d2c7022eacef16ef2e8229c7fbb2c7d4d55a9ceca922f72d" "/opt/rustwide/cargo-home/bin/cargo" "+nightly-2024-10-28" "metadata" "--no-deps" "--format-version=1", kill_on_drop: false }`
[INFO] [stdout] 72a7f4d3114d6ee006bdf44050dade4f1a541d82405452e65a421bb2332f9cec
[INFO] running `Command { std: "docker" "start" "-a" "72a7f4d3114d6ee006bdf44050dade4f1a541d82405452e65a421bb2332f9cec", kill_on_drop: false }`
[INFO] running `Command { std: "docker" "inspect" "72a7f4d3114d6ee006bdf44050dade4f1a541d82405452e65a421bb2332f9cec", kill_on_drop: false }`
[INFO] running `Command { std: "docker" "rm" "-f" "72a7f4d3114d6ee006bdf44050dade4f1a541d82405452e65a421bb2332f9cec", kill_on_drop: false }`
[INFO] [stdout] 72a7f4d3114d6ee006bdf44050dade4f1a541d82405452e65a421bb2332f9cec
[INFO] running `Command { std: "docker" "create" "-v" "/var/lib/crater-agent-workspace/builds/worker-1-tc1/target:/opt/rustwide/target:rw,Z" "-v" "/var/lib/crater-agent-workspace/builds/worker-1-tc1/source:/opt/rustwide/workdir:ro,Z" "-v" "/var/lib/crater-agent-workspace/cargo-home:/opt/rustwide/cargo-home:ro,Z" "-v" "/var/lib/crater-agent-workspace/rustup-home:/opt/rustwide/rustup-home:ro,Z" "-e" "SOURCE_DIR=/opt/rustwide/workdir" "-e" "CARGO_TARGET_DIR=/opt/rustwide/target" "-e" "CARGO_INCREMENTAL=0" "-e" "RUST_BACKTRACE=full" "-e" "RUSTFLAGS=--cap-lints=forbid" "-e" "RUSTDOCFLAGS=--cap-lints=forbid" "-e" "CARGO_HOME=/opt/rustwide/cargo-home" "-e" "RUSTUP_HOME=/opt/rustwide/rustup-home" "-w" "/opt/rustwide/workdir" "-m" "1610612736" "--user" "0:0" "--network" "none" "ghcr.io/rust-lang/crates-build-env/linux@sha256:4a844ea9eb2546a2d2c7022eacef16ef2e8229c7fbb2c7d4d55a9ceca922f72d" "/opt/rustwide/cargo-home/bin/cargo" "+nightly-2024-10-28" "build" "--frozen" "--message-format=json", kill_on_drop: false }`
[INFO] [stdout] 2afafba46b89640b1c92df85d3bc7048f16a8b33f67bb2f2c3442f3c79e4783a
[INFO] running `Command { std: "docker" "start" "-a" "2afafba46b89640b1c92df85d3bc7048f16a8b33f67bb2f2c3442f3c79e4783a", kill_on_drop: false }`
[INFO] [stderr]    Compiling proc-macro2 v1.0.89
[INFO] [stderr]    Compiling num-traits v0.2.19
[INFO] [stderr]    Compiling indexmap v1.9.3
[INFO] [stderr]    Compiling thiserror v1.0.66
[INFO] [stderr]    Compiling termcolor v1.4.1
[INFO] [stderr]    Compiling syn v1.0.109
[INFO] [stderr]    Compiling hashbrown v0.12.3
[INFO] [stderr]    Compiling byteorder v1.5.0
[INFO] [stderr]    Compiling unicode-width v0.1.14
[INFO] [stderr]    Compiling bit-vec v0.6.3
[INFO] [stderr]    Compiling bitflags v1.3.2
[INFO] [stderr]    Compiling hexf-parse v0.2.1
[INFO] [stderr]    Compiling log v0.4.22
[INFO] [stderr]    Compiling bit-set v0.5.3
[INFO] [stderr]    Compiling fxhash v0.2.1
[INFO] [stderr]    Compiling codespan-reporting v0.11.1
[INFO] [stderr]    Compiling quote v1.0.37
[INFO] [stderr]    Compiling syn v2.0.86
[INFO] [stderr]    Compiling thiserror-impl v1.0.66
[INFO] [stderr]    Compiling naga v0.7.3
[INFO] [stderr]    Compiling include_wgsl v1.1.1 (/opt/rustwide/workdir)
[INFO] [stderr]     Finished `dev` profile [unoptimized + debuginfo] target(s) in 3.73s
[INFO] running `Command { std: "docker" "inspect" "2afafba46b89640b1c92df85d3bc7048f16a8b33f67bb2f2c3442f3c79e4783a", kill_on_drop: false }`
[INFO] running `Command { std: "docker" "rm" "-f" "2afafba46b89640b1c92df85d3bc7048f16a8b33f67bb2f2c3442f3c79e4783a", kill_on_drop: false }`
[INFO] [stdout] 2afafba46b89640b1c92df85d3bc7048f16a8b33f67bb2f2c3442f3c79e4783a
[INFO] running `Command { std: "docker" "create" "-v" "/var/lib/crater-agent-workspace/builds/worker-1-tc1/target:/opt/rustwide/target:rw,Z" "-v" "/var/lib/crater-agent-workspace/builds/worker-1-tc1/source:/opt/rustwide/workdir:ro,Z" "-v" "/var/lib/crater-agent-workspace/cargo-home:/opt/rustwide/cargo-home:ro,Z" "-v" "/var/lib/crater-agent-workspace/rustup-home:/opt/rustwide/rustup-home:ro,Z" "-e" "SOURCE_DIR=/opt/rustwide/workdir" "-e" "CARGO_TARGET_DIR=/opt/rustwide/target" "-e" "CARGO_INCREMENTAL=0" "-e" "RUST_BACKTRACE=full" "-e" "RUSTFLAGS=--cap-lints=forbid" "-e" "RUSTDOCFLAGS=--cap-lints=forbid" "-e" "CARGO_HOME=/opt/rustwide/cargo-home" "-e" "RUSTUP_HOME=/opt/rustwide/rustup-home" "-w" "/opt/rustwide/workdir" "-m" "1610612736" "--user" "0:0" "--network" "none" "ghcr.io/rust-lang/crates-build-env/linux@sha256:4a844ea9eb2546a2d2c7022eacef16ef2e8229c7fbb2c7d4d55a9ceca922f72d" "/opt/rustwide/cargo-home/bin/cargo" "+nightly-2024-10-28" "test" "--frozen" "--no-run" "--message-format=json", kill_on_drop: false }`
[INFO] [stdout] 60e4edbf1d63cdf1dcbd6e354e9d541efc26b3949490f0e64ea1a5a96f87d954
[INFO] running `Command { std: "docker" "start" "-a" "60e4edbf1d63cdf1dcbd6e354e9d541efc26b3949490f0e64ea1a5a96f87d954", kill_on_drop: false }`
[INFO] [stderr]    Compiling include_wgsl v1.1.1 (/opt/rustwide/workdir)
[INFO] [stderr]     Finished `test` profile [unoptimized + debuginfo] target(s) in 0.16s
[INFO] running `Command { std: "docker" "inspect" "60e4edbf1d63cdf1dcbd6e354e9d541efc26b3949490f0e64ea1a5a96f87d954", kill_on_drop: false }`
[INFO] running `Command { std: "docker" "rm" "-f" "60e4edbf1d63cdf1dcbd6e354e9d541efc26b3949490f0e64ea1a5a96f87d954", kill_on_drop: false }`
[INFO] [stdout] 60e4edbf1d63cdf1dcbd6e354e9d541efc26b3949490f0e64ea1a5a96f87d954
[INFO] running `Command { std: "docker" "create" "-v" "/var/lib/crater-agent-workspace/builds/worker-1-tc1/target:/opt/rustwide/target:rw,Z" "-v" "/var/lib/crater-agent-workspace/builds/worker-1-tc1/source:/opt/rustwide/workdir:ro,Z" "-v" "/var/lib/crater-agent-workspace/cargo-home:/opt/rustwide/cargo-home:ro,Z" "-v" "/var/lib/crater-agent-workspace/rustup-home:/opt/rustwide/rustup-home:ro,Z" "-e" "SOURCE_DIR=/opt/rustwide/workdir" "-e" "CARGO_TARGET_DIR=/opt/rustwide/target" "-e" "CARGO_INCREMENTAL=0" "-e" "RUST_BACKTRACE=full" "-e" "RUSTFLAGS=--cap-lints=forbid" "-e" "RUSTDOCFLAGS=--cap-lints=forbid" "-e" "CARGO_HOME=/opt/rustwide/cargo-home" "-e" "RUSTUP_HOME=/opt/rustwide/rustup-home" "-w" "/opt/rustwide/workdir" "-m" "1610612736" "--user" "0:0" "--network" "none" "ghcr.io/rust-lang/crates-build-env/linux@sha256:4a844ea9eb2546a2d2c7022eacef16ef2e8229c7fbb2c7d4d55a9ceca922f72d" "/opt/rustwide/cargo-home/bin/cargo" "+nightly-2024-10-28" "test" "--frozen", kill_on_drop: false }`
[INFO] [stdout] a2c37283d63a7f361df970244b49d832d268cdb09cee20784b80a92bf9bfb36f
[INFO] running `Command { std: "docker" "start" "-a" "a2c37283d63a7f361df970244b49d832d268cdb09cee20784b80a92bf9bfb36f", kill_on_drop: false }`
[INFO] [stderr]     Finished `test` profile [unoptimized + debuginfo] target(s) in 0.02s
[INFO] [stderr]      Running unittests src/lib.rs (/opt/rustwide/target/debug/deps/include_wgsl-85ae2d2aaa7b0867)
[INFO] [stdout] 
[INFO] [stdout] running 0 tests
[INFO] [stdout] 
[INFO] [stdout] test result: ok. 0 passed; 0 failed; 0 ignored; 0 measured; 0 filtered out; finished in 0.00s
[INFO] [stdout] 
[INFO] [stderr]    Doc-tests include_wgsl
[INFO] [stdout] 
[INFO] [stdout] running 1 test
[INFO] [stdout] test src/lib.rs - include_wgsl (line 19) ... FAILED
[INFO] [stdout] 
[INFO] [stdout] failures:
[INFO] [stdout] 
[INFO] [stdout] ---- src/lib.rs - include_wgsl (line 19) stdout ----
[INFO] [stdout] error: cannot find macro `include_wgsl` in this scope
[INFO] [stdout]  --> src/lib.rs:21:18
[INFO] [stdout]   |
[INFO] [stdout] 5 | let shader_str = include_wgsl!("shader.wgsl");
[INFO] [stdout]   |                  ^^^^^^^^^^^^
[INFO] [stdout]  --> /rustc/df4ca44d3fbc9301ee17f30f4d474e6ae4b05252/library/core/src/macros/mod.rs:1373:5
[INFO] [stdout]   |
[INFO] [stdout]   = note: similarly named macro `include_str` defined here
[INFO] [stdout]   |
[INFO] [stdout] note: `include_wgsl` is imported here, but it is a crate, not a macro
[INFO] [stdout]  --> src/lib.rs:19:1
[INFO] [stdout]   |
[INFO] [stdout] 3 | extern crate r#include_wgsl;
[INFO] [stdout]   | ^^^^^^^^^^^^^^^^^^^^^^^^^^^^
[INFO] [stdout] help: a macro with a similar name exists
[INFO] [stdout]   |
[INFO] [stdout] 5 | let shader_str = include_str!("shader.wgsl");
[INFO] [stdout]   |                  ~~~~~~~~~~~
[INFO] [stdout] help: consider importing this macro
[INFO] [stdout]   |
[INFO] [stdout] 2 + use include_wgsl::include_wgsl;
[INFO] [stdout]   |
[INFO] [stdout] 
[INFO] [stdout] error[E0425]: cannot find value `device` in this scope
[INFO] [stdout]  --> src/lib.rs:22:1
[INFO] [stdout]   |
[INFO] [stdout] 6 | device.create_shader_module(&ShaderModuleDescriptor {
[INFO] [stdout]   | ^^^^^^ not found in this scope
[INFO] [stdout] 
[INFO] [stdout] error[E0422]: cannot find struct, variant or union type `ShaderModuleDescriptor` in this scope
[INFO] [stdout]  --> src/lib.rs:22:30
[INFO] [stdout]   |
[INFO] [stdout] 6 | device.create_shader_module(&ShaderModuleDescriptor {
[INFO] [stdout]   |                              ^^^^^^^^^^^^^^^^^^^^^^ not found in this scope
[INFO] [stdout] 
[INFO] [stdout] error[E0433]: failed to resolve: use of undeclared type `Cow`
[INFO] [stdout]  --> src/lib.rs:23:32
[INFO] [stdout]   |
[INFO] [stdout] 7 |     source: ShaderSource::Wgsl(Cow::Borrowed(&shader_str)),
[INFO] [stdout]   |                                ^^^ use of undeclared type `Cow`
[INFO] [stdout]   |
[INFO] [stdout] help: consider importing this enum
[INFO] [stdout]   |
[INFO] [stdout] 2 + use std::borrow::Cow;
[INFO] [stdout]   |
[INFO] [stdout] 
[INFO] [stdout] error[E0433]: failed to resolve: use of undeclared type `ShaderSource`
[INFO] [stdout]  --> src/lib.rs:23:13
[INFO] [stdout]   |
[INFO] [stdout] 7 |     source: ShaderSource::Wgsl(Cow::Borrowed(&shader_str)),
[INFO] [stdout]   |             ^^^^^^^^^^^^ use of undeclared type `ShaderSource`
[INFO] [stdout] 
[INFO] [stdout] error[E0433]: failed to resolve: use of undeclared type `ShaderFlags`
[INFO] [stdout]  --> src/lib.rs:24:12
[INFO] [stdout]   |
[INFO] [stdout] 8 |     flags: ShaderFlags::default(),
[INFO] [stdout]   |            ^^^^^^^^^^^ use of undeclared type `ShaderFlags`
[INFO] [stdout] 
[INFO] [stdout] error: aborting due to 6 previous errors
[INFO] [stdout] 
[INFO] [stdout] Some errors have detailed explanations: E0422, E0425, E0433.
[INFO] [stdout] For more information about an error, try `rustc --explain E0422`.
[INFO] [stdout] Couldn't compile the test.
[INFO] [stdout] 
[INFO] [stdout] failures:
[INFO] [stdout]     src/lib.rs - include_wgsl (line 19)
[INFO] [stdout] 
[INFO] [stdout] test result: FAILED. 0 passed; 1 failed; 0 ignored; 0 measured; 0 filtered out; finished in 0.05s
[INFO] [stdout] 
[INFO] [stderr] error: doctest failed, to rerun pass `--doc`
[INFO] running `Command { std: "docker" "inspect" "a2c37283d63a7f361df970244b49d832d268cdb09cee20784b80a92bf9bfb36f", kill_on_drop: false }`
[INFO] running `Command { std: "docker" "rm" "-f" "a2c37283d63a7f361df970244b49d832d268cdb09cee20784b80a92bf9bfb36f", kill_on_drop: false }`
[INFO] [stdout] a2c37283d63a7f361df970244b49d832d268cdb09cee20784b80a92bf9bfb36f
