[INFO] fetching crate include_proc_macro 1.0.6...
[INFO] testing include_proc_macro-1.0.6 against nightly-2024-10-28 for randomize-layout
[INFO] extracting crate include_proc_macro 1.0.6 into /workspace/builds/worker-5-tc1/source
[INFO] validating manifest of crates.io crate include_proc_macro 1.0.6 on toolchain nightly-2024-10-28
[INFO] running `Command { std: CARGO_HOME="/workspace/cargo-home" RUSTUP_HOME="/workspace/rustup-home" "/workspace/cargo-home/bin/cargo" "+nightly-2024-10-28" "metadata" "--manifest-path" "Cargo.toml" "--no-deps", kill_on_drop: false }`
[INFO] removed /workspace/builds/worker-5-tc1/source/rust-toolchain.toml
[INFO] started tweaking crates.io crate include_proc_macro 1.0.6
[INFO] finished tweaking crates.io crate include_proc_macro 1.0.6
[INFO] tweaked toml for crates.io crate include_proc_macro 1.0.6 written to /workspace/builds/worker-5-tc1/source/Cargo.toml
[INFO] running `Command { std: CARGO_HOME="/workspace/cargo-home" RUSTUP_HOME="/workspace/rustup-home" "/workspace/cargo-home/bin/cargo" "+nightly-2024-10-28" "generate-lockfile" "--manifest-path" "Cargo.toml", kill_on_drop: false }`
[INFO] running `Command { std: CARGO_HOME="/workspace/cargo-home" RUSTUP_HOME="/workspace/rustup-home" "/workspace/cargo-home/bin/cargo" "+nightly-2024-10-28" "fetch" "--manifest-path" "Cargo.toml", kill_on_drop: false }`
[INFO] [stderr] warning: only one of `license` or `license-file` is necessary
[INFO] [stderr] `license` should be used if the package license can be expressed with a standard SPDX expression.
[INFO] [stderr] `license-file` should be used if the package uses a non-standard license.
[INFO] [stderr] See https://doc.rust-lang.org/cargo/reference/manifest.html#the-license-and-license-file-fields for more information.
[INFO] running `Command { std: "docker" "create" "-v" "/var/lib/crater-agent-workspace/builds/worker-5-tc1/target:/opt/rustwide/target:rw,Z" "-v" "/var/lib/crater-agent-workspace/builds/worker-5-tc1/source:/opt/rustwide/workdir:ro,Z" "-v" "/var/lib/crater-agent-workspace/cargo-home:/opt/rustwide/cargo-home:ro,Z" "-v" "/var/lib/crater-agent-workspace/rustup-home:/opt/rustwide/rustup-home:ro,Z" "-e" "SOURCE_DIR=/opt/rustwide/workdir" "-e" "CARGO_TARGET_DIR=/opt/rustwide/target" "-e" "CARGO_HOME=/opt/rustwide/cargo-home" "-e" "RUSTUP_HOME=/opt/rustwide/rustup-home" "-w" "/opt/rustwide/workdir" "-m" "1610612736" "--user" "0:0" "--network" "none" "ghcr.io/rust-lang/crates-build-env/linux@sha256:4a844ea9eb2546a2d2c7022eacef16ef2e8229c7fbb2c7d4d55a9ceca922f72d" "/opt/rustwide/cargo-home/bin/cargo" "+nightly-2024-10-28" "metadata" "--no-deps" "--format-version=1", kill_on_drop: false }`
[INFO] [stdout] 6e0989ece75a2b81587f967db38d27dd027febfcec94aed8485fa5276ca66e8e
[INFO] running `Command { std: "docker" "start" "-a" "6e0989ece75a2b81587f967db38d27dd027febfcec94aed8485fa5276ca66e8e", kill_on_drop: false }`
[INFO] running `Command { std: "docker" "inspect" "6e0989ece75a2b81587f967db38d27dd027febfcec94aed8485fa5276ca66e8e", kill_on_drop: false }`
[INFO] running `Command { std: "docker" "rm" "-f" "6e0989ece75a2b81587f967db38d27dd027febfcec94aed8485fa5276ca66e8e", kill_on_drop: false }`
[INFO] [stdout] 6e0989ece75a2b81587f967db38d27dd027febfcec94aed8485fa5276ca66e8e
[INFO] running `Command { std: "docker" "create" "-v" "/var/lib/crater-agent-workspace/builds/worker-5-tc1/target:/opt/rustwide/target:rw,Z" "-v" "/var/lib/crater-agent-workspace/builds/worker-5-tc1/source:/opt/rustwide/workdir:ro,Z" "-v" "/var/lib/crater-agent-workspace/cargo-home:/opt/rustwide/cargo-home:ro,Z" "-v" "/var/lib/crater-agent-workspace/rustup-home:/opt/rustwide/rustup-home:ro,Z" "-e" "SOURCE_DIR=/opt/rustwide/workdir" "-e" "CARGO_TARGET_DIR=/opt/rustwide/target" "-e" "CARGO_INCREMENTAL=0" "-e" "RUST_BACKTRACE=full" "-e" "RUSTFLAGS=--cap-lints=forbid" "-e" "RUSTDOCFLAGS=--cap-lints=forbid" "-e" "CARGO_HOME=/opt/rustwide/cargo-home" "-e" "RUSTUP_HOME=/opt/rustwide/rustup-home" "-w" "/opt/rustwide/workdir" "-m" "1610612736" "--user" "0:0" "--network" "none" "ghcr.io/rust-lang/crates-build-env/linux@sha256:4a844ea9eb2546a2d2c7022eacef16ef2e8229c7fbb2c7d4d55a9ceca922f72d" "/opt/rustwide/cargo-home/bin/cargo" "+nightly-2024-10-28" "build" "--frozen" "--message-format=json", kill_on_drop: false }`
[INFO] [stdout] b1aeaac787fa291ea83d33b99b0bb8b9520b2dc5ba3a0ad6edaeb8aa83894cc3
[INFO] running `Command { std: "docker" "start" "-a" "b1aeaac787fa291ea83d33b99b0bb8b9520b2dc5ba3a0ad6edaeb8aa83894cc3", kill_on_drop: false }`
[INFO] [stderr] warning: only one of `license` or `license-file` is necessary
[INFO] [stderr] `license` should be used if the package license can be expressed with a standard SPDX expression.
[INFO] [stderr] `license-file` should be used if the package uses a non-standard license.
[INFO] [stderr] See https://doc.rust-lang.org/cargo/reference/manifest.html#the-license-and-license-file-fields for more information.
[INFO] [stderr]    Compiling include_proc_macro v1.0.6 (/opt/rustwide/workdir)
[INFO] [stderr]     Finished `dev` profile [unoptimized + debuginfo] target(s) in 0.03s
[INFO] running `Command { std: "docker" "inspect" "b1aeaac787fa291ea83d33b99b0bb8b9520b2dc5ba3a0ad6edaeb8aa83894cc3", kill_on_drop: false }`
[INFO] running `Command { std: "docker" "rm" "-f" "b1aeaac787fa291ea83d33b99b0bb8b9520b2dc5ba3a0ad6edaeb8aa83894cc3", kill_on_drop: false }`
[INFO] [stdout] b1aeaac787fa291ea83d33b99b0bb8b9520b2dc5ba3a0ad6edaeb8aa83894cc3
[INFO] running `Command { std: "docker" "create" "-v" "/var/lib/crater-agent-workspace/builds/worker-5-tc1/target:/opt/rustwide/target:rw,Z" "-v" "/var/lib/crater-agent-workspace/builds/worker-5-tc1/source:/opt/rustwide/workdir:ro,Z" "-v" "/var/lib/crater-agent-workspace/cargo-home:/opt/rustwide/cargo-home:ro,Z" "-v" "/var/lib/crater-agent-workspace/rustup-home:/opt/rustwide/rustup-home:ro,Z" "-e" "SOURCE_DIR=/opt/rustwide/workdir" "-e" "CARGO_TARGET_DIR=/opt/rustwide/target" "-e" "CARGO_INCREMENTAL=0" "-e" "RUST_BACKTRACE=full" "-e" "RUSTFLAGS=--cap-lints=forbid" "-e" "RUSTDOCFLAGS=--cap-lints=forbid" "-e" "CARGO_HOME=/opt/rustwide/cargo-home" "-e" "RUSTUP_HOME=/opt/rustwide/rustup-home" "-w" "/opt/rustwide/workdir" "-m" "1610612736" "--user" "0:0" "--network" "none" "ghcr.io/rust-lang/crates-build-env/linux@sha256:4a844ea9eb2546a2d2c7022eacef16ef2e8229c7fbb2c7d4d55a9ceca922f72d" "/opt/rustwide/cargo-home/bin/cargo" "+nightly-2024-10-28" "test" "--frozen" "--no-run" "--message-format=json", kill_on_drop: false }`
[INFO] [stdout] a110091dd907712660273c0590229b2707950111a4a0edbfbb124389955f0176
[INFO] running `Command { std: "docker" "start" "-a" "a110091dd907712660273c0590229b2707950111a4a0edbfbb124389955f0176", kill_on_drop: false }`
[INFO] [stderr] warning: only one of `license` or `license-file` is necessary
[INFO] [stderr] `license` should be used if the package license can be expressed with a standard SPDX expression.
[INFO] [stderr] `license-file` should be used if the package uses a non-standard license.
[INFO] [stderr] See https://doc.rust-lang.org/cargo/reference/manifest.html#the-license-and-license-file-fields for more information.
[INFO] [stderr]    Compiling include_proc_macro v1.0.6 (/opt/rustwide/workdir)
[INFO] [stderr]     Finished `test` profile [unoptimized + debuginfo] target(s) in 0.11s
[INFO] running `Command { std: "docker" "inspect" "a110091dd907712660273c0590229b2707950111a4a0edbfbb124389955f0176", kill_on_drop: false }`
[INFO] running `Command { std: "docker" "rm" "-f" "a110091dd907712660273c0590229b2707950111a4a0edbfbb124389955f0176", kill_on_drop: false }`
[INFO] [stdout] a110091dd907712660273c0590229b2707950111a4a0edbfbb124389955f0176
[INFO] running `Command { std: "docker" "create" "-v" "/var/lib/crater-agent-workspace/builds/worker-5-tc1/target:/opt/rustwide/target:rw,Z" "-v" "/var/lib/crater-agent-workspace/builds/worker-5-tc1/source:/opt/rustwide/workdir:ro,Z" "-v" "/var/lib/crater-agent-workspace/cargo-home:/opt/rustwide/cargo-home:ro,Z" "-v" "/var/lib/crater-agent-workspace/rustup-home:/opt/rustwide/rustup-home:ro,Z" "-e" "SOURCE_DIR=/opt/rustwide/workdir" "-e" "CARGO_TARGET_DIR=/opt/rustwide/target" "-e" "CARGO_INCREMENTAL=0" "-e" "RUST_BACKTRACE=full" "-e" "RUSTFLAGS=--cap-lints=forbid" "-e" "RUSTDOCFLAGS=--cap-lints=forbid" "-e" "CARGO_HOME=/opt/rustwide/cargo-home" "-e" "RUSTUP_HOME=/opt/rustwide/rustup-home" "-w" "/opt/rustwide/workdir" "-m" "1610612736" "--user" "0:0" "--network" "none" "ghcr.io/rust-lang/crates-build-env/linux@sha256:4a844ea9eb2546a2d2c7022eacef16ef2e8229c7fbb2c7d4d55a9ceca922f72d" "/opt/rustwide/cargo-home/bin/cargo" "+nightly-2024-10-28" "test" "--frozen", kill_on_drop: false }`
[INFO] [stdout] 3209733eb47166f9a53964bd645215cd39d494a8bc711ec71da7e286cdea5ce8
[INFO] running `Command { std: "docker" "start" "-a" "3209733eb47166f9a53964bd645215cd39d494a8bc711ec71da7e286cdea5ce8", kill_on_drop: false }`
[INFO] [stderr] warning: only one of `license` or `license-file` is necessary
[INFO] [stderr] `license` should be used if the package license can be expressed with a standard SPDX expression.
[INFO] [stderr] `license-file` should be used if the package uses a non-standard license.
[INFO] [stderr] See https://doc.rust-lang.org/cargo/reference/manifest.html#the-license-and-license-file-fields for more information.
[INFO] [stderr]     Finished `test` profile [unoptimized + debuginfo] target(s) in 0.00s
[INFO] [stderr]      Running unittests src/lib.rs (/opt/rustwide/target/debug/deps/include_proc_macro-a471de899971d6d8)
[INFO] [stdout] 
[INFO] [stdout] running 1 test
[INFO] [stdout] test tests::test_hello_macro ... ok
[INFO] [stdout] 
[INFO] [stdout] test result: ok. 1 passed; 0 failed; 0 ignored; 0 measured; 0 filtered out; finished in 0.00s
[INFO] [stdout] 
[INFO] [stderr]      Running tests/hello.rs (/opt/rustwide/target/debug/deps/hello-af85f903d7b97105)
[INFO] [stdout] 
[INFO] [stdout] running 0 tests
[INFO] [stdout] 
[INFO] [stdout] test result: ok. 0 passed; 0 failed; 0 ignored; 0 measured; 0 filtered out; finished in 0.00s
[INFO] [stdout] 
[INFO] [stderr]    Doc-tests include_proc_macro
[INFO] [stdout] 
[INFO] [stdout] running 6 tests
[INFO] [stdout] test src/lib.rs - named (line 58) ... FAILED
[INFO] [stdout] test README.md - (line 108) ... FAILED
[INFO] [stdout] test src/lib.rs - include_proc_macro (line 15) ... FAILED
[INFO] [stdout] test README.md - (line 42) ... FAILED
[INFO] [stdout] test src/lib.rs - here (line 36) ... FAILED
[INFO] [stdout] test README.md - (line 34) ... FAILED
[INFO] [stdout] 
[INFO] [stdout] failures:
[INFO] [stdout] 
[INFO] [stdout] ---- src/lib.rs - named (line 58) stdout ----
[INFO] [stdout] error: couldn't read /opt/rustwide/workdir/sample.rs: No such file or directory (os error 2)
[INFO] [stdout]  --> src/lib.rs:60:1
[INFO] [stdout]   |
[INFO] [stdout] 5 | include_proc_macro::named!("sample");
[INFO] [stdout]   | ^^^^^^^^^^^^^^^^^^^^^^^^^^^^^^^^^^^^
[INFO] [stdout]   |
[INFO] [stdout]   = note: this error originates in the macro `include` which comes from the expansion of the macro `include_proc_macro::named` (in Nightly builds, run with -Z macro-backtrace for more info)
[INFO] [stdout] 
[INFO] [stdout] error: aborting due to 1 previous error
[INFO] [stdout] 
[INFO] [stdout] Couldn't compile the test.
[INFO] [stdout] ---- README.md - (line 108) stdout ----
[INFO] [stdout] error: couldn't read /opt/rustwide/workdir/sample.rs: No such file or directory (os error 2)
[INFO] [stdout]  --> README.md:110:1
[INFO] [stdout]   |
[INFO] [stdout] 5 | include_proc_macro::here!("sample");
[INFO] [stdout]   | ^^^^^^^^^^^^^^^^^^^^^^^^^^^^^^^^^^^
[INFO] [stdout]   |
[INFO] [stdout]   = note: this error originates in the macro `include` which comes from the expansion of the macro `include_proc_macro::here` (in Nightly builds, run with -Z macro-backtrace for more info)
[INFO] [stdout] 
[INFO] [stdout] error: aborting due to 1 previous error
[INFO] [stdout] 
[INFO] [stdout] Couldn't compile the test.
[INFO] [stdout] ---- src/lib.rs - include_proc_macro (line 15) stdout ----
[INFO] [stdout] error: couldn't read /opt/rustwide/workdir/sample.rs: No such file or directory (os error 2)
[INFO] [stdout]  --> src/lib.rs:17:1
[INFO] [stdout]   |
[INFO] [stdout] 5 | include_proc_macro::include_proc_macro!("sample");
[INFO] [stdout]   | ^^^^^^^^^^^^^^^^^^^^^^^^^^^^^^^^^^^^^^^^^^^^^^^^^
[INFO] [stdout]   |
[INFO] [stdout]   = note: this error originates in the macro `include` which comes from the expansion of the macro `include_proc_macro::include_proc_macro` (in Nightly builds, run with -Z macro-backtrace for more info)
[INFO] [stdout] 
[INFO] [stdout] error: aborting due to 1 previous error
[INFO] [stdout] 
[INFO] [stdout] Couldn't compile the test.
[INFO] [stdout] ---- README.md - (line 42) stdout ----
[INFO] [stdout] error: couldn't read /opt/rustwide/workdir/sample.rs: No such file or directory (os error 2)
[INFO] [stdout]   --> README.md:44:1
[INFO] [stdout]    |
[INFO] [stdout] 4  | / include!(
[INFO] [stdout] 5  | |     concat!(
[INFO] [stdout] 6  | |     env!("CARGO_MANIFEST_DIR"),
[INFO] [stdout] 7  | |     "/",
[INFO] [stdout] ...  |
[INFO] [stdout] 10 | |     )
[INFO] [stdout] 11 | | );
[INFO] [stdout]    | |_^
[INFO] [stdout]    |
[INFO] [stdout]    = note: this error originates in the macro `include` (in Nightly builds, run with -Z macro-backtrace for more info)
[INFO] [stdout] 
[INFO] [stdout] error: aborting due to 1 previous error
[INFO] [stdout] 
[INFO] [stdout] Couldn't compile the test.
[INFO] [stdout] ---- src/lib.rs - here (line 36) stdout ----
[INFO] [stdout] error: couldn't read /opt/rustwide/workdir/sample.rs: No such file or directory (os error 2)
[INFO] [stdout]  --> src/lib.rs:38:1
[INFO] [stdout]   |
[INFO] [stdout] 5 | include_proc_macro::here!("sample");
[INFO] [stdout]   | ^^^^^^^^^^^^^^^^^^^^^^^^^^^^^^^^^^^
[INFO] [stdout]   |
[INFO] [stdout]   = note: this error originates in the macro `include` which comes from the expansion of the macro `include_proc_macro::here` (in Nightly builds, run with -Z macro-backtrace for more info)
[INFO] [stdout] 
[INFO] [stdout] error: aborting due to 1 previous error
[INFO] [stdout] 
[INFO] [stdout] Couldn't compile the test.
[INFO] [stdout] ---- README.md - (line 34) stdout ----
[INFO] [stdout] error: couldn't read /opt/rustwide/workdir/sample.rs: No such file or directory (os error 2)
[INFO] [stdout]  --> README.md:37:1
[INFO] [stdout]   |
[INFO] [stdout] 6 | include_proc_macro::include_proc_macro!("sample");
[INFO] [stdout]   | ^^^^^^^^^^^^^^^^^^^^^^^^^^^^^^^^^^^^^^^^^^^^^^^^^
[INFO] [stdout]   |
[INFO] [stdout]   = note: this error originates in the macro `include` which comes from the expansion of the macro `include_proc_macro::include_proc_macro` (in Nightly builds, run with -Z macro-backtrace for more info)
[INFO] [stdout] 
[INFO] [stdout] error: aborting due to 1 previous error
[INFO] [stdout] 
[INFO] [stdout] Couldn't compile the test.
[INFO] [stdout] 
[INFO] [stdout] failures:
[INFO] [stdout]     README.md - (line 108)
[INFO] [stdout]     README.md - (line 34)
[INFO] [stdout]     README.md - (line 42)
[INFO] [stdout]     src/lib.rs - here (line 36)
[INFO] [stdout]     src/lib.rs - include_proc_macro (line 15)
[INFO] [stdout]     src/lib.rs - named (line 58)
[INFO] [stdout] 
[INFO] [stdout] test result: FAILED. 0 passed; 6 failed; 0 ignored; 0 measured; 0 filtered out; finished in 0.03s
[INFO] [stdout] 
[INFO] [stderr] error: doctest failed, to rerun pass `--doc`
[INFO] running `Command { std: "docker" "inspect" "3209733eb47166f9a53964bd645215cd39d494a8bc711ec71da7e286cdea5ce8", kill_on_drop: false }`
[INFO] running `Command { std: "docker" "rm" "-f" "3209733eb47166f9a53964bd645215cd39d494a8bc711ec71da7e286cdea5ce8", kill_on_drop: false }`
[INFO] [stdout] 3209733eb47166f9a53964bd645215cd39d494a8bc711ec71da7e286cdea5ce8
