[INFO] fetching crate include-transformed 0.2.2...
[INFO] testing include-transformed-0.2.2 against nightly-2024-10-28 for randomize-layout
[INFO] extracting crate include-transformed 0.2.2 into /workspace/builds/worker-4-tc1/source
[INFO] validating manifest of crates.io crate include-transformed 0.2.2 on toolchain nightly-2024-10-28
[INFO] running `Command { std: CARGO_HOME="/workspace/cargo-home" RUSTUP_HOME="/workspace/rustup-home" "/workspace/cargo-home/bin/cargo" "+nightly-2024-10-28" "metadata" "--manifest-path" "Cargo.toml" "--no-deps", kill_on_drop: false }`
[INFO] removed /workspace/builds/worker-4-tc1/source/rust-toolchain.toml
[INFO] started tweaking crates.io crate include-transformed 0.2.2
[INFO] finished tweaking crates.io crate include-transformed 0.2.2
[INFO] tweaked toml for crates.io crate include-transformed 0.2.2 written to /workspace/builds/worker-4-tc1/source/Cargo.toml
[INFO] running `Command { std: CARGO_HOME="/workspace/cargo-home" RUSTUP_HOME="/workspace/rustup-home" "/workspace/cargo-home/bin/cargo" "+nightly-2024-10-28" "generate-lockfile" "--manifest-path" "Cargo.toml", kill_on_drop: false }`
[INFO] [stderr]     Blocking waiting for file lock on package cache
[INFO] [stderr]     Updating crates.io index
[INFO] [stderr]     Blocking waiting for file lock on package cache
[INFO] [stderr]      Locking 24 packages to latest compatible versions
[INFO] running `Command { std: CARGO_HOME="/workspace/cargo-home" RUSTUP_HOME="/workspace/rustup-home" "/workspace/cargo-home/bin/cargo" "+nightly-2024-10-28" "fetch" "--manifest-path" "Cargo.toml", kill_on_drop: false }`
[INFO] running `Command { std: "docker" "create" "-v" "/var/lib/crater-agent-workspace/builds/worker-4-tc1/target:/opt/rustwide/target:rw,Z" "-v" "/var/lib/crater-agent-workspace/builds/worker-4-tc1/source:/opt/rustwide/workdir:ro,Z" "-v" "/var/lib/crater-agent-workspace/cargo-home:/opt/rustwide/cargo-home:ro,Z" "-v" "/var/lib/crater-agent-workspace/rustup-home:/opt/rustwide/rustup-home:ro,Z" "-e" "SOURCE_DIR=/opt/rustwide/workdir" "-e" "CARGO_TARGET_DIR=/opt/rustwide/target" "-e" "CARGO_HOME=/opt/rustwide/cargo-home" "-e" "RUSTUP_HOME=/opt/rustwide/rustup-home" "-w" "/opt/rustwide/workdir" "-m" "1610612736" "--user" "0:0" "--network" "none" "ghcr.io/rust-lang/crates-build-env/linux@sha256:4a844ea9eb2546a2d2c7022eacef16ef2e8229c7fbb2c7d4d55a9ceca922f72d" "/opt/rustwide/cargo-home/bin/cargo" "+nightly-2024-10-28" "metadata" "--no-deps" "--format-version=1", kill_on_drop: false }`
[INFO] [stdout] f073cec4b8a594dc7b57b87a8f5c03454897b22227047ef40756fa2a4707cf90
[INFO] running `Command { std: "docker" "start" "-a" "f073cec4b8a594dc7b57b87a8f5c03454897b22227047ef40756fa2a4707cf90", kill_on_drop: false }`
[INFO] running `Command { std: "docker" "inspect" "f073cec4b8a594dc7b57b87a8f5c03454897b22227047ef40756fa2a4707cf90", kill_on_drop: false }`
[INFO] running `Command { std: "docker" "rm" "-f" "f073cec4b8a594dc7b57b87a8f5c03454897b22227047ef40756fa2a4707cf90", kill_on_drop: false }`
[INFO] [stdout] f073cec4b8a594dc7b57b87a8f5c03454897b22227047ef40756fa2a4707cf90
[INFO] running `Command { std: "docker" "create" "-v" "/var/lib/crater-agent-workspace/builds/worker-4-tc1/target:/opt/rustwide/target:rw,Z" "-v" "/var/lib/crater-agent-workspace/builds/worker-4-tc1/source:/opt/rustwide/workdir:ro,Z" "-v" "/var/lib/crater-agent-workspace/cargo-home:/opt/rustwide/cargo-home:ro,Z" "-v" "/var/lib/crater-agent-workspace/rustup-home:/opt/rustwide/rustup-home:ro,Z" "-e" "SOURCE_DIR=/opt/rustwide/workdir" "-e" "CARGO_TARGET_DIR=/opt/rustwide/target" "-e" "CARGO_INCREMENTAL=0" "-e" "RUST_BACKTRACE=full" "-e" "RUSTFLAGS=--cap-lints=forbid" "-e" "RUSTDOCFLAGS=--cap-lints=forbid" "-e" "CARGO_HOME=/opt/rustwide/cargo-home" "-e" "RUSTUP_HOME=/opt/rustwide/rustup-home" "-w" "/opt/rustwide/workdir" "-m" "1610612736" "--user" "0:0" "--network" "none" "ghcr.io/rust-lang/crates-build-env/linux@sha256:4a844ea9eb2546a2d2c7022eacef16ef2e8229c7fbb2c7d4d55a9ceca922f72d" "/opt/rustwide/cargo-home/bin/cargo" "+nightly-2024-10-28" "build" "--frozen" "--message-format=json", kill_on_drop: false }`
[INFO] [stdout] f1cd4a5073be2263410808041ce03ede74250f432851e48be06180c67a10765a
[INFO] running `Command { std: "docker" "start" "-a" "f1cd4a5073be2263410808041ce03ede74250f432851e48be06180c67a10765a", kill_on_drop: false }`
[INFO] [stderr]    Compiling rustix v0.38.38
[INFO] [stderr]    Compiling linux-raw-sys v0.4.14
[INFO] [stderr]    Compiling bitflags v2.6.0
[INFO] [stderr]    Compiling cfg-if v1.0.0
[INFO] [stderr]    Compiling once_cell v1.20.2
[INFO] [stderr]    Compiling fastrand v2.1.1
[INFO] [stderr]    Compiling tempfile v3.13.0
[INFO] [stderr]    Compiling include-transformed v0.2.2 (/opt/rustwide/workdir)
[INFO] [stderr]     Finished `dev` profile [unoptimized + debuginfo] target(s) in 2.18s
[INFO] running `Command { std: "docker" "inspect" "f1cd4a5073be2263410808041ce03ede74250f432851e48be06180c67a10765a", kill_on_drop: false }`
[INFO] running `Command { std: "docker" "rm" "-f" "f1cd4a5073be2263410808041ce03ede74250f432851e48be06180c67a10765a", kill_on_drop: false }`
[INFO] [stdout] f1cd4a5073be2263410808041ce03ede74250f432851e48be06180c67a10765a
[INFO] running `Command { std: "docker" "create" "-v" "/var/lib/crater-agent-workspace/builds/worker-4-tc1/target:/opt/rustwide/target:rw,Z" "-v" "/var/lib/crater-agent-workspace/builds/worker-4-tc1/source:/opt/rustwide/workdir:ro,Z" "-v" "/var/lib/crater-agent-workspace/cargo-home:/opt/rustwide/cargo-home:ro,Z" "-v" "/var/lib/crater-agent-workspace/rustup-home:/opt/rustwide/rustup-home:ro,Z" "-e" "SOURCE_DIR=/opt/rustwide/workdir" "-e" "CARGO_TARGET_DIR=/opt/rustwide/target" "-e" "CARGO_INCREMENTAL=0" "-e" "RUST_BACKTRACE=full" "-e" "RUSTFLAGS=--cap-lints=forbid" "-e" "RUSTDOCFLAGS=--cap-lints=forbid" "-e" "CARGO_HOME=/opt/rustwide/cargo-home" "-e" "RUSTUP_HOME=/opt/rustwide/rustup-home" "-w" "/opt/rustwide/workdir" "-m" "1610612736" "--user" "0:0" "--network" "none" "ghcr.io/rust-lang/crates-build-env/linux@sha256:4a844ea9eb2546a2d2c7022eacef16ef2e8229c7fbb2c7d4d55a9ceca922f72d" "/opt/rustwide/cargo-home/bin/cargo" "+nightly-2024-10-28" "test" "--frozen" "--no-run" "--message-format=json", kill_on_drop: false }`
[INFO] [stdout] 9297786ef0af7d1a62b28a0b682e9812ed67b9c67671324e5ea0536f13eca0b6
[INFO] running `Command { std: "docker" "start" "-a" "9297786ef0af7d1a62b28a0b682e9812ed67b9c67671324e5ea0536f13eca0b6", kill_on_drop: false }`
[INFO] [stderr]    Compiling include-transformed v0.2.2 (/opt/rustwide/workdir)
[INFO] [stderr]     Finished `test` profile [unoptimized + debuginfo] target(s) in 0.25s
[INFO] running `Command { std: "docker" "inspect" "9297786ef0af7d1a62b28a0b682e9812ed67b9c67671324e5ea0536f13eca0b6", kill_on_drop: false }`
[INFO] running `Command { std: "docker" "rm" "-f" "9297786ef0af7d1a62b28a0b682e9812ed67b9c67671324e5ea0536f13eca0b6", kill_on_drop: false }`
[INFO] [stdout] 9297786ef0af7d1a62b28a0b682e9812ed67b9c67671324e5ea0536f13eca0b6
[INFO] running `Command { std: "docker" "create" "-v" "/var/lib/crater-agent-workspace/builds/worker-4-tc1/target:/opt/rustwide/target:rw,Z" "-v" "/var/lib/crater-agent-workspace/builds/worker-4-tc1/source:/opt/rustwide/workdir:ro,Z" "-v" "/var/lib/crater-agent-workspace/cargo-home:/opt/rustwide/cargo-home:ro,Z" "-v" "/var/lib/crater-agent-workspace/rustup-home:/opt/rustwide/rustup-home:ro,Z" "-e" "SOURCE_DIR=/opt/rustwide/workdir" "-e" "CARGO_TARGET_DIR=/opt/rustwide/target" "-e" "CARGO_INCREMENTAL=0" "-e" "RUST_BACKTRACE=full" "-e" "RUSTFLAGS=--cap-lints=forbid" "-e" "RUSTDOCFLAGS=--cap-lints=forbid" "-e" "CARGO_HOME=/opt/rustwide/cargo-home" "-e" "RUSTUP_HOME=/opt/rustwide/rustup-home" "-w" "/opt/rustwide/workdir" "-m" "1610612736" "--user" "0:0" "--network" "none" "ghcr.io/rust-lang/crates-build-env/linux@sha256:4a844ea9eb2546a2d2c7022eacef16ef2e8229c7fbb2c7d4d55a9ceca922f72d" "/opt/rustwide/cargo-home/bin/cargo" "+nightly-2024-10-28" "test" "--frozen", kill_on_drop: false }`
[INFO] [stdout] 64d1ee9bf3c952f70596fbe3bd1c0ba6897860f004337a4019cfcf6119f26075
[INFO] running `Command { std: "docker" "start" "-a" "64d1ee9bf3c952f70596fbe3bd1c0ba6897860f004337a4019cfcf6119f26075", kill_on_drop: false }`
[INFO] [stderr]     Finished `test` profile [unoptimized + debuginfo] target(s) in 0.02s
[INFO] [stderr]      Running unittests src/lib.rs (/opt/rustwide/target/debug/deps/include_transformed-4b1f1751eae6308f)
[INFO] [stdout] 
[INFO] [stdout] running 0 tests
[INFO] [stdout] 
[INFO] [stdout] test result: ok. 0 passed; 0 failed; 0 ignored; 0 measured; 0 filtered out; finished in 0.00s
[INFO] [stdout] 
[INFO] [stderr]    Doc-tests include_transformed
[INFO] [stdout] 
[INFO] [stdout] running 2 tests
[INFO] [stdout] test src/lib.rs - include_nasm_bin (line 118) ... ignored
[INFO] [stdout] test src/lib.rs - (line 10) ... FAILED
[INFO] [stdout] 
[INFO] [stdout] failures:
[INFO] [stdout] 
[INFO] [stdout] ---- src/lib.rs - (line 10) stdout ----
[INFO] [stdout] error: expected `;`, found `include`
[INFO] [stdout]  --> src/lib.rs:11:15
[INFO] [stdout]   |
[INFO] [stdout] 3 | [dependencies]
[INFO] [stdout]   |               ^ help: add `;` here
[INFO] [stdout] 4 | include-transformed = "0.2"
[INFO] [stdout]   | ------- unexpected token
[INFO] [stdout] 
[INFO] [stdout] error[E0423]: expected value, found macro `include`
[INFO] [stdout]  --> src/lib.rs:12:1
[INFO] [stdout]   |
[INFO] [stdout] 4 | include-transformed = "0.2"
[INFO] [stdout]   | ^^^^^^^ not a value
[INFO] [stdout] 
[INFO] [stdout] error[E0425]: cannot find value `transformed` in this scope
[INFO] [stdout]  --> src/lib.rs:12:9
[INFO] [stdout]   |
[INFO] [stdout] 4 | include-transformed = "0.2"
[INFO] [stdout]   |         ^^^^^^^^^^^ not found in this scope
[INFO] [stdout] 
[INFO] [stdout] error[E0070]: invalid left-hand side of assignment
[INFO] [stdout]  --> src/lib.rs:12:21
[INFO] [stdout]   |
[INFO] [stdout] 4 | include-transformed = "0.2"
[INFO] [stdout]   | ------------------- ^
[INFO] [stdout]   | |
[INFO] [stdout]   | cannot assign to this expression
[INFO] [stdout] 
[INFO] [stdout] error: aborting due to 4 previous errors
[INFO] [stdout] 
[INFO] [stdout] Some errors have detailed explanations: E0070, E0423, E0425.
[INFO] [stdout] For more information about an error, try `rustc --explain E0070`.
[INFO] [stdout] Couldn't compile the test.
[INFO] [stdout] 
[INFO] [stdout] failures:
[INFO] [stdout]     src/lib.rs - (line 10)
[INFO] [stdout] 
[INFO] [stdout] test result: FAILED. 0 passed; 1 failed; 1 ignored; 0 measured; 0 filtered out; finished in 0.05s
[INFO] [stdout] 
[INFO] [stderr] error: doctest failed, to rerun pass `--doc`
[INFO] running `Command { std: "docker" "inspect" "64d1ee9bf3c952f70596fbe3bd1c0ba6897860f004337a4019cfcf6119f26075", kill_on_drop: false }`
[INFO] running `Command { std: "docker" "rm" "-f" "64d1ee9bf3c952f70596fbe3bd1c0ba6897860f004337a4019cfcf6119f26075", kill_on_drop: false }`
[INFO] [stdout] 64d1ee9bf3c952f70596fbe3bd1c0ba6897860f004337a4019cfcf6119f26075
