[INFO] fetching crate include-tailwind 0.1.0...
[INFO] testing include-tailwind-0.1.0 against nightly-2024-10-28 for randomize-layout
[INFO] extracting crate include-tailwind 0.1.0 into /workspace/builds/worker-7-tc1/source
[INFO] validating manifest of crates.io crate include-tailwind 0.1.0 on toolchain nightly-2024-10-28
[INFO] running `Command { std: CARGO_HOME="/workspace/cargo-home" RUSTUP_HOME="/workspace/rustup-home" "/workspace/cargo-home/bin/cargo" "+nightly-2024-10-28" "metadata" "--manifest-path" "Cargo.toml" "--no-deps", kill_on_drop: false }`
[INFO] started tweaking crates.io crate include-tailwind 0.1.0
[INFO] finished tweaking crates.io crate include-tailwind 0.1.0
[INFO] tweaked toml for crates.io crate include-tailwind 0.1.0 written to /workspace/builds/worker-7-tc1/source/Cargo.toml
[INFO] running `Command { std: CARGO_HOME="/workspace/cargo-home" RUSTUP_HOME="/workspace/rustup-home" "/workspace/cargo-home/bin/cargo" "+nightly-2024-10-28" "generate-lockfile" "--manifest-path" "Cargo.toml", kill_on_drop: false }`
[INFO] [stderr]     Updating crates.io index
[INFO] [stderr]      Locking 27 packages to latest compatible versions
[INFO] running `Command { std: CARGO_HOME="/workspace/cargo-home" RUSTUP_HOME="/workspace/rustup-home" "/workspace/cargo-home/bin/cargo" "+nightly-2024-10-28" "fetch" "--manifest-path" "Cargo.toml", kill_on_drop: false }`
[INFO] [stderr]  Downloading crates ...
[INFO] [stderr]   Downloaded maud v0.26.0
[INFO] [stderr]   Downloaded maud_macros v0.26.0
[INFO] running `Command { std: "docker" "create" "-v" "/var/lib/crater-agent-workspace/builds/worker-7-tc1/target:/opt/rustwide/target:rw,Z" "-v" "/var/lib/crater-agent-workspace/builds/worker-7-tc1/source:/opt/rustwide/workdir:ro,Z" "-v" "/var/lib/crater-agent-workspace/cargo-home:/opt/rustwide/cargo-home:ro,Z" "-v" "/var/lib/crater-agent-workspace/rustup-home:/opt/rustwide/rustup-home:ro,Z" "-e" "SOURCE_DIR=/opt/rustwide/workdir" "-e" "CARGO_TARGET_DIR=/opt/rustwide/target" "-e" "CARGO_HOME=/opt/rustwide/cargo-home" "-e" "RUSTUP_HOME=/opt/rustwide/rustup-home" "-w" "/opt/rustwide/workdir" "-m" "1610612736" "--user" "0:0" "--network" "none" "ghcr.io/rust-lang/crates-build-env/linux@sha256:4a844ea9eb2546a2d2c7022eacef16ef2e8229c7fbb2c7d4d55a9ceca922f72d" "/opt/rustwide/cargo-home/bin/cargo" "+nightly-2024-10-28" "metadata" "--no-deps" "--format-version=1", kill_on_drop: false }`
[INFO] [stdout] 49148be71d433173aab795f2c3b8d0a1496251b74acc0981d1157631f6761eb8
[INFO] running `Command { std: "docker" "start" "-a" "49148be71d433173aab795f2c3b8d0a1496251b74acc0981d1157631f6761eb8", kill_on_drop: false }`
[INFO] running `Command { std: "docker" "inspect" "49148be71d433173aab795f2c3b8d0a1496251b74acc0981d1157631f6761eb8", kill_on_drop: false }`
[INFO] running `Command { std: "docker" "rm" "-f" "49148be71d433173aab795f2c3b8d0a1496251b74acc0981d1157631f6761eb8", kill_on_drop: false }`
[INFO] [stdout] 49148be71d433173aab795f2c3b8d0a1496251b74acc0981d1157631f6761eb8
[INFO] running `Command { std: "docker" "create" "-v" "/var/lib/crater-agent-workspace/builds/worker-7-tc1/target:/opt/rustwide/target:rw,Z" "-v" "/var/lib/crater-agent-workspace/builds/worker-7-tc1/source:/opt/rustwide/workdir:ro,Z" "-v" "/var/lib/crater-agent-workspace/cargo-home:/opt/rustwide/cargo-home:ro,Z" "-v" "/var/lib/crater-agent-workspace/rustup-home:/opt/rustwide/rustup-home:ro,Z" "-e" "SOURCE_DIR=/opt/rustwide/workdir" "-e" "CARGO_TARGET_DIR=/opt/rustwide/target" "-e" "CARGO_INCREMENTAL=0" "-e" "RUST_BACKTRACE=full" "-e" "RUSTFLAGS=--cap-lints=forbid" "-e" "RUSTDOCFLAGS=--cap-lints=forbid" "-e" "CARGO_HOME=/opt/rustwide/cargo-home" "-e" "RUSTUP_HOME=/opt/rustwide/rustup-home" "-w" "/opt/rustwide/workdir" "-m" "1610612736" "--user" "0:0" "--network" "none" "ghcr.io/rust-lang/crates-build-env/linux@sha256:4a844ea9eb2546a2d2c7022eacef16ef2e8229c7fbb2c7d4d55a9ceca922f72d" "/opt/rustwide/cargo-home/bin/cargo" "+nightly-2024-10-28" "build" "--frozen" "--message-format=json", kill_on_drop: false }`
[INFO] [stdout] 5887f11907be98cdd25cf71476540b374ac4ff2888a8de81ee3f0f87913a0c0b
[INFO] running `Command { std: "docker" "start" "-a" "5887f11907be98cdd25cf71476540b374ac4ff2888a8de81ee3f0f87913a0c0b", kill_on_drop: false }`
[INFO] [stderr]    Compiling include-tailwind v0.1.0 (/opt/rustwide/workdir)
[INFO] [stderr]     Finished `dev` profile [unoptimized + debuginfo] target(s) in 0.06s
[INFO] running `Command { std: "docker" "inspect" "5887f11907be98cdd25cf71476540b374ac4ff2888a8de81ee3f0f87913a0c0b", kill_on_drop: false }`
[INFO] running `Command { std: "docker" "rm" "-f" "5887f11907be98cdd25cf71476540b374ac4ff2888a8de81ee3f0f87913a0c0b", kill_on_drop: false }`
[INFO] [stdout] 5887f11907be98cdd25cf71476540b374ac4ff2888a8de81ee3f0f87913a0c0b
[INFO] running `Command { std: "docker" "create" "-v" "/var/lib/crater-agent-workspace/builds/worker-7-tc1/target:/opt/rustwide/target:rw,Z" "-v" "/var/lib/crater-agent-workspace/builds/worker-7-tc1/source:/opt/rustwide/workdir:ro,Z" "-v" "/var/lib/crater-agent-workspace/cargo-home:/opt/rustwide/cargo-home:ro,Z" "-v" "/var/lib/crater-agent-workspace/rustup-home:/opt/rustwide/rustup-home:ro,Z" "-e" "SOURCE_DIR=/opt/rustwide/workdir" "-e" "CARGO_TARGET_DIR=/opt/rustwide/target" "-e" "CARGO_INCREMENTAL=0" "-e" "RUST_BACKTRACE=full" "-e" "RUSTFLAGS=--cap-lints=forbid" "-e" "RUSTDOCFLAGS=--cap-lints=forbid" "-e" "CARGO_HOME=/opt/rustwide/cargo-home" "-e" "RUSTUP_HOME=/opt/rustwide/rustup-home" "-w" "/opt/rustwide/workdir" "-m" "1610612736" "--user" "0:0" "--network" "none" "ghcr.io/rust-lang/crates-build-env/linux@sha256:4a844ea9eb2546a2d2c7022eacef16ef2e8229c7fbb2c7d4d55a9ceca922f72d" "/opt/rustwide/cargo-home/bin/cargo" "+nightly-2024-10-28" "test" "--frozen" "--no-run" "--message-format=json", kill_on_drop: false }`
[INFO] [stdout] a72cb22515c636cf9ec6d32755dc74f22794e7e37400f1e620d90fe2a2031d1d
[INFO] running `Command { std: "docker" "start" "-a" "a72cb22515c636cf9ec6d32755dc74f22794e7e37400f1e620d90fe2a2031d1d", kill_on_drop: false }`
[INFO] [stderr]    Compiling include-tailwind v0.1.0 (/opt/rustwide/workdir)
[INFO] [stderr]     Finished `test` profile [unoptimized + debuginfo] target(s) in 0.12s
[INFO] running `Command { std: "docker" "inspect" "a72cb22515c636cf9ec6d32755dc74f22794e7e37400f1e620d90fe2a2031d1d", kill_on_drop: false }`
[INFO] running `Command { std: "docker" "rm" "-f" "a72cb22515c636cf9ec6d32755dc74f22794e7e37400f1e620d90fe2a2031d1d", kill_on_drop: false }`
[INFO] [stdout] a72cb22515c636cf9ec6d32755dc74f22794e7e37400f1e620d90fe2a2031d1d
[INFO] running `Command { std: "docker" "create" "-v" "/var/lib/crater-agent-workspace/builds/worker-7-tc1/target:/opt/rustwide/target:rw,Z" "-v" "/var/lib/crater-agent-workspace/builds/worker-7-tc1/source:/opt/rustwide/workdir:ro,Z" "-v" "/var/lib/crater-agent-workspace/cargo-home:/opt/rustwide/cargo-home:ro,Z" "-v" "/var/lib/crater-agent-workspace/rustup-home:/opt/rustwide/rustup-home:ro,Z" "-e" "SOURCE_DIR=/opt/rustwide/workdir" "-e" "CARGO_TARGET_DIR=/opt/rustwide/target" "-e" "CARGO_INCREMENTAL=0" "-e" "RUST_BACKTRACE=full" "-e" "RUSTFLAGS=--cap-lints=forbid" "-e" "RUSTDOCFLAGS=--cap-lints=forbid" "-e" "CARGO_HOME=/opt/rustwide/cargo-home" "-e" "RUSTUP_HOME=/opt/rustwide/rustup-home" "-w" "/opt/rustwide/workdir" "-m" "1610612736" "--user" "0:0" "--network" "none" "ghcr.io/rust-lang/crates-build-env/linux@sha256:4a844ea9eb2546a2d2c7022eacef16ef2e8229c7fbb2c7d4d55a9ceca922f72d" "/opt/rustwide/cargo-home/bin/cargo" "+nightly-2024-10-28" "test" "--frozen", kill_on_drop: false }`
[INFO] [stdout] 0d85d5703ca22d1e15e2e8a395a583e666d9fd51bffa423f909f06538aaf24d3
[INFO] running `Command { std: "docker" "start" "-a" "0d85d5703ca22d1e15e2e8a395a583e666d9fd51bffa423f909f06538aaf24d3", kill_on_drop: false }`
[INFO] [stderr]     Finished `test` profile [unoptimized + debuginfo] target(s) in 0.01s
[INFO] [stderr]      Running unittests src/lib.rs (/opt/rustwide/target/debug/deps/include_tailwind-7c4f2a9d1ae3d3e9)
[INFO] [stdout] 
[INFO] [stdout] running 0 tests
[INFO] [stdout] 
[INFO] [stdout] test result: ok. 0 passed; 0 failed; 0 ignored; 0 measured; 0 filtered out; finished in 0.00s
[INFO] [stdout] 
[INFO] [stderr]    Doc-tests include_tailwind
[INFO] [stdout] 
[INFO] [stdout] running 2 tests
[INFO] [stdout] test src/lib.rs - load_tailwind (line 145) ... FAILED
[INFO] [stdout] test src/lib.rs - include_tailwind (line 28) ... FAILED
[INFO] [stdout] 
[INFO] [stdout] failures:
[INFO] [stdout] 
[INFO] [stdout] ---- src/lib.rs - load_tailwind (line 145) stdout ----
[INFO] [stdout] error: cannot find macro `html` in this scope
[INFO] [stdout]  --> src/lib.rs:148:1
[INFO] [stdout]   |
[INFO] [stdout] 5 | html! {
[INFO] [stdout]   | ^^^^
[INFO] [stdout] 
[INFO] [stdout] error: aborting due to 1 previous error
[INFO] [stdout] 
[INFO] [stdout] Couldn't compile the test.
[INFO] [stdout] ---- src/lib.rs - include_tailwind (line 28) stdout ----
[INFO] [stdout] error: cannot find macro `include_tailwind` in this scope
[INFO] [stdout]  --> src/lib.rs:31:56
[INFO] [stdout]   |
[INFO] [stdout] 6 | async fn style_css() -> include_tailwind::Stylesheet { include_tailwind!() }
[INFO] [stdout]   |                                                        ^^^^^^^^^^^^^^^^
[INFO] [stdout]   |
[INFO] [stdout] note: `include_tailwind` is imported here, but it is a crate, not a macro
[INFO] [stdout]  --> src/lib.rs:29:1
[INFO] [stdout]   |
[INFO] [stdout] 4 | extern crate r#include_tailwind;
[INFO] [stdout]   | ^^^^^^^^^^^^^^^^^^^^^^^^^^^^^^^^
[INFO] [stdout] help: consider importing this macro
[INFO] [stdout]   |
[INFO] [stdout] 3 + use include_tailwind::include_tailwind;
[INFO] [stdout]   |
[INFO] [stdout] 
[INFO] [stdout] error: aborting due to 1 previous error
[INFO] [stdout] 
[INFO] [stdout] Couldn't compile the test.
[INFO] [stdout] 
[INFO] [stdout] failures:
[INFO] [stdout]     src/lib.rs - include_tailwind (line 28)
[INFO] [stdout]     src/lib.rs - load_tailwind (line 145)
[INFO] [stdout] 
[INFO] [stdout] test result: FAILED. 0 passed; 2 failed; 0 ignored; 0 measured; 0 filtered out; finished in 0.05s
[INFO] [stdout] 
[INFO] [stderr] error: doctest failed, to rerun pass `--doc`
[INFO] running `Command { std: "docker" "inspect" "0d85d5703ca22d1e15e2e8a395a583e666d9fd51bffa423f909f06538aaf24d3", kill_on_drop: false }`
[INFO] running `Command { std: "docker" "rm" "-f" "0d85d5703ca22d1e15e2e8a395a583e666d9fd51bffa423f909f06538aaf24d3", kill_on_drop: false }`
[INFO] [stdout] 0d85d5703ca22d1e15e2e8a395a583e666d9fd51bffa423f909f06538aaf24d3
