[INFO] fetching crate include-tailwind-build 0.1.0...
[INFO] testing include-tailwind-build-0.1.0 against nightly-2024-10-28 for randomize-layout
[INFO] extracting crate include-tailwind-build 0.1.0 into /workspace/builds/worker-2-tc1/source
[INFO] validating manifest of crates.io crate include-tailwind-build 0.1.0 on toolchain nightly-2024-10-28
[INFO] running `Command { std: CARGO_HOME="/workspace/cargo-home" RUSTUP_HOME="/workspace/rustup-home" "/workspace/cargo-home/bin/cargo" "+nightly-2024-10-28" "metadata" "--manifest-path" "Cargo.toml" "--no-deps", kill_on_drop: false }`
[INFO] started tweaking crates.io crate include-tailwind-build 0.1.0
[INFO] finished tweaking crates.io crate include-tailwind-build 0.1.0
[INFO] tweaked toml for crates.io crate include-tailwind-build 0.1.0 written to /workspace/builds/worker-2-tc1/source/Cargo.toml
[INFO] running `Command { std: CARGO_HOME="/workspace/cargo-home" RUSTUP_HOME="/workspace/rustup-home" "/workspace/cargo-home/bin/cargo" "+nightly-2024-10-28" "generate-lockfile" "--manifest-path" "Cargo.toml", kill_on_drop: false }`
[INFO] [stderr]     Updating crates.io index
[INFO] [stderr]      Locking 12 packages to latest compatible versions
[INFO] running `Command { std: CARGO_HOME="/workspace/cargo-home" RUSTUP_HOME="/workspace/rustup-home" "/workspace/cargo-home/bin/cargo" "+nightly-2024-10-28" "fetch" "--manifest-path" "Cargo.toml", kill_on_drop: false }`
[INFO] running `Command { std: "docker" "create" "-v" "/var/lib/crater-agent-workspace/builds/worker-2-tc1/target:/opt/rustwide/target:rw,Z" "-v" "/var/lib/crater-agent-workspace/builds/worker-2-tc1/source:/opt/rustwide/workdir:ro,Z" "-v" "/var/lib/crater-agent-workspace/cargo-home:/opt/rustwide/cargo-home:ro,Z" "-v" "/var/lib/crater-agent-workspace/rustup-home:/opt/rustwide/rustup-home:ro,Z" "-e" "SOURCE_DIR=/opt/rustwide/workdir" "-e" "CARGO_TARGET_DIR=/opt/rustwide/target" "-e" "CARGO_HOME=/opt/rustwide/cargo-home" "-e" "RUSTUP_HOME=/opt/rustwide/rustup-home" "-w" "/opt/rustwide/workdir" "-m" "1610612736" "--user" "0:0" "--network" "none" "ghcr.io/rust-lang/crates-build-env/linux@sha256:4a844ea9eb2546a2d2c7022eacef16ef2e8229c7fbb2c7d4d55a9ceca922f72d" "/opt/rustwide/cargo-home/bin/cargo" "+nightly-2024-10-28" "metadata" "--no-deps" "--format-version=1", kill_on_drop: false }`
[INFO] [stdout] 22690153f4c94b7a352a6b99aeda9cc175790bfae081f839a4b4355144a76989
[INFO] running `Command { std: "docker" "start" "-a" "22690153f4c94b7a352a6b99aeda9cc175790bfae081f839a4b4355144a76989", kill_on_drop: false }`
[INFO] running `Command { std: "docker" "inspect" "22690153f4c94b7a352a6b99aeda9cc175790bfae081f839a4b4355144a76989", kill_on_drop: false }`
[INFO] running `Command { std: "docker" "rm" "-f" "22690153f4c94b7a352a6b99aeda9cc175790bfae081f839a4b4355144a76989", kill_on_drop: false }`
[INFO] [stdout] 22690153f4c94b7a352a6b99aeda9cc175790bfae081f839a4b4355144a76989
[INFO] running `Command { std: "docker" "create" "-v" "/var/lib/crater-agent-workspace/builds/worker-2-tc1/target:/opt/rustwide/target:rw,Z" "-v" "/var/lib/crater-agent-workspace/builds/worker-2-tc1/source:/opt/rustwide/workdir:ro,Z" "-v" "/var/lib/crater-agent-workspace/cargo-home:/opt/rustwide/cargo-home:ro,Z" "-v" "/var/lib/crater-agent-workspace/rustup-home:/opt/rustwide/rustup-home:ro,Z" "-e" "SOURCE_DIR=/opt/rustwide/workdir" "-e" "CARGO_TARGET_DIR=/opt/rustwide/target" "-e" "CARGO_INCREMENTAL=0" "-e" "RUST_BACKTRACE=full" "-e" "RUSTFLAGS=--cap-lints=forbid" "-e" "RUSTDOCFLAGS=--cap-lints=forbid" "-e" "CARGO_HOME=/opt/rustwide/cargo-home" "-e" "RUSTUP_HOME=/opt/rustwide/rustup-home" "-w" "/opt/rustwide/workdir" "-m" "1610612736" "--user" "0:0" "--network" "none" "ghcr.io/rust-lang/crates-build-env/linux@sha256:4a844ea9eb2546a2d2c7022eacef16ef2e8229c7fbb2c7d4d55a9ceca922f72d" "/opt/rustwide/cargo-home/bin/cargo" "+nightly-2024-10-28" "build" "--frozen" "--message-format=json", kill_on_drop: false }`
[INFO] [stdout] c8c6e978c5f597c7835439a9adea0c8db539ca1581c89fcc6c77471cf907e10c
[INFO] running `Command { std: "docker" "start" "-a" "c8c6e978c5f597c7835439a9adea0c8db539ca1581c89fcc6c77471cf907e10c", kill_on_drop: false }`
[INFO] [stderr]    Compiling serde v1.0.214
[INFO] [stderr]    Compiling serde_json v1.0.132
[INFO] [stderr]    Compiling include-tailwind-build v0.1.0 (/opt/rustwide/workdir)
[INFO] [stderr]     Finished `dev` profile [unoptimized + debuginfo] target(s) in 3.29s
[INFO] running `Command { std: "docker" "inspect" "c8c6e978c5f597c7835439a9adea0c8db539ca1581c89fcc6c77471cf907e10c", kill_on_drop: false }`
[INFO] running `Command { std: "docker" "rm" "-f" "c8c6e978c5f597c7835439a9adea0c8db539ca1581c89fcc6c77471cf907e10c", kill_on_drop: false }`
[INFO] [stdout] c8c6e978c5f597c7835439a9adea0c8db539ca1581c89fcc6c77471cf907e10c
[INFO] running `Command { std: "docker" "create" "-v" "/var/lib/crater-agent-workspace/builds/worker-2-tc1/target:/opt/rustwide/target:rw,Z" "-v" "/var/lib/crater-agent-workspace/builds/worker-2-tc1/source:/opt/rustwide/workdir:ro,Z" "-v" "/var/lib/crater-agent-workspace/cargo-home:/opt/rustwide/cargo-home:ro,Z" "-v" "/var/lib/crater-agent-workspace/rustup-home:/opt/rustwide/rustup-home:ro,Z" "-e" "SOURCE_DIR=/opt/rustwide/workdir" "-e" "CARGO_TARGET_DIR=/opt/rustwide/target" "-e" "CARGO_INCREMENTAL=0" "-e" "RUST_BACKTRACE=full" "-e" "RUSTFLAGS=--cap-lints=forbid" "-e" "RUSTDOCFLAGS=--cap-lints=forbid" "-e" "CARGO_HOME=/opt/rustwide/cargo-home" "-e" "RUSTUP_HOME=/opt/rustwide/rustup-home" "-w" "/opt/rustwide/workdir" "-m" "1610612736" "--user" "0:0" "--network" "none" "ghcr.io/rust-lang/crates-build-env/linux@sha256:4a844ea9eb2546a2d2c7022eacef16ef2e8229c7fbb2c7d4d55a9ceca922f72d" "/opt/rustwide/cargo-home/bin/cargo" "+nightly-2024-10-28" "test" "--frozen" "--no-run" "--message-format=json", kill_on_drop: false }`
[INFO] [stdout] 0e0c0d3183b5357699db39f64933d077d5462917df3f37bd282db44f85b862b3
[INFO] running `Command { std: "docker" "start" "-a" "0e0c0d3183b5357699db39f64933d077d5462917df3f37bd282db44f85b862b3", kill_on_drop: false }`
[INFO] [stderr]    Compiling include-tailwind-build v0.1.0 (/opt/rustwide/workdir)
[INFO] [stderr]     Finished `test` profile [unoptimized + debuginfo] target(s) in 0.16s
[INFO] running `Command { std: "docker" "inspect" "0e0c0d3183b5357699db39f64933d077d5462917df3f37bd282db44f85b862b3", kill_on_drop: false }`
[INFO] running `Command { std: "docker" "rm" "-f" "0e0c0d3183b5357699db39f64933d077d5462917df3f37bd282db44f85b862b3", kill_on_drop: false }`
[INFO] [stdout] 0e0c0d3183b5357699db39f64933d077d5462917df3f37bd282db44f85b862b3
[INFO] running `Command { std: "docker" "create" "-v" "/var/lib/crater-agent-workspace/builds/worker-2-tc1/target:/opt/rustwide/target:rw,Z" "-v" "/var/lib/crater-agent-workspace/builds/worker-2-tc1/source:/opt/rustwide/workdir:ro,Z" "-v" "/var/lib/crater-agent-workspace/cargo-home:/opt/rustwide/cargo-home:ro,Z" "-v" "/var/lib/crater-agent-workspace/rustup-home:/opt/rustwide/rustup-home:ro,Z" "-e" "SOURCE_DIR=/opt/rustwide/workdir" "-e" "CARGO_TARGET_DIR=/opt/rustwide/target" "-e" "CARGO_INCREMENTAL=0" "-e" "RUST_BACKTRACE=full" "-e" "RUSTFLAGS=--cap-lints=forbid" "-e" "RUSTDOCFLAGS=--cap-lints=forbid" "-e" "CARGO_HOME=/opt/rustwide/cargo-home" "-e" "RUSTUP_HOME=/opt/rustwide/rustup-home" "-w" "/opt/rustwide/workdir" "-m" "1610612736" "--user" "0:0" "--network" "none" "ghcr.io/rust-lang/crates-build-env/linux@sha256:4a844ea9eb2546a2d2c7022eacef16ef2e8229c7fbb2c7d4d55a9ceca922f72d" "/opt/rustwide/cargo-home/bin/cargo" "+nightly-2024-10-28" "test" "--frozen", kill_on_drop: false }`
[INFO] [stdout] 52fb6f7b181334cd142e848210cb11abe3b392d614695297b7c5445101bd7cd5
[INFO] running `Command { std: "docker" "start" "-a" "52fb6f7b181334cd142e848210cb11abe3b392d614695297b7c5445101bd7cd5", kill_on_drop: false }`
[INFO] [stderr]     Finished `test` profile [unoptimized + debuginfo] target(s) in 0.01s
[INFO] [stderr]      Running unittests src/lib.rs (/opt/rustwide/target/debug/deps/include_tailwind_build-059fadd01a3527a4)
[INFO] [stdout] 
[INFO] [stdout] running 0 tests
[INFO] [stdout] 
[INFO] [stdout] test result: ok. 0 passed; 0 failed; 0 ignored; 0 measured; 0 filtered out; finished in 0.00s
[INFO] [stdout] 
[INFO] [stderr]    Doc-tests include_tailwind_build
[INFO] [stdout] 
[INFO] [stdout] running 2 tests
[INFO] [stdout] test src/lib.rs - BuildConfig (line 8) ... FAILED
[INFO] [stdout] test src/lib.rs - BuildConfig::with_tw_config (line 59) ... FAILED
[INFO] [stdout] 
[INFO] [stdout] failures:
[INFO] [stdout] 
[INFO] [stdout] ---- src/lib.rs - BuildConfig (line 8) stdout ----
[INFO] [stdout] error[E0433]: failed to resolve: use of undeclared type `BuildConfig`
[INFO] [stdout]  --> src/lib.rs:10:1
[INFO] [stdout]   |
[INFO] [stdout] 4 | BuildConfig::new().with_cdn_src("https://my.cdn.com").build()?;
[INFO] [stdout]   | ^^^^^^^^^^^ use of undeclared type `BuildConfig`
[INFO] [stdout]   |
[INFO] [stdout] help: consider importing this struct
[INFO] [stdout]   |
[INFO] [stdout] 3 + use include_tailwind_build::BuildConfig;
[INFO] [stdout]   |
[INFO] [stdout] 
[INFO] [stdout] error: aborting due to 1 previous error
[INFO] [stdout] 
[INFO] [stdout] For more information about this error, try `rustc --explain E0433`.
[INFO] [stdout] Couldn't compile the test.
[INFO] [stdout] ---- src/lib.rs - BuildConfig::with_tw_config (line 59) stdout ----
[INFO] [stdout] error: cannot find macro `json` in this scope
[INFO] [stdout]  --> src/lib.rs:61:1
[INFO] [stdout]   |
[INFO] [stdout] 4 | json!({
[INFO] [stdout]   | ^^^^
[INFO] [stdout]   |
[INFO] [stdout] help: consider importing one of these macros
[INFO] [stdout]   |
[INFO] [stdout] 3 + use include_tailwind_build::json;
[INFO] [stdout]   |
[INFO] [stdout] 3 + use serde_json::json;
[INFO] [stdout]   |
[INFO] [stdout] 
[INFO] [stdout] error: aborting due to 1 previous error
[INFO] [stdout] 
[INFO] [stdout] Couldn't compile the test.
[INFO] [stdout] 
[INFO] [stdout] failures:
[INFO] [stdout]     src/lib.rs - BuildConfig (line 8)
[INFO] [stdout]     src/lib.rs - BuildConfig::with_tw_config (line 59)
[INFO] [stdout] 
[INFO] [stdout] test result: FAILED. 0 passed; 2 failed; 0 ignored; 0 measured; 0 filtered out; finished in 0.04s
[INFO] [stdout] 
[INFO] [stderr] error: doctest failed, to rerun pass `--doc`
[INFO] running `Command { std: "docker" "inspect" "52fb6f7b181334cd142e848210cb11abe3b392d614695297b7c5445101bd7cd5", kill_on_drop: false }`
[INFO] running `Command { std: "docker" "rm" "-f" "52fb6f7b181334cd142e848210cb11abe3b392d614695297b7c5445101bd7cd5", kill_on_drop: false }`
[INFO] [stdout] 52fb6f7b181334cd142e848210cb11abe3b392d614695297b7c5445101bd7cd5
