[INFO] fetching crate imgurs-client 0.2.0...
[INFO] testing imgurs-client-0.2.0 against nightly-2024-10-28+rustflags=-Zrandomize-layout for randomize-layout
[INFO] extracting crate imgurs-client 0.2.0 into /workspace/builds/worker-2-tc2/source
[INFO] validating manifest of crates.io crate imgurs-client 0.2.0 on toolchain nightly-2024-10-28
[INFO] running `Command { std: CARGO_HOME="/workspace/cargo-home" RUSTUP_HOME="/workspace/rustup-home" "/workspace/cargo-home/bin/cargo" "+nightly-2024-10-28" "metadata" "--manifest-path" "Cargo.toml" "--no-deps", kill_on_drop: false }`
[INFO] started tweaking crates.io crate imgurs-client 0.2.0
[INFO] finished tweaking crates.io crate imgurs-client 0.2.0
[INFO] tweaked toml for crates.io crate imgurs-client 0.2.0 written to /workspace/builds/worker-2-tc2/source/Cargo.toml
[INFO] running `Command { std: CARGO_HOME="/workspace/cargo-home" RUSTUP_HOME="/workspace/rustup-home" "/workspace/cargo-home/bin/cargo" "+nightly-2024-10-28" "generate-lockfile" "--manifest-path" "Cargo.toml", kill_on_drop: false }`
[INFO] [stderr]     Updating crates.io index
[INFO] [stderr]      Locking 144 packages to latest compatible versions
[INFO] [stderr]       Adding reqwest v0.11.27 (available: v0.12.9)
[INFO] running `Command { std: CARGO_HOME="/workspace/cargo-home" RUSTUP_HOME="/workspace/rustup-home" "/workspace/cargo-home/bin/cargo" "+nightly-2024-10-28" "fetch" "--manifest-path" "Cargo.toml", kill_on_drop: false }`
[INFO] running `Command { std: "docker" "create" "-v" "/var/lib/crater-agent-workspace/builds/worker-2-tc2/target:/opt/rustwide/target:rw,Z" "-v" "/var/lib/crater-agent-workspace/builds/worker-2-tc2/source:/opt/rustwide/workdir:ro,Z" "-v" "/var/lib/crater-agent-workspace/cargo-home:/opt/rustwide/cargo-home:ro,Z" "-v" "/var/lib/crater-agent-workspace/rustup-home:/opt/rustwide/rustup-home:ro,Z" "-e" "SOURCE_DIR=/opt/rustwide/workdir" "-e" "CARGO_TARGET_DIR=/opt/rustwide/target" "-e" "CARGO_HOME=/opt/rustwide/cargo-home" "-e" "RUSTUP_HOME=/opt/rustwide/rustup-home" "-w" "/opt/rustwide/workdir" "-m" "1610612736" "--user" "0:0" "--network" "none" "ghcr.io/rust-lang/crates-build-env/linux@sha256:4a844ea9eb2546a2d2c7022eacef16ef2e8229c7fbb2c7d4d55a9ceca922f72d" "/opt/rustwide/cargo-home/bin/cargo" "+nightly-2024-10-28" "metadata" "--no-deps" "--format-version=1", kill_on_drop: false }`
[INFO] [stdout] 3e6cfa7ee933eb60f9c7f75146b00459a0e88631378e1617c0a8dec175e94870
[INFO] running `Command { std: "docker" "start" "-a" "3e6cfa7ee933eb60f9c7f75146b00459a0e88631378e1617c0a8dec175e94870", kill_on_drop: false }`
[INFO] running `Command { std: "docker" "inspect" "3e6cfa7ee933eb60f9c7f75146b00459a0e88631378e1617c0a8dec175e94870", kill_on_drop: false }`
[INFO] running `Command { std: "docker" "rm" "-f" "3e6cfa7ee933eb60f9c7f75146b00459a0e88631378e1617c0a8dec175e94870", kill_on_drop: false }`
[INFO] [stdout] 3e6cfa7ee933eb60f9c7f75146b00459a0e88631378e1617c0a8dec175e94870
[INFO] running `Command { std: "docker" "create" "-v" "/var/lib/crater-agent-workspace/builds/worker-2-tc2/target:/opt/rustwide/target:rw,Z" "-v" "/var/lib/crater-agent-workspace/builds/worker-2-tc2/source:/opt/rustwide/workdir:ro,Z" "-v" "/var/lib/crater-agent-workspace/cargo-home:/opt/rustwide/cargo-home:ro,Z" "-v" "/var/lib/crater-agent-workspace/rustup-home:/opt/rustwide/rustup-home:ro,Z" "-e" "SOURCE_DIR=/opt/rustwide/workdir" "-e" "CARGO_TARGET_DIR=/opt/rustwide/target" "-e" "CARGO_INCREMENTAL=0" "-e" "RUST_BACKTRACE=full" "-e" "RUSTFLAGS=--cap-lints=forbid -Zrandomize-layout" "-e" "RUSTDOCFLAGS=--cap-lints=forbid" "-e" "CARGO_HOME=/opt/rustwide/cargo-home" "-e" "RUSTUP_HOME=/opt/rustwide/rustup-home" "-w" "/opt/rustwide/workdir" "-m" "1610612736" "--user" "0:0" "--network" "none" "ghcr.io/rust-lang/crates-build-env/linux@sha256:4a844ea9eb2546a2d2c7022eacef16ef2e8229c7fbb2c7d4d55a9ceca922f72d" "/opt/rustwide/cargo-home/bin/cargo" "+nightly-2024-10-28" "build" "--frozen" "--message-format=json", kill_on_drop: false }`
[INFO] [stdout] 55eb5c58431ce527565d44d5c51eb798fd5cfab8439184d80cacd3995a73ae1e
[INFO] running `Command { std: "docker" "start" "-a" "55eb5c58431ce527565d44d5c51eb798fd5cfab8439184d80cacd3995a73ae1e", kill_on_drop: false }`
[INFO] [stderr]    Compiling proc-macro2 v1.0.89
[INFO] [stderr]    Compiling unicode-ident v1.0.13
[INFO] [stderr]    Compiling libc v0.2.161
[INFO] [stderr]    Compiling shlex v1.3.0
[INFO] [stderr]    Compiling pin-project-lite v0.2.15
[INFO] [stderr]    Compiling itoa v1.0.11
[INFO] [stderr]    Compiling bytes v1.8.0
[INFO] [stderr]    Compiling serde v1.0.214
[INFO] [stderr]    Compiling untrusted v0.9.0
[INFO] [stderr]    Compiling futures-core v0.3.31
[INFO] [stderr]    Compiling autocfg v1.4.0
[INFO] [stderr]    Compiling spin v0.9.8
[INFO] [stderr]    Compiling fnv v1.0.7
[INFO] [stderr]    Compiling rustix v0.38.38
[INFO] [stderr]    Compiling once_cell v1.20.2
[INFO] [stderr]    Compiling tinyvec_macros v0.1.1
[INFO] [stderr]    Compiling rustls v0.21.12
[INFO] [stderr]    Compiling tinyvec v1.8.0
[INFO] [stderr]    Compiling futures-task v0.3.31
[INFO] [stderr]    Compiling futures-sink v0.3.31
[INFO] [stderr]    Compiling pin-utils v0.1.0
[INFO] [stderr]    Compiling httparse v1.9.5
[INFO] [stderr]    Compiling cc v1.1.31
[INFO] [stderr]    Compiling bitflags v2.6.0
[INFO] [stderr]    Compiling equivalent v1.0.1
[INFO] [stderr]    Compiling tracing-core v0.1.32
[INFO] [stderr]    Compiling hashbrown v0.15.0
[INFO] [stderr]    Compiling percent-encoding v2.3.1
[INFO] [stderr]    Compiling linux-raw-sys v0.4.14
[INFO] [stderr]    Compiling utf8parse v0.2.2
[INFO] [stderr]    Compiling futures-util v0.3.31
[INFO] [stderr]    Compiling serde_json v1.0.132
[INFO] [stderr]    Compiling form_urlencoded v1.2.1
[INFO] [stderr]    Compiling anstyle-parse v0.2.6
[INFO] [stderr]    Compiling log v0.4.22
[INFO] [stderr]    Compiling is_terminal_polyfill v1.70.1
[INFO] [stderr]    Compiling http v0.2.12
[INFO] [stderr]    Compiling colorchoice v1.0.3
[INFO] [stderr]    Compiling anstyle-query v1.1.2
[INFO] [stderr]    Compiling try-lock v0.2.5
[INFO] [stderr]    Compiling unicode-bidi v0.3.17
[INFO] [stderr]    Compiling slab v0.4.9
[INFO] [stderr]    Compiling ryu v1.0.18
[INFO] [stderr]    Compiling anstyle v1.0.9
[INFO] [stderr]    Compiling want v0.3.1
[INFO] [stderr]    Compiling futures-channel v0.3.31
[INFO] [stderr]    Compiling anstream v0.6.17
[INFO] [stderr]    Compiling memchr v2.7.4
[INFO] [stderr]    Compiling indexmap v2.6.0
[INFO] [stderr]    Compiling quote v1.0.37
[INFO] [stderr]    Compiling num-conv v0.1.0
[INFO] [stderr]    Compiling time-core v0.1.2
[INFO] [stderr]    Compiling powerfmt v0.2.0
[INFO] [stderr]    Compiling clap_lex v0.7.2
[INFO] [stderr]    Compiling unicode-normalization v0.1.24
[INFO] [stderr]    Compiling strsim v0.11.1
[INFO] [stderr]    Compiling httpdate v1.0.3
[INFO] [stderr]    Compiling syn v2.0.86
[INFO] [stderr]    Compiling tower-service v0.3.3
[INFO] [stderr]    Compiling heck v0.5.0
[INFO] [stderr]    Compiling time-macros v0.2.18
[INFO] [stderr]    Compiling base64 v0.21.7
[INFO] [stderr]    Compiling encoding_rs v0.8.35
[INFO] [stderr]    Compiling ipnet v2.10.1
[INFO] [stderr]    Compiling webpki-roots v0.25.4
[INFO] [stderr]    Compiling http-body v0.4.6
[INFO] [stderr]    Compiling mime v0.3.17
[INFO] [stderr]    Compiling terminal_size v0.4.0
[INFO] [stderr]    Compiling idna v0.5.0
[INFO] [stderr]    Compiling clap_builder v4.5.20
[INFO] [stderr]    Compiling rustls-pemfile v1.0.4
[INFO] [stderr]    Compiling sync_wrapper v0.1.2
[INFO] [stderr]    Compiling ring v0.17.8
[INFO] [stderr]    Compiling getrandom v0.2.15
[INFO] [stderr]    Compiling socket2 v0.5.7
[INFO] [stderr]    Compiling mio v1.0.2
[INFO] [stderr]    Compiling serde_derive v1.0.214
[INFO] [stderr]    Compiling tokio-macros v2.4.0
[INFO] [stderr]    Compiling tracing-attributes v0.1.27
[INFO] [stderr]    Compiling clap_derive v4.5.18
[INFO] [stderr]    Compiling async-trait v0.1.83
[INFO] [stderr]    Compiling sct v0.7.1
[INFO] [stderr]    Compiling rustls-webpki v0.101.7
[INFO] [stderr]    Compiling tokio v1.41.0
[INFO] [stderr]    Compiling tracing v0.1.40
[INFO] [stderr]    Compiling clap v4.5.20
[INFO] [stderr]    Compiling tokio-util v0.7.12
[INFO] [stderr]    Compiling tokio-rustls v0.24.1
[INFO] [stderr]    Compiling h2 v0.3.26
[INFO] [stderr]    Compiling deranged v0.3.11
[INFO] [stderr]    Compiling url v2.5.2
[INFO] [stderr]    Compiling serde_urlencoded v0.7.1
[INFO] [stderr]    Compiling time v0.3.36
[INFO] [stderr]    Compiling imgurs-model v0.2.0
[INFO] [stderr]    Compiling hyper v0.14.31
[INFO] [stderr]    Compiling hyper-rustls v0.24.2
[INFO] [stderr]    Compiling reqwest v0.11.27
[INFO] [stderr]    Compiling imgurs-client v0.2.0 (/opt/rustwide/workdir)
[INFO] [stderr]     Finished `dev` profile [unoptimized + debuginfo] target(s) in 17.33s
[INFO] running `Command { std: "docker" "inspect" "55eb5c58431ce527565d44d5c51eb798fd5cfab8439184d80cacd3995a73ae1e", kill_on_drop: false }`
[INFO] running `Command { std: "docker" "rm" "-f" "55eb5c58431ce527565d44d5c51eb798fd5cfab8439184d80cacd3995a73ae1e", kill_on_drop: false }`
[INFO] [stdout] 55eb5c58431ce527565d44d5c51eb798fd5cfab8439184d80cacd3995a73ae1e
[INFO] running `Command { std: "docker" "create" "-v" "/var/lib/crater-agent-workspace/builds/worker-2-tc2/target:/opt/rustwide/target:rw,Z" "-v" "/var/lib/crater-agent-workspace/builds/worker-2-tc2/source:/opt/rustwide/workdir:ro,Z" "-v" "/var/lib/crater-agent-workspace/cargo-home:/opt/rustwide/cargo-home:ro,Z" "-v" "/var/lib/crater-agent-workspace/rustup-home:/opt/rustwide/rustup-home:ro,Z" "-e" "SOURCE_DIR=/opt/rustwide/workdir" "-e" "CARGO_TARGET_DIR=/opt/rustwide/target" "-e" "CARGO_INCREMENTAL=0" "-e" "RUST_BACKTRACE=full" "-e" "RUSTFLAGS=--cap-lints=forbid -Zrandomize-layout" "-e" "RUSTDOCFLAGS=--cap-lints=forbid" "-e" "CARGO_HOME=/opt/rustwide/cargo-home" "-e" "RUSTUP_HOME=/opt/rustwide/rustup-home" "-w" "/opt/rustwide/workdir" "-m" "1610612736" "--user" "0:0" "--network" "none" "ghcr.io/rust-lang/crates-build-env/linux@sha256:4a844ea9eb2546a2d2c7022eacef16ef2e8229c7fbb2c7d4d55a9ceca922f72d" "/opt/rustwide/cargo-home/bin/cargo" "+nightly-2024-10-28" "test" "--frozen" "--no-run" "--message-format=json", kill_on_drop: false }`
[INFO] [stdout] 45de5d7a77a7625f8b9d2c34b72a0379218325a1dfc358593adf49637333cc1a
[INFO] running `Command { std: "docker" "start" "-a" "45de5d7a77a7625f8b9d2c34b72a0379218325a1dfc358593adf49637333cc1a", kill_on_drop: false }`
[INFO] [stderr]    Compiling imgurs-client v0.2.0 (/opt/rustwide/workdir)
[INFO] [stderr]     Finished `test` profile [unoptimized + debuginfo] target(s) in 2.63s
[INFO] running `Command { std: "docker" "inspect" "45de5d7a77a7625f8b9d2c34b72a0379218325a1dfc358593adf49637333cc1a", kill_on_drop: false }`
[INFO] running `Command { std: "docker" "rm" "-f" "45de5d7a77a7625f8b9d2c34b72a0379218325a1dfc358593adf49637333cc1a", kill_on_drop: false }`
[INFO] [stdout] 45de5d7a77a7625f8b9d2c34b72a0379218325a1dfc358593adf49637333cc1a
[INFO] running `Command { std: "docker" "create" "-v" "/var/lib/crater-agent-workspace/builds/worker-2-tc2/target:/opt/rustwide/target:rw,Z" "-v" "/var/lib/crater-agent-workspace/builds/worker-2-tc2/source:/opt/rustwide/workdir:ro,Z" "-v" "/var/lib/crater-agent-workspace/cargo-home:/opt/rustwide/cargo-home:ro,Z" "-v" "/var/lib/crater-agent-workspace/rustup-home:/opt/rustwide/rustup-home:ro,Z" "-e" "SOURCE_DIR=/opt/rustwide/workdir" "-e" "CARGO_TARGET_DIR=/opt/rustwide/target" "-e" "CARGO_INCREMENTAL=0" "-e" "RUST_BACKTRACE=full" "-e" "RUSTFLAGS=--cap-lints=forbid -Zrandomize-layout" "-e" "RUSTDOCFLAGS=--cap-lints=forbid" "-e" "CARGO_HOME=/opt/rustwide/cargo-home" "-e" "RUSTUP_HOME=/opt/rustwide/rustup-home" "-w" "/opt/rustwide/workdir" "-m" "1610612736" "--user" "0:0" "--network" "none" "ghcr.io/rust-lang/crates-build-env/linux@sha256:4a844ea9eb2546a2d2c7022eacef16ef2e8229c7fbb2c7d4d55a9ceca922f72d" "/opt/rustwide/cargo-home/bin/cargo" "+nightly-2024-10-28" "test" "--frozen", kill_on_drop: false }`
[INFO] [stdout] 084f2257dd7ed0b111aeb3d84855012d6ffcfb34e0a3cab758a39e3d990d76b6
[INFO] running `Command { std: "docker" "start" "-a" "084f2257dd7ed0b111aeb3d84855012d6ffcfb34e0a3cab758a39e3d990d76b6", kill_on_drop: false }`
[INFO] [stderr]     Finished `test` profile [unoptimized + debuginfo] target(s) in 0.08s
[INFO] [stderr]      Running unittests src/lib.rs (/opt/rustwide/target/debug/deps/imgurs_client-36b6f83dd80253c9)
[INFO] [stdout] 
[INFO] [stdout] running 25 tests
[INFO] [stdout] test client::tests::test_deserialize_account_settings_remote ... ignored
[INFO] [stdout] test client::tests::test_deserialize_conversation_remote ... ignored
[INFO] [stdout] test client::tests::test_deserialize_custom_gallery_remote ... ignored
[INFO] [stdout] test client::tests::test_deserialize_gallery_image_remote ... ignored
[INFO] [stdout] test client::tests::test_deserialize_gallery_profile_remote ... ignored
[INFO] [stdout] test client::tests::test_deserialize_comment_remote ... FAILED
[INFO] [stdout] test client::tests::test_deserialize_account_remote ... FAILED
[INFO] [stdout] test client::tests::test_deserialize_album_remote ... FAILED
[INFO] [stdout] test endpoints::account::tests::test_get_account_gallery_favorites ... ignored
[INFO] [stdout] test endpoints::account::tests::test_get_account_block_status ... FAILED
[INFO] [stdout] test endpoints::account::tests::test_blocks ... FAILED
[INFO] [stdout] test endpoints::account::tests::test_get_account_favorites ... FAILED
[INFO] [stdout] test endpoints::account::tests::test_get_account_images ... FAILED
[INFO] [stdout] test endpoints::authorization::tests::test_consume_authorization_code ... ignored
[INFO] [stdout] test endpoints::authorization::tests::test_consume_pin_code ... ignored
[INFO] [stdout] test endpoints::account::tests::test_get_account_by_username ... FAILED
[INFO] [stdout] test endpoints::account::tests::test_get_account_submissions ... FAILED
[INFO] [stdout] test endpoints::authorization::tests::test_get_authentication_url_with_authorization_code ... FAILED
[INFO] [stdout] test endpoints::authorization::tests::test_get_authentication_url_with_pin_code ... FAILED
[INFO] [stdout] test endpoints::authorization::tests::test_get_authentication_url_with_state ... FAILED
[INFO] [stdout] test endpoints::authorization::tests::test_get_authentication_url_with_token ... FAILED
[INFO] [stdout] test endpoints::gallery::tests::test_deserialize_gallery_image_remote ... ignored
[INFO] [stdout] test endpoints::authorization::tests::test_refresh_token ... FAILED
[INFO] [stdout] test endpoints::gallery::tests::test_deserialize_gallery_album_remote ... FAILED
[INFO] [stdout] test client::tests::test_error_parsing_remote ... FAILED
[INFO] [stdout] 
[INFO] [stdout] failures:
[INFO] [stdout] 
[INFO] [stdout] ---- client::tests::test_deserialize_comment_remote stdout ----
[INFO] [stdout] Error: NotPresent
[INFO] [stdout] 
[INFO] [stdout] ---- client::tests::test_deserialize_account_remote stdout ----
[INFO] [stdout] Error: NotPresent
[INFO] [stdout] 
[INFO] [stdout] ---- client::tests::test_deserialize_album_remote stdout ----
[INFO] [stdout] Error: NotPresent
[INFO] [stdout] 
[INFO] [stdout] ---- endpoints::account::tests::test_get_account_block_status stdout ----
[INFO] [stdout] Error: NotPresent
[INFO] [stdout] 
[INFO] [stdout] ---- endpoints::account::tests::test_blocks stdout ----
[INFO] [stdout] Error: NotPresent
[INFO] [stdout] 
[INFO] [stdout] ---- endpoints::account::tests::test_get_account_favorites stdout ----
[INFO] [stdout] Error: NotPresent
[INFO] [stdout] 
[INFO] [stdout] ---- endpoints::account::tests::test_get_account_images stdout ----
[INFO] [stdout] Error: NotPresent
[INFO] [stdout] 
[INFO] [stdout] ---- endpoints::account::tests::test_get_account_by_username stdout ----
[INFO] [stdout] Error: NotPresent
[INFO] [stdout] 
[INFO] [stdout] ---- endpoints::account::tests::test_get_account_submissions stdout ----
[INFO] [stdout] Error: NotPresent
[INFO] [stdout] 
[INFO] [stdout] ---- endpoints::authorization::tests::test_get_authentication_url_with_authorization_code stdout ----
[INFO] [stdout] Error: NotPresent
[INFO] [stdout] 
[INFO] [stdout] ---- endpoints::authorization::tests::test_get_authentication_url_with_pin_code stdout ----
[INFO] [stdout] Error: NotPresent
[INFO] [stdout] 
[INFO] [stdout] ---- endpoints::authorization::tests::test_get_authentication_url_with_state stdout ----
[INFO] [stdout] Error: NotPresent
[INFO] [stdout] 
[INFO] [stdout] ---- endpoints::authorization::tests::test_get_authentication_url_with_token stdout ----
[INFO] [stdout] Error: NotPresent
[INFO] [stdout] 
[INFO] [stdout] ---- endpoints::authorization::tests::test_refresh_token stdout ----
[INFO] [stdout] Error: NotPresent
[INFO] [stdout] 
[INFO] [stdout] ---- endpoints::gallery::tests::test_deserialize_gallery_album_remote stdout ----
[INFO] [stdout] Error: NotPresent
[INFO] [stdout] 
[INFO] [stdout] ---- client::tests::test_error_parsing_remote stdout ----
[INFO] [stdout] Error: reqwest::Error { kind: Request, url: Url { scheme: "https", cannot_be_a_base: false, username: "", password: None, host: Some(Domain("api.imgur.com")), port: None, path: "/3/account/me/settings", query: None, fragment: None }, source: hyper::Error(Connect, ConnectError("dns error", Custom { kind: Uncategorized, error: "failed to lookup address information: Temporary failure in name resolution" })) }
[INFO] [stdout] 
[INFO] [stdout] 
[INFO] [stdout] failures:
[INFO] [stdout]     client::tests::test_deserialize_account_remote
[INFO] [stdout]     client::tests::test_deserialize_album_remote
[INFO] [stdout]     client::tests::test_deserialize_comment_remote
[INFO] [stdout]     client::tests::test_error_parsing_remote
[INFO] [stdout]     endpoints::account::tests::test_blocks
[INFO] [stdout]     endpoints::account::tests::test_get_account_block_status
[INFO] [stdout]     endpoints::account::tests::test_get_account_by_username
[INFO] [stdout]     endpoints::account::tests::test_get_account_favorites
[INFO] [stdout]     endpoints::account::tests::test_get_account_images
[INFO] [stdout]     endpoints::account::tests::test_get_account_submissions
[INFO] [stdout]     endpoints::authorization::tests::test_get_authentication_url_with_authorization_code
[INFO] [stdout]     endpoints::authorization::tests::test_get_authentication_url_with_pin_code
[INFO] [stdout]     endpoints::authorization::tests::test_get_authentication_url_with_state
[INFO] [stdout]     endpoints::authorization::tests::test_get_authentication_url_with_token
[INFO] [stdout]     endpoints::authorization::tests::test_refresh_token
[INFO] [stdout]     endpoints::gallery::tests::test_deserialize_gallery_album_remote
[INFO] [stdout] 
[INFO] [stdout] test result: FAILED. 0 passed; 16 failed; 9 ignored; 0 measured; 0 filtered out; finished in 0.00s
[INFO] [stdout] 
[INFO] [stderr] error: test failed, to rerun pass `--lib`
[INFO] running `Command { std: "docker" "inspect" "084f2257dd7ed0b111aeb3d84855012d6ffcfb34e0a3cab758a39e3d990d76b6", kill_on_drop: false }`
[INFO] running `Command { std: "docker" "rm" "-f" "084f2257dd7ed0b111aeb3d84855012d6ffcfb34e0a3cab758a39e3d990d76b6", kill_on_drop: false }`
[INFO] [stdout] 084f2257dd7ed0b111aeb3d84855012d6ffcfb34e0a3cab758a39e3d990d76b6
