[INFO] fetching crate imgui-rs-vulkan-renderer 1.16.0...
[INFO] testing imgui-rs-vulkan-renderer-1.16.0 against nightly-2024-10-28+rustflags=-Zrandomize-layout for randomize-layout
[INFO] extracting crate imgui-rs-vulkan-renderer 1.16.0 into /workspace/builds/worker-1-tc2/source
[INFO] validating manifest of crates.io crate imgui-rs-vulkan-renderer 1.16.0 on toolchain nightly-2024-10-28
[INFO] running `Command { std: CARGO_HOME="/workspace/cargo-home" RUSTUP_HOME="/workspace/rustup-home" "/workspace/cargo-home/bin/cargo" "+nightly-2024-10-28" "metadata" "--manifest-path" "Cargo.toml" "--no-deps", kill_on_drop: false }`
[INFO] started tweaking crates.io crate imgui-rs-vulkan-renderer 1.16.0
[INFO] finished tweaking crates.io crate imgui-rs-vulkan-renderer 1.16.0
[INFO] tweaked toml for crates.io crate imgui-rs-vulkan-renderer 1.16.0 written to /workspace/builds/worker-1-tc2/source/Cargo.toml
[INFO] crate crates.io crate imgui-rs-vulkan-renderer 1.16.0 already has a lockfile, it will not be regenerated
[INFO] running `Command { std: CARGO_HOME="/workspace/cargo-home" RUSTUP_HOME="/workspace/rustup-home" "/workspace/cargo-home/bin/cargo" "+nightly-2024-10-28" "fetch" "--manifest-path" "Cargo.toml", kill_on_drop: false }`
[INFO] running `Command { std: "docker" "create" "-v" "/var/lib/crater-agent-workspace/builds/worker-1-tc2/target:/opt/rustwide/target:rw,Z" "-v" "/var/lib/crater-agent-workspace/builds/worker-1-tc2/source:/opt/rustwide/workdir:ro,Z" "-v" "/var/lib/crater-agent-workspace/cargo-home:/opt/rustwide/cargo-home:ro,Z" "-v" "/var/lib/crater-agent-workspace/rustup-home:/opt/rustwide/rustup-home:ro,Z" "-e" "SOURCE_DIR=/opt/rustwide/workdir" "-e" "CARGO_TARGET_DIR=/opt/rustwide/target" "-e" "CARGO_HOME=/opt/rustwide/cargo-home" "-e" "RUSTUP_HOME=/opt/rustwide/rustup-home" "-w" "/opt/rustwide/workdir" "-m" "1610612736" "--user" "0:0" "--network" "none" "ghcr.io/rust-lang/crates-build-env/linux@sha256:4a844ea9eb2546a2d2c7022eacef16ef2e8229c7fbb2c7d4d55a9ceca922f72d" "/opt/rustwide/cargo-home/bin/cargo" "+nightly-2024-10-28" "metadata" "--no-deps" "--format-version=1", kill_on_drop: false }`
[INFO] [stdout] 9f2740da797aa041431381984039559c30cfb78504b8e3d1d3dbadbb1678c40f
[INFO] running `Command { std: "docker" "start" "-a" "9f2740da797aa041431381984039559c30cfb78504b8e3d1d3dbadbb1678c40f", kill_on_drop: false }`
[INFO] running `Command { std: "docker" "inspect" "9f2740da797aa041431381984039559c30cfb78504b8e3d1d3dbadbb1678c40f", kill_on_drop: false }`
[INFO] running `Command { std: "docker" "rm" "-f" "9f2740da797aa041431381984039559c30cfb78504b8e3d1d3dbadbb1678c40f", kill_on_drop: false }`
[INFO] [stdout] 9f2740da797aa041431381984039559c30cfb78504b8e3d1d3dbadbb1678c40f
[INFO] running `Command { std: "docker" "create" "-v" "/var/lib/crater-agent-workspace/builds/worker-1-tc2/target:/opt/rustwide/target:rw,Z" "-v" "/var/lib/crater-agent-workspace/builds/worker-1-tc2/source:/opt/rustwide/workdir:ro,Z" "-v" "/var/lib/crater-agent-workspace/cargo-home:/opt/rustwide/cargo-home:ro,Z" "-v" "/var/lib/crater-agent-workspace/rustup-home:/opt/rustwide/rustup-home:ro,Z" "-e" "SOURCE_DIR=/opt/rustwide/workdir" "-e" "CARGO_TARGET_DIR=/opt/rustwide/target" "-e" "CARGO_INCREMENTAL=0" "-e" "RUST_BACKTRACE=full" "-e" "RUSTFLAGS=--cap-lints=forbid -Zrandomize-layout" "-e" "RUSTDOCFLAGS=--cap-lints=forbid" "-e" "CARGO_HOME=/opt/rustwide/cargo-home" "-e" "RUSTUP_HOME=/opt/rustwide/rustup-home" "-w" "/opt/rustwide/workdir" "-m" "1610612736" "--user" "0:0" "--network" "none" "ghcr.io/rust-lang/crates-build-env/linux@sha256:4a844ea9eb2546a2d2c7022eacef16ef2e8229c7fbb2c7d4d55a9ceca922f72d" "/opt/rustwide/cargo-home/bin/cargo" "+nightly-2024-10-28" "build" "--frozen" "--message-format=json", kill_on_drop: false }`
[INFO] [stdout] 51afa998750af2f30cf8365a805ebcd198cfa1e1b10e1bfaef781dbff966a5be
[INFO] running `Command { std: "docker" "start" "-a" "51afa998750af2f30cf8365a805ebcd198cfa1e1b10e1bfaef781dbff966a5be", kill_on_drop: false }`
[INFO] [stderr]    Compiling libc v0.2.159
[INFO] [stderr]    Compiling proc-macro2 v1.0.87
[INFO] [stderr]    Compiling autocfg v1.4.0
[INFO] [stderr]    Compiling unicode-ident v1.0.13
[INFO] [stderr]    Compiling shlex v1.3.0
[INFO] [stderr]    Compiling parking_lot_core v0.9.10
[INFO] [stderr]    Compiling cfg-if v1.0.0
[INFO] [stderr]    Compiling scopeguard v1.2.0
[INFO] [stderr]    Compiling smallvec v1.13.2
[INFO] [stderr]    Compiling bytemuck v1.18.0
[INFO] [stderr]    Compiling chlorine v1.0.12
[INFO] [stderr]    Compiling mint v0.5.9
[INFO] [stderr]    Compiling thiserror v1.0.64
[INFO] [stderr]    Compiling ash v0.38.0+1.3.281
[INFO] [stderr]    Compiling bitflags v1.3.2
[INFO] [stderr]    Compiling log v0.4.22
[INFO] [stderr]    Compiling safe_arch v0.7.2
[INFO] [stderr]    Compiling lock_api v0.4.12
[INFO] [stderr]    Compiling wide v0.7.28
[INFO] [stderr]    Compiling quote v1.0.37
[INFO] [stderr]    Compiling syn v2.0.79
[INFO] [stderr]    Compiling jobserver v0.1.32
[INFO] [stderr]    Compiling parking_lot v0.12.3
[INFO] [stderr]    Compiling cc v1.1.28
[INFO] [stderr]    Compiling ultraviolet v0.9.2
[INFO] [stderr]    Compiling imgui-sys v0.12.0
[INFO] [stderr]    Compiling thiserror-impl v1.0.64
[INFO] [stderr]    Compiling imgui v0.12.0
[INFO] [stderr]    Compiling imgui-rs-vulkan-renderer v1.16.0 (/opt/rustwide/workdir)
[INFO] [stderr]     Finished `dev` profile [unoptimized + debuginfo] target(s) in 12.26s
[INFO] running `Command { std: "docker" "inspect" "51afa998750af2f30cf8365a805ebcd198cfa1e1b10e1bfaef781dbff966a5be", kill_on_drop: false }`
[INFO] running `Command { std: "docker" "rm" "-f" "51afa998750af2f30cf8365a805ebcd198cfa1e1b10e1bfaef781dbff966a5be", kill_on_drop: false }`
[INFO] [stdout] 51afa998750af2f30cf8365a805ebcd198cfa1e1b10e1bfaef781dbff966a5be
[INFO] running `Command { std: "docker" "create" "-v" "/var/lib/crater-agent-workspace/builds/worker-1-tc2/target:/opt/rustwide/target:rw,Z" "-v" "/var/lib/crater-agent-workspace/builds/worker-1-tc2/source:/opt/rustwide/workdir:ro,Z" "-v" "/var/lib/crater-agent-workspace/cargo-home:/opt/rustwide/cargo-home:ro,Z" "-v" "/var/lib/crater-agent-workspace/rustup-home:/opt/rustwide/rustup-home:ro,Z" "-e" "SOURCE_DIR=/opt/rustwide/workdir" "-e" "CARGO_TARGET_DIR=/opt/rustwide/target" "-e" "CARGO_INCREMENTAL=0" "-e" "RUST_BACKTRACE=full" "-e" "RUSTFLAGS=--cap-lints=forbid -Zrandomize-layout" "-e" "RUSTDOCFLAGS=--cap-lints=forbid" "-e" "CARGO_HOME=/opt/rustwide/cargo-home" "-e" "RUSTUP_HOME=/opt/rustwide/rustup-home" "-w" "/opt/rustwide/workdir" "-m" "1610612736" "--user" "0:0" "--network" "none" "ghcr.io/rust-lang/crates-build-env/linux@sha256:4a844ea9eb2546a2d2c7022eacef16ef2e8229c7fbb2c7d4d55a9ceca922f72d" "/opt/rustwide/cargo-home/bin/cargo" "+nightly-2024-10-28" "test" "--frozen" "--no-run" "--message-format=json", kill_on_drop: false }`
[INFO] [stdout] 039dac4a1a79674955845fc3df5057da67dd842df06a9edb17f50bc6db01c3e9
[INFO] running `Command { std: "docker" "start" "-a" "039dac4a1a79674955845fc3df5057da67dd842df06a9edb17f50bc6db01c3e9", kill_on_drop: false }`
[INFO] [stderr]    Compiling once_cell v1.20.2
[INFO] [stderr]    Compiling pkg-config v0.3.31
[INFO] [stderr]    Compiling memchr v2.7.4
[INFO] [stderr]    Compiling rustix v0.38.37
[INFO] [stderr]    Compiling bitflags v2.6.0
[INFO] [stderr]    Compiling libloading v0.8.5
[INFO] [stderr]    Compiling linux-raw-sys v0.4.14
[INFO] [stderr]    Compiling scoped-tls v1.0.1
[INFO] [stderr]    Compiling downcast-rs v1.2.1
[INFO] [stderr]    Compiling wayland-client v0.31.6
[INFO] [stderr]    Compiling num-traits v0.2.19
[INFO] [stderr]    Compiling arrayvec v0.7.6
[INFO] [stderr]    Compiling wasm-bindgen-shared v0.2.93
[INFO] [stderr]    Compiling wayland-backend v0.3.7
[INFO] [stderr]    Compiling slab v0.4.9
[INFO] [stderr]    Compiling simd-adler32 v0.3.7
[INFO] [stderr]    Compiling crossbeam-utils v0.8.20
[INFO] [stderr]    Compiling tracing-core v0.1.32
[INFO] [stderr]    Compiling dlib v0.5.2
[INFO] [stderr]    Compiling pin-project-lite v0.2.14
[INFO] [stderr]    Compiling bumpalo v3.16.0
[INFO] [stderr]    Compiling anyhow v1.0.89
[INFO] [stderr]    Compiling built v0.7.4
[INFO] [stderr]    Compiling xkeysym v0.2.1
[INFO] [stderr]    Compiling cursor-icon v1.1.0
[INFO] [stderr]    Compiling arrayref v0.3.9
[INFO] [stderr]    Compiling paste v1.0.15
[INFO] [stderr]    Compiling version_check v0.9.5
[INFO] [stderr]    Compiling xcursor v0.3.8
[INFO] [stderr]    Compiling rayon-core v1.12.1
[INFO] [stderr]    Compiling wasm-bindgen-backend v0.2.93
[INFO] [stderr]    Compiling wasm-bindgen v0.2.93
[INFO] [stderr]    Compiling smithay-client-toolkit v0.18.1
[INFO] [stderr]    Compiling tracing v0.1.40
[INFO] [stderr]    Compiling either v1.13.0
[INFO] [stderr]    Compiling quick-xml v0.36.2
[INFO] [stderr]    Compiling adler2 v2.0.0
[INFO] [stderr]    Compiling ttf-parser v0.25.0
[INFO] [stderr]    Compiling strict-num v0.1.1
[INFO] [stderr]    Compiling aligned-vec v0.5.0
[INFO] [stderr]    Compiling wayland-sys v0.31.5
[INFO] [stderr]    Compiling minimal-lexical v0.2.1
[INFO] [stderr]    Compiling ahash v0.8.11
[INFO] [stderr]    Compiling x11-dl v2.21.0
[INFO] [stderr]    Compiling crossbeam-epoch v0.9.18
[INFO] [stderr]    Compiling tiny-skia-path v0.11.4
[INFO] [stderr]    Compiling miniz_oxide v0.8.0
[INFO] [stderr]    Compiling rav1e v0.7.1
[INFO] [stderr]    Compiling nom v7.1.3
[INFO] [stderr]    Compiling crossbeam-deque v0.8.5
[INFO] [stderr]    Compiling zerocopy-derive v0.7.35
[INFO] [stderr]    Compiling profiling-procmacros v1.0.15
[INFO] [stderr]    Compiling memmap2 v0.9.5
[INFO] [stderr]    Compiling crc32fast v1.4.2
[INFO] [stderr]    Compiling num-integer v0.1.46
[INFO] [stderr]    Compiling v_frame v0.3.8
[INFO] [stderr]    Compiling ab_glyph_rasterizer v0.1.8
[INFO] [stderr]    Compiling cfg_aliases v0.1.1
[INFO] [stderr]    Compiling byteorder v1.5.0
[INFO] [stderr]    Compiling tiny-skia v0.11.4
[INFO] [stderr]    Compiling winit v0.29.15
[INFO] [stderr]    Compiling flate2 v1.0.34
[INFO] [stderr]    Compiling profiling v1.0.15
[INFO] [stderr]    Compiling num-bigint v0.4.6
[INFO] [stderr]    Compiling wayland-scanner v0.31.5
[INFO] [stderr]    Compiling itertools v0.12.1
[INFO] [stderr]    Compiling num-derive v0.4.2
[INFO] [stderr]    Compiling spin v0.9.8
[INFO] [stderr]    Compiling wasm-bindgen-macro-support v0.2.93
[INFO] [stderr]    Compiling arg_enum_proc_macro v0.3.4
[INFO] [stderr]    Compiling simd_helpers v0.1.0
[INFO] [stderr]    Compiling getrandom v0.2.15
[INFO] [stderr]    Compiling maybe-rayon v0.1.1
[INFO] [stderr]    Compiling zerocopy v0.7.35
[INFO] [stderr]    Compiling time-core v0.1.2
[INFO] [stderr]    Compiling quick-error v2.0.1
[INFO] [stderr]    Compiling new_debug_unreachable v1.0.6
[INFO] [stderr]    Compiling imgref v1.10.1
[INFO] [stderr]    Compiling raw-window-handle v0.6.2
[INFO] [stderr]    Compiling weezl v0.1.8
[INFO] [stderr]    Compiling noop_proc_macro v0.3.0
[INFO] [stderr]    Compiling adler v1.0.2
[INFO] [stderr]    Compiling num-conv v0.1.0
[INFO] [stderr]    Compiling as-raw-xcb-connection v1.0.1
[INFO] [stderr]    Compiling x11rb-protocol v0.13.1
[INFO] [stderr]    Compiling bitstream-io v2.5.3
[INFO] [stderr]    Compiling powerfmt v0.2.0
[INFO] [stderr]    Compiling miniz_oxide v0.7.4
[INFO] [stderr]    Compiling time-macros v0.2.18
[INFO] [stderr]    Compiling num-rational v0.4.2
[INFO] [stderr]    Compiling deranged v0.3.11
[INFO] [stderr]    Compiling loop9 v0.1.5
[INFO] [stderr]    Compiling flume v0.11.0
[INFO] [stderr]    Compiling owned_ttf_parser v0.25.0
[INFO] [stderr]    Compiling wasm-bindgen-macro v0.2.93
[INFO] [stderr]    Compiling xkbcommon-dl v0.4.2
[INFO] [stderr]    Compiling ab_glyph v0.2.29
[INFO] [stderr]    Compiling av1-grain v0.2.3
[INFO] [stderr]    Compiling avif-serialize v0.8.1
[INFO] [stderr]    Compiling fdeflate v0.3.5
[INFO] [stderr]    Compiling zune-inflate v0.2.54
[INFO] [stderr]    Compiling rgb v0.8.50
[INFO] [stderr]    Compiling half v2.4.1
[INFO] [stderr]    Compiling lebe v0.5.2
[INFO] [stderr]    Compiling lazy_static v1.5.0
[INFO] [stderr]    Compiling color_quant v1.1.0
[INFO] [stderr]    Compiling bit_field v0.10.2
[INFO] [stderr]    Compiling smol_str v0.2.2
[INFO] [stderr]    Compiling num_threads v0.1.7
[INFO] [stderr]    Compiling itoa v1.0.11
[INFO] [stderr]    Compiling percent-encoding v2.3.1
[INFO] [stderr]    Compiling zune-core v0.4.12
[INFO] [stderr]    Compiling byteorder-lite v0.1.0
[INFO] [stderr]    Compiling jpeg-decoder v0.3.1
[INFO] [stderr]    Compiling exr v1.72.0
[INFO] [stderr]    Compiling gif v0.13.1
[INFO] [stderr]    Compiling colored v2.1.0
[INFO] [stderr]    Compiling png v0.17.14
[INFO] [stderr]    Compiling rayon v1.10.0
[INFO] [stderr]    Compiling time v0.3.36
[INFO] [stderr]    Compiling zune-jpeg v0.4.13
[INFO] [stderr]    Compiling image-webp v0.1.3
[INFO] [stderr]    Compiling qoi v0.4.1
[INFO] [stderr]    Compiling ash-window v0.13.0
[INFO] [stderr]    Compiling tiff v0.9.1
[INFO] [stderr]    Compiling simple_logger v5.0.0
[INFO] [stderr]    Compiling polling v3.7.3
[INFO] [stderr]    Compiling calloop v0.12.4
[INFO] [stderr]    Compiling wayland-csd-frame v0.3.0
[INFO] [stderr]    Compiling wayland-protocols v0.31.2
[INFO] [stderr]    Compiling wayland-cursor v0.31.6
[INFO] [stderr]    Compiling calloop-wayland-source v0.2.0
[INFO] [stderr]    Compiling ravif v0.11.10
[INFO] [stderr]    Compiling image v0.25.2
[INFO] [stderr]    Compiling wayland-protocols-wlr v0.2.0
[INFO] [stderr]    Compiling wayland-protocols-plasma v0.2.0
[INFO] [stderr]    Compiling sctk-adwaita v0.8.3
[INFO] [stderr]    Compiling x11rb v0.13.1
[INFO] [stderr]    Compiling imgui-winit-support v0.12.0
[INFO] [stderr]    Compiling imgui-rs-vulkan-renderer v1.16.0 (/opt/rustwide/workdir)
[INFO] [stderr]     Finished `test` profile [unoptimized + debuginfo] target(s) in 16.91s
[INFO] running `Command { std: "docker" "inspect" "039dac4a1a79674955845fc3df5057da67dd842df06a9edb17f50bc6db01c3e9", kill_on_drop: false }`
[INFO] running `Command { std: "docker" "rm" "-f" "039dac4a1a79674955845fc3df5057da67dd842df06a9edb17f50bc6db01c3e9", kill_on_drop: false }`
[INFO] [stdout] 039dac4a1a79674955845fc3df5057da67dd842df06a9edb17f50bc6db01c3e9
[INFO] running `Command { std: "docker" "create" "-v" "/var/lib/crater-agent-workspace/builds/worker-1-tc2/target:/opt/rustwide/target:rw,Z" "-v" "/var/lib/crater-agent-workspace/builds/worker-1-tc2/source:/opt/rustwide/workdir:ro,Z" "-v" "/var/lib/crater-agent-workspace/cargo-home:/opt/rustwide/cargo-home:ro,Z" "-v" "/var/lib/crater-agent-workspace/rustup-home:/opt/rustwide/rustup-home:ro,Z" "-e" "SOURCE_DIR=/opt/rustwide/workdir" "-e" "CARGO_TARGET_DIR=/opt/rustwide/target" "-e" "CARGO_INCREMENTAL=0" "-e" "RUST_BACKTRACE=full" "-e" "RUSTFLAGS=--cap-lints=forbid -Zrandomize-layout" "-e" "RUSTDOCFLAGS=--cap-lints=forbid" "-e" "CARGO_HOME=/opt/rustwide/cargo-home" "-e" "RUSTUP_HOME=/opt/rustwide/rustup-home" "-w" "/opt/rustwide/workdir" "-m" "1610612736" "--user" "0:0" "--network" "none" "ghcr.io/rust-lang/crates-build-env/linux@sha256:4a844ea9eb2546a2d2c7022eacef16ef2e8229c7fbb2c7d4d55a9ceca922f72d" "/opt/rustwide/cargo-home/bin/cargo" "+nightly-2024-10-28" "test" "--frozen", kill_on_drop: false }`
[INFO] [stdout] 2f591d6b3e6e7a4dd146b5c5de910d9f2ec2134ba75fe1d4e961f852abab757d
[INFO] running `Command { std: "docker" "start" "-a" "2f591d6b3e6e7a4dd146b5c5de910d9f2ec2134ba75fe1d4e961f852abab757d", kill_on_drop: false }`
[INFO] [stderr]     Finished `test` profile [unoptimized + debuginfo] target(s) in 0.30s
[INFO] [stderr]      Running unittests src/lib.rs (/opt/rustwide/target/debug/deps/imgui_rs_vulkan_renderer-8032587f77977ed3)
[INFO] [stdout] 
[INFO] [stdout] running 0 tests
[INFO] [stdout] 
[INFO] [stdout] test result: ok. 0 passed; 0 failed; 0 ignored; 0 measured; 0 filtered out; finished in 0.00s
[INFO] [stdout] 
[INFO] [stderr]    Doc-tests imgui_rs_vulkan_renderer
[INFO] [stdout] 
[INFO] [stdout] running 2 tests
[INFO] [stdout] test src/renderer/mod.rs - renderer::Renderer::textures (line 361) ... ignored
[INFO] [stdout] test src/lib.rs - (line 74) ... FAILED
[INFO] [stdout] 
[INFO] [stdout] failures:
[INFO] [stdout] 
[INFO] [stdout] ---- src/lib.rs - (line 74) stdout ----
[INFO] [stdout] error[E0433]: failed to resolve: use of undeclared type `Renderer`
[INFO] [stdout]  --> src/lib.rs:76:16
[INFO] [stdout]   |
[INFO] [stdout] 4 | let renderer = Renderer::with_default_allocator(
[INFO] [stdout]   |                ^^^^^^^^ use of undeclared type `Renderer`
[INFO] [stdout]   |
[INFO] [stdout] help: consider importing this struct
[INFO] [stdout]   |
[INFO] [stdout] 3 + use imgui_rs_vulkan_renderer::Renderer;
[INFO] [stdout]   |
[INFO] [stdout] 
[INFO] [stdout] error[E0425]: cannot find value `instance` in this scope
[INFO] [stdout]  --> src/lib.rs:77:6
[INFO] [stdout]   |
[INFO] [stdout] 5 |     &instance,
[INFO] [stdout]   |      ^^^^^^^^ not found in this scope
[INFO] [stdout] 
[INFO] [stdout] error[E0425]: cannot find value `physical_device` in this scope
[INFO] [stdout]  --> src/lib.rs:78:5
[INFO] [stdout]   |
[INFO] [stdout] 6 |     physical_device,
[INFO] [stdout]   |     ^^^^^^^^^^^^^^^ not found in this scope
[INFO] [stdout] 
[INFO] [stdout] error[E0425]: cannot find value `device` in this scope
[INFO] [stdout]  --> src/lib.rs:79:5
[INFO] [stdout]   |
[INFO] [stdout] 7 |     device.clone(),
[INFO] [stdout]   |     ^^^^^^ not found in this scope
[INFO] [stdout] 
[INFO] [stdout] error[E0425]: cannot find value `graphics_queue` in this scope
[INFO] [stdout]  --> src/lib.rs:80:5
[INFO] [stdout]   |
[INFO] [stdout] 8 |     graphics_queue,
[INFO] [stdout]   |     ^^^^^^^^^^^^^^ not found in this scope
[INFO] [stdout] 
[INFO] [stdout] error[E0425]: cannot find value `command_pool` in this scope
[INFO] [stdout]  --> src/lib.rs:81:5
[INFO] [stdout]   |
[INFO] [stdout] 9 |     command_pool,
[INFO] [stdout]   |     ^^^^^^^^^^^^ not found in this scope
[INFO] [stdout] 
[INFO] [stdout] error[E0425]: cannot find value `render_pass` in this scope
[INFO] [stdout]   --> src/lib.rs:82:5
[INFO] [stdout]    |
[INFO] [stdout] 10 |     render_pass,
[INFO] [stdout]    |     ^^^^^^^^^^^ not found in this scope
[INFO] [stdout] 
[INFO] [stdout] error[E0423]: expected value, found crate `imgui`
[INFO] [stdout]   --> src/lib.rs:83:10
[INFO] [stdout]    |
[INFO] [stdout] 11 |     &mut imgui,
[INFO] [stdout]    |          ^^^^^ not a value
[INFO] [stdout] 
[INFO] [stdout] error[E0422]: cannot find struct, variant or union type `Options` in this scope
[INFO] [stdout]   --> src/lib.rs:84:10
[INFO] [stdout]    |
[INFO] [stdout] 12 |     Some(Options {
[INFO] [stdout]    |          ^^^^^^^ not found in this scope
[INFO] [stdout]    |
[INFO] [stdout] help: consider importing this struct
[INFO] [stdout]    |
[INFO] [stdout] 3  + use imgui_rs_vulkan_renderer::Options;
[INFO] [stdout]    |
[INFO] [stdout] 
[INFO] [stdout] error: aborting due to 9 previous errors
[INFO] [stdout] 
[INFO] [stdout] Some errors have detailed explanations: E0422, E0423, E0425, E0433.
[INFO] [stdout] For more information about an error, try `rustc --explain E0422`.
[INFO] [stdout] Couldn't compile the test.
[INFO] [stdout] 
[INFO] [stdout] failures:
[INFO] [stdout]     src/lib.rs - (line 74)
[INFO] [stdout] 
[INFO] [stdout] test result: FAILED. 0 passed; 1 failed; 1 ignored; 0 measured; 0 filtered out; finished in 1.66s
[INFO] [stdout] 
[INFO] [stderr] error: doctest failed, to rerun pass `--doc`
[INFO] running `Command { std: "docker" "inspect" "2f591d6b3e6e7a4dd146b5c5de910d9f2ec2134ba75fe1d4e961f852abab757d", kill_on_drop: false }`
[INFO] running `Command { std: "docker" "rm" "-f" "2f591d6b3e6e7a4dd146b5c5de910d9f2ec2134ba75fe1d4e961f852abab757d", kill_on_drop: false }`
[INFO] [stdout] 2f591d6b3e6e7a4dd146b5c5de910d9f2ec2134ba75fe1d4e961f852abab757d
