[INFO] fetching crate imgcatr 0.1.4...
[INFO] testing imgcatr-0.1.4 against nightly-2024-10-28+rustflags=-Zrandomize-layout for randomize-layout
[INFO] extracting crate imgcatr 0.1.4 into /workspace/builds/worker-3-tc2/source
[INFO] validating manifest of crates.io crate imgcatr 0.1.4 on toolchain nightly-2024-10-28
[INFO] running `Command { std: CARGO_HOME="/workspace/cargo-home" RUSTUP_HOME="/workspace/rustup-home" "/workspace/cargo-home/bin/cargo" "+nightly-2024-10-28" "metadata" "--manifest-path" "Cargo.toml" "--no-deps", kill_on_drop: false }`
[INFO] started tweaking crates.io crate imgcatr 0.1.4
[INFO] finished tweaking crates.io crate imgcatr 0.1.4
[INFO] tweaked toml for crates.io crate imgcatr 0.1.4 written to /workspace/builds/worker-3-tc2/source/Cargo.toml
[INFO] crate crates.io crate imgcatr 0.1.4 already has a lockfile, it will not be regenerated
[INFO] running `Command { std: CARGO_HOME="/workspace/cargo-home" RUSTUP_HOME="/workspace/rustup-home" "/workspace/cargo-home/bin/cargo" "+nightly-2024-10-28" "fetch" "--manifest-path" "Cargo.toml", kill_on_drop: false }`
[INFO] running `Command { std: "docker" "create" "-v" "/var/lib/crater-agent-workspace/builds/worker-3-tc2/target:/opt/rustwide/target:rw,Z" "-v" "/var/lib/crater-agent-workspace/builds/worker-3-tc2/source:/opt/rustwide/workdir:ro,Z" "-v" "/var/lib/crater-agent-workspace/cargo-home:/opt/rustwide/cargo-home:ro,Z" "-v" "/var/lib/crater-agent-workspace/rustup-home:/opt/rustwide/rustup-home:ro,Z" "-e" "SOURCE_DIR=/opt/rustwide/workdir" "-e" "CARGO_TARGET_DIR=/opt/rustwide/target" "-e" "CARGO_HOME=/opt/rustwide/cargo-home" "-e" "RUSTUP_HOME=/opt/rustwide/rustup-home" "-w" "/opt/rustwide/workdir" "-m" "1610612736" "--user" "0:0" "--network" "none" "ghcr.io/rust-lang/crates-build-env/linux@sha256:4a844ea9eb2546a2d2c7022eacef16ef2e8229c7fbb2c7d4d55a9ceca922f72d" "/opt/rustwide/cargo-home/bin/cargo" "+nightly-2024-10-28" "metadata" "--no-deps" "--format-version=1", kill_on_drop: false }`
[INFO] [stdout] 95abb7d66ae7b13e4c27eef915a9a6f911f76927b6ecccd686f83d77a0ccbfa9
[INFO] running `Command { std: "docker" "start" "-a" "95abb7d66ae7b13e4c27eef915a9a6f911f76927b6ecccd686f83d77a0ccbfa9", kill_on_drop: false }`
[INFO] running `Command { std: "docker" "inspect" "95abb7d66ae7b13e4c27eef915a9a6f911f76927b6ecccd686f83d77a0ccbfa9", kill_on_drop: false }`
[INFO] running `Command { std: "docker" "rm" "-f" "95abb7d66ae7b13e4c27eef915a9a6f911f76927b6ecccd686f83d77a0ccbfa9", kill_on_drop: false }`
[INFO] [stdout] 95abb7d66ae7b13e4c27eef915a9a6f911f76927b6ecccd686f83d77a0ccbfa9
[INFO] running `Command { std: "docker" "create" "-v" "/var/lib/crater-agent-workspace/builds/worker-3-tc2/target:/opt/rustwide/target:rw,Z" "-v" "/var/lib/crater-agent-workspace/builds/worker-3-tc2/source:/opt/rustwide/workdir:ro,Z" "-v" "/var/lib/crater-agent-workspace/cargo-home:/opt/rustwide/cargo-home:ro,Z" "-v" "/var/lib/crater-agent-workspace/rustup-home:/opt/rustwide/rustup-home:ro,Z" "-e" "SOURCE_DIR=/opt/rustwide/workdir" "-e" "CARGO_TARGET_DIR=/opt/rustwide/target" "-e" "CARGO_INCREMENTAL=0" "-e" "RUST_BACKTRACE=full" "-e" "RUSTFLAGS=--cap-lints=forbid -Zrandomize-layout" "-e" "RUSTDOCFLAGS=--cap-lints=forbid" "-e" "CARGO_HOME=/opt/rustwide/cargo-home" "-e" "RUSTUP_HOME=/opt/rustwide/rustup-home" "-w" "/opt/rustwide/workdir" "-m" "1610612736" "--user" "0:0" "--network" "none" "ghcr.io/rust-lang/crates-build-env/linux@sha256:4a844ea9eb2546a2d2c7022eacef16ef2e8229c7fbb2c7d4d55a9ceca922f72d" "/opt/rustwide/cargo-home/bin/cargo" "+nightly-2024-10-28" "build" "--frozen" "--message-format=json", kill_on_drop: false }`
[INFO] [stdout] b1170a581cfd0da0016d285b5260e1f6fbfc0150750f20a91f1370890c3adfdd
[INFO] running `Command { std: "docker" "start" "-a" "b1170a581cfd0da0016d285b5260e1f6fbfc0150750f20a91f1370890c3adfdd", kill_on_drop: false }`
[INFO] [stderr]    Compiling crossbeam-utils v0.8.18
[INFO] [stderr]    Compiling simd-adler32 v0.3.7
[INFO] [stderr]    Compiling rayon-core v1.12.0
[INFO] [stderr]    Compiling lock_api v0.4.11
[INFO] [stderr]    Compiling crc32fast v1.3.2
[INFO] [stderr]    Compiling adler v1.0.2
[INFO] [stderr]    Compiling num-traits v0.2.17
[INFO] [stderr]    Compiling scopeguard v1.2.0
[INFO] [stderr]    Compiling num-integer v0.1.45
[INFO] [stderr]    Compiling miniz_oxide v0.7.1
[INFO] [stderr]    Compiling utf8parse v0.2.1
[INFO] [stderr]    Compiling either v1.9.0
[INFO] [stderr]    Compiling anstyle-parse v0.2.3
[INFO] [stderr]    Compiling num-rational v0.4.1
[INFO] [stderr]    Compiling spin v0.9.8
[INFO] [stderr]    Compiling anstyle-query v1.0.2
[INFO] [stderr]    Compiling weezl v0.1.7
[INFO] [stderr]    Compiling colorchoice v1.0.0
[INFO] [stderr]    Compiling anstyle v1.0.4
[INFO] [stderr]    Compiling libc v0.2.151
[INFO] [stderr]    Compiling flume v0.11.0
[INFO] [stderr]    Compiling anstream v0.6.5
[INFO] [stderr]    Compiling zune-inflate v0.2.54
[INFO] [stderr]    Compiling fdeflate v0.3.3
[INFO] [stderr]    Compiling flate2 v1.0.28
[INFO] [stderr]    Compiling lebe v0.5.2
[INFO] [stderr]    Compiling crossbeam-epoch v0.9.17
[INFO] [stderr]    Compiling color_quant v1.1.0
[INFO] [stderr]    Compiling clap_lex v0.6.0
[INFO] [stderr]    Compiling bit_field v0.10.2
[INFO] [stderr]    Compiling strsim v0.10.0
[INFO] [stderr]    Compiling bytemuck v1.14.0
[INFO] [stderr]    Compiling smallvec v1.11.2
[INFO] [stderr]    Compiling half v2.2.1
[INFO] [stderr]    Compiling crossbeam-deque v0.8.4
[INFO] [stderr]    Compiling clap_builder v4.4.12
[INFO] [stderr]    Compiling qoi v0.4.1
[INFO] [stderr]    Compiling png v0.17.10
[INFO] [stderr]    Compiling gif v0.12.0
[INFO] [stderr]    Compiling byteorder v1.5.0
[INFO] [stderr]    Compiling rayon v1.8.0
[INFO] [stderr]    Compiling exr v1.71.0
[INFO] [stderr]    Compiling term_size v0.3.2
[INFO] [stderr]    Compiling clap v4.4.12
[INFO] [stderr]    Compiling jpeg-decoder v0.3.0
[INFO] [stderr]    Compiling tiff v0.9.0
[INFO] [stderr]    Compiling image v0.24.7
[INFO] [stderr]    Compiling imgcatr v0.1.4 (/opt/rustwide/workdir)
[INFO] [stderr]     Finished `dev` profile [unoptimized + debuginfo] target(s) in 18.12s
[INFO] running `Command { std: "docker" "inspect" "b1170a581cfd0da0016d285b5260e1f6fbfc0150750f20a91f1370890c3adfdd", kill_on_drop: false }`
[INFO] running `Command { std: "docker" "rm" "-f" "b1170a581cfd0da0016d285b5260e1f6fbfc0150750f20a91f1370890c3adfdd", kill_on_drop: false }`
[INFO] [stdout] b1170a581cfd0da0016d285b5260e1f6fbfc0150750f20a91f1370890c3adfdd
[INFO] running `Command { std: "docker" "create" "-v" "/var/lib/crater-agent-workspace/builds/worker-3-tc2/target:/opt/rustwide/target:rw,Z" "-v" "/var/lib/crater-agent-workspace/builds/worker-3-tc2/source:/opt/rustwide/workdir:ro,Z" "-v" "/var/lib/crater-agent-workspace/cargo-home:/opt/rustwide/cargo-home:ro,Z" "-v" "/var/lib/crater-agent-workspace/rustup-home:/opt/rustwide/rustup-home:ro,Z" "-e" "SOURCE_DIR=/opt/rustwide/workdir" "-e" "CARGO_TARGET_DIR=/opt/rustwide/target" "-e" "CARGO_INCREMENTAL=0" "-e" "RUST_BACKTRACE=full" "-e" "RUSTFLAGS=--cap-lints=forbid -Zrandomize-layout" "-e" "RUSTDOCFLAGS=--cap-lints=forbid" "-e" "CARGO_HOME=/opt/rustwide/cargo-home" "-e" "RUSTUP_HOME=/opt/rustwide/rustup-home" "-w" "/opt/rustwide/workdir" "-m" "1610612736" "--user" "0:0" "--network" "none" "ghcr.io/rust-lang/crates-build-env/linux@sha256:4a844ea9eb2546a2d2c7022eacef16ef2e8229c7fbb2c7d4d55a9ceca922f72d" "/opt/rustwide/cargo-home/bin/cargo" "+nightly-2024-10-28" "test" "--frozen" "--no-run" "--message-format=json", kill_on_drop: false }`
[INFO] [stdout] 936e82ad152bc73ce0321cc1901dec40ada426e94ee18e7a209de14831bf1ca5
[INFO] running `Command { std: "docker" "start" "-a" "936e82ad152bc73ce0321cc1901dec40ada426e94ee18e7a209de14831bf1ca5", kill_on_drop: false }`
[INFO] [stderr]    Compiling imgcatr v0.1.4 (/opt/rustwide/workdir)
[INFO] [stderr]     Finished `test` profile [unoptimized + debuginfo] target(s) in 0.42s
[INFO] running `Command { std: "docker" "inspect" "936e82ad152bc73ce0321cc1901dec40ada426e94ee18e7a209de14831bf1ca5", kill_on_drop: false }`
[INFO] running `Command { std: "docker" "rm" "-f" "936e82ad152bc73ce0321cc1901dec40ada426e94ee18e7a209de14831bf1ca5", kill_on_drop: false }`
[INFO] [stdout] 936e82ad152bc73ce0321cc1901dec40ada426e94ee18e7a209de14831bf1ca5
[INFO] running `Command { std: "docker" "create" "-v" "/var/lib/crater-agent-workspace/builds/worker-3-tc2/target:/opt/rustwide/target:rw,Z" "-v" "/var/lib/crater-agent-workspace/builds/worker-3-tc2/source:/opt/rustwide/workdir:ro,Z" "-v" "/var/lib/crater-agent-workspace/cargo-home:/opt/rustwide/cargo-home:ro,Z" "-v" "/var/lib/crater-agent-workspace/rustup-home:/opt/rustwide/rustup-home:ro,Z" "-e" "SOURCE_DIR=/opt/rustwide/workdir" "-e" "CARGO_TARGET_DIR=/opt/rustwide/target" "-e" "CARGO_INCREMENTAL=0" "-e" "RUST_BACKTRACE=full" "-e" "RUSTFLAGS=--cap-lints=forbid -Zrandomize-layout" "-e" "RUSTDOCFLAGS=--cap-lints=forbid" "-e" "CARGO_HOME=/opt/rustwide/cargo-home" "-e" "RUSTUP_HOME=/opt/rustwide/rustup-home" "-w" "/opt/rustwide/workdir" "-m" "1610612736" "--user" "0:0" "--network" "none" "ghcr.io/rust-lang/crates-build-env/linux@sha256:4a844ea9eb2546a2d2c7022eacef16ef2e8229c7fbb2c7d4d55a9ceca922f72d" "/opt/rustwide/cargo-home/bin/cargo" "+nightly-2024-10-28" "test" "--frozen", kill_on_drop: false }`
[INFO] [stdout] 09eb0a40e506f60ecd2ff72e815b4372d9153dc3b91c0d289a18adf925cb6981
[INFO] running `Command { std: "docker" "start" "-a" "09eb0a40e506f60ecd2ff72e815b4372d9153dc3b91c0d289a18adf925cb6981", kill_on_drop: false }`
[INFO] [stderr]     Finished `test` profile [unoptimized + debuginfo] target(s) in 0.05s
[INFO] [stderr]      Running unittests src/lib.rs (/opt/rustwide/target/debug/deps/imgcatr-f7c064cc67827992)
[INFO] [stdout] 
[INFO] [stdout] running 0 tests
[INFO] [stdout] 
[INFO] [stderr]    Doc-tests imgcatr
[INFO] [stdout] test result: ok. 0 passed; 0 failed; 0 ignored; 0 measured; 0 filtered out; finished in 0.00s
[INFO] [stdout] 
[INFO] [stdout] 
[INFO] [stdout] running 7 tests
[INFO] [stdout] test src/util.rs - util::mul_str (line 135) ... FAILED
[INFO] [stdout] test src/error.rs - error::Error::exit_value (line 37) ... FAILED
[INFO] [stdout] test src/options.rs - options (line 7) - compile ... FAILED
[INFO] [stdout] test src/ops/mod.rs - ops::guess_format (line 48) ... FAILED
[INFO] [stdout] test src/ops/mod.rs - ops::create_colourtable (line 136) ... FAILED
[INFO] [stdout] test src/ops/mod.rs - ops::guess_format (line 31) ... FAILED
[INFO] [stdout] test src/error.rs - error::Error::print_error (line 18) ... FAILED
[INFO] [stdout] 
[INFO] [stdout] failures:
[INFO] [stdout] 
[INFO] [stdout] ---- src/util.rs - util::mul_str (line 135) stdout ----
[INFO] [stdout] error[E0433]: failed to resolve: use of undeclared crate or module `termimage`
[INFO] [stdout]  --> src/util.rs:136:5
[INFO] [stdout]   |
[INFO] [stdout] 3 | use termimage::util::mul_str;
[INFO] [stdout]   |     ^^^^^^^^^ use of undeclared crate or module `termimage`
[INFO] [stdout] 
[INFO] [stdout] error: aborting due to 1 previous error
[INFO] [stdout] 
[INFO] [stdout] For more information about this error, try `rustc --explain E0433`.
[INFO] [stdout] Couldn't compile the test.
[INFO] [stdout] ---- src/error.rs - error::Error::exit_value (line 37) stdout ----
[INFO] [stdout] error[E0432]: unresolved import `termimage`
[INFO] [stdout]  --> src/error.rs:39:5
[INFO] [stdout]   |
[INFO] [stdout] 4 | use termimage::Error;
[INFO] [stdout]   |     ^^^^^^^^^ use of undeclared crate or module `termimage`
[INFO] [stdout] 
[INFO] [stdout] error: aborting due to 1 previous error
[INFO] [stdout] 
[INFO] [stdout] For more information about this error, try `rustc --explain E0432`.
[INFO] [stdout] Couldn't compile the test.
[INFO] [stdout] ---- src/options.rs - options (line 7) stdout ----
[INFO] [stdout] error[E0432]: unresolved import `termimage`
[INFO] [stdout]  --> src/options.rs:8:5
[INFO] [stdout]   |
[INFO] [stdout] 3 | use termimage::Options;
[INFO] [stdout]   |     ^^^^^^^^^ use of undeclared crate or module `termimage`
[INFO] [stdout] 
[INFO] [stdout] error: aborting due to 1 previous error
[INFO] [stdout] 
[INFO] [stdout] For more information about this error, try `rustc --explain E0432`.
[INFO] [stdout] Couldn't compile the test.
[INFO] [stdout] ---- src/ops/mod.rs - ops::guess_format (line 48) stdout ----
[INFO] [stdout] error[E0433]: failed to resolve: use of undeclared crate or module `termimage`
[INFO] [stdout]  --> src/ops/mod.rs:51:5
[INFO] [stdout]   |
[INFO] [stdout] 5 | use termimage::ops::guess_format;
[INFO] [stdout]   |     ^^^^^^^^^ use of undeclared crate or module `termimage`
[INFO] [stdout] 
[INFO] [stdout] error[E0432]: unresolved import `termimage`
[INFO] [stdout]  --> src/ops/mod.rs:50:5
[INFO] [stdout]   |
[INFO] [stdout] 4 | use termimage::Error;
[INFO] [stdout]   |     ^^^^^^^^^ use of undeclared crate or module `termimage`
[INFO] [stdout] 
[INFO] [stdout] error: aborting due to 2 previous errors
[INFO] [stdout] 
[INFO] [stdout] Some errors have detailed explanations: E0432, E0433.
[INFO] [stdout] For more information about an error, try `rustc --explain E0432`.
[INFO] [stdout] Couldn't compile the test.
[INFO] [stdout] ---- src/ops/mod.rs - ops::create_colourtable (line 136) stdout ----
[INFO] [stdout] error[E0463]: can't find crate for `termimage`
[INFO] [stdout]  --> src/ops/mod.rs:137:1
[INFO] [stdout]   |
[INFO] [stdout] 2 | extern crate termimage;
[INFO] [stdout]   | ^^^^^^^^^^^^^^^^^^^^^^^ can't find crate
[INFO] [stdout] 
[INFO] [stdout] error: aborting due to 1 previous error
[INFO] [stdout] 
[INFO] [stdout] For more information about this error, try `rustc --explain E0463`.
[INFO] [stdout] Couldn't compile the test.
[INFO] [stdout] ---- src/ops/mod.rs - ops::guess_format (line 31) stdout ----
[INFO] [stdout] error[E0463]: can't find crate for `termimage`
[INFO] [stdout]  --> src/ops/mod.rs:33:1
[INFO] [stdout]   |
[INFO] [stdout] 3 | extern crate termimage;
[INFO] [stdout]   | ^^^^^^^^^^^^^^^^^^^^^^^ can't find crate
[INFO] [stdout] 
[INFO] [stdout] error: aborting due to 1 previous error
[INFO] [stdout] 
[INFO] [stdout] For more information about this error, try `rustc --explain E0463`.
[INFO] [stdout] Couldn't compile the test.
[INFO] [stdout] ---- src/error.rs - error::Error::print_error (line 18) stdout ----
[INFO] [stdout] error[E0432]: unresolved import `termimage`
[INFO] [stdout]  --> src/error.rs:19:5
[INFO] [stdout]   |
[INFO] [stdout] 3 | use termimage::Error;
[INFO] [stdout]   |     ^^^^^^^^^ use of undeclared crate or module `termimage`
[INFO] [stdout] 
[INFO] [stdout] error: aborting due to 1 previous error
[INFO] [stdout] 
[INFO] [stdout] For more information about this error, try `rustc --explain E0432`.
[INFO] [stdout] Couldn't compile the test.
[INFO] [stdout] 
[INFO] [stdout] failures:
[INFO] [stdout]     src/error.rs - error::Error::exit_value (line 37)
[INFO] [stdout]     src/error.rs - error::Error::print_error (line 18)
[INFO] [stdout]     src/ops/mod.rs - ops::create_colourtable (line 136)
[INFO] [stdout]     src/ops/mod.rs - ops::guess_format (line 31)
[INFO] [stdout]     src/ops/mod.rs - ops::guess_format (line 48)
[INFO] [stdout]     src/options.rs - options (line 7)
[INFO] [stdout]     src/util.rs - util::mul_str (line 135)
[INFO] [stdout] 
[INFO] [stdout] test result: FAILED. 0 passed; 7 failed; 0 ignored; 0 measured; 0 filtered out; finished in 0.16s
[INFO] [stdout] 
[INFO] [stderr] error: doctest failed, to rerun pass `--doc`
[INFO] running `Command { std: "docker" "inspect" "09eb0a40e506f60ecd2ff72e815b4372d9153dc3b91c0d289a18adf925cb6981", kill_on_drop: false }`
[INFO] running `Command { std: "docker" "rm" "-f" "09eb0a40e506f60ecd2ff72e815b4372d9153dc3b91c0d289a18adf925cb6981", kill_on_drop: false }`
[INFO] [stdout] 09eb0a40e506f60ecd2ff72e815b4372d9153dc3b91c0d289a18adf925cb6981
